66.249.79.41 - - [22/Jan/2020:12:32:57 +0800] "GET /1994/ForDao_1994-19.pdf HTTP/1.1" 200 25617 "-" "Mozilla/5.0 (Linux; Android 6.0.1; Nexus 5X Build/MMB29P) AppleWebKit/537.36 (KHTML, like Gecko) Chrome/41.0.2272.96 Mobile Safari/537.36 (compatible; Googlebot/2.1; +http://www.google.com/bot.html)"
66.249.79.36 - - [22/Jan/2020:12:33:15 +0800] "GET /2000/DAO_FMB_2000-78.pdf HTTP/1.1" 200 41107 "-" "Mozilla/5.0 (Linux; Android 6.0.1; Nexus 5X Build/MMB29P) AppleWebKit/537.36 (KHTML, like Gecko) Chrome/41.0.2272.96 Mobile Safari/537.36 (compatible; Googlebot/2.1; +http://www.google.com/bot.html)"
216.244.66.245 - - [22/Jan/2020:12:32:21 +0800] "GET /1991/fordao91-31.pdf HTTP/1.1" 200 2073270 "-" "Mozilla/5.0 (compatible; DotBot/1.1; http://www.opensiteexplorer.org/dotbot, help@moz.com)"
110.54.226.41 - - [22/Jan/2020:12:33:25 +0800] "GET /2000/ENV_DAO_2000-81.pdf HTTP/1.1" 200 299209 "https://www.google.com/" "Mozilla/5.0 (Linux; Android 9; SAMSUNG SM-A107F Build/PPR1.180610.011) AppleWebKit/537.36 (KHTML, like Gecko) SamsungBrowser/9.2 Chrome/67.0.3396.87 Mobile Safari/537.36"
202.90.129.20 - - [22/Jan/2020:12:34:20 +0800] "GET /dao2004/dao2004-29.pdf HTTP/1.1" 200 2073071 "https://denr.gov.ph/" "Mozilla/5.0 (Windows NT 6.3; Win64; x64) AppleWebKit/537.36 (KHTML, like Gecko) Chrome/79.0.3945.117 Safari/537.36"
202.90.129.20 - - [22/Jan/2020:12:34:34 +0800] "GET /favicon.ico HTTP/1.1" 404 209 "http://policy.denr.gov.ph/dao2004/dao2004-29.pdf" "Mozilla/5.0 (Windows NT 6.3; Win64; x64) AppleWebKit/537.36 (KHTML, like Gecko) Chrome/79.0.3945.117 Safari/537.36"
216.244.66.245 - - [22/Jan/2020:12:34:42 +0800] "GET /1993/DAO1993-14.pdf HTTP/1.1" 200 885237 "-" "Mozilla/5.0 (compatible; DotBot/1.1; http://www.opensiteexplorer.org/dotbot, help@moz.com)"
216.244.66.245 - - [22/Jan/2020:12:37:01 +0800] "GET /1999/dao99-10.pdf HTTP/1.1" 200 37042 "-" "Mozilla/5.0 (compatible; DotBot/1.1; http://www.opensiteexplorer.org/dotbot, help@moz.com)"
216.244.66.245 - - [22/Jan/2020:12:37:04 +0800] "GET /2000/DAO_Lands_2000-67.pdf HTTP/1.1" 200 29346 "-" "Mozilla/5.0 (compatible; DotBot/1.1; http://www.opensiteexplorer.org/dotbot, help@moz.com)"
216.244.66.245 - - [22/Jan/2020:12:37:06 +0800] "GET /1993/FOR_DAO93-06.pdf HTTP/1.1" 200 30008 "-" "Mozilla/5.0 (compatible; DotBot/1.1; http://www.opensiteexplorer.org/dotbot, help@moz.com)"
216.244.66.245 - - [22/Jan/2020:12:37:07 +0800] "GET /1994/Lan_MC_1994-33.pdf HTTP/1.1" 200 10391 "-" "Mozilla/5.0 (compatible; DotBot/1.1; http://www.opensiteexplorer.org/dotbot, help@moz.com)"
216.244.66.245 - - [22/Jan/2020:12:37:08 +0800] "GET /1996/DENR_MC_1996-07.pdf HTTP/1.1" 200 30481 "-" "Mozilla/5.0 (compatible; DotBot/1.1; http://www.opensiteexplorer.org/dotbot, help@moz.com)"
216.244.66.245 - - [22/Jan/2020:12:37:58 +0800] "GET /1996/MIN_DAO_1996-25A.pdf HTTP/1.1" 200 12385 "-" "Mozilla/5.0 (compatible; DotBot/1.1; http://www.opensiteexplorer.org/dotbot, help@moz.com)"
216.244.66.245 - - [22/Jan/2020:12:37:59 +0800] "GET /1996/PAW_MO_1996-15.pdf HTTP/1.1" 200 14249 "-" "Mozilla/5.0 (compatible; DotBot/1.1; http://www.opensiteexplorer.org/dotbot, help@moz.com)"
216.244.66.245 - - [22/Jan/2020:12:37:59 +0800] "GET /1998/minesmo98-19.pdf HTTP/1.1" 200 25525 "-" "Mozilla/5.0 (compatible; DotBot/1.1; http://www.opensiteexplorer.org/dotbot, help@moz.com)"
216.244.66.245 - - [22/Jan/2020:12:38:04 +0800] "GET /pol-1997/dao20.pdf HTTP/1.1" 404 216 "-" "Mozilla/5.0 (compatible; DotBot/1.1; http://www.opensiteexplorer.org/dotbot, help@moz.com)"
216.244.66.245 - - [22/Jan/2020:12:38:05 +0800] "GET /2004/DMO/DMO-2004-11.pdf HTTP/1.1" 404 222 "-" "Mozilla/5.0 (compatible; DotBot/1.1; http://www.opensiteexplorer.org/dotbot, help@moz.com)"
210.213.238.136 - - [22/Jan/2020:12:37:07 +0800] "GET /dao2004/dao2004-62.pdf HTTP/1.1" 200 632958 "https://denr.gov.ph/" "Mozilla/5.0 (Windows NT 10.0; Win64; x64) AppleWebKit/537.36 (KHTML, like Gecko) Chrome/79.0.3945.130 Safari/537.36"
216.244.66.245 - - [22/Jan/2020:12:38:02 +0800] "GET /dao2004/dao2004-15.pdf HTTP/1.1" 200 401129 "-" "Mozilla/5.0 (compatible; DotBot/1.1; http://www.opensiteexplorer.org/dotbot, help@moz.com)"
210.213.238.136 - - [22/Jan/2020:12:39:18 +0800] "GET /dao2004/dao2004-55.pdf HTTP/1.1" 206 1 "https://www.denr.gov.ph/" "Mozilla/5.0 (Windows NT 10.0; Win64; x64) AppleWebKit/537.36 (KHTML, like Gecko) Chrome/79.0.3945.130 Safari/537.36"
210.213.238.136 - - [22/Jan/2020:12:39:18 +0800] "GET /dao2004/dao2004-55.pdf HTTP/1.1" 206 7580935 "https://www.denr.gov.ph/" "Mozilla/5.0 (Windows NT 10.0; Win64; x64) AppleWebKit/537.36 (KHTML, like Gecko) Chrome/79.0.3945.130 Safari/537.36"
110.54.150.199 - - [22/Jan/2020:12:39:43 +0800] "GET /1997/LAN_DMC-97-04.pdf HTTP/1.1" 200 29599 "-" "Dalvik/2.1.0 (Linux; U; Android 10; SM-N975F Build/QP1A.190711.020)"
110.54.232.194 - - [22/Jan/2020:12:46:27 +0800] "GET /2001/DENR_MO_2001-11.pdf HTTP/1.1" 200 29820 "https://www.google.com/" "Mozilla/5.0 (Linux; Android 5.1; Flare XL Plus) AppleWebKit/537.36 (KHTML, like Gecko) Chrome/72.0.3626.121 Mobile Safari/537.36"
152.32.98.26 - - [22/Jan/2020:12:47:33 +0800] "GET /2003/dao2003-30.pdf HTTP/1.1" 200 2258816 "https://www.google.com.ph/" "Mozilla/5.0 (iPhone; CPU iPhone OS 13_3 like Mac OS X) AppleWebKit/605.1.15 (KHTML, like Gecko) Version/13.0.4 Mobile/15E148 Safari/604.1"
152.32.98.26 - - [22/Jan/2020:12:47:35 +0800] "GET /favicon.ico HTTP/1.1" 404 209 "http://policy.denr.gov.ph/2003/dao2003-30.pdf" "Mozilla/5.0 (iPhone; CPU iPhone OS 13_3 like Mac OS X) AppleWebKit/605.1.15 (KHTML, like Gecko) Version/13.0.4 Mobile/15E148 Safari/604.1"
110.54.193.116 - - [22/Jan/2020:12:48:39 +0800] "GET /dao2004/dao2004-23.pdf HTTP/1.1" 200 1021347 "-" "Mozilla/5.0 (iPhone; CPU iPhone OS 12_4_4 like Mac OS X) AppleWebKit/605.1.15 (KHTML, like Gecko) Version/12.1.2 Mobile/15E148 Safari/604.1"
110.54.193.116 - - [22/Jan/2020:12:48:41 +0800] "GET /apple-touch-icon-120x120-precomposed.png HTTP/1.1" 404 238 "-" "MobileSafari/604.1 CFNetwork/978.0.7 Darwin/18.7.0"
110.54.193.116 - - [22/Jan/2020:12:48:41 +0800] "GET /apple-touch-icon-120x120.png HTTP/1.1" 404 226 "-" "MobileSafari/604.1 CFNetwork/978.0.7 Darwin/18.7.0"
110.54.193.116 - - [22/Jan/2020:12:48:41 +0800] "GET /apple-touch-icon-precomposed.png HTTP/1.1" 404 230 "-" "MobileSafari/604.1 CFNetwork/978.0.7 Darwin/18.7.0"
110.54.193.116 - - [22/Jan/2020:12:48:41 +0800] "GET /apple-touch-icon.png HTTP/1.1" 404 218 "-" "MobileSafari/604.1 CFNetwork/978.0.7 Darwin/18.7.0"
110.54.193.116 - - [22/Jan/2020:12:48:41 +0800] "GET /favicon.ico HTTP/1.1" 404 209 "-" "MobileSafari/604.1 CFNetwork/978.0.7 Darwin/18.7.0"
110.54.193.116 - - [22/Jan/2020:12:48:42 +0800] "GET /apple-touch-icon-120x120-precomposed.png HTTP/1.1" 404 238 "-" "MobileSafari/604.1 CFNetwork/978.0.7 Darwin/18.7.0"
110.54.193.116 - - [22/Jan/2020:12:48:42 +0800] "GET /apple-touch-icon-120x120.png HTTP/1.1" 404 226 "-" "MobileSafari/604.1 CFNetwork/978.0.7 Darwin/18.7.0"
110.54.193.116 - - [22/Jan/2020:12:48:42 +0800] "GET /apple-touch-icon-precomposed.png HTTP/1.1" 404 230 "-" "MobileSafari/604.1 CFNetwork/978.0.7 Darwin/18.7.0"
110.54.193.116 - - [22/Jan/2020:12:48:42 +0800] "GET /apple-touch-icon.png HTTP/1.1" 404 218 "-" "MobileSafari/604.1 CFNetwork/978.0.7 Darwin/18.7.0"
110.54.193.116 - - [22/Jan/2020:12:48:42 +0800] "GET /favicon.ico HTTP/1.1" 404 209 "-" "MobileSafari/604.1 CFNetwork/978.0.7 Darwin/18.7.0"
66.249.82.187 - - [22/Jan/2020:12:52:18 +0800] "GET /2003/dao2003-30.pdf HTTP/1.1" 200 2258816 "http://www.google.com/" "Mozilla/5.0 (Linux; Android 8.1.0; CPH1803) AppleWebKit/537.36 (KHTML, like Gecko) Chrome/74.0.3729.157 Mobile Safari/537.36"
49.151.41.211 - - [22/Jan/2020:12:52:37 +0800] "GET /favicon.ico HTTP/1.1" 404 209 "http://policy.denr.gov.ph/2001/DENR_MO_2001-11.pdf" "Mozilla/5.0 (Windows NT 10.0; Win64; x64) AppleWebKit/537.36 (KHTML, like Gecko) Chrome/79.0.3945.130 Safari/537.36"
66.102.6.185 - - [22/Jan/2020:12:52:38 +0800] "GET /1999/fordao99-34.pdf HTTP/1.1" 200 36493 "-" "Mozilla/5.0 (X11; Linux x86_64) AppleWebKit/537.36 (KHTML, like Gecko) Chrome/49.0.2623.75 Safari/537.36 Google Favicon"
66.102.6.185 - - [22/Jan/2020:12:52:38 +0800] "GET /favicon.ico HTTP/1.1" 404 209 "-" "Mozilla/5.0 (X11; Linux x86_64) AppleWebKit/537.36 (KHTML, like Gecko) Chrome/49.0.2623.75 Safari/537.36 Google Favicon"
110.54.217.170 - - [22/Jan/2020:12:53:35 +0800] "GET /2000/ENV_DAO_2000-81.pdf HTTP/1.1" 200 299209 "-" "Dalvik/2.1.0 (Linux; U; Android 9; vivo 1804 Build/PKQ1.180819.001)"
66.249.82.185 - - [22/Jan/2020:12:58:02 +0800] "GET /2000/ENV_DAO_2000-81.pdf HTTP/1.1" 200 299209 "https://www.google.com/" "Mozilla/5.0 (Linux; Android 7.1.1; CPH1729 Build/N6F26Q) AppleWebKit/537.36 (KHTML, like Gecko) Chrome/67.0.3396.87 Mobile Safari/537.36"
103.80.142.19 - - [22/Jan/2020:12:58:12 +0800] "GET /favicon.ico HTTP/1.1" 404 209 "http://policy.denr.gov.ph/1993/Land_dao93-20.pdf" "Mozilla/5.0 (Windows NT 10.0; Win64; x64) AppleWebKit/537.36 (KHTML, like Gecko) Chrome/79.0.3945.130 Safari/537.36"
103.80.142.19 - - [22/Jan/2020:12:58:11 +0800] "GET /1993/Land_dao93-20.pdf HTTP/1.1" 200 429773 "https://denr.gov.ph/" "Mozilla/5.0 (Windows NT 10.0; Win64; x64) AppleWebKit/537.36 (KHTML, like Gecko) Chrome/79.0.3945.130 Safari/537.36"
66.249.82.187 - - [22/Jan/2020:12:58:21 +0800] "GET /2003/dao2003-30.pdf HTTP/1.1" 200 2258816 "https://www.google.com/" "Mozilla/5.0 (Linux; Android 7.0; ASUS_X008D) AppleWebKit/537.36 (KHTML, like Gecko) Chrome/79.0.3945.116 Mobile Safari/537.36"
66.249.79.44 - - [22/Jan/2020:12:59:29 +0800] "GET /2000/DAO_FMB_2000-33.pdf HTTP/1.1" 200 18980 "-" "Mozilla/5.0 (Linux; Android 6.0.1; Nexus 5X Build/MMB29P) AppleWebKit/537.36 (KHTML, like Gecko) Chrome/41.0.2272.96 Mobile Safari/537.36 (compatible; Googlebot/2.1; +http://www.google.com/bot.html)"
66.249.79.41 - - [22/Jan/2020:12:59:53 +0800] "GET /2003/dao2003-15.pdf HTTP/1.1" 200 598901 "-" "Mozilla/5.0 (Linux; Android 6.0.1; Nexus 5X Build/MMB29P) AppleWebKit/537.36 (KHTML, like Gecko) Chrome/41.0.2272.96 Mobile Safari/537.36 (compatible; Googlebot/2.1; +http://www.google.com/bot.html)"
66.249.79.36 - - [22/Jan/2020:13:02:54 +0800] "GET /1995/Proclamation1995-559.pdf HTTP/1.1" 200 47547 "-" "Mozilla/5.0 (Linux; Android 6.0.1; Nexus 5X Build/MMB29P) AppleWebKit/537.36 (KHTML, like Gecko) Chrome/41.0.2272.96 Mobile Safari/537.36 (compatible; Googlebot/2.1; +http://www.google.com/bot.html)"
66.249.79.36 - - [22/Jan/2020:13:02:55 +0800] "GET /1997/FOR_DMC-97-11.pdf HTTP/1.1" 200 19730 "-" "Mozilla/5.0 (Linux; Android 6.0.1; Nexus 5X Build/MMB29P) AppleWebKit/537.36 (KHTML, like Gecko) Chrome/41.0.2272.96 Mobile Safari/537.36 (compatible; Googlebot/2.1; +http://www.google.com/bot.html)"
66.249.79.36 - - [22/Jan/2020:13:03:05 +0800] "GET /1989/DAO1989-19.pdf HTTP/1.1" 200 154791 "-" "Mozilla/5.0 (Linux; Android 6.0.1; Nexus 5X Build/MMB29P) AppleWebKit/537.36 (KHTML, like Gecko) Chrome/41.0.2272.96 Mobile Safari/537.36 (compatible; Googlebot/2.1; +http://www.google.com/bot.html)"
66.249.79.47 - - [22/Jan/2020:13:03:17 +0800] "GET /dao2004/dao2004-61.pdf HTTP/1.1" 200 94259 "-" "Mozilla/5.0 (Linux; Android 6.0.1; Nexus 5X Build/MMB29P) AppleWebKit/537.36 (KHTML, like Gecko) Chrome/41.0.2272.96 Mobile Safari/537.36 (compatible; Googlebot/2.1; +http://www.google.com/bot.html)"
110.54.250.0 - - [22/Jan/2020:13:03:22 +0800] "GET /1996/FOR_DAO_1996-24.pdf HTTP/1.1" 200 55397 "https://ph.search.yahoo.com/" "Mozilla/5.0 (Windows NT 6.1; WOW64) AppleWebKit/537.36 (KHTML, like Gecko) Chrome/44.0.2403.155 Safari/537.36"
110.54.250.0 - - [22/Jan/2020:13:03:24 +0800] "GET /favicon.ico HTTP/1.1" 404 209 "http://policy.denr.gov.ph/1996/FOR_DAO_1996-24.pdf" "Mozilla/5.0 (Windows NT 6.1; WOW64) AppleWebKit/537.36 (KHTML, like Gecko) Chrome/44.0.2403.155 Safari/537.36"
124.106.115.252 - - [22/Jan/2020:13:03:28 +0800] "GET /dao2004/dao2004-02.pdf HTTP/1.1" 200 8977 "https://www.google.com/" "Mozilla/5.0 (Windows NT 10.0; Win64; x64) AppleWebKit/537.36 (KHTML, like Gecko) Chrome/79.0.3945.117 Safari/537.36"
124.106.115.252 - - [22/Jan/2020:13:03:28 +0800] "GET /favicon.ico HTTP/1.1" 404 209 "http://policy.denr.gov.ph/dao2004/dao2004-02.pdf" "Mozilla/5.0 (Windows NT 10.0; Win64; x64) AppleWebKit/537.36 (KHTML, like Gecko) Chrome/79.0.3945.117 Safari/537.36"
66.249.79.36 - - [22/Jan/2020:13:03:28 +0800] "GET /1987/FOR_DAO_87_04.pdf HTTP/1.1" 200 19604 "-" "Mozilla/5.0 (Linux; Android 6.0.1; Nexus 5X Build/MMB29P) AppleWebKit/537.36 (KHTML, like Gecko) Chrome/41.0.2272.96 Mobile Safari/537.36 (compatible; Googlebot/2.1; +http://www.google.com/bot.html)"
66.249.79.36 - - [22/Jan/2020:13:03:40 +0800] "GET /1991/pawsmc91-12.pdf HTTP/1.1" 200 45933 "-" "Mozilla/5.0 (Linux; Android 6.0.1; Nexus 5X Build/MMB29P) AppleWebKit/537.36 (KHTML, like Gecko) Chrome/41.0.2272.96 Mobile Safari/537.36 (compatible; Googlebot/2.1; +http://www.google.com/bot.html)"
66.249.79.44 - - [22/Jan/2020:13:03:52 +0800] "GET /2002/MC_2002-15.pdf HTTP/1.1" 200 54195 "-" "Mozilla/5.0 (Linux; Android 6.0.1; Nexus 5X Build/MMB29P) AppleWebKit/537.36 (KHTML, like Gecko) Chrome/41.0.2272.96 Mobile Safari/537.36 (compatible; Googlebot/2.1; +http://www.google.com/bot.html)"
66.249.79.36 - - [22/Jan/2020:13:04:04 +0800] "GET /1993/FOR_DAO-93-67.pdf HTTP/1.1" 200 77834 "-" "Mozilla/5.0 (Linux; Android 6.0.1; Nexus 5X Build/MMB29P) AppleWebKit/537.36 (KHTML, like Gecko) Chrome/41.0.2272.96 Mobile Safari/537.36 (compatible; Googlebot/2.1; +http://www.google.com/bot.html)"
66.249.79.36 - - [22/Jan/2020:13:04:28 +0800] "GET /1993/ENV_MO1993-25.pdf HTTP/1.1" 200 42113 "-" "Mozilla/5.0 (Linux; Android 6.0.1; Nexus 5X Build/MMB29P) AppleWebKit/537.36 (KHTML, like Gecko) Chrome/41.0.2272.96 Mobile Safari/537.36 (compatible; Googlebot/2.1; +http://www.google.com/bot.html)"
66.249.79.36 - - [22/Jan/2020:13:04:52 +0800] "GET /1992/EO_1992_15.pdf HTTP/1.1" 200 137077 "-" "Mozilla/5.0 (Linux; Android 6.0.1; Nexus 5X Build/MMB29P) AppleWebKit/537.36 (KHTML, like Gecko) Chrome/41.0.2272.96 Mobile Safari/537.36 (compatible; Googlebot/2.1; +http://www.google.com/bot.html)"
66.249.79.36 - - [22/Jan/2020:13:05:40 +0800] "GET /2005/special_order/so-2005-291.pdf HTTP/1.1" 200 38583 "-" "Mozilla/5.0 (Linux; Android 6.0.1; Nexus 5X Build/MMB29P) AppleWebKit/537.36 (KHTML, like Gecko) Chrome/41.0.2272.96 Mobile Safari/537.36 (compatible; Googlebot/2.1; +http://www.google.com/bot.html)"
66.249.79.41 - - [22/Jan/2020:13:06:03 +0800] "GET /1997/JOINT%20DAR_DA-DENR-DILG-97-01.pdf HTTP/1.1" 200 20452 "-" "Mozilla/5.0 (Linux; Android 6.0.1; Nexus 5X Build/MMB29P) AppleWebKit/537.36 (KHTML, like Gecko) Chrome/41.0.2272.96 Mobile Safari/537.36 (compatible; Googlebot/2.1; +http://www.google.com/bot.html)"
66.249.79.41 - - [22/Jan/2020:13:06:12 +0800] "GET /2003/dao2003-15.pdf HTTP/1.1" 200 598901 "-" "Mozilla/5.0 (Linux; Android 6.0.1; Nexus 5X Build/MMB29P) AppleWebKit/537.36 (KHTML, like Gecko) Chrome/41.0.2272.96 Mobile Safari/537.36 (compatible; Googlebot/2.1; +http://www.google.com/bot.html)"
66.249.79.36 - - [22/Jan/2020:13:06:52 +0800] "GET /2005/Memorandum/memo-2005-304.pdf HTTP/1.1" 200 51078 "-" "Mozilla/5.0 (Linux; Android 6.0.1; Nexus 5X Build/MMB29P) AppleWebKit/537.36 (KHTML, like Gecko) Chrome/41.0.2272.96 Mobile Safari/537.36 (compatible; Googlebot/2.1; +http://www.google.com/bot.html)"
49.145.7.177 - - [22/Jan/2020:13:07:20 +0800] "GET /favicon.ico HTTP/1.1" 404 209 "http://policy.denr.gov.ph/2005/dao/joint_dao2005-02.pdf" "Mozilla/5.0 (Windows NT 10.0; Win64; x64) AppleWebKit/537.36 (KHTML, like Gecko) Chrome/79.0.3945.117 Safari/537.36"
49.145.7.177 - - [22/Jan/2020:13:07:20 +0800] "GET /2005/dao/joint_dao2005-02.pdf HTTP/1.1" 200 596271 "https://www.google.com/" "Mozilla/5.0 (Windows NT 10.0; Win64; x64) AppleWebKit/537.36 (KHTML, like Gecko) Chrome/79.0.3945.117 Safari/537.36"
66.249.79.41 - - [22/Jan/2020:13:08:26 +0800] "GET /1990/lLAND_DAO_1990-72-1.pdf HTTP/1.1" 200 46101 "-" "Mozilla/5.0 (Linux; Android 6.0.1; Nexus 5X Build/MMB29P) AppleWebKit/537.36 (KHTML, like Gecko) Chrome/41.0.2272.96 Mobile Safari/537.36 (compatible; Googlebot/2.1; +http://www.google.com/bot.html)"
66.249.79.41 - - [22/Jan/2020:13:08:50 +0800] "GET /memo_circular2004/memorandum_circularno2004-07.pdf HTTP/1.1" 200 7232 "-" "Mozilla/5.0 (Linux; Android 6.0.1; Nexus 5X Build/MMB29P) AppleWebKit/537.36 (KHTML, like Gecko) Chrome/41.0.2272.96 Mobile Safari/537.36 (compatible; Googlebot/2.1; +http://www.google.com/bot.html)"
66.249.79.41 - - [22/Jan/2020:13:09:14 +0800] "GET /2000/DENR_DAO_2000-40.pdf HTTP/1.1" 200 28804 "-" "Mozilla/5.0 (Linux; Android 6.0.1; Nexus 5X Build/MMB29P) AppleWebKit/537.36 (KHTML, like Gecko) Chrome/41.0.2272.96 Mobile Safari/537.36 (compatible; Googlebot/2.1; +http://www.google.com/bot.html)"
110.54.232.178 - - [22/Jan/2020:13:09:21 +0800] "GET /2001/DENR_MO_2001-11.pdf HTTP/1.1" 200 29820 "https://www.google.com.ph/" "Mozilla/5.0 (Windows NT 10.0; Win64; x64) AppleWebKit/537.36 (KHTML, like Gecko) Chrome/79.0.3945.117 Safari/537.36"
110.54.232.178 - - [22/Jan/2020:13:09:21 +0800] "GET /favicon.ico HTTP/1.1" 404 209 "http://policy.denr.gov.ph/2001/DENR_MO_2001-11.pdf" "Mozilla/5.0 (Windows NT 10.0; Win64; x64) AppleWebKit/537.36 (KHTML, like Gecko) Chrome/79.0.3945.117 Safari/537.36"
103.80.142.19 - - [22/Jan/2020:13:09:25 +0800] "GET /1998/dao98-42.pdf HTTP/1.1" 200 24016 "https://www.google.com/" "Mozilla/5.0 (Windows NT 10.0; Win64; x64) AppleWebKit/537.36 (KHTML, like Gecko) Chrome/79.0.3945.130 Safari/537.36"
66.249.79.36 - - [22/Jan/2020:13:09:38 +0800] "GET /1991/landmc91-13.pdf HTTP/1.1" 200 74855 "-" "Mozilla/5.0 (Linux; Android 6.0.1; Nexus 5X Build/MMB29P) AppleWebKit/537.36 (KHTML, like Gecko) Chrome/41.0.2272.96 Mobile Safari/537.36 (compatible; Googlebot/2.1; +http://www.google.com/bot.html)"
122.54.80.210 - - [22/Jan/2020:13:10:14 +0800] "GET /2000/MIN_DAO_2000_98.pdf HTTP/1.1" 200 421322 "-" "Mozilla/5.0 (Windows NT 10.0; Win64; x64) AppleWebKit/537.36 (KHTML, like Gecko) Chrome/70.0.3538.102 Safari/537.36 Edge/18.18362"
66.249.79.44 - - [22/Jan/2020:13:10:26 +0800] "GET /2000/DAO_FMB_2000-09.pdf HTTP/1.1" 200 24550 "-" "Mozilla/5.0 (Linux; Android 6.0.1; Nexus 5X Build/MMB29P) AppleWebKit/537.36 (KHTML, like Gecko) Chrome/41.0.2272.96 Mobile Safari/537.36 (compatible; Googlebot/2.1; +http://www.google.com/bot.html)"
122.54.80.210 - - [22/Jan/2020:13:10:54 +0800] "GET /2000/MIN_DAO_2000_98.pdf HTTP/1.1" 206 421322 "http://policy.denr.gov.ph/2000/MIN_DAO_2000_98.pdf" "Mozilla/5.0 (Windows NT 10.0; Win64; x64) AppleWebKit/537.36 (KHTML, like Gecko) Chrome/70.0.3538.102 Safari/537.36 Edge/18.18362"
122.54.80.210 - - [22/Jan/2020:13:10:54 +0800] "GET /2000/MIN_DAO_2000_98.pdf HTTP/1.1" 206 421322 "http://policy.denr.gov.ph/2000/MIN_DAO_2000_98.pdf" "Mozilla/5.0 (Windows NT 10.0; Win64; x64) AppleWebKit/537.36 (KHTML, like Gecko) Chrome/70.0.3538.102 Safari/537.36 Edge/18.18362"
122.54.80.210 - - [22/Jan/2020:13:10:55 +0800] "GET /2000/MIN_DAO_2000_98.pdf HTTP/1.1" 206 15818 "http://policy.denr.gov.ph/2000/MIN_DAO_2000_98.pdf" "Mozilla/5.0 (Windows NT 10.0; Win64; x64) AppleWebKit/537.36 (KHTML, like Gecko) Chrome/70.0.3538.102 Safari/537.36 Edge/18.18362"
122.54.80.210 - - [22/Jan/2020:13:10:54 +0800] "GET /2000/MIN_DAO_2000_98.pdf HTTP/1.1" 206 323018 "http://policy.denr.gov.ph/2000/MIN_DAO_2000_98.pdf" "Mozilla/5.0 (Windows NT 10.0; Win64; x64) AppleWebKit/537.36 (KHTML, like Gecko) Chrome/70.0.3538.102 Safari/537.36 Edge/18.18362"
122.54.80.210 - - [22/Jan/2020:13:10:55 +0800] "GET /2000/MIN_DAO_2000_98.pdf HTTP/1.1" 206 32768 "http://policy.denr.gov.ph/2000/MIN_DAO_2000_98.pdf" "Mozilla/5.0 (Windows NT 10.0; Win64; x64) AppleWebKit/537.36 (KHTML, like Gecko) Chrome/70.0.3538.102 Safari/537.36 Edge/18.18362"
122.54.80.210 - - [22/Jan/2020:13:10:55 +0800] "GET /2000/MIN_DAO_2000_98.pdf HTTP/1.1" 206 32202 "http://policy.denr.gov.ph/2000/MIN_DAO_2000_98.pdf" "Mozilla/5.0 (Windows NT 10.0; Win64; x64) AppleWebKit/537.36 (KHTML, like Gecko) Chrome/70.0.3538.102 Safari/537.36 Edge/18.18362"
122.54.80.210 - - [22/Jan/2020:13:10:55 +0800] "GET /2000/MIN_DAO_2000_98.pdf HTTP/1.1" 206 8192 "http://policy.denr.gov.ph/2000/MIN_DAO_2000_98.pdf" "Mozilla/5.0 (Windows NT 10.0; Win64; x64) AppleWebKit/537.36 (KHTML, like Gecko) Chrome/70.0.3538.102 Safari/537.36 Edge/18.18362"
122.54.80.210 - - [22/Jan/2020:13:10:55 +0800] "GET /2000/MIN_DAO_2000_98.pdf HTTP/1.1" 206 233472 "http://policy.denr.gov.ph/2000/MIN_DAO_2000_98.pdf" "Mozilla/5.0 (Windows NT 10.0; Win64; x64) AppleWebKit/537.36 (KHTML, like Gecko) Chrome/70.0.3538.102 Safari/537.36 Edge/18.18362"
122.54.80.210 - - [22/Jan/2020:13:11:00 +0800] "GET /2000/MIN_DAO_2000_98.pdf HTTP/1.1" 206 126976 "http://policy.denr.gov.ph/2000/MIN_DAO_2000_98.pdf" "Mozilla/5.0 (Windows NT 10.0; Win64; x64) AppleWebKit/537.36 (KHTML, like Gecko) Chrome/70.0.3538.102 Safari/537.36 Edge/18.18362"
122.54.80.210 - - [22/Jan/2020:13:11:01 +0800] "GET /2000/MIN_DAO_2000_98.pdf HTTP/1.1" 206 16384 "http://policy.denr.gov.ph/2000/MIN_DAO_2000_98.pdf" "Mozilla/5.0 (Windows NT 10.0; Win64; x64) AppleWebKit/537.36 (KHTML, like Gecko) Chrome/70.0.3538.102 Safari/537.36 Edge/18.18362"
122.54.80.210 - - [22/Jan/2020:13:11:01 +0800] "GET /2000/MIN_DAO_2000_98.pdf HTTP/1.1" 206 94208 "http://policy.denr.gov.ph/2000/MIN_DAO_2000_98.pdf" "Mozilla/5.0 (Windows NT 10.0; Win64; x64) AppleWebKit/537.36 (KHTML, like Gecko) Chrome/70.0.3538.102 Safari/537.36 Edge/18.18362"
122.54.80.210 - - [22/Jan/2020:13:11:01 +0800] "GET /2000/MIN_DAO_2000_98.pdf HTTP/1.1" 206 24576 "http://policy.denr.gov.ph/2000/MIN_DAO_2000_98.pdf" "Mozilla/5.0 (Windows NT 10.0; Win64; x64) AppleWebKit/537.36 (KHTML, like Gecko) Chrome/70.0.3538.102 Safari/537.36 Edge/18.18362"
122.54.80.210 - - [22/Jan/2020:13:11:02 +0800] "GET /2000/MIN_DAO_2000_98.pdf HTTP/1.1" 206 61440 "http://policy.denr.gov.ph/2000/MIN_DAO_2000_98.pdf" "Mozilla/5.0 (Windows NT 10.0; Win64; x64) AppleWebKit/537.36 (KHTML, like Gecko) Chrome/70.0.3538.102 Safari/537.36 Edge/18.18362"
122.54.80.210 - - [22/Jan/2020:13:11:02 +0800] "GET /2000/MIN_DAO_2000_98.pdf HTTP/1.1" 206 24576 "http://policy.denr.gov.ph/2000/MIN_DAO_2000_98.pdf" "Mozilla/5.0 (Windows NT 10.0; Win64; x64) AppleWebKit/537.36 (KHTML, like Gecko) Chrome/70.0.3538.102 Safari/537.36 Edge/18.18362"
122.54.80.210 - - [22/Jan/2020:13:11:02 +0800] "GET /2000/MIN_DAO_2000_98.pdf HTTP/1.1" 206 28672 "http://policy.denr.gov.ph/2000/MIN_DAO_2000_98.pdf" "Mozilla/5.0 (Windows NT 10.0; Win64; x64) AppleWebKit/537.36 (KHTML, like Gecko) Chrome/70.0.3538.102 Safari/537.36 Edge/18.18362"
122.54.80.210 - - [22/Jan/2020:13:11:02 +0800] "GET /2000/MIN_DAO_2000_98.pdf HTTP/1.1" 206 24576 "http://policy.denr.gov.ph/2000/MIN_DAO_2000_98.pdf" "Mozilla/5.0 (Windows NT 10.0; Win64; x64) AppleWebKit/537.36 (KHTML, like Gecko) Chrome/70.0.3538.102 Safari/537.36 Edge/18.18362"
122.54.80.210 - - [22/Jan/2020:13:11:02 +0800] "GET /2000/MIN_DAO_2000_98.pdf HTTP/1.1" 206 20480 "http://policy.denr.gov.ph/2000/MIN_DAO_2000_98.pdf" "Mozilla/5.0 (Windows NT 10.0; Win64; x64) AppleWebKit/537.36 (KHTML, like Gecko) Chrome/70.0.3538.102 Safari/537.36 Edge/18.18362"
66.249.79.36 - - [22/Jan/2020:13:11:13 +0800] "GET /2000/DAO_FMB_2000-75.pdf HTTP/1.1" 200 20578 "-" "Mozilla/5.0 (Linux; Android 6.0.1; Nexus 5X Build/MMB29P) AppleWebKit/537.36 (KHTML, like Gecko) Chrome/41.0.2272.96 Mobile Safari/537.36 (compatible; Googlebot/2.1; +http://www.google.com/bot.html)"
121.58.248.50 - - [22/Jan/2020:13:13:47 +0800] "GET /1999/fordao99-46.pdf HTTP/1.1" 200 38096 "https://www.google.com/" "Mozilla/5.0 (Windows NT 10.0; Win64; x64) AppleWebKit/537.36 (KHTML, like Gecko) Chrome/79.0.3945.130 Safari/537.36"
175.176.55.40 - - [22/Jan/2020:13:15:10 +0800] "GET /1999/fordao99-34.pdf HTTP/1.1" 200 36493 "https://www.google.com/" "Mozilla/5.0 (Windows NT 10.0; Win64; x64) AppleWebKit/537.36 (KHTML, like Gecko) Chrome/79.0.3945.117 Safari/537.36"
175.176.55.40 - - [22/Jan/2020:13:15:11 +0800] "GET /1999/fordao99-34.pdf HTTP/1.1" 206 18247 "https://www.google.com/" "Mozilla/5.0 (Windows NT 10.0; Win64; x64) AppleWebKit/537.36 (KHTML, like Gecko) Chrome/79.0.3945.117 Safari/537.36"
175.176.55.40 - - [22/Jan/2020:13:15:14 +0800] "GET /1999/fordao99-34.pdf HTTP/1.1" 200 36493 "https://www.google.com/" "Mozilla/5.0 (Windows NT 10.0; Win64; x64) AppleWebKit/537.36 (KHTML, like Gecko) Chrome/79.0.3945.117 Safari/537.36"
175.176.55.40 - - [22/Jan/2020:13:15:41 +0800] "GET /1999/fordao99-34.pdf HTTP/1.1" 200 36493 "https://www.google.com/" "Mozilla/5.0 (Windows NT 10.0; Win64; x64) AppleWebKit/537.36 (KHTML, like Gecko) Chrome/79.0.3945.117 Safari/537.36"
66.249.82.189 - - [22/Jan/2020:13:19:30 +0800] "GET /2003/dao2003-30.pdf HTTP/1.1" 200 2258816 "https://www.google.com/" "Mozilla/5.0 (Linux; Android 9; INE-LX2) AppleWebKit/537.36 (KHTML, like Gecko) Chrome/79.0.3945.116 Mobile Safari/537.36"
45.124.59.130 - - [22/Jan/2020:13:20:56 +0800] "GET /2000/DAO_FMB_2000-21.pdf HTTP/1.1" 200 33721 "https://www.google.com/" "Mozilla/5.0 (Windows NT 10.0; Win64; x64) AppleWebKit/537.36 (KHTML, like Gecko) Chrome/79.0.3945.117 Safari/537.36"
45.124.59.130 - - [22/Jan/2020:13:20:57 +0800] "GET /favicon.ico HTTP/1.1" 404 209 "http://policy.denr.gov.ph/2000/DAO_FMB_2000-21.pdf" "Mozilla/5.0 (Windows NT 10.0; Win64; x64) AppleWebKit/537.36 (KHTML, like Gecko) Chrome/79.0.3945.117 Safari/537.36"
172.16.71.39 - - [22/Jan/2020:13:21:18 +0800] "GET /dao2004/dao2004-35.pdf HTTP/1.1" 200 366238 "-" "Mozilla/5.0 (Windows NT 10.0; Win64; x64) AppleWebKit/537.36 (KHTML, like Gecko) Chrome/79.0.3945.117 Safari/537.36"
172.16.71.39 - - [22/Jan/2020:13:21:18 +0800] "GET /favicon.ico HTTP/1.1" 404 209 "http://policy.denr.gov.ph/dao2004/dao2004-35.pdf" "Mozilla/5.0 (Windows NT 10.0; Win64; x64) AppleWebKit/537.36 (KHTML, like Gecko) Chrome/79.0.3945.117 Safari/537.36"
110.54.244.99 - - [22/Jan/2020:13:21:56 +0800] "GET /1998/envdao98-49.pdf HTTP/1.1" 200 25877 "https://www.google.com/" "Mozilla/5.0 (Windows NT 6.1; Win64; x64; rv:70.0) Gecko/20100101 Firefox/70.0"
110.54.244.99 - - [22/Jan/2020:13:21:58 +0800] "GET /favicon.ico HTTP/1.1" 404 209 "-" "Mozilla/5.0 (Windows NT 6.1; Win64; x64; rv:70.0) Gecko/20100101 Firefox/70.0"
172.16.71.39 - - [22/Jan/2020:13:22:30 +0800] "GET /1999/denrmc99-26.pdf HTTP/1.1" 200 14396 "https://www.google.com/" "Mozilla/5.0 (Windows NT 10.0; Win64; x64) AppleWebKit/537.36 (KHTML, like Gecko) Chrome/79.0.3945.117 Safari/537.36"
172.16.71.39 - - [22/Jan/2020:13:22:37 +0800] "GET /1999/mo99-26.pdf HTTP/1.1" 200 19266 "https://www.google.com/" "Mozilla/5.0 (Windows NT 10.0; Win64; x64) AppleWebKit/537.36 (KHTML, like Gecko) Chrome/79.0.3945.117 Safari/537.36"
64.233.173.123 - - [22/Jan/2020:13:25:57 +0800] "GET /1996/FOR_DAO_1996-29.pdf HTTP/1.1" 200 96381 "https://www.google.com/" "Mozilla/5.0 (Linux; Android 8.1.0; CPH1909) AppleWebKit/537.36 (KHTML, like Gecko) Chrome/79.0.3945.79 Mobile Safari/537.36"
172.16.71.39 - - [22/Jan/2020:13:26:03 +0800] "GET /2003/memorandum_circular/memo_circular2003-19.pdf HTTP/1.1" 200 58721 "-" "Mozilla/5.0 (Windows NT 10.0; Win64; x64) AppleWebKit/537.36 (KHTML, like Gecko) Chrome/79.0.3945.117 Safari/537.36"
49.149.133.110 - - [22/Jan/2020:13:27:37 +0800] "GET /favicon.ico HTTP/1.1" 404 209 "http://policy.denr.gov.ph/2003/dao2003-30.pdf" "Mozilla/5.0 (Windows NT 10.0; Win64; x64) AppleWebKit/537.36 (KHTML, like Gecko) Chrome/79.0.3945.117 Safari/537.36"
49.149.133.110 - - [22/Jan/2020:13:27:37 +0800] "GET /2003/dao2003-30.pdf HTTP/1.1" 200 2258816 "https://denr.gov.ph/" "Mozilla/5.0 (Windows NT 10.0; Win64; x64) AppleWebKit/537.36 (KHTML, like Gecko) Chrome/79.0.3945.117 Safari/537.36"
180.232.80.69 - - [22/Jan/2020:13:28:30 +0800] "GET /favicon.ico HTTP/1.1" 404 209 "http://policy.denr.gov.ph/dao2004/dao2004-16.pdf" "Mozilla/5.0 (Windows NT 10.0; Win64; x64) AppleWebKit/537.36 (KHTML, like Gecko) Chrome/79.0.3945.117 Safari/537.36"
49.149.110.229 - - [22/Jan/2020:13:29:53 +0800] "GET /1997/ENV_DAO-97-05.pdf HTTP/1.1" 200 35973 "https://www.google.com/" "Mozilla/5.0 (Windows NT 10.0; Win64; x64) AppleWebKit/537.36 (KHTML, like Gecko) Chrome/79.0.3945.117 Safari/537.36"
49.149.110.229 - - [22/Jan/2020:13:29:53 +0800] "GET /favicon.ico HTTP/1.1" 404 209 "http://policy.denr.gov.ph/1997/ENV_DAO-97-05.pdf" "Mozilla/5.0 (Windows NT 10.0; Win64; x64) AppleWebKit/537.36 (KHTML, like Gecko) Chrome/79.0.3945.117 Safari/537.36"
66.249.79.41 - - [22/Jan/2020:13:31:55 +0800] "GET /1996/ENV_DAO_1996-37.pdf HTTP/1.1" 200 100433 "-" "Mozilla/5.0 (Linux; Android 6.0.1; Nexus 5X Build/MMB29P) AppleWebKit/537.36 (KHTML, like Gecko) Chrome/41.0.2272.96 Mobile Safari/537.36 (compatible; Googlebot/2.1; +http://www.google.com/bot.html)"
172.16.71.39 - - [22/Jan/2020:13:32:20 +0800] "GET /dao2004/dao2004-16.pdf HTTP/1.1" 200 583026 "-" "Mozilla/5.0 (Windows NT 10.0; Win64; x64) AppleWebKit/537.36 (KHTML, like Gecko) Chrome/79.0.3945.117 Safari/537.36"
66.102.6.185 - - [22/Jan/2020:13:36:27 +0800] "GET /favicon.ico HTTP/1.1" 404 209 "-" "Mozilla/5.0 (X11; Linux x86_64) AppleWebKit/537.36 (KHTML, like Gecko) Chrome/49.0.2623.75 Safari/537.36 Google Favicon"
112.198.75.100 - - [22/Jan/2020:13:36:50 +0800] "GET /1997/ENV_DAO-97-05.pdf HTTP/1.1" 200 35973 "https://www.google.com/" "Mozilla/5.0 (Windows NT 10.0; Win64; x64) AppleWebKit/537.36 (KHTML, like Gecko) Chrome/79.0.3945.130 Safari/537.36"
112.198.75.100 - - [22/Jan/2020:13:36:50 +0800] "GET /favicon.ico HTTP/1.1" 404 209 "http://policy.denr.gov.ph/1997/ENV_DAO-97-05.pdf" "Mozilla/5.0 (Windows NT 10.0; Win64; x64) AppleWebKit/537.36 (KHTML, like Gecko) Chrome/79.0.3945.130 Safari/537.36"
66.249.79.36 - - [22/Jan/2020:13:37:27 +0800] "GET /2001/MC_FOR_2001-08.pdf HTTP/1.1" 200 16390 "-" "Mozilla/5.0 (Linux; Android 6.0.1; Nexus 5X Build/MMB29P) AppleWebKit/537.36 (KHTML, like Gecko) Chrome/41.0.2272.96 Mobile Safari/537.36 (compatible; Googlebot/2.1; +http://www.google.com/bot.html)"
172.16.71.39 - - [22/Jan/2020:13:37:44 +0800] "GET /dao2004/dao2004-30.pdf HTTP/1.1" 200 816675 "http://oldwebsite.denr.gov.ph/section-policies/viewrec.php?id=1087&page=14&sort=dt&filter=type&filterID=1&searchword=&fromyear=&frommonth=&fromdate=&toyear=&tomonth=&todate=&dateval=true" "Mozilla/5.0 (Windows NT 10.0; Win64; x64) AppleWebKit/537.36 (KHTML, like Gecko) Chrome/79.0.3945.117 Safari/537.36"
66.249.79.36 - - [22/Jan/2020:13:38:15 +0800] "GET /1997/PP-97-1047.pdf HTTP/1.1" 200 18570 "-" "Mozilla/5.0 (Linux; Android 6.0.1; Nexus 5X Build/MMB29P) AppleWebKit/537.36 (KHTML, like Gecko) Chrome/41.0.2272.96 Mobile Safari/537.36 (compatible; Googlebot/2.1; +http://www.google.com/bot.html)"
66.249.79.36 - - [22/Jan/2020:13:38:38 +0800] "GET /2000/DENR_DAO_2000-97.pdf HTTP/1.1" 200 19761 "-" "Mozilla/5.0 (Linux; Android 6.0.1; Nexus 5X Build/MMB29P) AppleWebKit/537.36 (KHTML, like Gecko) Chrome/41.0.2272.96 Mobile Safari/537.36 (compatible; Googlebot/2.1; +http://www.google.com/bot.html)"
66.249.79.44 - - [22/Jan/2020:13:39:02 +0800] "GET /2005/special_order/so-2005-122.pdf HTTP/1.1" 200 117627 "-" "Mozilla/5.0 (Linux; Android 6.0.1; Nexus 5X Build/MMB29P) AppleWebKit/537.36 (KHTML, like Gecko) Chrome/41.0.2272.96 Mobile Safari/537.36 (compatible; Googlebot/2.1; +http://www.google.com/bot.html)"
122.2.8.114 - - [22/Jan/2020:13:40:16 +0800] "GET /favicon.ico HTTP/1.1" 404 209 "http://policy.denr.gov.ph/pol-1997/pol97.pdf" "Mozilla/5.0 (Windows NT 10.0; Win64; x64) AppleWebKit/537.36 (KHTML, like Gecko) Chrome/79.0.3945.117 Safari/537.36"
122.2.8.114 - - [22/Jan/2020:13:40:16 +0800] "GET /pol-1997/pol97.pdf HTTP/1.1" 200 921522 "https://www.google.com/" "Mozilla/5.0 (Windows NT 10.0; Win64; x64) AppleWebKit/537.36 (KHTML, like Gecko) Chrome/79.0.3945.117 Safari/537.36"
172.16.71.39 - - [22/Jan/2020:13:41:22 +0800] "GET /1999/fordao99-53.pdf HTTP/1.1" 200 82407 "https://www.google.com/" "Mozilla/5.0 (Windows NT 10.0; Win64; x64) AppleWebKit/537.36 (KHTML, like Gecko) Chrome/79.0.3945.117 Safari/537.36"
122.53.79.119 - - [22/Jan/2020:13:41:59 +0800] "GET /1996/MemoAgreement_Mun_Alabel-Sarangani.pdf HTTP/1.1" 200 24631 "https://r.search.yahoo.com/_ylt=AwrPiFWK4Cden20ACRazRwx.;_ylu=X3oDMTEycTI5OGU2BGNvbG8Dc2czBHBvcwMyBHZ0aWQDQjg4MDBfMQRzZWMDc3I-/RV=2/RE=1579700490/RO=10/RU=http%3a%2f%2fpolicy.denr.gov.ph%2f1996%2fMemoAgreement_Mun_Alabel-Sarangani.pdf/RK=2/RS=BAkwM71B.2Ieee9pmUiU6z2RUOA-" "Mozilla/5.0 (Windows NT 6.1; Win64; x64) AppleWebKit/537.36 (KHTML, like Gecko) Chrome/79.0.3945.117 Safari/537.36"
122.53.79.119 - - [22/Jan/2020:13:41:59 +0800] "GET /favicon.ico HTTP/1.1" 404 209 "http://policy.denr.gov.ph/1996/MemoAgreement_Mun_Alabel-Sarangani.pdf" "Mozilla/5.0 (Windows NT 6.1; Win64; x64) AppleWebKit/537.36 (KHTML, like Gecko) Chrome/79.0.3945.117 Safari/537.36"
66.249.79.41 - - [22/Jan/2020:13:42:29 +0800] "GET /2000/PP_2000_279.pdf HTTP/1.1" 200 21603 "-" "Mozilla/5.0 (Linux; Android 6.0.1; Nexus 5X Build/MMB29P) AppleWebKit/537.36 (KHTML, like Gecko) Chrome/41.0.2272.96 Mobile Safari/537.36 (compatible; Googlebot/2.1; +http://www.google.com/bot.html)"
66.249.79.36 - - [22/Jan/2020:13:42:30 +0800] "GET /1990/DENR_DC_1990-02.pdf HTTP/1.1" 200 145846 "-" "Mozilla/5.0 (Linux; Android 6.0.1; Nexus 5X Build/MMB29P) AppleWebKit/537.36 (KHTML, like Gecko) Chrome/41.0.2272.96 Mobile Safari/537.36 (compatible; Googlebot/2.1; +http://www.google.com/bot.html)"
49.145.107.162 - - [22/Jan/2020:13:42:31 +0800] "GET /1990/lLAND_DAO_1990-72.pdf HTTP/1.1" 200 203654 "https://www.denr.gov.ph/" "Mozilla/5.0 (Windows NT 10.0; Win64; x64) AppleWebKit/537.36 (KHTML, like Gecko) Chrome/79.0.3945.117 Safari/537.36"
66.249.79.44 - - [22/Jan/2020:13:42:31 +0800] "GET /pol-1989/mindao89.pdf HTTP/1.1" 200 2348409 "-" "Mozilla/5.0 (Linux; Android 6.0.1; Nexus 5X Build/MMB29P) AppleWebKit/537.36 (KHTML, like Gecko) Chrome/41.0.2272.96 Mobile Safari/537.36 (compatible; Googlebot/2.1; +http://www.google.com/bot.html)"
180.232.80.69 - - [22/Jan/2020:13:42:34 +0800] "GET /basicpol/lancode/ca141.pdf HTTP/1.1" 200 84831 "https://www.google.com/" "Mozilla/5.0 (Windows NT 10.0) AppleWebKit/537.36 (KHTML, like Gecko) Chrome/79.0.3945.117 Safari/537.36"
180.232.80.69 - - [22/Jan/2020:13:42:35 +0800] "GET /favicon.ico HTTP/1.1" 404 209 "http://policy.denr.gov.ph/basicpol/lancode/ca141.pdf" "Mozilla/5.0 (Windows NT 10.0) AppleWebKit/537.36 (KHTML, like Gecko) Chrome/79.0.3945.117 Safari/537.36"
49.145.107.162 - - [22/Jan/2020:13:42:38 +0800] "GET /favicon.ico HTTP/1.1" 404 209 "http://policy.denr.gov.ph/1990/lLAND_DAO_1990-72.pdf" "Mozilla/5.0 (Windows NT 10.0; Win64; x64) AppleWebKit/537.36 (KHTML, like Gecko) Chrome/79.0.3945.117 Safari/537.36"
66.249.79.36 - - [22/Jan/2020:13:42:40 +0800] "GET /2003/fact_sheet_on_consultancy_services.pdf HTTP/1.1" 200 14372 "-" "Mozilla/5.0 (Linux; Android 6.0.1; Nexus 5X Build/MMB29P) AppleWebKit/537.36 (KHTML, like Gecko) Chrome/41.0.2272.96 Mobile Safari/537.36 (compatible; Googlebot/2.1; +http://www.google.com/bot.html)"
58.69.15.2 - - [22/Jan/2020:13:42:51 +0800] "GET /favicon.ico HTTP/1.1" 404 209 "http://policy.denr.gov.ph/pol-1998/dao98-24.pdf" "Mozilla/5.0 (Windows NT 6.1; Win64; x64) AppleWebKit/537.36 (KHTML, like Gecko) Chrome/79.0.3945.117 Safari/537.36"
66.249.79.41 - - [22/Jan/2020:13:42:53 +0800] "GET /pol-1996/toc96.pdf HTTP/1.1" 200 57600 "-" "Mozilla/5.0 (Linux; Android 6.0.1; Nexus 5X Build/MMB29P) AppleWebKit/537.36 (KHTML, like Gecko) Chrome/41.0.2272.96 Mobile Safari/537.36 (compatible; Googlebot/2.1; +http://www.google.com/bot.html)"
66.249.79.41 - - [22/Jan/2020:13:43:04 +0800] "GET /2000/DAO_FMB_2000-31.pdf HTTP/1.1" 200 22310 "-" "Mozilla/5.0 (Linux; Android 6.0.1; Nexus 5X Build/MMB29P) AppleWebKit/537.36 (KHTML, like Gecko) Chrome/41.0.2272.96 Mobile Safari/537.36 (compatible; Googlebot/2.1; +http://www.google.com/bot.html)"
58.69.15.2 - - [22/Jan/2020:13:42:50 +0800] "GET /pol-1998/dao98-24.pdf HTTP/1.1" 200 6263890 "https://www.google.com/" "Mozilla/5.0 (Windows NT 6.1; Win64; x64) AppleWebKit/537.36 (KHTML, like Gecko) Chrome/79.0.3945.117 Safari/537.36"
66.249.79.36 - - [22/Jan/2020:13:43:16 +0800] "GET /1997/RA_97-8371.pdf HTTP/1.1" 200 131918 "-" "Mozilla/5.0 (Linux; Android 6.0.1; Nexus 5X Build/MMB29P) AppleWebKit/537.36 (KHTML, like Gecko) Chrome/41.0.2272.96 Mobile Safari/537.36 (compatible; Googlebot/2.1; +http://www.google.com/bot.html)"
124.105.228.62 - - [22/Jan/2020:13:43:31 +0800] "GET /1998/jointmemocirc.98-01.pdf HTTP/1.1" 200 71701 "-" "Mozilla/5.0 (Windows NT 10.0; Win64; x64) AppleWebKit/537.36 (KHTML, like Gecko) Chrome/64.0.3282.140 Safari/537.36 Edge/18.17763"
66.249.79.36 - - [22/Jan/2020:13:43:40 +0800] "GET /1996/PAW_DAO_1996-02.pdf HTTP/1.1" 200 17437 "-" "Mozilla/5.0 (Linux; Android 6.0.1; Nexus 5X Build/MMB29P) AppleWebKit/537.36 (KHTML, like Gecko) Chrome/41.0.2272.96 Mobile Safari/537.36 (compatible; Googlebot/2.1; +http://www.google.com/bot.html)"
196.245.184.142 - - [22/Jan/2020:13:43:52 +0800] "GET /1998/admin98-28.pdf HTTP/1.0" 200 20926 "http://policy.denr.gov.ph/" "Mozilla/5.0 (Windows NT 6.1; Win64; x64) AppleWebKit/537.36 (KHTML, like Gecko) Chrome/63.0.3239.132 Safari/4B4932"
66.249.79.41 - - [22/Jan/2020:13:44:04 +0800] "GET /2005/special_order/so-2005-372.pdf HTTP/1.1" 200 47405 "-" "Mozilla/5.0 (Linux; Android 6.0.1; Nexus 5X Build/MMB29P) AppleWebKit/537.36 (KHTML, like Gecko) Chrome/41.0.2272.96 Mobile Safari/537.36 (compatible; Googlebot/2.1; +http://www.google.com/bot.html)"
66.249.79.36 - - [22/Jan/2020:13:44:28 +0800] "GET /1993/FOR_MC_1993-29.pdf HTTP/1.1" 200 216370 "-" "Mozilla/5.0 (Linux; Android 6.0.1; Nexus 5X Build/MMB29P) AppleWebKit/537.36 (KHTML, like Gecko) Chrome/41.0.2272.96 Mobile Safari/537.36 (compatible; Googlebot/2.1; +http://www.google.com/bot.html)"
175.176.10.159 - - [22/Jan/2020:13:44:45 +0800] "GET /basicpol/forcode/RA7161.pdf HTTP/1.1" 200 13604 "-" "Dalvik/2.1.0 (Linux; U; Android 8.1.0; EML-L29 Build/HUAWEIEML-L29)"
66.249.79.36 - - [22/Jan/2020:13:44:52 +0800] "GET /2006/dao/JointDAO-2006-003.pdf HTTP/1.1" 200 369860 "-" "Mozilla/5.0 (Linux; Android 6.0.1; Nexus 5X Build/MMB29P) AppleWebKit/537.36 (KHTML, like Gecko) Chrome/41.0.2272.96 Mobile Safari/537.36 (compatible; Googlebot/2.1; +http://www.google.com/bot.html)"
66.249.79.36 - - [22/Jan/2020:13:45:15 +0800] "GET /2000/ENV_DAO_2000-68.pdf HTTP/1.1" 200 28683 "-" "Mozilla/5.0 (Linux; Android 6.0.1; Nexus 5X Build/MMB29P) AppleWebKit/537.36 (KHTML, like Gecko) Chrome/41.0.2272.96 Mobile Safari/537.36 (compatible; Googlebot/2.1; +http://www.google.com/bot.html)"
49.145.239.53 - - [22/Jan/2020:13:46:11 +0800] "GET /1996/FOR_DAO_1996-29.pdf HTTP/1.1" 200 96381 "https://www.google.com/" "Mozilla/5.0 (Windows NT 10.0; Win64; x64) AppleWebKit/537.36 (KHTML, like Gecko) Chrome/79.0.3945.117 Safari/537.36"
49.145.239.53 - - [22/Jan/2020:13:46:12 +0800] "GET /favicon.ico HTTP/1.1" 404 209 "http://policy.denr.gov.ph/1996/FOR_DAO_1996-29.pdf" "Mozilla/5.0 (Windows NT 10.0; Win64; x64) AppleWebKit/537.36 (KHTML, like Gecko) Chrome/79.0.3945.117 Safari/537.36"
66.249.79.36 - - [22/Jan/2020:13:48:37 +0800] "GET /2005/dmc/DMC-2005-04.pdf HTTP/1.1" 404 222 "-" "Mozilla/5.0 (Linux; Android 6.0.1; Nexus 5X Build/MMB29P) AppleWebKit/537.36 (KHTML, like Gecko) Chrome/41.0.2272.96 Mobile Safari/537.36 (compatible; Googlebot/2.1; +http://www.google.com/bot.html)"
66.249.79.36 - - [22/Jan/2020:13:48:37 +0800] "GET /1993/FOR_DAO93-52.pdf HTTP/1.1" 200 105925 "-" "Mozilla/5.0 (Linux; Android 6.0.1; Nexus 5X Build/MMB29P) AppleWebKit/537.36 (KHTML, like Gecko) Chrome/41.0.2272.96 Mobile Safari/537.36 (compatible; Googlebot/2.1; +http://www.google.com/bot.html)"
66.249.79.36 - - [22/Jan/2020:13:48:40 +0800] "GET /2000/DENR_DAO_2000-86.pdf HTTP/1.1" 200 22764 "-" "Mozilla/5.0 (Linux; Android 6.0.1; Nexus 5X Build/MMB29P) AppleWebKit/537.36 (KHTML, like Gecko) Chrome/41.0.2272.96 Mobile Safari/537.36 (compatible; Googlebot/2.1; +http://www.google.com/bot.html)"
66.249.79.41 - - [22/Jan/2020:13:48:42 +0800] "GET /2000/DAO_FMB_2000-36.pdf HTTP/1.1" 200 19916 "-" "Mozilla/5.0 (Linux; Android 6.0.1; Nexus 5X Build/MMB29P) AppleWebKit/537.36 (KHTML, like Gecko) Chrome/41.0.2272.96 Mobile Safari/537.36 (compatible; Googlebot/2.1; +http://www.google.com/bot.html)"
66.249.79.36 - - [22/Jan/2020:13:48:44 +0800] "GET /2005/special_order/so-2005-144.pdf HTTP/1.1" 200 81812 "-" "Mozilla/5.0 (Linux; Android 6.0.1; Nexus 5X Build/MMB29P) AppleWebKit/537.36 (KHTML, like Gecko) Chrome/41.0.2272.96 Mobile Safari/537.36 (compatible; Googlebot/2.1; +http://www.google.com/bot.html)"
66.249.79.41 - - [22/Jan/2020:13:48:56 +0800] "GET /1988/DENR_DMC_1988-05.pdf HTTP/1.1" 200 15757 "-" "Mozilla/5.0 (Linux; Android 6.0.1; Nexus 5X Build/MMB29P) AppleWebKit/537.36 (KHTML, like Gecko) Chrome/41.0.2272.96 Mobile Safari/537.36 (compatible; Googlebot/2.1; +http://www.google.com/bot.html)"
165.225.116.104 - - [22/Jan/2020:13:49:00 +0800] "GET /favicon.ico HTTP/1.1" 404 209 "http://policy.denr.gov.ph/2000/ENV_DAO_2000-81.pdf" "Mozilla/5.0 (Windows NT 10.0; Win64; x64) AppleWebKit/537.36 (KHTML, like Gecko) Chrome/79.0.3945.117 Safari/537.36"
66.249.79.41 - - [22/Jan/2020:13:49:08 +0800] "GET /1992/PP_1992_20.pdf HTTP/1.1" 200 27538 "-" "Mozilla/5.0 (Linux; Android 6.0.1; Nexus 5X Build/MMB29P) AppleWebKit/537.36 (KHTML, like Gecko) Chrome/41.0.2272.96 Mobile Safari/537.36 (compatible; Googlebot/2.1; +http://www.google.com/bot.html)"
66.249.79.36 - - [22/Jan/2020:13:49:20 +0800] "GET /1997/ENV_DMC-97-10.pdf HTTP/1.1" 200 14401 "-" "Mozilla/5.0 (Linux; Android 6.0.1; Nexus 5X Build/MMB29P) AppleWebKit/537.36 (KHTML, like Gecko) Chrome/41.0.2272.96 Mobile Safari/537.36 (compatible; Googlebot/2.1; +http://www.google.com/bot.html)"
66.249.82.185 - - [22/Jan/2020:13:49:22 +0800] "GET /1997/FOR_DAO-97-32.pdf HTTP/1.1" 200 85020 "https://www.google.com/" "Mozilla/5.0 (Linux; Android 6.0; vivo 1609) AppleWebKit/537.36 (KHTML, like Gecko) Chrome/79.0.3945.79 Mobile Safari/537.36"
66.249.79.36 - - [22/Jan/2020:13:49:32 +0800] "GET /1988/DENR_DMO_1988-01.pdf HTTP/1.1" 200 22660 "-" "Mozilla/5.0 (Linux; Android 6.0.1; Nexus 5X Build/MMB29P) AppleWebKit/537.36 (KHTML, like Gecko) Chrome/41.0.2272.96 Mobile Safari/537.36 (compatible; Googlebot/2.1; +http://www.google.com/bot.html)"
66.249.79.36 - - [22/Jan/2020:13:49:43 +0800] "GET /1994/PAWMO_94-22.pdf HTTP/1.1" 200 41933 "-" "Mozilla/5.0 (Linux; Android 6.0.1; Nexus 5X Build/MMB29P) AppleWebKit/537.36 (KHTML, like Gecko) Chrome/41.0.2272.96 Mobile Safari/537.36 (compatible; Googlebot/2.1; +http://www.google.com/bot.html)"
122.53.104.158 - - [22/Jan/2020:13:49:47 +0800] "GET /favicon.ico HTTP/1.1" 404 209 "http://policy.denr.gov.ph/1997/FOR_DAO-97-04.pdf" "Mozilla/5.0 (Windows NT 6.3; Win64; x64) AppleWebKit/537.36 (KHTML, like Gecko) Chrome/79.0.3945.130 Safari/537.36"
66.249.79.44 - - [22/Jan/2020:13:50:55 +0800] "GET /memo_order2004/mo2004-05.pdf HTTP/1.1" 200 41695 "-" "Mozilla/5.0 (Linux; Android 6.0.1; Nexus 5X Build/MMB29P) AppleWebKit/537.36 (KHTML, like Gecko) Chrome/41.0.2272.96 Mobile Safari/537.36 (compatible; Googlebot/2.1; +http://www.google.com/bot.html)"
66.249.79.36 - - [22/Jan/2020:13:51:19 +0800] "GET /2000/PP_2000_291.pdf HTTP/1.1" 200 16664 "-" "Mozilla/5.0 (Linux; Android 6.0.1; Nexus 5X Build/MMB29P) AppleWebKit/537.36 (KHTML, like Gecko) Chrome/41.0.2272.96 Mobile Safari/537.36 (compatible; Googlebot/2.1; +http://www.google.com/bot.html)"
66.249.79.36 - - [22/Jan/2020:13:51:43 +0800] "GET /1999/dao99-18.pdf HTTP/1.1" 200 21098 "-" "Mozilla/5.0 (Linux; Android 6.0.1; Nexus 5X Build/MMB29P) AppleWebKit/537.36 (KHTML, like Gecko) Chrome/41.0.2272.96 Mobile Safari/537.36 (compatible; Googlebot/2.1; +http://www.google.com/bot.html)"
66.249.79.41 - - [22/Jan/2020:13:52:07 +0800] "GET /1991/dmo1991-12.pdf HTTP/1.1" 200 31722 "-" "Mozilla/5.0 (Linux; Android 6.0.1; Nexus 5X Build/MMB29P) AppleWebKit/537.36 (KHTML, like Gecko) Chrome/41.0.2272.96 Mobile Safari/537.36 (compatible; Googlebot/2.1; +http://www.google.com/bot.html)"
171.207.211.213 - - [22/Jan/2020:13:52:34 +0800] "GET /favicon.ico HTTP/1.1" 404 209 "http://policy.denr.gov.ph/dao2004/dao2004-16.pdf" "Mozilla/5.0 (Windows NT 6.1; Win64; x64) AppleWebKit/537.36 (KHTML, like Gecko) Chrome/79.0.3945.117 Safari/537.36"
171.207.211.213 - - [22/Jan/2020:13:52:33 +0800] "GET /dao2004/dao2004-16.pdf HTTP/1.1" 200 583026 "https://denr.gov.ph/" "Mozilla/5.0 (Windows NT 6.1; Win64; x64) AppleWebKit/537.36 (KHTML, like Gecko) Chrome/79.0.3945.117 Safari/537.36"
110.54.201.195 - - [22/Jan/2020:13:54:09 +0800] "GET /2000/ENV_DAO_2000-37.pdf HTTP/1.1" 200 28649 "http://www.google.com/" "Mozilla/5.0 (Linux; U; Android 9; en-us; POCOPHONE F1 Build/PKQ1.180729.001) AppleWebKit/537.36 (KHTML, like Gecko) Version/4.0 Chrome/71.0.3578.141 Mobile Safari/537.36 XiaoMi/MiuiBrowser/11.3.4-g"
110.54.201.195 - - [22/Jan/2020:13:54:09 +0800] "GET /2000/ENV_DAO_2000-37.pdf HTTP/1.1" 200 28649 "-" "Dalvik/2.1.0 (Linux; U; Android 9; POCOPHONE F1 MIUI/V11.0.5.0.PEJMIXM)"
110.54.201.195 - - [22/Jan/2020:13:54:11 +0800] "GET /2000/ENV_DAO_2000-37.pdf HTTP/1.1" 200 28649 "http://www.google.com/" "Mozilla/5.0 (Linux; U; Android 9; en-us; POCOPHONE F1 Build/PKQ1.180729.001) AppleWebKit/537.36 (KHTML, like Gecko) Version/4.0 Chrome/71.0.3578.141 Mobile Safari/537.36 XiaoMi/MiuiBrowser/11.3.4-g"
110.54.201.195 - - [22/Jan/2020:13:54:11 +0800] "GET /2000/ENV_DAO_2000-37.pdf HTTP/1.1" 200 28649 "http://www.google.com/" "Mozilla/5.0 (Linux; U; Android 9; en-us; POCOPHONE F1 Build/PKQ1.180729.001) AppleWebKit/537.36 (KHTML, like Gecko) Version/4.0 Chrome/71.0.3578.141 Mobile Safari/537.36 XiaoMi/MiuiBrowser/11.3.4-g"
66.249.79.44 - - [22/Jan/2020:13:55:13 +0800] "GET /1999/dao99-26.pdf HTTP/1.1" 200 18344 "-" "Mozilla/5.0 (Linux; Android 6.0.1; Nexus 5X Build/MMB29P) AppleWebKit/537.36 (KHTML, like Gecko) Chrome/41.0.2272.96 Mobile Safari/537.36 (compatible; Googlebot/2.1; +http://www.google.com/bot.html)"
66.249.79.41 - - [22/Jan/2020:13:55:15 +0800] "GET /2000/ HTTP/1.1" 200 43331 "-" "Mozilla/5.0 (Linux; Android 6.0.1; Nexus 5X Build/MMB29P) AppleWebKit/537.36 (KHTML, like Gecko) Chrome/41.0.2272.96 Mobile Safari/537.36 (compatible; Googlebot/2.1; +http://www.google.com/bot.html)"
49.145.107.162 - - [22/Jan/2020:13:57:24 +0800] "GET /1990/lLAND_DAO_1990-72-1.pdf HTTP/1.1" 200 46101 "https://denr.gov.ph/" "Mozilla/5.0 (Windows NT 10.0; Win64; x64) AppleWebKit/537.36 (KHTML, like Gecko) Chrome/79.0.3945.117 Safari/537.36"
49.145.107.162 - - [22/Jan/2020:13:57:26 +0800] "GET /favicon.ico HTTP/1.1" 404 209 "http://policy.denr.gov.ph/1990/lLAND_DAO_1990-72-1.pdf" "Mozilla/5.0 (Windows NT 10.0; Win64; x64) AppleWebKit/537.36 (KHTML, like Gecko) Chrome/79.0.3945.117 Safari/537.36"
49.145.107.162 - - [22/Jan/2020:13:57:36 +0800] "GET /1988/FOR_DAO_1988-72.pdf HTTP/1.1" 200 13395 "https://denr.gov.ph/" "Mozilla/5.0 (Windows NT 10.0; Win64; x64) AppleWebKit/537.36 (KHTML, like Gecko) Chrome/79.0.3945.117 Safari/537.36"
178.197.227.143 - - [22/Jan/2020:13:59:03 +0800] "GET /1999/fordao99-34.pdf HTTP/1.1" 200 36493 "-" "Mozilla/5.0 (iPhone; CPU iPhone OS 12_1_4 like Mac OS X) AppleWebKit/605.1.15 (KHTML, like Gecko) Version/12.0 Mobile/15E148 Safari/604.1"
178.197.227.143 - - [22/Jan/2020:13:59:04 +0800] "GET /apple-touch-icon-120x120-precomposed.png HTTP/1.1" 404 238 "-" "MobileSafari/604.1 CFNetwork/976 Darwin/18.2.0"
178.197.227.143 - - [22/Jan/2020:13:59:04 +0800] "GET /apple-touch-icon-120x120.png HTTP/1.1" 404 226 "-" "MobileSafari/604.1 CFNetwork/976 Darwin/18.2.0"
178.197.227.143 - - [22/Jan/2020:13:59:05 +0800] "GET /apple-touch-icon-precomposed.png HTTP/1.1" 404 230 "-" "MobileSafari/604.1 CFNetwork/976 Darwin/18.2.0"
178.197.227.143 - - [22/Jan/2020:13:59:05 +0800] "GET /apple-touch-icon.png HTTP/1.1" 404 218 "-" "MobileSafari/604.1 CFNetwork/976 Darwin/18.2.0"
178.197.227.143 - - [22/Jan/2020:13:59:05 +0800] "GET /favicon.ico HTTP/1.1" 404 209 "-" "MobileSafari/604.1 CFNetwork/976 Darwin/18.2.0"
178.197.227.143 - - [22/Jan/2020:13:59:06 +0800] "GET /apple-touch-icon-120x120-precomposed.png HTTP/1.1" 404 238 "-" "MobileSafari/604.1 CFNetwork/976 Darwin/18.2.0"
178.197.227.143 - - [22/Jan/2020:13:59:06 +0800] "GET /apple-touch-icon-120x120.png HTTP/1.1" 404 226 "-" "MobileSafari/604.1 CFNetwork/976 Darwin/18.2.0"
178.197.227.143 - - [22/Jan/2020:13:59:06 +0800] "GET /apple-touch-icon-precomposed.png HTTP/1.1" 404 230 "-" "MobileSafari/604.1 CFNetwork/976 Darwin/18.2.0"
178.197.227.143 - - [22/Jan/2020:13:59:06 +0800] "GET /apple-touch-icon.png HTTP/1.1" 404 218 "-" "MobileSafari/604.1 CFNetwork/976 Darwin/18.2.0"
178.197.227.143 - - [22/Jan/2020:13:59:07 +0800] "GET /favicon.ico HTTP/1.1" 404 209 "-" "MobileSafari/604.1 CFNetwork/976 Darwin/18.2.0"
110.54.232.196 - - [22/Jan/2020:14:01:30 +0800] "GET /1993/DAO1993-63.pdf HTTP/1.1" 206 237361 "https://www.google.com/" "Mozilla/5.0 (Linux; Android 8.1.0; CPH1803) AppleWebKit/537.36 (KHTML, like Gecko) Chrome/79.0.3945.116 Mobile Safari/537.36"
124.105.228.62 - - [22/Jan/2020:14:02:25 +0800] "GET /CBFMDvlv/Devltn.pdf HTTP/1.1" 200 395382 "-" "Mozilla/5.0 (Windows NT 10.0; Win64; x64) AppleWebKit/537.36 (KHTML, like Gecko) Chrome/64.0.3282.140 Safari/537.36 Edge/18.17763"
124.105.228.62 - - [22/Jan/2020:14:02:26 +0800] "GET /CBFMDvlv/Devltn.pdf HTTP/1.1" 206 395382 "http://policy.denr.gov.ph/CBFMDvlv/Devltn.pdf" "Mozilla/5.0 (Windows NT 10.0; Win64; x64) AppleWebKit/537.36 (KHTML, like Gecko) Chrome/64.0.3282.140 Safari/537.36 Edge/18.17763"
124.105.228.62 - - [22/Jan/2020:14:02:27 +0800] "GET /CBFMDvlv/Devltn.pdf HTTP/1.1" 206 264310 "http://policy.denr.gov.ph/CBFMDvlv/Devltn.pdf" "Mozilla/5.0 (Windows NT 10.0; Win64; x64) AppleWebKit/537.36 (KHTML, like Gecko) Chrome/64.0.3282.140 Safari/537.36 Edge/18.17763"
