216.244.66.245 - - [20/Jan/2020:16:34:05 +0800] "GET /1999/dao99-25.pdf HTTP/1.1" 200 14808 "-" "Mozilla/5.0 (compatible; DotBot/1.1; http://www.opensiteexplorer.org/dotbot, help@moz.com)"
216.244.66.245 - - [20/Jan/2020:16:34:05 +0800] "GET /1995/PAW_DAO1995-22.pdf HTTP/1.1" 200 220628 "-" "Mozilla/5.0 (compatible; DotBot/1.1; http://www.opensiteexplorer.org/dotbot, help@moz.com)"
216.244.66.245 - - [20/Jan/2020:16:34:06 +0800] "GET /1999/denrmc99-02.pdf HTTP/1.1" 200 14598 "-" "Mozilla/5.0 (compatible; DotBot/1.1; http://www.opensiteexplorer.org/dotbot, help@moz.com)"
216.244.66.245 - - [20/Jan/2020:16:34:13 +0800] "GET /1999/denrmo99-19.pdf HTTP/1.1" 200 19711 "-" "Mozilla/5.0 (compatible; DotBot/1.1; http://www.opensiteexplorer.org/dotbot, help@moz.com)"
216.244.66.245 - - [20/Jan/2020:16:34:15 +0800] "GET /1999/formo99-30.pdf HTTP/1.1" 200 16124 "-" "Mozilla/5.0 (compatible; DotBot/1.1; http://www.opensiteexplorer.org/dotbot, help@moz.com)"
216.244.66.245 - - [20/Jan/2020:16:34:15 +0800] "GET /2000/DENR_MO_2000-04.pdf HTTP/1.1" 200 20594 "-" "Mozilla/5.0 (compatible; DotBot/1.1; http://www.opensiteexplorer.org/dotbot, help@moz.com)"
216.244.66.245 - - [20/Jan/2020:16:34:17 +0800] "GET /2001/DAO_Mines2001-35.pdf HTTP/1.1" 200 42714 "-" "Mozilla/5.0 (compatible; DotBot/1.1; http://www.opensiteexplorer.org/dotbot, help@moz.com)"
216.244.66.245 - - [20/Jan/2020:16:34:18 +0800] "GET /1989/DAO1989-106.pdf HTTP/1.1" 200 80543 "-" "Mozilla/5.0 (compatible; DotBot/1.1; http://www.opensiteexplorer.org/dotbot, help@moz.com)"
216.244.66.245 - - [20/Jan/2020:16:34:20 +0800] "GET /1990/FOR_DMC_1990-14.pdf HTTP/1.1" 200 64070 "-" "Mozilla/5.0 (compatible; DotBot/1.1; http://www.opensiteexplorer.org/dotbot, help@moz.com)"
216.244.66.245 - - [20/Jan/2020:16:34:21 +0800] "GET /1993/DENR_MC1993-16.pdf HTTP/1.1" 200 244399 "-" "Mozilla/5.0 (compatible; DotBot/1.1; http://www.opensiteexplorer.org/dotbot, help@moz.com)"
216.244.66.245 - - [20/Jan/2020:16:34:27 +0800] "GET /1994/ForDao_1994-08.pdf HTTP/1.1" 200 87809 "-" "Mozilla/5.0 (compatible; DotBot/1.1; http://www.opensiteexplorer.org/dotbot, help@moz.com)"
66.249.79.44 - - [20/Jan/2020:16:35:02 +0800] "GET /1999/malaca%F1angadminorder99-55.pdf HTTP/1.1" 304 - "-" "Mozilla/5.0 (Linux; Android 6.0.1; Nexus 5X Build/MMB29P) AppleWebKit/537.36 (KHTML, like Gecko) Chrome/41.0.2272.96 Mobile Safari/537.36 (compatible; Googlebot/2.1; +http://www.google.com/bot.html)"
216.244.66.245 - - [20/Jan/2020:16:34:19 +0800] "GET /1989/DMC1989-19.pdf HTTP/1.1" 200 300054 "-" "Mozilla/5.0 (compatible; DotBot/1.1; http://www.opensiteexplorer.org/dotbot, help@moz.com)"
216.244.66.245 - - [20/Jan/2020:16:34:31 +0800] "GET /1995/FOR_DAO1995-11.pdf HTTP/1.1" 200 2704035 "-" "Mozilla/5.0 (compatible; DotBot/1.1; http://www.opensiteexplorer.org/dotbot, help@moz.com)"
216.244.66.245 - - [20/Jan/2020:16:36:51 +0800] "GET /1998/dao98-14.pdf HTTP/1.1" 200 18296 "-" "Mozilla/5.0 (compatible; DotBot/1.1; http://www.opensiteexplorer.org/dotbot, help@moz.com)"
216.244.66.245 - - [20/Jan/2020:16:36:52 +0800] "GET /2001/DENR_DAO2001-20.pdf HTTP/1.1" 200 56800 "-" "Mozilla/5.0 (compatible; DotBot/1.1; http://www.opensiteexplorer.org/dotbot, help@moz.com)"
216.244.66.245 - - [20/Jan/2020:16:36:56 +0800] "GET /2003/memo_order2003/DMO2003-05.pdf HTTP/1.1" 200 37495 "-" "Mozilla/5.0 (compatible; DotBot/1.1; http://www.opensiteexplorer.org/dotbot, help@moz.com)"
58.69.59.16 - - [20/Jan/2020:16:37:10 +0800] "GET /1998/denr-darjointadminorder98-03.pdf HTTP/1.1" 200 24027 "https://denr.gov.ph/" "Mozilla/5.0 (Windows NT 10.0; Win64; x64) AppleWebKit/537.36 (KHTML, like Gecko) Chrome/79.0.3945.117 Safari/537.36"
58.69.59.16 - - [20/Jan/2020:16:37:11 +0800] "GET /favicon.ico HTTP/1.1" 404 209 "http://policy.denr.gov.ph/1998/denr-darjointadminorder98-03.pdf" "Mozilla/5.0 (Windows NT 10.0; Win64; x64) AppleWebKit/537.36 (KHTML, like Gecko) Chrome/79.0.3945.117 Safari/537.36"
66.249.79.41 - - [20/Jan/2020:16:37:29 +0800] "GET /2001/DENR_MO_2001-12.pdf HTTP/1.1" 200 15310 "-" "Mozilla/5.0 (Linux; Android 6.0.1; Nexus 5X Build/MMB29P) AppleWebKit/537.36 (KHTML, like Gecko) Chrome/41.0.2272.96 Mobile Safari/537.36 (compatible; Googlebot/2.1; +http://www.google.com/bot.html)"
66.249.79.41 - - [20/Jan/2020:16:38:06 +0800] "GET /2006/dao/ HTTP/1.1" 200 2873 "-" "Mozilla/5.0 (Linux; Android 6.0.1; Nexus 5X Build/MMB29P) AppleWebKit/537.36 (KHTML, like Gecko) Chrome/41.0.2272.96 Mobile Safari/537.36 (compatible; Googlebot/2.1; +http://www.google.com/bot.html)"
207.46.13.110 - - [20/Jan/2020:16:38:42 +0800] "GET /1999/formo99-31.pdf HTTP/1.1" 304 - "-" "Mozilla/5.0 (compatible; bingbot/2.0; +http://www.bing.com/bingbot.htm)"
207.46.13.110 - - [20/Jan/2020:16:38:42 +0800] "GET /1997/PP-97-1030.pdf HTTP/1.1" 304 - "-" "Mozilla/5.0 (compatible; bingbot/2.0; +http://www.bing.com/bingbot.htm)"
66.249.79.36 - - [20/Jan/2020:16:38:43 +0800] "GET /2005/special_order/so-2005-392.pdf HTTP/1.1" 200 43774 "-" "Mozilla/5.0 (Linux; Android 6.0.1; Nexus 5X Build/MMB29P) AppleWebKit/537.36 (KHTML, like Gecko) Chrome/41.0.2272.96 Mobile Safari/537.36 (compatible; Googlebot/2.1; +http://www.google.com/bot.html)"
49.145.55.102 - - [20/Jan/2020:16:39:12 +0800] "GET /basicpol/lancode/ca141.pdf HTTP/1.1" 200 84831 "https://www.google.com/" "Mozilla/5.0 (Windows NT 6.3; Win64; x64) AppleWebKit/537.36 (KHTML, like Gecko) Chrome/79.0.3945.117 Safari/537.36"
66.249.79.44 - - [20/Jan/2020:16:39:20 +0800] "GET /1988/PAW_DAO_1988-46.pdf HTTP/1.1" 200 12728 "-" "Mozilla/5.0 (Linux; Android 6.0.1; Nexus 5X Build/MMB29P) AppleWebKit/537.36 (KHTML, like Gecko) Chrome/41.0.2272.96 Mobile Safari/537.36 (compatible; Googlebot/2.1; +http://www.google.com/bot.html)"
66.249.79.41 - - [20/Jan/2020:16:39:56 +0800] "GET /2002/dao_2002-27.pdf HTTP/1.1" 200 84999 "-" "Mozilla/5.0 (Linux; Android 6.0.1; Nexus 5X Build/MMB29P) AppleWebKit/537.36 (KHTML, like Gecko) Chrome/41.0.2272.96 Mobile Safari/537.36 (compatible; Googlebot/2.1; +http://www.google.com/bot.html)"
66.249.79.36 - - [20/Jan/2020:16:40:33 +0800] "GET /2005/special_order/so-2005-111.pdf HTTP/1.1" 200 83897 "-" "Mozilla/5.0 (Linux; Android 6.0.1; Nexus 5X Build/MMB29P) AppleWebKit/537.36 (KHTML, like Gecko) Chrome/41.0.2272.96 Mobile Safari/537.36 (compatible; Googlebot/2.1; +http://www.google.com/bot.html)"
49.145.163.142 - - [20/Jan/2020:16:40:43 +0800] "GET /1996/FOR_DAO_1996-29.pdf HTTP/1.1" 200 96381 "https://ph.search.yahoo.com/" "Mozilla/5.0 (Windows NT 10.0; Win64; x64) AppleWebKit/537.36 (KHTML, like Gecko) Chrome/79.0.3945.117 Safari/537.36"
49.145.163.142 - - [20/Jan/2020:16:40:43 +0800] "GET /favicon.ico HTTP/1.1" 404 209 "http://policy.denr.gov.ph/1996/FOR_DAO_1996-29.pdf" "Mozilla/5.0 (Windows NT 10.0; Win64; x64) AppleWebKit/537.36 (KHTML, like Gecko) Chrome/79.0.3945.117 Safari/537.36"
66.249.79.41 - - [20/Jan/2020:16:41:10 +0800] "GET /2005/special_order/so-2005-72.pdf HTTP/1.1" 200 191142 "-" "Mozilla/5.0 (Linux; Android 6.0.1; Nexus 5X Build/MMB29P) AppleWebKit/537.36 (KHTML, like Gecko) Chrome/41.0.2272.96 Mobile Safari/537.36 (compatible; Googlebot/2.1; +http://www.google.com/bot.html)"
66.249.79.41 - - [20/Jan/2020:16:41:47 +0800] "GET /1989/DAO1989-49.pdf HTTP/1.1" 200 148817 "-" "Mozilla/5.0 (Linux; Android 6.0.1; Nexus 5X Build/MMB29P) AppleWebKit/537.36 (KHTML, like Gecko) Chrome/41.0.2272.96 Mobile Safari/537.36 (compatible; Googlebot/2.1; +http://www.google.com/bot.html)"
222.127.167.225 - - [20/Jan/2020:16:41:54 +0800] "GET /2000/ENV_DAO_2000-05.pdf HTTP/1.1" 200 89266 "https://ph.search.yahoo.com/" "Mozilla/5.0 (Windows NT 10.0; Win64; x64) AppleWebKit/537.36 (KHTML, like Gecko) Chrome/79.0.3945.130 Safari/537.36"
222.127.167.225 - - [20/Jan/2020:16:41:55 +0800] "GET /favicon.ico HTTP/1.1" 404 209 "http://policy.denr.gov.ph/2000/ENV_DAO_2000-05.pdf" "Mozilla/5.0 (Windows NT 10.0; Win64; x64) AppleWebKit/537.36 (KHTML, like Gecko) Chrome/79.0.3945.130 Safari/537.36"
58.69.59.16 - - [20/Jan/2020:16:42:14 +0800] "GET /2000/DAO_FMB_2000-78.pdf HTTP/1.1" 200 41107 "https://denr.gov.ph/" "Mozilla/5.0 (Windows NT 10.0; Win64; x64) AppleWebKit/537.36 (KHTML, like Gecko) Chrome/79.0.3945.117 Safari/537.36"
58.69.59.16 - - [20/Jan/2020:16:42:14 +0800] "GET /favicon.ico HTTP/1.1" 404 209 "http://policy.denr.gov.ph/2000/DAO_FMB_2000-78.pdf" "Mozilla/5.0 (Windows NT 10.0; Win64; x64) AppleWebKit/537.36 (KHTML, like Gecko) Chrome/79.0.3945.117 Safari/537.36"
66.249.79.44 - - [20/Jan/2020:16:42:23 +0800] "GET /2005/special_order/so-2005-295.pdf HTTP/1.1" 200 38225 "-" "Mozilla/5.0 (Linux; Android 6.0.1; Nexus 5X Build/MMB29P) AppleWebKit/537.36 (KHTML, like Gecko) Chrome/41.0.2272.96 Mobile Safari/537.36 (compatible; Googlebot/2.1; +http://www.google.com/bot.html)"
120.28.109.23 - - [20/Jan/2020:16:42:50 +0800] "GET /1996/MemoAgreement_Mun_Alabel-Sarangani.pdf HTTP/1.1" 200 24631 "https://www.google.com/" "Mozilla/5.0 (Windows NT 6.1) AppleWebKit/537.36 (KHTML, like Gecko) Chrome/79.0.3945.117 Safari/537.36"
120.28.109.23 - - [20/Jan/2020:16:42:50 +0800] "GET /favicon.ico HTTP/1.1" 404 209 "http://policy.denr.gov.ph/1996/MemoAgreement_Mun_Alabel-Sarangani.pdf" "Mozilla/5.0 (Windows NT 6.1) AppleWebKit/537.36 (KHTML, like Gecko) Chrome/79.0.3945.117 Safari/537.36"
66.249.79.44 - - [20/Jan/2020:16:43:00 +0800] "GET /2001/DENR_MO_2001-09.pdf HTTP/1.1" 200 16132 "-" "Mozilla/5.0 (Linux; Android 6.0.1; Nexus 5X Build/MMB29P) AppleWebKit/537.36 (KHTML, like Gecko) Chrome/41.0.2272.96 Mobile Safari/537.36 (compatible; Googlebot/2.1; +http://www.google.com/bot.html)"
49.145.109.111 - - [20/Jan/2020:16:43:11 +0800] "GET /favicon.ico HTTP/1.1" 404 209 "http://policy.denr.gov.ph/dao2004/dao2004-30.pdf" "Mozilla/5.0 (Windows NT 6.3; Win64; x64) AppleWebKit/537.36 (KHTML, like Gecko) Chrome/79.0.3945.117 Safari/537.36"
49.145.109.111 - - [20/Jan/2020:16:43:11 +0800] "GET /dao2004/dao2004-30.pdf HTTP/1.1" 200 816675 "https://denr.gov.ph/" "Mozilla/5.0 (Windows NT 6.3; Win64; x64) AppleWebKit/537.36 (KHTML, like Gecko) Chrome/79.0.3945.117 Safari/537.36"
66.249.79.41 - - [20/Jan/2020:16:43:37 +0800] "GET /2005/special_order/so-2005-714.pdf HTTP/1.1" 200 103805 "-" "Mozilla/5.0 (Linux; Android 6.0.1; Nexus 5X Build/MMB29P) AppleWebKit/537.36 (KHTML, like Gecko) Chrome/41.0.2272.96 Mobile Safari/537.36 (compatible; Googlebot/2.1; +http://www.google.com/bot.html)"
110.54.234.42 - - [20/Jan/2020:16:44:06 +0800] "GET /1998/dao98-45.pdf HTTP/1.1" 200 27051 "-" "Dalvik/2.1.0 (Linux; U; Android 9; SM-A750GN Build/PPR1.180610.011)"
66.249.79.41 - - [20/Jan/2020:16:44:14 +0800] "GET /1993/DAO1993-24.pdf HTTP/1.1" 200 329706 "-" "Mozilla/5.0 (Linux; Android 6.0.1; Nexus 5X Build/MMB29P) AppleWebKit/537.36 (KHTML, like Gecko) Chrome/41.0.2272.96 Mobile Safari/537.36 (compatible; Googlebot/2.1; +http://www.google.com/bot.html)"
66.249.79.36 - - [20/Jan/2020:16:44:50 +0800] "GET /2005/special_order/so-2005-784.pdf HTTP/1.1" 200 33866 "-" "Mozilla/5.0 (Linux; Android 6.0.1; Nexus 5X Build/MMB29P) AppleWebKit/537.36 (KHTML, like Gecko) Chrome/41.0.2272.96 Mobile Safari/537.36 (compatible; Googlebot/2.1; +http://www.google.com/bot.html)"
66.249.79.41 - - [20/Jan/2020:16:45:27 +0800] "GET /1993/DENR_MO1993-03.pdf HTTP/1.1" 200 55569 "-" "Mozilla/5.0 (Linux; Android 6.0.1; Nexus 5X Build/MMB29P) AppleWebKit/537.36 (KHTML, like Gecko) Chrome/41.0.2272.96 Mobile Safari/537.36 (compatible; Googlebot/2.1; +http://www.google.com/bot.html)"
175.158.200.177 - - [20/Jan/2020:16:45:45 +0800] "GET /1998/dao98-43.pdf HTTP/1.1" 200 18279 "https://denr.gov.ph/" "Mozilla/5.0 (Windows NT 10.0; WOW64) AppleWebKit/537.36 (KHTML, like Gecko) Chrome/77.0.3865.120 Safari/537.36 Avast/77.2.2153.120"
175.158.200.177 - - [20/Jan/2020:16:45:47 +0800] "GET /favicon.ico HTTP/1.1" 404 209 "http://policy.denr.gov.ph/1998/dao98-43.pdf" "Mozilla/5.0 (Windows NT 10.0; WOW64) AppleWebKit/537.36 (KHTML, like Gecko) Chrome/77.0.3865.120 Safari/537.36 Avast/77.2.2153.120"
66.249.79.36 - - [20/Jan/2020:16:46:04 +0800] "GET /1988/PAW_DAO_1988-59.pdf HTTP/1.1" 200 13169 "-" "Mozilla/5.0 (Linux; Android 6.0.1; Nexus 5X Build/MMB29P) AppleWebKit/537.36 (KHTML, like Gecko) Chrome/41.0.2272.96 Mobile Safari/537.36 (compatible; Googlebot/2.1; +http://www.google.com/bot.html)"
66.249.79.41 - - [20/Jan/2020:16:46:40 +0800] "GET /1989/DMC1989-18.pdf HTTP/1.1" 200 271391 "-" "Mozilla/5.0 (Linux; Android 6.0.1; Nexus 5X Build/MMB29P) AppleWebKit/537.36 (KHTML, like Gecko) Chrome/41.0.2272.96 Mobile Safari/537.36 (compatible; Googlebot/2.1; +http://www.google.com/bot.html)"
66.249.79.41 - - [20/Jan/2020:16:47:17 +0800] "GET /2002/ HTTP/1.1" 200 19364 "-" "Mozilla/5.0 (Linux; Android 6.0.1; Nexus 5X Build/MMB29P) AppleWebKit/537.36 (KHTML, like Gecko) Chrome/41.0.2272.96 Mobile Safari/537.36 (compatible; Googlebot/2.1; +http://www.google.com/bot.html)"
66.249.79.44 - - [20/Jan/2020:16:47:54 +0800] "GET /2001/Lands_Cert_of_Allocation.pdf HTTP/1.1" 200 16634 "-" "Mozilla/5.0 (Linux; Android 6.0.1; Nexus 5X Build/MMB29P) AppleWebKit/537.36 (KHTML, like Gecko) Chrome/41.0.2272.96 Mobile Safari/537.36 (compatible; Googlebot/2.1; +http://www.google.com/bot.html)"
66.249.79.36 - - [20/Jan/2020:16:48:31 +0800] "GET /1997/MAO_97-425.pdf HTTP/1.1" 200 27433 "-" "Mozilla/5.0 (Linux; Android 6.0.1; Nexus 5X Build/MMB29P) AppleWebKit/537.36 (KHTML, like Gecko) Chrome/41.0.2272.96 Mobile Safari/537.36 (compatible; Googlebot/2.1; +http://www.google.com/bot.html)"
119.92.204.55 - - [20/Jan/2020:16:50:31 +0800] "GET / HTTP/1.1" 200 10373 "-" "Mozilla/5.0 (Macintosh; Intel Mac OS X 10_14_6) AppleWebKit/605.1.15 (KHTML, like Gecko) Version/13.0.4 Safari/605.1.15"
119.92.204.55 - - [20/Jan/2020:16:50:32 +0800] "GET /icons/blank.gif HTTP/1.1" 200 148 "http://policy.denr.gov.ph/" "Mozilla/5.0 (Macintosh; Intel Mac OS X 10_14_6) AppleWebKit/605.1.15 (KHTML, like Gecko) Version/13.0.4 Safari/605.1.15"
119.92.204.55 - - [20/Jan/2020:16:50:32 +0800] "GET /icons/folder.gif HTTP/1.1" 200 225 "http://policy.denr.gov.ph/" "Mozilla/5.0 (Macintosh; Intel Mac OS X 10_14_6) AppleWebKit/605.1.15 (KHTML, like Gecko) Version/13.0.4 Safari/605.1.15"
58.69.163.114 - - [20/Jan/2020:16:56:20 +0800] "GET /2000/DENR_DAO_2000-59.pdf HTTP/1.1" 200 26082 "https://denr.gov.ph/" "Mozilla/5.0 (Windows NT 10.0; Win64; x64) AppleWebKit/537.36 (KHTML, like Gecko) Chrome/79.0.3945.117 Safari/537.36"
58.69.163.114 - - [20/Jan/2020:16:56:20 +0800] "GET /favicon.ico HTTP/1.1" 404 209 "http://policy.denr.gov.ph/2000/DENR_DAO_2000-59.pdf" "Mozilla/5.0 (Windows NT 10.0; Win64; x64) AppleWebKit/537.36 (KHTML, like Gecko) Chrome/79.0.3945.117 Safari/537.36"
66.249.79.44 - - [20/Jan/2020:16:57:05 +0800] "GET /2001/DENR_DAO2001-32.pdf HTTP/1.1" 200 15584 "-" "Mozilla/5.0 (Linux; Android 6.0.1; Nexus 5X Build/MMB29P) AppleWebKit/537.36 (KHTML, like Gecko) Chrome/41.0.2272.96 Mobile Safari/537.36 (compatible; Googlebot/2.1; +http://www.google.com/bot.html)"
172.16.41.137 - - [20/Jan/2020:16:57:14 +0800] "GET /dao2004/dao2004-24.pdf HTTP/1.1" 200 398094 "http://oldwebsite.denr.gov.ph/section-policies/viewrec.php?id=1053&page=14&sort=dt&filter=type&filterID=1&searchword=&fromyear=&frommonth=&fromdate=&toyear=&tomonth=&todate=&dateval=true" "Mozilla/5.0 (Windows NT 6.1) AppleWebKit/537.36 (KHTML, like Gecko) Chrome/79.0.3945.117 Safari/537.36"
172.16.41.137 - - [20/Jan/2020:16:57:15 +0800] "GET /favicon.ico HTTP/1.1" 404 209 "http://policy.denr.gov.ph/dao2004/dao2004-24.pdf" "Mozilla/5.0 (Windows NT 6.1) AppleWebKit/537.36 (KHTML, like Gecko) Chrome/79.0.3945.117 Safari/537.36"
58.69.173.183 - - [20/Jan/2020:16:57:40 +0800] "GET /1990/FOR_DAO_1990-79.pdf HTTP/1.1" 200 37273 "https://www.denr.gov.ph/" "Mozilla/5.0 (Windows NT 6.1; Win64; x64) AppleWebKit/537.36 (KHTML, like Gecko) Chrome/79.0.3945.117 Safari/537.36"
58.69.173.183 - - [20/Jan/2020:16:57:40 +0800] "GET /favicon.ico HTTP/1.1" 404 209 "http://policy.denr.gov.ph/1990/FOR_DAO_1990-79.pdf" "Mozilla/5.0 (Windows NT 6.1; Win64; x64) AppleWebKit/537.36 (KHTML, like Gecko) Chrome/79.0.3945.117 Safari/537.36"
66.249.79.36 - - [20/Jan/2020:16:57:42 +0800] "GET /1994/DAO_94-38-A.pdf HTTP/1.1" 200 20032 "-" "Mozilla/5.0 (Linux; Android 6.0.1; Nexus 5X Build/MMB29P) AppleWebKit/537.36 (KHTML, like Gecko) Chrome/41.0.2272.96 Mobile Safari/537.36 (compatible; Googlebot/2.1; +http://www.google.com/bot.html)"
66.249.79.36 - - [20/Jan/2020:16:58:18 +0800] "GET /2005/Memorandum_Orders/mo-2005-10.pdf HTTP/1.1" 200 117505 "-" "Mozilla/5.0 (Linux; Android 6.0.1; Nexus 5X Build/MMB29P) AppleWebKit/537.36 (KHTML, like Gecko) Chrome/41.0.2272.96 Mobile Safari/537.36 (compatible; Googlebot/2.1; +http://www.google.com/bot.html)"
66.249.79.36 - - [20/Jan/2020:16:58:55 +0800] "GET /2005/eo/ HTTP/1.1" 200 2644 "-" "Mozilla/5.0 (Linux; Android 6.0.1; Nexus 5X Build/MMB29P) AppleWebKit/537.36 (KHTML, like Gecko) Chrome/41.0.2272.96 Mobile Safari/537.36 (compatible; Googlebot/2.1; +http://www.google.com/bot.html)"
66.249.79.41 - - [20/Jan/2020:16:59:32 +0800] "GET /1988/ENV_DMO_1988-14.pdf HTTP/1.1" 200 11439 "-" "Mozilla/5.0 (Linux; Android 6.0.1; Nexus 5X Build/MMB29P) AppleWebKit/537.36 (KHTML, like Gecko) Chrome/41.0.2272.96 Mobile Safari/537.36 (compatible; Googlebot/2.1; +http://www.google.com/bot.html)"
58.69.147.60 - - [20/Jan/2020:16:59:39 +0800] "GET /favicon.ico HTTP/1.1" 404 209 "-" "Mozilla/5.0 (Windows NT 10.0; Win64; x64; rv:72.0) Gecko/20100101 Firefox/72.0"
66.249.79.41 - - [20/Jan/2020:17:00:09 +0800] "GET /1987/PAWB_DAO_87_16.pdf HTTP/1.1" 200 33449 "-" "Mozilla/5.0 (Linux; Android 6.0.1; Nexus 5X Build/MMB29P) AppleWebKit/537.36 (KHTML, like Gecko) Chrome/41.0.2272.96 Mobile Safari/537.36 (compatible; Googlebot/2.1; +http://www.google.com/bot.html)"
66.249.79.41 - - [20/Jan/2020:17:00:45 +0800] "GET /1993/MMC1993-52.pdf HTTP/1.1" 200 50656 "-" "Mozilla/5.0 (Linux; Android 6.0.1; Nexus 5X Build/MMB29P) AppleWebKit/537.36 (KHTML, like Gecko) Chrome/41.0.2272.96 Mobile Safari/537.36 (compatible; Googlebot/2.1; +http://www.google.com/bot.html)"
66.249.79.41 - - [20/Jan/2020:17:01:59 +0800] "GET /pol-1992/mmo92.pdf HTTP/1.1" 200 107181 "-" "Mozilla/5.0 (Linux; Android 6.0.1; Nexus 5X Build/MMB29P) AppleWebKit/537.36 (KHTML, like Gecko) Chrome/41.0.2272.96 Mobile Safari/537.36 (compatible; Googlebot/2.1; +http://www.google.com/bot.html)"
124.6.158.170 - - [20/Jan/2020:17:03:32 +0800] "GET /2001/DENR_MO_2001-11.pdf HTTP/1.1" 200 29820 "https://www.google.com/" "Mozilla/5.0 (Windows NT 6.2; Win64; x64) AppleWebKit/537.36 (KHTML, like Gecko) Chrome/79.0.3945.130 Safari/537.36"
124.6.158.170 - - [20/Jan/2020:17:03:33 +0800] "GET /favicon.ico HTTP/1.1" 404 209 "http://policy.denr.gov.ph/2001/DENR_MO_2001-11.pdf" "Mozilla/5.0 (Windows NT 6.2; Win64; x64) AppleWebKit/537.36 (KHTML, like Gecko) Chrome/79.0.3945.130 Safari/537.36"
122.54.50.12 - - [20/Jan/2020:17:03:52 +0800] "GET /1996/FOR_DAO_1996-24.pdf HTTP/1.1" 200 55397 "https://www.google.com/" "Mozilla/5.0 (Windows NT 10.0; Win64; x64) AppleWebKit/537.36 (KHTML, like Gecko) Chrome/79.0.3945.117 Safari/537.36"
122.54.50.12 - - [20/Jan/2020:17:03:57 +0800] "GET /favicon.ico HTTP/1.1" 404 209 "http://policy.denr.gov.ph/1996/FOR_DAO_1996-24.pdf" "Mozilla/5.0 (Windows NT 10.0; Win64; x64) AppleWebKit/537.36 (KHTML, like Gecko) Chrome/79.0.3945.117 Safari/537.36"
66.249.79.41 - - [20/Jan/2020:17:06:16 +0800] "GET /2000/DAO_FMB_2000-83.pdf HTTP/1.1" 200 43307 "-" "Mozilla/5.0 (Linux; Android 6.0.1; Nexus 5X Build/MMB29P) AppleWebKit/537.36 (KHTML, like Gecko) Chrome/41.0.2272.96 Mobile Safari/537.36 (compatible; Googlebot/2.1; +http://www.google.com/bot.html)"
112.200.37.145 - - [20/Jan/2020:17:06:29 +0800] "GET /2000/DAO_FMB_2000-83.pdf HTTP/1.1" 200 43307 "https://www.google.com/" "Mozilla/5.0 (Windows NT 10.0; Win64; x64) AppleWebKit/537.36 (KHTML, like Gecko) Chrome/79.0.3945.117 Safari/537.36"
112.200.37.145 - - [20/Jan/2020:17:06:30 +0800] "GET /favicon.ico HTTP/1.1" 404 209 "http://policy.denr.gov.ph/2000/DAO_FMB_2000-83.pdf" "Mozilla/5.0 (Windows NT 10.0; Win64; x64) AppleWebKit/537.36 (KHTML, like Gecko) Chrome/79.0.3945.117 Safari/537.36"
66.249.79.44 - - [20/Jan/2020:17:11:10 +0800] "GET /1993/DENR_MC1993-27.pdf HTTP/1.1" 200 26217 "-" "Mozilla/5.0 (Linux; Android 6.0.1; Nexus 5X Build/MMB29P) AppleWebKit/537.36 (KHTML, like Gecko) Chrome/41.0.2272.96 Mobile Safari/537.36 (compatible; Googlebot/2.1; +http://www.google.com/bot.html)"
216.244.66.245 - - [20/Jan/2020:17:15:20 +0800] "GET /2000/DENR_MC_2000-07.pdf HTTP/1.1" 200 18199 "-" "Mozilla/5.0 (compatible; DotBot/1.1; http://www.opensiteexplorer.org/dotbot, help@moz.com)"
216.244.66.245 - - [20/Jan/2020:17:15:30 +0800] "GET /1991/fordao91-4.pdf HTTP/1.1" 200 675260 "-" "Mozilla/5.0 (compatible; DotBot/1.1; http://www.opensiteexplorer.org/dotbot, help@moz.com)"
216.244.66.245 - - [20/Jan/2020:17:15:33 +0800] "GET /1995/LAN_DAO1995-27.pdf HTTP/1.1" 200 27486 "-" "Mozilla/5.0 (compatible; DotBot/1.1; http://www.opensiteexplorer.org/dotbot, help@moz.com)"
216.244.66.245 - - [20/Jan/2020:17:15:47 +0800] "GET /1999/envmc99-18.pdf HTTP/1.1" 200 24645 "-" "Mozilla/5.0 (compatible; DotBot/1.1; http://www.opensiteexplorer.org/dotbot, help@moz.com)"
216.244.66.245 - - [20/Jan/2020:17:15:50 +0800] "GET /1988/DENR_DMC_1988-01.pdf HTTP/1.1" 200 11947 "-" "Mozilla/5.0 (compatible; DotBot/1.1; http://www.opensiteexplorer.org/dotbot, help@moz.com)"
216.244.66.245 - - [20/Jan/2020:17:15:50 +0800] "GET /1989/DAO1989-11.pdf HTTP/1.1" 200 108139 "-" "Mozilla/5.0 (compatible; DotBot/1.1; http://www.opensiteexplorer.org/dotbot, help@moz.com)"
216.244.66.245 - - [20/Jan/2020:17:15:52 +0800] "GET /1993/DAO1993-30.pdf HTTP/1.1" 200 37804 "-" "Mozilla/5.0 (compatible; DotBot/1.1; http://www.opensiteexplorer.org/dotbot, help@moz.com)"
216.244.66.245 - - [20/Jan/2020:17:15:53 +0800] "GET /1993/FOR_MC_1993-06.pdf HTTP/1.1" 200 179054 "-" "Mozilla/5.0 (compatible; DotBot/1.1; http://www.opensiteexplorer.org/dotbot, help@moz.com)"
216.244.66.245 - - [20/Jan/2020:17:15:54 +0800] "GET /1994/ForMC_1994-14.pdf HTTP/1.1" 200 30296 "-" "Mozilla/5.0 (compatible; DotBot/1.1; http://www.opensiteexplorer.org/dotbot, help@moz.com)"
216.244.66.245 - - [20/Jan/2020:17:15:56 +0800] "GET /2005/dmc/DMC-2005-16.pdf HTTP/1.1" 404 222 "-" "Mozilla/5.0 (compatible; DotBot/1.1; http://www.opensiteexplorer.org/dotbot, help@moz.com)"
216.244.66.245 - - [20/Jan/2020:17:16:05 +0800] "GET /2003/memorandum_circular/DMC2003-03.pdf HTTP/1.1" 200 32128 "-" "Mozilla/5.0 (compatible; DotBot/1.1; http://www.opensiteexplorer.org/dotbot, help@moz.com)"
216.244.66.245 - - [20/Jan/2020:17:16:14 +0800] "GET /2004/DMO/DMO-2004-13.pdf HTTP/1.1" 404 222 "-" "Mozilla/5.0 (compatible; DotBot/1.1; http://www.opensiteexplorer.org/dotbot, help@moz.com)"
216.244.66.245 - - [20/Jan/2020:17:16:15 +0800] "GET /2005/dmc/DMC-2005-10.pdf HTTP/1.1" 404 222 "-" "Mozilla/5.0 (compatible; DotBot/1.1; http://www.opensiteexplorer.org/dotbot, help@moz.com)"
66.249.79.41 - - [20/Jan/2020:17:16:43 +0800] "GET /pol-1992/landao92.pdf HTTP/1.1" 200 18120 "-" "Mozilla/5.0 (Linux; Android 6.0.1; Nexus 5X Build/MMB29P) AppleWebKit/537.36 (KHTML, like Gecko) Chrome/41.0.2272.96 Mobile Safari/537.36 (compatible; Googlebot/2.1; +http://www.google.com/bot.html)"
66.249.79.36 - - [20/Jan/2020:17:16:44 +0800] "GET /1990/RA_1990-6940.pdf HTTP/1.1" 200 109371 "-" "Mozilla/5.0 (Linux; Android 6.0.1; Nexus 5X Build/MMB29P) AppleWebKit/537.36 (KHTML, like Gecko) Chrome/41.0.2272.96 Mobile Safari/537.36 (compatible; Googlebot/2.1; +http://www.google.com/bot.html)"
66.249.79.44 - - [20/Jan/2020:17:16:55 +0800] "GET /1992/DENR_DAO_92-44.pdf HTTP/1.1" 200 32865 "-" "Mozilla/5.0 (Linux; Android 6.0.1; Nexus 5X Build/MMB29P) AppleWebKit/537.36 (KHTML, like Gecko) Chrome/41.0.2272.96 Mobile Safari/537.36 (compatible; Googlebot/2.1; +http://www.google.com/bot.html)"
66.249.79.36 - - [20/Jan/2020:17:17:14 +0800] "GET /2001/MC_FOR_2001-03.pdf HTTP/1.1" 200 30183 "-" "Mozilla/5.0 (Linux; Android 6.0.1; Nexus 5X Build/MMB29P) AppleWebKit/537.36 (KHTML, like Gecko) Chrome/41.0.2272.96 Mobile Safari/537.36 (compatible; Googlebot/2.1; +http://www.google.com/bot.html)"
66.249.79.36 - - [20/Jan/2020:17:17:32 +0800] "GET /2000/DAO_FMB_2000-93.pdf HTTP/1.1" 200 17213 "-" "Mozilla/5.0 (Linux; Android 6.0.1; Nexus 5X Build/MMB29P) AppleWebKit/537.36 (KHTML, like Gecko) Chrome/41.0.2272.96 Mobile Safari/537.36 (compatible; Googlebot/2.1; +http://www.google.com/bot.html)"
66.249.79.41 - - [20/Jan/2020:17:17:54 +0800] "GET /1990/PWB_DAO_1990-65.pdf HTTP/1.1" 200 93862 "-" "Mozilla/5.0 (Linux; Android 6.0.1; Nexus 5X Build/MMB29P) AppleWebKit/537.36 (KHTML, like Gecko) Chrome/41.0.2272.96 Mobile Safari/537.36 (compatible; Googlebot/2.1; +http://www.google.com/bot.html)"
66.249.79.36 - - [20/Jan/2020:17:18:31 +0800] "GET /1993/DAO1993-32.pdf HTTP/1.1" 200 23513 "-" "Mozilla/5.0 (Linux; Android 6.0.1; Nexus 5X Build/MMB29P) AppleWebKit/537.36 (KHTML, like Gecko) Chrome/41.0.2272.96 Mobile Safari/537.36 (compatible; Googlebot/2.1; +http://www.google.com/bot.html)"
202.92.130.212 - - [20/Jan/2020:17:18:45 +0800] "GET /basicpol/lancode/ca141.pdf HTTP/1.1" 200 84831 "https://www.google.com/" "Mozilla/5.0 (Windows NT 10.0; Win64; x64) AppleWebKit/537.36 (KHTML, like Gecko) Chrome/79.0.3945.117 Safari/537.36"
202.92.130.212 - - [20/Jan/2020:17:18:45 +0800] "GET /favicon.ico HTTP/1.1" 404 209 "http://policy.denr.gov.ph/basicpol/lancode/ca141.pdf" "Mozilla/5.0 (Windows NT 10.0; Win64; x64) AppleWebKit/537.36 (KHTML, like Gecko) Chrome/79.0.3945.117 Safari/537.36"
66.249.79.41 - - [20/Jan/2020:17:19:07 +0800] "GET /2005/special_order/so-2005-741.pdf HTTP/1.1" 200 74078 "-" "Mozilla/5.0 (Linux; Android 6.0.1; Nexus 5X Build/MMB29P) AppleWebKit/537.36 (KHTML, like Gecko) Chrome/41.0.2272.96 Mobile Safari/537.36 (compatible; Googlebot/2.1; +http://www.google.com/bot.html)"
66.249.79.36 - - [20/Jan/2020:17:19:44 +0800] "GET /2005/special_order/so-2005-309.pdf HTTP/1.1" 200 20136 "-" "Mozilla/5.0 (Linux; Android 6.0.1; Nexus 5X Build/MMB29P) AppleWebKit/537.36 (KHTML, like Gecko) Chrome/41.0.2272.96 Mobile Safari/537.36 (compatible; Googlebot/2.1; +http://www.google.com/bot.html)"
66.249.79.36 - - [20/Jan/2020:17:20:21 +0800] "GET /1997/PAWB_DAO-97-16.pdf HTTP/1.1" 200 18068 "-" "Mozilla/5.0 (Linux; Android 6.0.1; Nexus 5X Build/MMB29P) AppleWebKit/537.36 (KHTML, like Gecko) Chrome/41.0.2272.96 Mobile Safari/537.36 (compatible; Googlebot/2.1; +http://www.google.com/bot.html)"
66.249.79.36 - - [20/Jan/2020:17:20:58 +0800] "GET /pol-1994/toc94.pdf HTTP/1.1" 200 108741 "-" "Mozilla/5.0 (Linux; Android 6.0.1; Nexus 5X Build/MMB29P) AppleWebKit/537.36 (KHTML, like Gecko) Chrome/41.0.2272.96 Mobile Safari/537.36 (compatible; Googlebot/2.1; +http://www.google.com/bot.html)"
66.249.79.36 - - [20/Jan/2020:17:21:34 +0800] "GET /2005/special_order/so-2005-386.pdf HTTP/1.1" 200 35674 "-" "Mozilla/5.0 (Linux; Android 6.0.1; Nexus 5X Build/MMB29P) AppleWebKit/537.36 (KHTML, like Gecko) Chrome/41.0.2272.96 Mobile Safari/537.36 (compatible; Googlebot/2.1; +http://www.google.com/bot.html)"
66.249.79.36 - - [20/Jan/2020:17:22:11 +0800] "GET /2006/special_order/so-2006-36a.pdf HTTP/1.1" 200 44851 "-" "Mozilla/5.0 (Linux; Android 6.0.1; Nexus 5X Build/MMB29P) AppleWebKit/537.36 (KHTML, like Gecko) Chrome/41.0.2272.96 Mobile Safari/537.36 (compatible; Googlebot/2.1; +http://www.google.com/bot.html)"
66.249.79.36 - - [20/Jan/2020:17:22:48 +0800] "GET /1988/RA_1988-6654.pdf HTTP/1.1" 200 8595 "-" "Mozilla/5.0 (Linux; Android 6.0.1; Nexus 5X Build/MMB29P) AppleWebKit/537.36 (KHTML, like Gecko) Chrome/41.0.2272.96 Mobile Safari/537.36 (compatible; Googlebot/2.1; +http://www.google.com/bot.html)"
66.249.79.36 - - [20/Jan/2020:17:23:26 +0800] "GET /2005/special_order/so-2005-133.pdf HTTP/1.1" 200 62380 "-" "Mozilla/5.0 (Linux; Android 6.0.1; Nexus 5X Build/MMB29P) AppleWebKit/537.36 (KHTML, like Gecko) Chrome/41.0.2272.96 Mobile Safari/537.36 (compatible; Googlebot/2.1; +http://www.google.com/bot.html)"
66.249.79.36 - - [20/Jan/2020:17:24:01 +0800] "GET /1988/DENR_DMC_1988-13.pdf HTTP/1.1" 200 9100 "-" "Mozilla/5.0 (Linux; Android 6.0.1; Nexus 5X Build/MMB29P) AppleWebKit/537.36 (KHTML, like Gecko) Chrome/41.0.2272.96 Mobile Safari/537.36 (compatible; Googlebot/2.1; +http://www.google.com/bot.html)"
66.249.79.41 - - [20/Jan/2020:17:24:38 +0800] "GET /1997/FOR_DC-97-01.pdf HTTP/1.1" 200 16486 "-" "Mozilla/5.0 (Linux; Android 6.0.1; Nexus 5X Build/MMB29P) AppleWebKit/537.36 (KHTML, like Gecko) Chrome/41.0.2272.96 Mobile Safari/537.36 (compatible; Googlebot/2.1; +http://www.google.com/bot.html)"
66.249.79.36 - - [20/Jan/2020:17:25:15 +0800] "GET /2005/special_order/so-2005-73.pdf HTTP/1.1" 200 197646 "-" "Mozilla/5.0 (Linux; Android 6.0.1; Nexus 5X Build/MMB29P) AppleWebKit/537.36 (KHTML, like Gecko) Chrome/41.0.2272.96 Mobile Safari/537.36 (compatible; Googlebot/2.1; +http://www.google.com/bot.html)"
66.249.79.36 - - [20/Jan/2020:17:25:51 +0800] "GET /1993/DAO1993-63.pdf HTTP/1.1" 200 1104499 "-" "Mozilla/5.0 (Linux; Android 6.0.1; Nexus 5X Build/MMB29P) AppleWebKit/537.36 (KHTML, like Gecko) Chrome/41.0.2272.96 Mobile Safari/537.36 (compatible; Googlebot/2.1; +http://www.google.com/bot.html)"
110.54.128.80 - - [20/Jan/2020:17:27:08 +0800] "GET /2000/ENV_DAO_2000-05.pdf HTTP/1.1" 200 89266 "-" "Dalvik/2.1.0 (Linux; U; Android 8.0.0; SM-A600G Build/R16NW)"
66.249.79.41 - - [20/Jan/2020:17:28:18 +0800] "GET /1996/DENR_MO_1996-16.pdf HTTP/1.1" 200 8745 "-" "Mozilla/5.0 (Linux; Android 6.0.1; Nexus 5X Build/MMB29P) AppleWebKit/537.36 (KHTML, like Gecko) Chrome/41.0.2272.96 Mobile Safari/537.36 (compatible; Googlebot/2.1; +http://www.google.com/bot.html)"
66.249.79.36 - - [20/Jan/2020:17:31:22 +0800] "GET /1999/ra8749.pdf HTTP/1.1" 200 143836 "-" "Mozilla/5.0 (Linux; Android 6.0.1; Nexus 5X Build/MMB29P) AppleWebKit/537.36 (KHTML, like Gecko) Chrome/41.0.2272.96 Mobile Safari/537.36 (compatible; Googlebot/2.1; +http://www.google.com/bot.html)"
66.249.79.41 - - [20/Jan/2020:17:34:18 +0800] "GET /1993/DAO1993-63.pdf HTTP/1.1" 200 1104499 "-" "Mozilla/5.0 (compatible; Googlebot/2.1; +http://www.google.com/bot.html)"
66.249.79.36 - - [20/Jan/2020:17:34:21 +0800] "GET /1993/DAO1993-63.pdf HTTP/1.1" 304 - "-" "Mozilla/5.0 (Linux; Android 6.0.1; Nexus 5X Build/MMB29P) AppleWebKit/537.36 (KHTML, like Gecko) Chrome/41.0.2272.96 Mobile Safari/537.36 (compatible; Googlebot/2.1; +http://www.google.com/bot.html)"
110.54.128.80 - - [20/Jan/2020:17:34:58 +0800] "GET /2000/ENV_DAO_2000-05.pdf HTTP/1.1" 200 89266 "-" "Dalvik/2.1.0 (Linux; U; Android 8.0.0; SM-A600G Build/R16NW)"
103.80.142.19 - - [20/Jan/2020:17:41:35 +0800] "GET /favicon.ico HTTP/1.1" 404 209 "http://policy.denr.gov.ph/dao2004/dao2004-16.pdf" "Mozilla/5.0 (Windows NT 10.0; Win64; x64) AppleWebKit/537.36 (KHTML, like Gecko) Chrome/79.0.3945.117 Safari/537.36"
103.80.142.19 - - [20/Jan/2020:17:41:35 +0800] "GET /dao2004/dao2004-16.pdf HTTP/1.1" 200 583026 "http://oldwebsite.denr.gov.ph/section-policies/laws.php?page=15&sort=tl&filter=type&searchword=&filterID=1&searchword=&fromyear=&frommonth=&fromdate=&toyear=&tomonth=&todate=&dateval=" "Mozilla/5.0 (Windows NT 10.0; Win64; x64) AppleWebKit/537.36 (KHTML, like Gecko) Chrome/79.0.3945.117 Safari/537.36"
66.249.79.44 - - [20/Jan/2020:17:43:37 +0800] "GET /2006/memorandum/memo-2006-12__attachment_.pdf HTTP/1.1" 200 40448 "-" "Mozilla/5.0 (Linux; Android 6.0.1; Nexus 5X Build/MMB29P) AppleWebKit/537.36 (KHTML, like Gecko) Chrome/41.0.2272.96 Mobile Safari/537.36 (compatible; Googlebot/2.1; +http://www.google.com/bot.html)"
66.249.79.41 - - [20/Jan/2020:17:44:13 +0800] "GET /2005/special_order/so-2005-109.pdf HTTP/1.1" 200 69456 "-" "Mozilla/5.0 (Linux; Android 6.0.1; Nexus 5X Build/MMB29P) AppleWebKit/537.36 (KHTML, like Gecko) Chrome/41.0.2272.96 Mobile Safari/537.36 (compatible; Googlebot/2.1; +http://www.google.com/bot.html)"
66.249.79.41 - - [20/Jan/2020:17:44:50 +0800] "GET /2005/special_order/so-2005-748.pdf HTTP/1.1" 200 232842 "-" "Mozilla/5.0 (Linux; Android 6.0.1; Nexus 5X Build/MMB29P) AppleWebKit/537.36 (KHTML, like Gecko) Chrome/41.0.2272.96 Mobile Safari/537.36 (compatible; Googlebot/2.1; +http://www.google.com/bot.html)"
66.249.79.41 - - [20/Jan/2020:17:45:27 +0800] "GET /1996/DENR_DAO_1996-23.pdf HTTP/1.1" 200 16840 "-" "Mozilla/5.0 (Linux; Android 6.0.1; Nexus 5X Build/MMB29P) AppleWebKit/537.36 (KHTML, like Gecko) Chrome/41.0.2272.96 Mobile Safari/537.36 (compatible; Googlebot/2.1; +http://www.google.com/bot.html)"
110.54.134.212 - - [20/Jan/2020:17:45:53 +0800] "GET /1990/DENR_DAO_1990-87.pdf HTTP/1.1" 200 55064 "-" "Dalvik/2.1.0 (Linux; U; Android 9; SM-A505GN Build/PPR1.180610.011)"
66.249.79.41 - - [20/Jan/2020:17:46:04 +0800] "GET /1987/FOR_DAO_87_42.pdf HTTP/1.1" 200 120102 "-" "Mozilla/5.0 (Linux; Android 6.0.1; Nexus 5X Build/MMB29P) AppleWebKit/537.36 (KHTML, like Gecko) Chrome/41.0.2272.96 Mobile Safari/537.36 (compatible; Googlebot/2.1; +http://www.google.com/bot.html)"
175.176.2.47 - - [20/Jan/2020:17:46:16 +0800] "GET /basicpol/lancode/ca141.pdf HTTP/1.1" 200 84831 "-" "Dalvik/2.1.0 (Linux; U; Android 9; SM-A505GN Build/PPR1.180610.011)"
66.249.79.44 - - [20/Jan/2020:17:47:28 +0800] "GET /2005/special_order/so-2005-234.pdf HTTP/1.1" 200 23296 "-" "Mozilla/5.0 (Linux; Android 6.0.1; Nexus 5X Build/MMB29P) AppleWebKit/537.36 (KHTML, like Gecko) Chrome/41.0.2272.96 Mobile Safari/537.36 (compatible; Googlebot/2.1; +http://www.google.com/bot.html)"
175.176.66.196 - - [20/Jan/2020:17:47:49 +0800] "GET /2001/DENR_MO_2001-11.pdf HTTP/1.1" 200 29820 "https://www.google.com/" "Mozilla/5.0 (Linux; Android 8.1.0; CPH1803) AppleWebKit/537.36 (KHTML, like Gecko) Chrome/71.0.3578.99 Mobile Safari/537.36"
66.249.79.36 - - [20/Jan/2020:17:50:14 +0800] "GET /1992/ HTTP/1.1" 200 23164 "-" "Mozilla/5.0 (Linux; Android 6.0.1; Nexus 5X Build/MMB29P) AppleWebKit/537.36 (KHTML, like Gecko) Chrome/41.0.2272.96 Mobile Safari/537.36 (compatible; Googlebot/2.1; +http://www.google.com/bot.html)"
66.249.79.36 - - [20/Jan/2020:17:51:38 +0800] "GET /dao2004/dao2004-44.pdf HTTP/1.1" 200 140422 "-" "Mozilla/5.0 (Linux; Android 6.0.1; Nexus 5X Build/MMB29P) AppleWebKit/537.36 (KHTML, like Gecko) Chrome/41.0.2272.96 Mobile Safari/537.36 (compatible; Googlebot/2.1; +http://www.google.com/bot.html)"
122.53.176.98 - - [20/Jan/2020:17:52:05 +0800] "GET /2000/ENV_DAO_2000-82.pdf HTTP/1.1" 200 15707 "http://oldwebsite.denr.gov.ph/section-policies/viewrec.php?id=2453&page=21&sort=dt&filter=type&filterID=1&searchword=&fromyear=&frommonth=&fromdate=&toyear=&tomonth=&todate=&dateval=true" "Mozilla/5.0 (Windows NT 6.1; WOW64; Trident/7.0; rv:11.0) like Gecko"
66.249.79.44 - - [20/Jan/2020:17:53:02 +0800] "GET /1995/JointAdmOrder95.pdf HTTP/1.1" 200 26625 "-" "Mozilla/5.0 (Linux; Android 6.0.1; Nexus 5X Build/MMB29P) AppleWebKit/537.36 (KHTML, like Gecko) Chrome/41.0.2272.96 Mobile Safari/537.36 (compatible; Googlebot/2.1; +http://www.google.com/bot.html)"
66.249.79.36 - - [20/Jan/2020:17:53:49 +0800] "GET /1999/fordao99-46.pdf HTTP/1.1" 200 38096 "-" "Mozilla/5.0 (Linux; Android 6.0.1; Nexus 5X Build/MMB29P) AppleWebKit/537.36 (KHTML, like Gecko) Chrome/41.0.2272.96 Mobile Safari/537.36 (compatible; Googlebot/2.1; +http://www.google.com/bot.html)"
66.249.79.44 - - [20/Jan/2020:17:54:25 +0800] "GET /2005/special_order/so-2005-248.pdf HTTP/1.1" 200 25123 "-" "Mozilla/5.0 (Linux; Android 6.0.1; Nexus 5X Build/MMB29P) AppleWebKit/537.36 (KHTML, like Gecko) Chrome/41.0.2272.96 Mobile Safari/537.36 (compatible; Googlebot/2.1; +http://www.google.com/bot.html)"
66.249.79.44 - - [20/Jan/2020:17:55:49 +0800] "GET /1993/Land_dao93-44.pdf HTTP/1.1" 200 114184 "-" "Mozilla/5.0 (Linux; Android 6.0.1; Nexus 5X Build/MMB29P) AppleWebKit/537.36 (KHTML, like Gecko) Chrome/41.0.2272.96 Mobile Safari/537.36 (compatible; Googlebot/2.1; +http://www.google.com/bot.html)"
66.249.79.41 - - [20/Jan/2020:17:57:13 +0800] "GET /1993/EO_93-65.pdf HTTP/1.1" 200 72787 "-" "Mozilla/5.0 (Linux; Android 6.0.1; Nexus 5X Build/MMB29P) AppleWebKit/537.36 (KHTML, like Gecko) Chrome/41.0.2272.96 Mobile Safari/537.36 (compatible; Googlebot/2.1; +http://www.google.com/bot.html)"
216.244.66.245 - - [20/Jan/2020:17:58:07 +0800] "GET /1990/FOR_DAO_1990-86.pdf HTTP/1.1" 200 20632 "-" "Mozilla/5.0 (compatible; DotBot/1.1; http://www.opensiteexplorer.org/dotbot, help@moz.com)"
216.244.66.245 - - [20/Jan/2020:17:58:12 +0800] "GET /1991/fordao91-19.pdf HTTP/1.1" 200 15395 "-" "Mozilla/5.0 (compatible; DotBot/1.1; http://www.opensiteexplorer.org/dotbot, help@moz.com)"
216.244.66.245 - - [20/Jan/2020:17:58:16 +0800] "GET /1992/FOR_DAO_1992_07.pdf HTTP/1.1" 200 48933 "-" "Mozilla/5.0 (compatible; DotBot/1.1; http://www.opensiteexplorer.org/dotbot, help@moz.com)"
83.77.223.155 - - [20/Jan/2020:17:58:18 +0800] "GET /favicon.ico HTTP/1.1" 404 209 "-" "Mozilla/5.0 (Windows NT 10.0; Win64; x64; rv:72.0) Gecko/20100101 Firefox/72.0"
83.77.223.155 - - [20/Jan/2020:17:58:18 +0800] "GET /dao2004/dao2004-23.pdf HTTP/1.1" 206 65536 "https://www.google.com/" "Mozilla/5.0 (Windows NT 10.0; Win64; x64; rv:72.0) Gecko/20100101 Firefox/72.0"
83.77.223.155 - - [20/Jan/2020:17:58:19 +0800] "GET /dao2004/dao2004-23.pdf HTTP/1.1" 206 38307 "https://www.google.com/" "Mozilla/5.0 (Windows NT 10.0; Win64; x64; rv:72.0) Gecko/20100101 Firefox/72.0"
83.77.223.155 - - [20/Jan/2020:17:58:17 +0800] "GET /dao2004/dao2004-23.pdf HTTP/1.1" 200 1021347 "https://www.google.com/" "Mozilla/5.0 (Windows NT 10.0; Win64; x64; rv:72.0) Gecko/20100101 Firefox/72.0"
83.77.223.155 - - [20/Jan/2020:17:58:19 +0800] "GET /dao2004/dao2004-23.pdf HTTP/1.1" 206 65536 "https://www.google.com/" "Mozilla/5.0 (Windows NT 10.0; Win64; x64; rv:72.0) Gecko/20100101 Firefox/72.0"
83.77.223.155 - - [20/Jan/2020:17:58:19 +0800] "GET /dao2004/dao2004-23.pdf HTTP/1.1" 206 65536 "https://www.google.com/" "Mozilla/5.0 (Windows NT 10.0; Win64; x64; rv:72.0) Gecko/20100101 Firefox/72.0"
83.77.223.155 - - [20/Jan/2020:17:58:20 +0800] "GET /dao2004/dao2004-23.pdf HTTP/1.1" 206 65536 "https://www.google.com/" "Mozilla/5.0 (Windows NT 10.0; Win64; x64; rv:72.0) Gecko/20100101 Firefox/72.0"
83.77.223.155 - - [20/Jan/2020:17:58:20 +0800] "GET /dao2004/dao2004-23.pdf HTTP/1.1" 206 65536 "https://www.google.com/" "Mozilla/5.0 (Windows NT 10.0; Win64; x64; rv:72.0) Gecko/20100101 Firefox/72.0"
83.77.223.155 - - [20/Jan/2020:17:58:20 +0800] "GET /dao2004/dao2004-23.pdf HTTP/1.1" 206 65536 "https://www.google.com/" "Mozilla/5.0 (Windows NT 10.0; Win64; x64; rv:72.0) Gecko/20100101 Firefox/72.0"
83.77.223.155 - - [20/Jan/2020:17:58:20 +0800] "GET /dao2004/dao2004-23.pdf HTTP/1.1" 206 65536 "https://www.google.com/" "Mozilla/5.0 (Windows NT 10.0; Win64; x64; rv:72.0) Gecko/20100101 Firefox/72.0"
83.77.223.155 - - [20/Jan/2020:17:58:21 +0800] "GET /dao2004/dao2004-23.pdf HTTP/1.1" 206 65536 "https://www.google.com/" "Mozilla/5.0 (Windows NT 10.0; Win64; x64; rv:72.0) Gecko/20100101 Firefox/72.0"
83.77.223.155 - - [20/Jan/2020:17:58:21 +0800] "GET /dao2004/dao2004-23.pdf HTTP/1.1" 206 65536 "https://www.google.com/" "Mozilla/5.0 (Windows NT 10.0; Win64; x64; rv:72.0) Gecko/20100101 Firefox/72.0"
83.77.223.155 - - [20/Jan/2020:17:58:21 +0800] "GET /dao2004/dao2004-23.pdf HTTP/1.1" 206 65536 "https://www.google.com/" "Mozilla/5.0 (Windows NT 10.0; Win64; x64; rv:72.0) Gecko/20100101 Firefox/72.0"
216.244.66.245 - - [20/Jan/2020:17:58:21 +0800] "GET /1997/FOR_DAO-97-04.pdf HTTP/1.1" 200 80137 "-" "Mozilla/5.0 (compatible; DotBot/1.1; http://www.opensiteexplorer.org/dotbot, help@moz.com)"
216.244.66.245 - - [20/Jan/2020:17:58:20 +0800] "GET /1995/DENR_DAO1995-21.pdf HTTP/1.1" 200 165376 "-" "Mozilla/5.0 (compatible; DotBot/1.1; http://www.opensiteexplorer.org/dotbot, help@moz.com)"
216.244.66.245 - - [20/Jan/2020:17:58:31 +0800] "GET /pol-1999/poli-dao-08.pdf HTTP/1.1" 404 222 "-" "Mozilla/5.0 (compatible; DotBot/1.1; http://www.opensiteexplorer.org/dotbot, help@moz.com)"
216.244.66.245 - - [20/Jan/2020:17:58:32 +0800] "GET /1988/MIN_DMO_1988-02.pdf HTTP/1.1" 200 11573 "-" "Mozilla/5.0 (compatible; DotBot/1.1; http://www.opensiteexplorer.org/dotbot, help@moz.com)"
216.244.66.245 - - [20/Jan/2020:17:58:34 +0800] "GET /1989/DMC1989-05.pdf HTTP/1.1" 200 90451 "-" "Mozilla/5.0 (compatible; DotBot/1.1; http://www.opensiteexplorer.org/dotbot, help@moz.com)"
216.244.66.245 - - [20/Jan/2020:17:58:35 +0800] "GET /1997/FOR_DAO-97-37.pdf HTTP/1.1" 200 18063 "-" "Mozilla/5.0 (compatible; DotBot/1.1; http://www.opensiteexplorer.org/dotbot, help@moz.com)"
66.249.79.36 - - [20/Jan/2020:17:58:36 +0800] "GET /pol-1992/admdao92.pdf HTTP/1.1" 200 1554203 "-" "Mozilla/5.0 (Linux; Android 6.0.1; Nexus 5X Build/MMB29P) AppleWebKit/537.36 (KHTML, like Gecko) Chrome/41.0.2272.96 Mobile Safari/537.36 (compatible; Googlebot/2.1; +http://www.google.com/bot.html)"
216.244.66.245 - - [20/Jan/2020:17:58:27 +0800] "GET /pol-1989/Admdao89.pdf HTTP/1.1" 200 1046028 "-" "Mozilla/5.0 (compatible; DotBot/1.1; http://www.opensiteexplorer.org/dotbot, help@moz.com)"
101.12.60.151 - - [20/Jan/2020:17:59:58 +0800] "GET /1999/dao99-38.pdf HTTP/1.1" 200 23721 "https://denr.gov.ph/" "Mozilla/5.0 (Windows NT 10.0; Win64; x64) AppleWebKit/537.36 (KHTML, like Gecko) Chrome/79.0.3945.130 Safari/537.36"
101.12.60.151 - - [20/Jan/2020:17:59:58 +0800] "GET /1999/dao99-38.pdf HTTP/1.1" 200 23721 "https://denr.gov.ph/" "Mozilla/5.0 (Windows NT 10.0; Win64; x64) AppleWebKit/537.36 (KHTML, like Gecko) Chrome/79.0.3945.130 Safari/537.36"
101.12.60.151 - - [20/Jan/2020:18:00:27 +0800] "GET /1997/ENV_DAO-97-38.pdf HTTP/1.1" 200 46405 "https://denr.gov.ph/" "Mozilla/5.0 (Windows NT 10.0; Win64; x64) AppleWebKit/537.36 (KHTML, like Gecko) Chrome/79.0.3945.130 Safari/537.36"
101.12.60.151 - - [20/Jan/2020:18:00:28 +0800] "GET /1997/ENV_DAO-97-38.pdf HTTP/1.1" 200 46405 "https://denr.gov.ph/" "Mozilla/5.0 (Windows NT 10.0; Win64; x64) AppleWebKit/537.36 (KHTML, like Gecko) Chrome/79.0.3945.130 Safari/537.36"
101.12.60.151 - - [20/Jan/2020:18:01:06 +0800] "GET /1997/ENV_DAO-97-39.pdf HTTP/1.1" 200 44970 "https://denr.gov.ph/" "Mozilla/5.0 (Windows NT 10.0; Win64; x64) AppleWebKit/537.36 (KHTML, like Gecko) Chrome/79.0.3945.130 Safari/537.36"
101.12.60.151 - - [20/Jan/2020:18:01:06 +0800] "GET /1997/ENV_DAO-97-39.pdf HTTP/1.1" 200 44970 "https://denr.gov.ph/" "Mozilla/5.0 (Windows NT 10.0; Win64; x64) AppleWebKit/537.36 (KHTML, like Gecko) Chrome/79.0.3945.130 Safari/537.36"
66.249.79.41 - - [20/Jan/2020:18:01:23 +0800] "GET /memo_order2004/mo2004-07.pdf HTTP/1.1" 200 28050 "-" "Mozilla/5.0 (Linux; Android 6.0.1; Nexus 5X Build/MMB29P) AppleWebKit/537.36 (KHTML, like Gecko) Chrome/41.0.2272.96 Mobile Safari/537.36 (compatible; Googlebot/2.1; +http://www.google.com/bot.html)"
216.244.66.245 - - [20/Jan/2020:18:00:55 +0800] "GET /2005/dao/dao2005-21.pdf HTTP/1.1" 200 267067 "-" "Mozilla/5.0 (compatible; DotBot/1.1; http://www.opensiteexplorer.org/dotbot, help@moz.com)"
103.236.179.22 - - [20/Jan/2020:18:02:08 +0800] "GET /basicpol/forcode/RA7161.pdf HTTP/1.1" 200 13604 "https://www.google.com/" "Mozilla/5.0 (Windows NT 10.0; Win64; x64) AppleWebKit/537.36 (KHTML, like Gecko) Chrome/79.0.3945.117 Safari/537.36"
103.236.179.22 - - [20/Jan/2020:18:02:09 +0800] "GET /favicon.ico HTTP/1.1" 404 209 "http://policy.denr.gov.ph/basicpol/forcode/RA7161.pdf" "Mozilla/5.0 (Windows NT 10.0; Win64; x64) AppleWebKit/537.36 (KHTML, like Gecko) Chrome/79.0.3945.117 Safari/537.36"
66.249.79.36 - - [20/Jan/2020:18:02:47 +0800] "GET /1996/MalacanangAdmOrder_1996-300.pdf HTTP/1.1" 200 20204 "-" "Mozilla/5.0 (Linux; Android 6.0.1; Nexus 5X Build/MMB29P) AppleWebKit/537.36 (KHTML, like Gecko) Chrome/41.0.2272.96 Mobile Safari/537.36 (compatible; Googlebot/2.1; +http://www.google.com/bot.html)"
207.46.13.118 - - [20/Jan/2020:18:03:06 +0800] "GET /2000/PP_2000_287.pdf HTTP/1.1" 304 - "-" "Mozilla/5.0 (compatible; bingbot/2.0; +http://www.bing.com/bingbot.htm)"
66.249.79.36 - - [20/Jan/2020:18:04:11 +0800] "GET /2005/special_order/so-2005-249.pdf HTTP/1.1" 200 25801 "-" "Mozilla/5.0 (Linux; Android 6.0.1; Nexus 5X Build/MMB29P) AppleWebKit/537.36 (KHTML, like Gecko) Chrome/41.0.2272.96 Mobile Safari/537.36 (compatible; Googlebot/2.1; +http://www.google.com/bot.html)"
101.12.60.151 - - [20/Jan/2020:18:05:04 +0800] "GET /dao2004/dao2004-08.pdf HTTP/1.1" 200 262300 "https://denr.gov.ph/" "Mozilla/5.0 (Windows NT 10.0; Win64; x64) AppleWebKit/537.36 (KHTML, like Gecko) Chrome/79.0.3945.130 Safari/537.36"
101.12.60.151 - - [20/Jan/2020:18:05:05 +0800] "GET /dao2004/dao2004-08.pdf HTTP/1.1" 200 262300 "https://denr.gov.ph/" "Mozilla/5.0 (Windows NT 10.0; Win64; x64) AppleWebKit/537.36 (KHTML, like Gecko) Chrome/79.0.3945.130 Safari/537.36"
66.249.79.41 - - [20/Jan/2020:18:05:34 +0800] "GET /1987/PAWB_DAO_87_30.pdf HTTP/1.1" 200 38370 "-" "Mozilla/5.0 (Linux; Android 6.0.1; Nexus 5X Build/MMB29P) AppleWebKit/537.36 (KHTML, like Gecko) Chrome/41.0.2272.96 Mobile Safari/537.36 (compatible; Googlebot/2.1; +http://www.google.com/bot.html)"
66.249.79.36 - - [20/Jan/2020:18:06:58 +0800] "GET /1990/PWB_DAO_1990-50.pdf HTTP/1.1" 200 48940 "-" "Mozilla/5.0 (Linux; Android 6.0.1; Nexus 5X Build/MMB29P) AppleWebKit/537.36 (KHTML, like Gecko) Chrome/41.0.2272.96 Mobile Safari/537.36 (compatible; Googlebot/2.1; +http://www.google.com/bot.html)"
66.249.79.36 - - [20/Jan/2020:18:08:22 +0800] "GET /pol-1995/eo95.pdf HTTP/1.1" 200 855493 "-" "Mozilla/5.0 (Linux; Android 6.0.1; Nexus 5X Build/MMB29P) AppleWebKit/537.36 (KHTML, like Gecko) Chrome/41.0.2272.96 Mobile Safari/537.36 (compatible; Googlebot/2.1; +http://www.google.com/bot.html)"
66.249.79.36 - - [20/Jan/2020:18:09:45 +0800] "GET /1998/admin98-07.pdf HTTP/1.1" 200 15404 "-" "Mozilla/5.0 (Linux; Android 6.0.1; Nexus 5X Build/MMB29P) AppleWebKit/537.36 (KHTML, like Gecko) Chrome/41.0.2272.96 Mobile Safari/537.36 (compatible; Googlebot/2.1; +http://www.google.com/bot.html)"
66.249.79.44 - - [20/Jan/2020:18:11:09 +0800] "GET /1993/DAO1993-30.pdf HTTP/1.1" 200 37804 "-" "Mozilla/5.0 (Linux; Android 6.0.1; Nexus 5X Build/MMB29P) AppleWebKit/537.36 (KHTML, like Gecko) Chrome/41.0.2272.96 Mobile Safari/537.36 (compatible; Googlebot/2.1; +http://www.google.com/bot.html)"
66.249.79.44 - - [20/Jan/2020:18:12:33 +0800] "GET /1995/MIN_DAO1995-24.pdf HTTP/1.1" 200 59152 "-" "Mozilla/5.0 (Linux; Android 6.0.1; Nexus 5X Build/MMB29P) AppleWebKit/537.36 (KHTML, like Gecko) Chrome/41.0.2272.96 Mobile Safari/537.36 (compatible; Googlebot/2.1; +http://www.google.com/bot.html)"
110.54.177.225 - - [20/Jan/2020:18:13:10 +0800] "GET /2000/DAO_FMB_2000-21.pdf HTTP/1.1" 200 33721 "https://www.google.com.ph/" "Mozilla/5.0 (Linux; Android 8.1.0; vivo 1718 Build/OPM1.171019.026; wv) AppleWebKit/537.36 (KHTML, like Gecko) Chrome/62.0.3202.84 Mobile Safari/537.36 VivoBrowser/5.9.4.2"
66.249.79.36 - - [20/Jan/2020:18:13:56 +0800] "GET /2005/special_order/so-2005-194.pdf HTTP/1.1" 200 69844 "-" "Mozilla/5.0 (Linux; Android 6.0.1; Nexus 5X Build/MMB29P) AppleWebKit/537.36 (KHTML, like Gecko) Chrome/41.0.2272.96 Mobile Safari/537.36 (compatible; Googlebot/2.1; +http://www.google.com/bot.html)"
66.249.79.36 - - [20/Jan/2020:18:15:21 +0800] "GET /2001/DENR_DAO2001-33.pdf HTTP/1.1" 200 16426 "-" "Mozilla/5.0 (Linux; Android 6.0.1; Nexus 5X Build/MMB29P) AppleWebKit/537.36 (KHTML, like Gecko) Chrome/41.0.2272.96 Mobile Safari/537.36 (compatible; Googlebot/2.1; +http://www.google.com/bot.html)"
66.249.79.41 - - [20/Jan/2020:18:20:55 +0800] "GET /1987/FOR_DAO_87_66.log HTTP/1.1" 200 45 "-" "Mozilla/5.0 (Linux; Android 6.0.1; Nexus 5X Build/MMB29P) AppleWebKit/537.36 (KHTML, like Gecko) Chrome/41.0.2272.96 Mobile Safari/537.36 (compatible; Googlebot/2.1; +http://www.google.com/bot.html)"
66.249.79.36 - - [20/Jan/2020:18:23:44 +0800] "GET /1998/da-admin.order98-03.pdf HTTP/1.1" 304 - "-" "Mozilla/5.0 (Linux; Android 6.0.1; Nexus 5X Build/MMB29P) AppleWebKit/537.36 (KHTML, like Gecko) Chrome/41.0.2272.96 Mobile Safari/537.36 (compatible; Googlebot/2.1; +http://www.google.com/bot.html)"
175.176.68.109 - - [20/Jan/2020:18:42:48 +0800] "GET /1996/ENV_DAO_1996-37.pdf HTTP/1.1" 200 100433 "https://www.google.com/" "Mozilla/5.0 (Linux; Android 5.1.1; SM-T285 Build/LMY47V) AppleWebKit/537.36 (KHTML, like Gecko) Chrome/55.0.2883.91 Safari/537.36"
110.54.149.149 - - [20/Jan/2020:18:45:03 +0800] "GET /2001/DENR_MO_2001-11.pdf HTTP/1.1" 200 29820 "https://www.google.com/" "Mozilla/5.0 (Linux; Android 9; ASUS_X00TD) AppleWebKit/537.36 (KHTML, like Gecko) Chrome/79.0.3945.116 Mobile Safari/537.36"
66.249.79.36 - - [20/Jan/2020:18:49:04 +0800] "GET /2005/special_order/so-2005-271.pdf HTTP/1.1" 200 34358 "-" "Mozilla/5.0 (Linux; Android 6.0.1; Nexus 5X Build/MMB29P) AppleWebKit/537.36 (KHTML, like Gecko) Chrome/41.0.2272.96 Mobile Safari/537.36 (compatible; Googlebot/2.1; +http://www.google.com/bot.html)"
66.249.79.44 - - [20/Jan/2020:18:50:26 +0800] "GET /1991/formc91-10.pdf HTTP/1.1" 200 41405 "-" "Mozilla/5.0 (Linux; Android 6.0.1; Nexus 5X Build/MMB29P) AppleWebKit/537.36 (KHTML, like Gecko) Chrome/41.0.2272.96 Mobile Safari/537.36 (compatible; Googlebot/2.1; +http://www.google.com/bot.html)"
49.150.224.28 - - [20/Jan/2020:18:51:04 +0800] "GET /1998/dao98-45.pdf HTTP/1.1" 200 27051 "-" "Dalvik/2.1.0 (Linux; U; Android 9; SM-A750GN Build/PPR1.180610.011)"
66.249.79.41 - - [20/Jan/2020:18:51:51 +0800] "GET /1996/PAW_MO_1996-07.pdf HTTP/1.1" 200 14415 "-" "Mozilla/5.0 (Linux; Android 6.0.1; Nexus 5X Build/MMB29P) AppleWebKit/537.36 (KHTML, like Gecko) Chrome/41.0.2272.96 Mobile Safari/537.36 (compatible; Googlebot/2.1; +http://www.google.com/bot.html)"
49.150.224.28 - - [20/Jan/2020:18:52:09 +0800] "GET /1996/FOR_DAO_1996-24.pdf HTTP/1.1" 200 55397 "-" "Dalvik/2.1.0 (Linux; U; Android 9; SM-A750GN Build/PPR1.180610.011)"
