40.77.167.223 - - [21/Jan/2020:04:56:41 +0800] "GET /1993/Land_dmo93-08.pdf HTTP/1.1" 200 25201 "-" "Mozilla/5.0 (compatible; bingbot/2.0; +http://www.bing.com/bingbot.htm)"
40.77.167.223 - - [21/Jan/2020:04:56:41 +0800] "GET /1993/Mines_DAO1993-46.pdf HTTP/1.1" 200 57633 "-" "Mozilla/5.0 (compatible; bingbot/2.0; +http://www.bing.com/bingbot.htm)"
40.77.167.223 - - [21/Jan/2020:04:56:42 +0800] "GET /1993/FOR_DAO-93-65.pdf HTTP/1.1" 200 105832 "-" "Mozilla/5.0 (compatible; bingbot/2.0; +http://www.bing.com/bingbot.htm)"
40.77.167.223 - - [21/Jan/2020:04:56:42 +0800] "GET /1993/FOR_MC_1993-06.pdf HTTP/1.1" 200 179054 "-" "Mozilla/5.0 (compatible; bingbot/2.0; +http://www.bing.com/bingbot.htm)"
40.77.167.223 - - [21/Jan/2020:04:56:42 +0800] "GET /1993/Land_MC_09.pdf HTTP/1.1" 200 103206 "-" "Mozilla/5.0 (compatible; bingbot/2.0; +http://www.bing.com/bingbot.htm)"
66.249.79.41 - - [21/Jan/2020:04:59:25 +0800] "GET /2000/PP_2000_319.pdf HTTP/1.1" 200 17159 "-" "Mozilla/5.0 (Linux; Android 6.0.1; Nexus 5X Build/MMB29P) AppleWebKit/537.36 (KHTML, like Gecko) Chrome/41.0.2272.96 Mobile Safari/537.36 (compatible; Googlebot/2.1; +http://www.google.com/bot.html)"
66.249.79.44 - - [21/Jan/2020:05:01:57 +0800] "GET /2005/dao/JointDAO-2005-002.pdf HTTP/1.1" 304 - "-" "Mozilla/5.0 (Linux; Android 6.0.1; Nexus 5X Build/MMB29P) AppleWebKit/537.36 (KHTML, like Gecko) Chrome/41.0.2272.96 Mobile Safari/537.36 (compatible; Googlebot/2.1; +http://www.google.com/bot.html)"
49.145.105.191 - - [21/Jan/2020:05:03:54 +0800] "GET /2000/Lands_MC_2000-06.pdf HTTP/1.1" 200 25630 "https://www.google.com/" "Mozilla/5.0 (Windows NT 10.0; Win64; x64) AppleWebKit/537.36 (KHTML, like Gecko) Chrome/79.0.3945.130 Safari/537.36"
49.145.105.191 - - [21/Jan/2020:05:03:55 +0800] "GET /favicon.ico HTTP/1.1" 404 209 "http://policy.denr.gov.ph/2000/Lands_MC_2000-06.pdf" "Mozilla/5.0 (Windows NT 10.0; Win64; x64) AppleWebKit/537.36 (KHTML, like Gecko) Chrome/79.0.3945.130 Safari/537.36"
40.77.167.223 - - [21/Jan/2020:05:06:13 +0800] "GET /pol-1989/LANDAO89.pdf HTTP/1.1" 200 193618 "-" "Mozilla/5.0 (compatible; bingbot/2.0; +http://www.bing.com/bingbot.htm)"
40.77.167.200 - - [21/Jan/2020:05:06:17 +0800] "GET /pol-1989/formo89.pdf HTTP/1.1" 200 635174 "-" "Mozilla/5.0 (compatible; bingbot/2.0; +http://www.bing.com/bingbot.htm)"
40.77.167.200 - - [21/Jan/2020:05:06:20 +0800] "GET /pol-1989/?C=D;O=A HTTP/1.1" 200 3251 "-" "Mozilla/5.0 (compatible; bingbot/2.0; +http://www.bing.com/bingbot.htm)"
40.77.167.223 - - [21/Jan/2020:05:06:14 +0800] "GET /pol-1989/mindao89.pdf HTTP/1.1" 200 2348409 "-" "Mozilla/5.0 (compatible; bingbot/2.0; +http://www.bing.com/bingbot.htm)"
124.83.121.54 - - [21/Jan/2020:05:12:43 +0800] "GET /2005/dmc/DMC-2005-18.pdf HTTP/1.1" 404 222 "https://www.denr.gov.ph/" "Mozilla/5.0 (Windows NT 10.0; Win64; x64) AppleWebKit/537.36 (KHTML, like Gecko) Chrome/79.0.3945.88 Safari/537.36"
124.83.121.54 - - [21/Jan/2020:05:12:43 +0800] "GET /favicon.ico HTTP/1.1" 404 209 "http://policy.denr.gov.ph/2005/dmc/DMC-2005-18.pdf" "Mozilla/5.0 (Windows NT 10.0; Win64; x64) AppleWebKit/537.36 (KHTML, like Gecko) Chrome/79.0.3945.88 Safari/537.36"
173.252.87.52 - - [21/Jan/2020:05:17:22 +0800] "GET /1999/fordao99-21.pdf HTTP/1.1" 206 26185 "-" "facebookexternalhit/1.1 (+http://www.facebook.com/externalhit_uatext.php)"
173.252.87.29 - - [21/Jan/2020:05:17:23 +0800] "GET /1999/fordao99-21.pdf HTTP/1.1" 206 26185 "-" "facebookexternalhit/1.1 (+http://www.facebook.com/externalhit_uatext.php)"
173.252.87.31 - - [21/Jan/2020:05:17:24 +0800] "GET /1999/fordao99-21.pdf HTTP/1.1" 206 26185 "-" "facebookexternalhit/1.1 (+http://www.facebook.com/externalhit_uatext.php)"
173.252.87.50 - - [21/Jan/2020:05:17:26 +0800] "GET /1999/fordao99-21.pdf HTTP/1.1" 206 26185 "-" "facebookexternalhit/1.1 (+http://www.facebook.com/externalhit_uatext.php)"
66.249.79.41 - - [21/Jan/2020:05:18:40 +0800] "GET /2006/special_order/so-2006-42.pdf HTTP/1.1" 200 39679 "-" "Mozilla/5.0 (Linux; Android 6.0.1; Nexus 5X Build/MMB29P) AppleWebKit/537.36 (KHTML, like Gecko) Chrome/41.0.2272.96 Mobile Safari/537.36 (compatible; Googlebot/2.1; +http://www.google.com/bot.html)"
66.249.79.44 - - [21/Jan/2020:05:19:42 +0800] "GET /1999/malaca%C3%B1angmemoapril1999.pdf HTTP/1.1" 404 231 "-" "Mozilla/5.0 (Linux; Android 6.0.1; Nexus 5X Build/MMB29P) AppleWebKit/537.36 (KHTML, like Gecko) Chrome/41.0.2272.96 Mobile Safari/537.36 (compatible; Googlebot/2.1; +http://www.google.com/bot.html)"
13.66.139.0 - - [21/Jan/2020:05:21:06 +0800] "GET /1996/PAW_DAO_1996-22.pdf HTTP/1.1" 304 - "-" "Mozilla/5.0 (compatible; bingbot/2.0; +http://www.bing.com/bingbot.htm)"
66.249.79.44 - - [21/Jan/2020:05:22:14 +0800] "GET /1991/fordao91-42.pdf HTTP/1.1" 200 940613 "-" "Mozilla/5.0 (Linux; Android 6.0.1; Nexus 5X Build/MMB29P) AppleWebKit/537.36 (KHTML, like Gecko) Chrome/41.0.2272.96 Mobile Safari/537.36 (compatible; Googlebot/2.1; +http://www.google.com/bot.html)"
159.89.84.203 - - [21/Jan/2020:05:35:20 +0800] "GET / HTTP/1.1" 200 10373 "-" "Mozilla/5.0 (Windows NT 10.0; Win64; x64) AppleWebKit/537.36 (KHTML, like Gecko) Chrome/63.0.3239.132 Safari/537.36"
159.89.84.203 - - [21/Jan/2020:05:35:21 +0800] "GET /wp-includes/wlwmanifest.xml HTTP/1.1" 404 225 "-" "Mozilla/5.0 (Windows NT 10.0; Win64; x64) AppleWebKit/537.36 (KHTML, like Gecko) Chrome/63.0.3239.132 Safari/537.36"
159.89.84.203 - - [21/Jan/2020:05:35:21 +0800] "GET /xmlrpc.php?rsd HTTP/1.1" 404 208 "-" "Mozilla/5.0 (Windows NT 10.0; Win64; x64) AppleWebKit/537.36 (KHTML, like Gecko) Chrome/63.0.3239.132 Safari/537.36"
159.89.84.203 - - [21/Jan/2020:05:35:21 +0800] "GET / HTTP/1.1" 200 10373 "-" "Mozilla/5.0 (Windows NT 10.0; Win64; x64) AppleWebKit/537.36 (KHTML, like Gecko) Chrome/63.0.3239.132 Safari/537.36"
159.89.84.203 - - [21/Jan/2020:05:35:21 +0800] "GET /blog/wp-includes/wlwmanifest.xml HTTP/1.1" 404 230 "-" "Mozilla/5.0 (Windows NT 10.0; Win64; x64) AppleWebKit/537.36 (KHTML, like Gecko) Chrome/63.0.3239.132 Safari/537.36"
159.89.84.203 - - [21/Jan/2020:05:35:21 +0800] "GET /wordpress/wp-includes/wlwmanifest.xml HTTP/1.1" 404 235 "-" "Mozilla/5.0 (Windows NT 10.0; Win64; x64) AppleWebKit/537.36 (KHTML, like Gecko) Chrome/63.0.3239.132 Safari/537.36"
159.89.84.203 - - [21/Jan/2020:05:35:22 +0800] "GET /wp/wp-includes/wlwmanifest.xml HTTP/1.1" 404 228 "-" "Mozilla/5.0 (Windows NT 10.0; Win64; x64) AppleWebKit/537.36 (KHTML, like Gecko) Chrome/63.0.3239.132 Safari/537.36"
159.89.84.203 - - [21/Jan/2020:05:35:22 +0800] "GET /site/wp-includes/wlwmanifest.xml HTTP/1.1" 404 230 "-" "Mozilla/5.0 (Windows NT 10.0; Win64; x64) AppleWebKit/537.36 (KHTML, like Gecko) Chrome/63.0.3239.132 Safari/537.36"
159.89.84.203 - - [21/Jan/2020:05:35:22 +0800] "GET /cms/wp-includes/wlwmanifest.xml HTTP/1.1" 404 229 "-" "Mozilla/5.0 (Windows NT 10.0; Win64; x64) AppleWebKit/537.36 (KHTML, like Gecko) Chrome/63.0.3239.132 Safari/537.36"
223.25.9.232 - - [21/Jan/2020:05:36:51 +0800] "GET /2000/DAO_Lands_2000-67.pdf HTTP/1.1" 200 29346 "-" "Dalvik/2.1.0 (Linux; U; Android 5.1.1; SM-J500H Build/LMY48B)"
66.249.79.36 - - [21/Jan/2020:05:37:27 +0800] "GET /1998/denrmo98-14.pdf HTTP/1.1" 200 20126 "-" "Mozilla/5.0 (Linux; Android 6.0.1; Nexus 5X Build/MMB29P) AppleWebKit/537.36 (KHTML, like Gecko) Chrome/41.0.2272.96 Mobile Safari/537.36 (compatible; Googlebot/2.1; +http://www.google.com/bot.html)"
210.7.9.18 - - [21/Jan/2020:05:38:53 +0800] "GET /1999/fordao99-34.pdf HTTP/1.1" 200 36493 "-" "Mozilla/5.0 (Macintosh; Intel Mac OS X 10_14_3) AppleWebKit/537.36 (KHTML, like Gecko) Chrome/79.0.3945.130 Safari/537.36"
49.150.7.117 - - [21/Jan/2020:05:38:57 +0800] "GET /basicpol/envcode/pd984.pdf HTTP/1.1" 200 27064 "https://www.google.com/" "Mozilla/5.0 (Windows NT 10.0; Win64; x64) AppleWebKit/537.36 (KHTML, like Gecko) Chrome/70.0.3538.102 Safari/537.36 Edge/18.18362"
13.66.139.0 - - [21/Jan/2020:05:59:34 +0800] "GET /2002/mo2002-03.pdf HTTP/1.1" 304 - "-" "Mozilla/5.0 (compatible; bingbot/2.0; +http://www.bing.com/bingbot.htm)"
126.161.118.181 - - [21/Jan/2020:06:02:43 +0800] "GET /2005/special_order/so-2005-423.pdf HTTP/1.1" 200 72110 "https://www.google.com/" "Mozilla/5.0 (iPhone; CPU iPhone OS 13_3 like Mac OS X) AppleWebKit/605.1.15 (KHTML, like Gecko) GSA/88.0.281793270 Mobile/15E148 Safari/604.1"
112.203.115.141 - - [21/Jan/2020:06:08:35 +0800] "GET /1988/FOR_DAO_1988-97.pdf HTTP/1.1" 200 55558 "https://www.google.com.ph/" "Mozilla/5.0 (iPad; CPU OS 12_4_4 like Mac OS X) AppleWebKit/605.1.15 (KHTML, like Gecko) Version/12.1.2 Mobile/15E148 Safari/604.1"
112.203.115.141 - - [21/Jan/2020:06:08:36 +0800] "GET /favicon.ico HTTP/1.1" 404 209 "http://policy.denr.gov.ph/1988/FOR_DAO_1988-97.pdf" "Mozilla/5.0 (iPad; CPU OS 12_4_4 like Mac OS X) AppleWebKit/605.1.15 (KHTML, like Gecko) Version/12.1.2 Mobile/15E148 Safari/604.1"
49.145.201.31 - - [21/Jan/2020:06:15:56 +0800] "GET /2000/ENV_DAO_2000-81.pdf HTTP/1.1" 200 299209 "-" "Dalvik/2.1.0 (Linux; U; Android 9; SM-A605G Build/PPR1.180610.011)"
49.145.201.31 - - [21/Jan/2020:06:18:00 +0800] "GET /2000/ENV_DAO_2000-81.pdf HTTP/1.1" 200 299209 "-" "Dalvik/2.1.0 (Linux; U; Android 9; SM-A605G Build/PPR1.180610.011)"
66.249.79.41 - - [21/Jan/2020:06:27:34 +0800] "GET /1993/DENR_MC1993-07.pdf HTTP/1.1" 200 156260 "-" "Mozilla/5.0 (Linux; Android 6.0.1; Nexus 5X Build/MMB29P) AppleWebKit/537.36 (KHTML, like Gecko) Chrome/41.0.2272.96 Mobile Safari/537.36 (compatible; Googlebot/2.1; +http://www.google.com/bot.html)"
119.92.11.141 - - [21/Jan/2020:06:29:52 +0800] "GET /1997/FOR_DAO-97-04.pdf HTTP/1.1" 200 80137 "https://www.google.com/" "Mozilla/5.0 (Windows NT 10.0; Win64; x64) AppleWebKit/537.36 (KHTML, like Gecko) Chrome/79.0.3945.117 Safari/537.36"
119.92.11.141 - - [21/Jan/2020:06:29:52 +0800] "GET /favicon.ico HTTP/1.1" 404 209 "http://policy.denr.gov.ph/1997/FOR_DAO-97-04.pdf" "Mozilla/5.0 (Windows NT 10.0; Win64; x64) AppleWebKit/537.36 (KHTML, like Gecko) Chrome/79.0.3945.117 Safari/537.36"
66.249.79.36 - - [21/Jan/2020:06:39:23 +0800] "GET /ads.txt HTTP/1.1" 404 205 "-" "Mozilla/5.0 (compatible; Googlebot/2.1; +http://www.google.com/bot.html)"
66.249.79.41 - - [21/Jan/2020:06:40:14 +0800] "GET /dao2004/dao2004-26.pdf HTTP/1.1" 200 316178 "-" "Mozilla/5.0 (Linux; Android 6.0.1; Nexus 5X Build/MMB29P) AppleWebKit/537.36 (KHTML, like Gecko) Chrome/41.0.2272.96 Mobile Safari/537.36 (compatible; Googlebot/2.1; +http://www.google.com/bot.html)"
66.249.79.41 - - [21/Jan/2020:06:42:46 +0800] "GET /1997/FOR_DAO-97-32.pdf HTTP/1.1" 200 85020 "-" "Mozilla/5.0 (compatible; Googlebot/2.1; +http://www.google.com/bot.html)"
66.249.79.41 - - [21/Jan/2020:06:47:50 +0800] "GET /1996/MemoAgreement_Mun_Alabel-Sarangani.pdf HTTP/1.1" 200 24631 "-" "Mozilla/5.0 (compatible; Googlebot/2.1; +http://www.google.com/bot.html)"
66.249.79.41 - - [21/Jan/2020:06:57:59 +0800] "GET /1992/DENR_DAO_92-30.pdf HTTP/1.1" 200 397238 "-" "Mozilla/5.0 (Linux; Android 6.0.1; Nexus 5X Build/MMB29P) AppleWebKit/537.36 (KHTML, like Gecko) Chrome/41.0.2272.96 Mobile Safari/537.36 (compatible; Googlebot/2.1; +http://www.google.com/bot.html)"
175.176.56.79 - - [21/Jan/2020:07:05:01 +0800] "GET / HTTP/1.1" 200 10373 "https://www.google.com/" "Mozilla/5.0 (Windows NT 6.1) AppleWebKit/537.36 (KHTML, like Gecko) Chrome/79.0.3945.117 Safari/537.36"
175.176.56.79 - - [21/Jan/2020:07:05:02 +0800] "GET /icons/blank.gif HTTP/1.1" 200 148 "http://policy.denr.gov.ph/" "Mozilla/5.0 (Windows NT 6.1) AppleWebKit/537.36 (KHTML, like Gecko) Chrome/79.0.3945.117 Safari/537.36"
175.176.56.79 - - [21/Jan/2020:07:05:02 +0800] "GET /icons/folder.gif HTTP/1.1" 200 225 "http://policy.denr.gov.ph/" "Mozilla/5.0 (Windows NT 6.1) AppleWebKit/537.36 (KHTML, like Gecko) Chrome/79.0.3945.117 Safari/537.36"
175.176.56.79 - - [21/Jan/2020:07:05:02 +0800] "GET /favicon.ico HTTP/1.1" 404 209 "http://policy.denr.gov.ph/" "Mozilla/5.0 (Windows NT 6.1) AppleWebKit/537.36 (KHTML, like Gecko) Chrome/79.0.3945.117 Safari/537.36"
52.114.6.38 - - [21/Jan/2020:07:05:24 +0800] "GET / HTTP/1.1" 200 10373 "-" "Mozilla/5.0 (Windows NT 6.1; WOW64) SkypeUriPreview Preview/0.5"
52.114.6.38 - - [21/Jan/2020:07:05:24 +0800] "GET /favicon.ico HTTP/1.1" 404 209 "-" "Mozilla/5.0 (Windows NT 6.1; WOW64) SkypeUriPreview Preview/0.5"
175.176.56.79 - - [21/Jan/2020:07:05:24 +0800] "GET /pol-1992/ HTTP/1.1" 200 4527 "http://policy.denr.gov.ph/" "Mozilla/5.0 (Windows NT 6.1) AppleWebKit/537.36 (KHTML, like Gecko) Chrome/79.0.3945.117 Safari/537.36"
175.176.56.79 - - [21/Jan/2020:07:05:25 +0800] "GET /icons/back.gif HTTP/1.1" 200 216 "http://policy.denr.gov.ph/pol-1992/" "Mozilla/5.0 (Windows NT 6.1) AppleWebKit/537.36 (KHTML, like Gecko) Chrome/79.0.3945.117 Safari/537.36"
175.176.56.79 - - [21/Jan/2020:07:05:25 +0800] "GET /icons/layout.gif HTTP/1.1" 200 276 "http://policy.denr.gov.ph/pol-1992/" "Mozilla/5.0 (Windows NT 6.1) AppleWebKit/537.36 (KHTML, like Gecko) Chrome/79.0.3945.117 Safari/537.36"
66.249.79.41 - - [21/Jan/2020:07:05:35 +0800] "GET /2005/special_order/so-2005-138.pdf HTTP/1.1" 200 95459 "-" "Mozilla/5.0 (Linux; Android 6.0.1; Nexus 5X Build/MMB29P) AppleWebKit/537.36 (KHTML, like Gecko) Chrome/41.0.2272.96 Mobile Safari/537.36 (compatible; Googlebot/2.1; +http://www.google.com/bot.html)"
103.119.136.99 - - [21/Jan/2020:07:07:33 +0800] "GET /2005/dao/dao2005-10.pdf HTTP/1.1" 200 3293315 "https://denr.gov.ph/" "Mozilla/5.0 (iPhone; CPU iPhone OS 12_4 like Mac OS X) AppleWebKit/605.1.15 (KHTML, like Gecko) Version/12.1.2 Mobile/15E148 Safari/604.1"
103.119.136.99 - - [21/Jan/2020:07:07:43 +0800] "GET /favicon.ico HTTP/1.1" 404 209 "http://policy.denr.gov.ph/2005/dao/dao2005-10.pdf" "Mozilla/5.0 (iPhone; CPU iPhone OS 12_4 like Mac OS X) AppleWebKit/605.1.15 (KHTML, like Gecko) Version/12.1.2 Mobile/15E148 Safari/604.1"
40.77.167.70 - - [21/Jan/2020:07:10:12 +0800] "GET /1991/fordao91-3.pdf HTTP/1.1" 304 - "-" "Mozilla/5.0 (compatible; bingbot/2.0; +http://www.bing.com/bingbot.htm)"
66.249.79.44 - - [21/Jan/2020:07:13:12 +0800] "GET /2003/dao2003-05.pdf HTTP/1.1" 200 53342 "-" "Mozilla/5.0 (compatible; Googlebot/2.1; +http://www.google.com/bot.html)"
66.249.79.44 - - [21/Jan/2020:07:15:44 +0800] "GET /2003/dao2003-05.pdf HTTP/1.1" 200 53342 "-" "Mozilla/5.0 (Linux; Android 6.0.1; Nexus 5X Build/MMB29P) AppleWebKit/537.36 (KHTML, like Gecko) Chrome/41.0.2272.96 Mobile Safari/537.36 (compatible; Googlebot/2.1; +http://www.google.com/bot.html)"
40.77.167.180 - - [21/Jan/2020:07:16:32 +0800] "GET /2000/ENV_DAO_2000-81.pdf HTTP/1.1" 304 - "-" "Mozilla/5.0 (compatible; bingbot/2.0; +http://www.bing.com/bingbot.htm)"
66.249.79.44 - - [21/Jan/2020:07:20:48 +0800] "GET /2005/special_order/so-2005-245.pdf HTTP/1.1" 200 29787 "-" "Mozilla/5.0 (Linux; Android 6.0.1; Nexus 5X Build/MMB29P) AppleWebKit/537.36 (KHTML, like Gecko) Chrome/41.0.2272.96 Mobile Safari/537.36 (compatible; Googlebot/2.1; +http://www.google.com/bot.html)"
66.249.79.36 - - [21/Jan/2020:07:23:20 +0800] "GET /1992/FOR_DMO_92-01.pdf HTTP/1.1" 200 14321 "-" "Mozilla/5.0 (Linux; Android 6.0.1; Nexus 5X Build/MMB29P) AppleWebKit/537.36 (KHTML, like Gecko) Chrome/41.0.2272.96 Mobile Safari/537.36 (compatible; Googlebot/2.1; +http://www.google.com/bot.html)"
66.249.79.44 - - [21/Jan/2020:07:25:52 +0800] "GET /1991/fordao91-25.pdf HTTP/1.1" 200 61899 "-" "Mozilla/5.0 (Linux; Android 6.0.1; Nexus 5X Build/MMB29P) AppleWebKit/537.36 (KHTML, like Gecko) Chrome/41.0.2272.96 Mobile Safari/537.36 (compatible; Googlebot/2.1; +http://www.google.com/bot.html)"
112.198.75.167 - - [21/Jan/2020:07:33:38 +0800] "GET /1993/Land_MC_09.pdf HTTP/1.1" 200 103206 "https://www.denr.gov.ph/" "Mozilla/5.0 (Windows NT 6.3; WOW64) AppleWebKit/537.36 (KHTML, like Gecko) Chrome/78.0.3904.108 YaBrowser/19.12.4.25 Yowser/2.5 Safari/537.36"
112.198.75.167 - - [21/Jan/2020:07:33:38 +0800] "GET /favicon.ico HTTP/1.1" 404 209 "http://policy.denr.gov.ph/1993/Land_MC_09.pdf" "Mozilla/5.0 (Windows NT 6.3; WOW64) AppleWebKit/537.36 (KHTML, like Gecko) Chrome/78.0.3904.108 YaBrowser/19.12.4.25 Yowser/2.5 Safari/537.36"
66.249.79.41 - - [21/Jan/2020:07:33:29 +0800] "GET /dao2004/dao2004-29.pdf HTTP/1.1" 200 2073071 "-" "Mozilla/5.0 (Linux; Android 6.0.1; Nexus 5X Build/MMB29P) AppleWebKit/537.36 (KHTML, like Gecko) Chrome/41.0.2272.96 Mobile Safari/537.36 (compatible; Googlebot/2.1; +http://www.google.com/bot.html)"
175.158.233.141 - - [21/Jan/2020:07:36:10 +0800] "GET /2001/Ref_Act_9072.pdf HTTP/1.1" 200 39875 "https://www.google.com/" "Mozilla/5.0 (Windows NT 6.3; Win64; x64) AppleWebKit/537.36 (KHTML, like Gecko) Chrome/79.0.3945.117 Safari/537.36"
175.158.233.141 - - [21/Jan/2020:07:36:10 +0800] "GET /favicon.ico HTTP/1.1" 404 209 "http://policy.denr.gov.ph/2001/Ref_Act_9072.pdf" "Mozilla/5.0 (Windows NT 6.3; Win64; x64) AppleWebKit/537.36 (KHTML, like Gecko) Chrome/79.0.3945.117 Safari/537.36"
207.46.13.22 - - [21/Jan/2020:07:42:04 +0800] "GET /2005/special_order/so-2005-262.pdf HTTP/1.1" 200 21757 "-" "Mozilla/5.0 (compatible; bingbot/2.0; +http://www.bing.com/bingbot.htm)"
66.249.79.44 - - [21/Jan/2020:07:46:09 +0800] "GET /2005/special_order/so-2005-201.pdf HTTP/1.1" 200 64606 "-" "Mozilla/5.0 (Linux; Android 6.0.1; Nexus 5X Build/MMB29P) AppleWebKit/537.36 (KHTML, like Gecko) Chrome/41.0.2272.96 Mobile Safari/537.36 (compatible; Googlebot/2.1; +http://www.google.com/bot.html)"
66.249.79.36 - - [21/Jan/2020:07:48:41 +0800] "GET /1997/FOR_DMC-97-01.pdf HTTP/1.1" 200 54883 "-" "Mozilla/5.0 (Linux; Android 6.0.1; Nexus 5X Build/MMB29P) AppleWebKit/537.36 (KHTML, like Gecko) Chrome/41.0.2272.96 Mobile Safari/537.36 (compatible; Googlebot/2.1; +http://www.google.com/bot.html)"
194.61.24.29 - - [21/Jan/2020:07:49:47 +0800] "GET / HTTP/1.1" 200 10373 "-" "Mozilla/5.0 (Windows NT 10.0; Win64; x64) AppleWebKit/537.36 (KHTML, like Gecko) Chrome/78.0.3904.108 Safari/537.36"
194.61.24.29 - - [21/Jan/2020:07:49:47 +0800] "GET / HTTP/1.1" 200 10373 "-" "Mozilla/5.0 (Windows NT 10.0; Win64; x64) AppleWebKit/537.36 (KHTML, like Gecko) Chrome/78.0.3904.108 Safari/537.36"
194.61.24.29 - - [21/Jan/2020:07:49:48 +0800] "GET /wp-includes/wlwmanifest.xml HTTP/1.1" 404 225 "-" "Mozilla/5.0 (Windows NT 10.0; Win64; x64) AppleWebKit/537.36 (KHTML, like Gecko) Chrome/78.0.3904.108 Safari/537.36"
194.61.24.29 - - [21/Jan/2020:07:49:48 +0800] "GET /xmlrpc.php?rsd HTTP/1.1" 404 208 "-" "Mozilla/5.0 (Windows NT 10.0; Win64; x64) AppleWebKit/537.36 (KHTML, like Gecko) Chrome/78.0.3904.108 Safari/537.36"
194.61.24.29 - - [21/Jan/2020:07:49:48 +0800] "GET / HTTP/1.1" 200 10373 "-" "Mozilla/5.0 (Windows NT 10.0; Win64; x64) AppleWebKit/537.36 (KHTML, like Gecko) Chrome/78.0.3904.108 Safari/537.36"
194.61.24.29 - - [21/Jan/2020:07:49:49 +0800] "GET /blog/wp-includes/wlwmanifest.xml HTTP/1.1" 404 230 "-" "Mozilla/5.0 (Windows NT 10.0; Win64; x64) AppleWebKit/537.36 (KHTML, like Gecko) Chrome/78.0.3904.108 Safari/537.36"
194.61.24.29 - - [21/Jan/2020:07:49:49 +0800] "GET /web/wp-includes/wlwmanifest.xml HTTP/1.1" 404 229 "-" "Mozilla/5.0 (Windows NT 10.0; Win64; x64) AppleWebKit/537.36 (KHTML, like Gecko) Chrome/78.0.3904.108 Safari/537.36"
194.61.24.29 - - [21/Jan/2020:07:49:49 +0800] "GET /wordpress/wp-includes/wlwmanifest.xml HTTP/1.1" 404 235 "-" "Mozilla/5.0 (Windows NT 10.0; Win64; x64) AppleWebKit/537.36 (KHTML, like Gecko) Chrome/78.0.3904.108 Safari/537.36"
194.61.24.29 - - [21/Jan/2020:07:49:49 +0800] "GET /website/wp-includes/wlwmanifest.xml HTTP/1.1" 404 233 "-" "Mozilla/5.0 (Windows NT 10.0; Win64; x64) AppleWebKit/537.36 (KHTML, like Gecko) Chrome/78.0.3904.108 Safari/537.36"
194.61.24.29 - - [21/Jan/2020:07:49:50 +0800] "GET /wp/wp-includes/wlwmanifest.xml HTTP/1.1" 404 228 "-" "Mozilla/5.0 (Windows NT 10.0; Win64; x64) AppleWebKit/537.36 (KHTML, like Gecko) Chrome/78.0.3904.108 Safari/537.36"
194.61.24.29 - - [21/Jan/2020:07:49:50 +0800] "GET /news/wp-includes/wlwmanifest.xml HTTP/1.1" 404 230 "-" "Mozilla/5.0 (Windows NT 10.0; Win64; x64) AppleWebKit/537.36 (KHTML, like Gecko) Chrome/78.0.3904.108 Safari/537.36"
194.61.24.29 - - [21/Jan/2020:07:49:50 +0800] "GET /2018/wp-includes/wlwmanifest.xml HTTP/1.1" 404 230 "-" "Mozilla/5.0 (Windows NT 10.0; Win64; x64) AppleWebKit/537.36 (KHTML, like Gecko) Chrome/78.0.3904.108 Safari/537.36"
194.61.24.29 - - [21/Jan/2020:07:49:51 +0800] "GET /2019/wp-includes/wlwmanifest.xml HTTP/1.1" 404 230 "-" "Mozilla/5.0 (Windows NT 10.0; Win64; x64) AppleWebKit/537.36 (KHTML, like Gecko) Chrome/78.0.3904.108 Safari/537.36"
194.61.24.29 - - [21/Jan/2020:07:49:51 +0800] "GET /shop/wp-includes/wlwmanifest.xml HTTP/1.1" 404 230 "-" "Mozilla/5.0 (Windows NT 10.0; Win64; x64) AppleWebKit/537.36 (KHTML, like Gecko) Chrome/78.0.3904.108 Safari/537.36"
194.61.24.29 - - [21/Jan/2020:07:49:51 +0800] "GET /wp1/wp-includes/wlwmanifest.xml HTTP/1.1" 404 229 "-" "Mozilla/5.0 (Windows NT 10.0; Win64; x64) AppleWebKit/537.36 (KHTML, like Gecko) Chrome/78.0.3904.108 Safari/537.36"
194.61.24.29 - - [21/Jan/2020:07:49:52 +0800] "GET /test/wp-includes/wlwmanifest.xml HTTP/1.1" 404 230 "-" "Mozilla/5.0 (Windows NT 10.0; Win64; x64) AppleWebKit/537.36 (KHTML, like Gecko) Chrome/78.0.3904.108 Safari/537.36"
194.61.24.29 - - [21/Jan/2020:07:49:52 +0800] "GET /media/wp-includes/wlwmanifest.xml HTTP/1.1" 404 231 "-" "Mozilla/5.0 (Windows NT 10.0; Win64; x64) AppleWebKit/537.36 (KHTML, like Gecko) Chrome/78.0.3904.108 Safari/537.36"
194.61.24.29 - - [21/Jan/2020:07:49:52 +0800] "GET /wp2/wp-includes/wlwmanifest.xml HTTP/1.1" 404 229 "-" "Mozilla/5.0 (Windows NT 10.0; Win64; x64) AppleWebKit/537.36 (KHTML, like Gecko) Chrome/78.0.3904.108 Safari/537.36"
194.61.24.29 - - [21/Jan/2020:07:49:52 +0800] "GET /site/wp-includes/wlwmanifest.xml HTTP/1.1" 404 230 "-" "Mozilla/5.0 (Windows NT 10.0; Win64; x64) AppleWebKit/537.36 (KHTML, like Gecko) Chrome/78.0.3904.108 Safari/537.36"
194.61.24.29 - - [21/Jan/2020:07:49:53 +0800] "GET /cms/wp-includes/wlwmanifest.xml HTTP/1.1" 404 229 "-" "Mozilla/5.0 (Windows NT 10.0; Win64; x64) AppleWebKit/537.36 (KHTML, like Gecko) Chrome/78.0.3904.108 Safari/537.36"
194.61.24.29 - - [21/Jan/2020:07:49:53 +0800] "GET /sito/wp-includes/wlwmanifest.xml HTTP/1.1" 404 230 "-" "Mozilla/5.0 (Windows NT 10.0; Win64; x64) AppleWebKit/537.36 (KHTML, like Gecko) Chrome/78.0.3904.108 Safari/537.36"
66.249.79.44 - - [21/Jan/2020:07:51:13 +0800] "GET /2005/special_order/so-2005-418.pdf HTTP/1.1" 200 30306 "-" "Mozilla/5.0 (Linux; Android 6.0.1; Nexus 5X Build/MMB29P) AppleWebKit/537.36 (KHTML, like Gecko) Chrome/41.0.2272.96 Mobile Safari/537.36 (compatible; Googlebot/2.1; +http://www.google.com/bot.html)"
192.168.46.103 - - [21/Jan/2020:07:51:22 +0800] "GET /1990/DENR_DAO_1990-38.pdf HTTP/1.1" 200 884228 "-" "Mozilla/5.0 (Windows NT 10.0; Win64; x64) AppleWebKit/537.36 (KHTML, like Gecko) Chrome/79.0.3945.117 Safari/537.36"
192.168.46.103 - - [21/Jan/2020:07:51:23 +0800] "GET /favicon.ico HTTP/1.1" 404 209 "http://policy.denr.gov.ph/1990/DENR_DAO_1990-38.pdf" "Mozilla/5.0 (Windows NT 10.0; Win64; x64) AppleWebKit/537.36 (KHTML, like Gecko) Chrome/79.0.3945.117 Safari/537.36"
49.149.67.137 - - [21/Jan/2020:07:52:18 +0800] "GET /1999/minesmo99-03.pdf HTTP/1.1" 200 39088 "https://r.search.yahoo.com/_ylt=Awr9Dt01PSZepKoAnHZXNyoA;_ylu=X3oDMTEyMXNiZmduBGNvbG8DZ3ExBHBvcwMxBHZ0aWQDQjg2ODNfMQRzZWMDc3I-/RV=2/RE=1579593141/RO=10/RU=http%3a%2f%2fpolicy.denr.gov.ph%2f1999%2fminesmo99-03.pdf/RK=2/RS=iWZ_KbbcVstqHYyYBWrzS86ALrk-" "Mozilla/5.0 (Windows NT 10.0; Win64; x64) AppleWebKit/537.36 (KHTML, like Gecko) Chrome/79.0.3945.130 Safari/537.36"
49.149.67.137 - - [21/Jan/2020:07:52:18 +0800] "GET /favicon.ico HTTP/1.1" 404 209 "http://policy.denr.gov.ph/1999/minesmo99-03.pdf" "Mozilla/5.0 (Windows NT 10.0; Win64; x64) AppleWebKit/537.36 (KHTML, like Gecko) Chrome/79.0.3945.130 Safari/537.36"
192.168.46.103 - - [21/Jan/2020:07:52:48 +0800] "GET /1992/FOR_DMC_92-12.pdf HTTP/1.1" 200 22555 "-" "Mozilla/5.0 (Windows NT 10.0; Win64; x64) AppleWebKit/537.36 (KHTML, like Gecko) Chrome/79.0.3945.117 Safari/537.36"
49.149.67.137 - - [21/Jan/2020:07:53:47 +0800] "GET /2001/DAO_Mines2001-35.pdf HTTP/1.1" 200 42714 "https://r.search.yahoo.com/_ylt=Awr9IlOGPSZeQJUAhj5XNyoA;_ylu=X3oDMTEyMXNiZmduBGNvbG8DZ3ExBHBvcwMxBHZ0aWQDQjg2ODNfMQRzZWMDc3I-/RV=2/RE=1579593222/RO=10/RU=http%3a%2f%2fpolicy.denr.gov.ph%2f2001%2fDAO_Mines2001-35.pdf/RK=2/RS=BXtO5JaJUWqngqTLxxSKHVy_wH4-" "Mozilla/5.0 (Windows NT 10.0; Win64; x64) AppleWebKit/537.36 (KHTML, like Gecko) Chrome/79.0.3945.130 Safari/537.36"
157.55.39.216 - - [21/Jan/2020:07:54:16 +0800] "GET /1990/FOR_DMC_1990-04.pdf HTTP/1.1" 304 - "-" "Mozilla/5.0 (compatible; bingbot/2.0; +http://www.bing.com/bingbot.htm)"
66.249.79.36 - - [21/Jan/2020:07:56:17 +0800] "GET /2005/special_order/so-2005-706.pdf HTTP/1.1" 200 69146 "-" "Mozilla/5.0 (Linux; Android 6.0.1; Nexus 5X Build/MMB29P) AppleWebKit/537.36 (KHTML, like Gecko) Chrome/41.0.2272.96 Mobile Safari/537.36 (compatible; Googlebot/2.1; +http://www.google.com/bot.html)"
112.200.105.78 - - [21/Jan/2020:08:01:14 +0800] "GET /1997/FOR_DAO-97-32.pdf HTTP/1.1" 200 85020 "https://www.google.com/" "Mozilla/5.0 (Windows NT 6.1; Win64; x64) AppleWebKit/537.36 (KHTML, like Gecko) Chrome/79.0.3945.117 Safari/537.36"
112.200.105.78 - - [21/Jan/2020:08:01:15 +0800] "GET /favicon.ico HTTP/1.1" 404 209 "http://policy.denr.gov.ph/1997/FOR_DAO-97-32.pdf" "Mozilla/5.0 (Windows NT 6.1; Win64; x64) AppleWebKit/537.36 (KHTML, like Gecko) Chrome/79.0.3945.117 Safari/537.36"
157.55.39.119 - - [21/Jan/2020:08:03:22 +0800] "GET /2000/ENV_DAO_2000-03.pdf HTTP/1.1" 304 - "-" "Mozilla/5.0 (compatible; bingbot/2.0; +http://www.bing.com/bingbot.htm)"
194.61.24.29 - - [21/Jan/2020:08:04:04 +0800] "GET / HTTP/1.1" 200 10373 "-" "Mozilla/5.0 (Windows NT 10.0; Win64; x64) AppleWebKit/537.36 (KHTML, like Gecko) Chrome/78.0.3904.108 Safari/537.36"
194.61.24.29 - - [21/Jan/2020:08:04:05 +0800] "GET / HTTP/1.1" 200 10373 "-" "Mozilla/5.0 (Windows NT 10.0; Win64; x64) AppleWebKit/537.36 (KHTML, like Gecko) Chrome/78.0.3904.108 Safari/537.36"
194.61.24.29 - - [21/Jan/2020:08:04:05 +0800] "GET /wp-includes/wlwmanifest.xml HTTP/1.1" 404 225 "-" "Mozilla/5.0 (Windows NT 10.0; Win64; x64) AppleWebKit/537.36 (KHTML, like Gecko) Chrome/78.0.3904.108 Safari/537.36"
194.61.24.29 - - [21/Jan/2020:08:04:05 +0800] "GET /xmlrpc.php?rsd HTTP/1.1" 404 208 "-" "Mozilla/5.0 (Windows NT 10.0; Win64; x64) AppleWebKit/537.36 (KHTML, like Gecko) Chrome/78.0.3904.108 Safari/537.36"
103.84.177.170 - - [21/Jan/2020:08:04:05 +0800] "GET /2005/dao/joint_dao2005-02.pdf HTTP/1.1" 200 596271 "https://denr.gov.ph/" "Mozilla/5.0 (Windows NT 10.0; WOW64) AppleWebKit/537.36 (KHTML, like Gecko) Chrome/79.0.3945.117 Safari/537.36"
194.61.24.29 - - [21/Jan/2020:08:04:06 +0800] "GET / HTTP/1.1" 200 10373 "-" "Mozilla/5.0 (Windows NT 10.0; Win64; x64) AppleWebKit/537.36 (KHTML, like Gecko) Chrome/78.0.3904.108 Safari/537.36"
194.61.24.29 - - [21/Jan/2020:08:04:06 +0800] "GET /blog/wp-includes/wlwmanifest.xml HTTP/1.1" 404 230 "-" "Mozilla/5.0 (Windows NT 10.0; Win64; x64) AppleWebKit/537.36 (KHTML, like Gecko) Chrome/78.0.3904.108 Safari/537.36"
194.61.24.29 - - [21/Jan/2020:08:04:06 +0800] "GET /web/wp-includes/wlwmanifest.xml HTTP/1.1" 404 229 "-" "Mozilla/5.0 (Windows NT 10.0; Win64; x64) AppleWebKit/537.36 (KHTML, like Gecko) Chrome/78.0.3904.108 Safari/537.36"
194.61.24.29 - - [21/Jan/2020:08:04:06 +0800] "GET /wordpress/wp-includes/wlwmanifest.xml HTTP/1.1" 404 235 "-" "Mozilla/5.0 (Windows NT 10.0; Win64; x64) AppleWebKit/537.36 (KHTML, like Gecko) Chrome/78.0.3904.108 Safari/537.36"
194.61.24.29 - - [21/Jan/2020:08:04:07 +0800] "GET /website/wp-includes/wlwmanifest.xml HTTP/1.1" 404 233 "-" "Mozilla/5.0 (Windows NT 10.0; Win64; x64) AppleWebKit/537.36 (KHTML, like Gecko) Chrome/78.0.3904.108 Safari/537.36"
194.61.24.29 - - [21/Jan/2020:08:04:07 +0800] "GET /wp/wp-includes/wlwmanifest.xml HTTP/1.1" 404 228 "-" "Mozilla/5.0 (Windows NT 10.0; Win64; x64) AppleWebKit/537.36 (KHTML, like Gecko) Chrome/78.0.3904.108 Safari/537.36"
194.61.24.29 - - [21/Jan/2020:08:04:07 +0800] "GET /news/wp-includes/wlwmanifest.xml HTTP/1.1" 404 230 "-" "Mozilla/5.0 (Windows NT 10.0; Win64; x64) AppleWebKit/537.36 (KHTML, like Gecko) Chrome/78.0.3904.108 Safari/537.36"
194.61.24.29 - - [21/Jan/2020:08:04:08 +0800] "GET /2018/wp-includes/wlwmanifest.xml HTTP/1.1" 404 230 "-" "Mozilla/5.0 (Windows NT 10.0; Win64; x64) AppleWebKit/537.36 (KHTML, like Gecko) Chrome/78.0.3904.108 Safari/537.36"
194.61.24.29 - - [21/Jan/2020:08:04:08 +0800] "GET /2019/wp-includes/wlwmanifest.xml HTTP/1.1" 404 230 "-" "Mozilla/5.0 (Windows NT 10.0; Win64; x64) AppleWebKit/537.36 (KHTML, like Gecko) Chrome/78.0.3904.108 Safari/537.36"
194.61.24.29 - - [21/Jan/2020:08:04:08 +0800] "GET /shop/wp-includes/wlwmanifest.xml HTTP/1.1" 404 230 "-" "Mozilla/5.0 (Windows NT 10.0; Win64; x64) AppleWebKit/537.36 (KHTML, like Gecko) Chrome/78.0.3904.108 Safari/537.36"
194.61.24.29 - - [21/Jan/2020:08:04:09 +0800] "GET /wp1/wp-includes/wlwmanifest.xml HTTP/1.1" 404 229 "-" "Mozilla/5.0 (Windows NT 10.0; Win64; x64) AppleWebKit/537.36 (KHTML, like Gecko) Chrome/78.0.3904.108 Safari/537.36"
194.61.24.29 - - [21/Jan/2020:08:04:09 +0800] "GET /test/wp-includes/wlwmanifest.xml HTTP/1.1" 404 230 "-" "Mozilla/5.0 (Windows NT 10.0; Win64; x64) AppleWebKit/537.36 (KHTML, like Gecko) Chrome/78.0.3904.108 Safari/537.36"
194.61.24.29 - - [21/Jan/2020:08:04:09 +0800] "GET /media/wp-includes/wlwmanifest.xml HTTP/1.1" 404 231 "-" "Mozilla/5.0 (Windows NT 10.0; Win64; x64) AppleWebKit/537.36 (KHTML, like Gecko) Chrome/78.0.3904.108 Safari/537.36"
194.61.24.29 - - [21/Jan/2020:08:04:09 +0800] "GET /wp2/wp-includes/wlwmanifest.xml HTTP/1.1" 404 229 "-" "Mozilla/5.0 (Windows NT 10.0; Win64; x64) AppleWebKit/537.36 (KHTML, like Gecko) Chrome/78.0.3904.108 Safari/537.36"
194.61.24.29 - - [21/Jan/2020:08:04:10 +0800] "GET /site/wp-includes/wlwmanifest.xml HTTP/1.1" 404 230 "-" "Mozilla/5.0 (Windows NT 10.0; Win64; x64) AppleWebKit/537.36 (KHTML, like Gecko) Chrome/78.0.3904.108 Safari/537.36"
194.61.24.29 - - [21/Jan/2020:08:04:10 +0800] "GET /cms/wp-includes/wlwmanifest.xml HTTP/1.1" 404 229 "-" "Mozilla/5.0 (Windows NT 10.0; Win64; x64) AppleWebKit/537.36 (KHTML, like Gecko) Chrome/78.0.3904.108 Safari/537.36"
194.61.24.29 - - [21/Jan/2020:08:04:10 +0800] "GET /sito/wp-includes/wlwmanifest.xml HTTP/1.1" 404 230 "-" "Mozilla/5.0 (Windows NT 10.0; Win64; x64) AppleWebKit/537.36 (KHTML, like Gecko) Chrome/78.0.3904.108 Safari/537.36"
24.72.6.23 - - [21/Jan/2020:08:04:34 +0800] "GET /1998/dao98-45.pdf HTTP/1.1" 200 27051 "https://www.google.ca/" "Mozilla/5.0 (iPhone; CPU iPhone OS 13_3 like Mac OS X) AppleWebKit/605.1.15 (KHTML, like Gecko) Version/13.0.4 Mobile/15E148 Safari/604.1"
24.72.6.23 - - [21/Jan/2020:08:04:40 +0800] "GET /favicon.ico HTTP/1.1" 404 209 "http://policy.denr.gov.ph/1998/dao98-45.pdf" "Mozilla/5.0 (iPhone; CPU iPhone OS 13_3 like Mac OS X) AppleWebKit/605.1.15 (KHTML, like Gecko) Version/13.0.4 Mobile/15E148 Safari/604.1"
103.84.177.170 - - [21/Jan/2020:08:05:10 +0800] "GET /2005/dao/joint_dao2005-02.pdf HTTP/1.1" 200 596271 "-" "Mozilla/5.0 (Windows NT 10.0; WOW64) AppleWebKit/537.36 (KHTML, like Gecko) Chrome/79.0.3945.117 Safari/537.36"
103.84.177.170 - - [21/Jan/2020:08:05:22 +0800] "GET /favicon.ico HTTP/1.1" 404 209 "http://policy.denr.gov.ph/2005/dao/joint_dao2005-02.pdf" "Mozilla/5.0 (Windows NT 10.0; WOW64) AppleWebKit/537.36 (KHTML, like Gecko) Chrome/79.0.3945.117 Safari/537.36"
157.55.39.68 - - [21/Jan/2020:08:05:44 +0800] "GET /2005/special_order/so-2005-260.pdf HTTP/1.1" 304 - "-" "Mozilla/5.0 (compatible; bingbot/2.0; +http://www.bing.com/bingbot.htm)"
172.16.23.167 - - [21/Jan/2020:08:06:13 +0800] "GET /1998/admin98-28.pdf HTTP/1.1" 200 20926 "https://www.google.com/" "Mozilla/5.0 (Windows NT 6.1) AppleWebKit/537.36 (KHTML, like Gecko) Chrome/46.0.2472.0 Safari/537.36"
172.16.23.167 - - [21/Jan/2020:08:06:14 +0800] "GET /favicon.ico HTTP/1.1" 404 209 "http://policy.denr.gov.ph/1998/admin98-28.pdf" "Mozilla/5.0 (Windows NT 6.1) AppleWebKit/537.36 (KHTML, like Gecko) Chrome/46.0.2472.0 Safari/537.36"
40.77.167.60 - - [21/Jan/2020:08:07:07 +0800] "GET /1995/FOR_MC1995-09.pdf HTTP/1.1" 200 440259 "-" "Mozilla/5.0 (compatible; bingbot/2.0; +http://www.bing.com/bingbot.htm)"
49.145.193.9 - - [21/Jan/2020:08:10:07 +0800] "GET /1997/FOR_DAO-97-32.pdf HTTP/1.1" 200 85020 "https://www.google.com/" "Mozilla/5.0 (Windows NT 10.0; Win64; x64) AppleWebKit/537.36 (KHTML, like Gecko) Chrome/79.0.3945.117 Safari/537.36"
49.145.193.9 - - [21/Jan/2020:08:10:07 +0800] "GET /favicon.ico HTTP/1.1" 404 209 "http://policy.denr.gov.ph/1997/FOR_DAO-97-32.pdf" "Mozilla/5.0 (Windows NT 10.0; Win64; x64) AppleWebKit/537.36 (KHTML, like Gecko) Chrome/79.0.3945.117 Safari/537.36"
110.54.200.121 - - [21/Jan/2020:08:10:21 +0800] "GET /2001/DENR_MO_2001-11.pdf HTTP/1.1" 200 29820 "https://www.google.com/" "Mozilla/5.0 (Linux; Android 10; SM-G975F) AppleWebKit/537.36 (KHTML, like Gecko) Chrome/79.0.3945.116 Mobile Safari/537.36"
110.54.235.54 - - [21/Jan/2020:08:14:01 +0800] "GET /basicpol/lancode/ca141.pdf HTTP/1.1" 200 84831 "https://www.google.com/" "Mozilla/5.0 (Windows NT 10.0; Win64; x64) AppleWebKit/537.36 (KHTML, like Gecko) Chrome/79.0.3945.117 Safari/537.36"
110.54.235.54 - - [21/Jan/2020:08:14:03 +0800] "GET /favicon.ico HTTP/1.1" 404 209 "http://policy.denr.gov.ph/basicpol/lancode/ca141.pdf" "Mozilla/5.0 (Windows NT 10.0; Win64; x64) AppleWebKit/537.36 (KHTML, like Gecko) Chrome/79.0.3945.117 Safari/537.36"
124.83.39.21 - - [21/Jan/2020:08:16:13 +0800] "GET /2000/ENV_DAO_2000-81.pdf HTTP/1.1" 200 299209 "https://www.google.com/" "Mozilla/5.0 (Windows NT 10.0; Win64; x64) AppleWebKit/537.36 (KHTML, like Gecko) Chrome/79.0.3945.117 Safari/537.36"
124.83.39.21 - - [21/Jan/2020:08:16:23 +0800] "GET /favicon.ico HTTP/1.1" 404 209 "http://policy.denr.gov.ph/2000/ENV_DAO_2000-81.pdf" "Mozilla/5.0 (Windows NT 10.0; Win64; x64) AppleWebKit/537.36 (KHTML, like Gecko) Chrome/79.0.3945.117 Safari/537.36"
27.110.223.154 - - [21/Jan/2020:08:18:26 +0800] "GET /favicon.ico HTTP/1.1" 404 209 "http://policy.denr.gov.ph/1992/ENV_DAO_92-29.pdf" "Mozilla/5.0 (Windows NT 10.0; Win64; x64) AppleWebKit/537.36 (KHTML, like Gecko) Chrome/79.0.3945.117 Safari/537.36"
27.110.223.154 - - [21/Jan/2020:08:18:26 +0800] "GET /1992/ENV_DAO_92-29.pdf HTTP/1.1" 200 951109 "https://denr.gov.ph/" "Mozilla/5.0 (Windows NT 10.0; Win64; x64) AppleWebKit/537.36 (KHTML, like Gecko) Chrome/79.0.3945.117 Safari/537.36"
66.249.79.44 - - [21/Jan/2020:08:20:22 +0800] "GET /2005/special_order/so-2005-228.pdf HTTP/1.1" 200 26347 "-" "Mozilla/5.0 (Linux; Android 6.0.1; Nexus 5X Build/MMB29P) AppleWebKit/537.36 (KHTML, like Gecko) Chrome/41.0.2272.96 Mobile Safari/537.36 (compatible; Googlebot/2.1; +http://www.google.com/bot.html)"
122.54.50.12 - - [21/Jan/2020:08:21:20 +0800] "GET /favicon.ico HTTP/1.1" 404 209 "http://policy.denr.gov.ph/1996/FOR_DAO_1996-24.pdf" "Mozilla/5.0 (Windows NT 10.0; Win64; x64) AppleWebKit/537.36 (KHTML, like Gecko) Chrome/79.0.3945.117 Safari/537.36"
66.249.79.36 - - [21/Jan/2020:08:27:04 +0800] "GET /1994/MC_1994-15.pdf HTTP/1.1" 200 179796 "-" "Mozilla/5.0 (Linux; Android 6.0.1; Nexus 5X Build/MMB29P) AppleWebKit/537.36 (KHTML, like Gecko) Chrome/41.0.2272.96 Mobile Safari/537.36 (compatible; Googlebot/2.1; +http://www.google.com/bot.html)"
66.249.79.44 - - [21/Jan/2020:08:28:14 +0800] "GET /dao2004/dao2004-29.pdf HTTP/1.1" 200 2073071 "-" "Mozilla/5.0 (compatible; Googlebot/2.1; +http://www.google.com/bot.html)"
66.249.79.36 - - [21/Jan/2020:08:30:06 +0800] "GET /1988/FOR_DAO_1988-97.pdf HTTP/1.1" 200 55558 "-" "Mozilla/5.0 (compatible; Googlebot/2.1; +http://www.google.com/bot.html)"
49.145.229.245 - - [21/Jan/2020:08:31:55 +0800] "GET /2000/DAO_FMB_2000-63.pdf HTTP/1.1" 200 25688 "-" "Dalvik/2.1.0 (Linux; U; Android 8.0.0; ASUS_X00PD Build/OPR1.170623.032)"
168.235.194.79 - - [21/Jan/2020:08:32:12 +0800] "GET /2001/DENR_MO_2001-11.pdf HTTP/1.1" 200 29820 "https://www.google.com.ph/" "Mozilla/5.0 (Linux; U; Android 9; en-US; POCOPHONE F1 Build/PKQ1.180729.001) AppleWebKit/537.36 (KHTML, like Gecko) Version/4.0 Chrome/57.0.2987.108 UCBrowser/13.0.0.1288 Mobile Safari/537.36"
175.176.21.126 - - [21/Jan/2020:08:32:12 +0800] "GET /2001/DENR_MO_2001-11.pdf HTTP/1.1" 200 29820 "https://www.google.com.ph/" "Mozilla/5.0 (Linux; U; Android 9; en-US; POCOPHONE F1 Build/PKQ1.180729.001) AppleWebKit/537.36 (KHTML, like Gecko) Version/4.0 Chrome/57.0.2987.108 UCBrowser/13.0.0.1288 Mobile Safari/537.36"
175.176.21.126 - - [21/Jan/2020:08:32:13 +0800] "GET /2001/DENR_MO_2001-11.pdf HTTP/1.1" 206 29820 "https://www.google.com.ph/" "Mozilla/5.0 (Linux; U; Android 9; en-US; POCOPHONE F1 Build/PKQ1.180729.001) AppleWebKit/537.36 (KHTML, like Gecko) Version/4.0 Chrome/57.0.2987.108 UCBrowser/13.0.0.1288 Mobile Safari/537.36"
66.249.79.36 - - [21/Jan/2020:08:34:19 +0800] "GET /dao2004/dao2004-30.pdf HTTP/1.1" 200 816675 "-" "Mozilla/5.0 (compatible; Googlebot/2.1; +http://www.google.com/bot.html)"
66.249.79.36 - - [21/Jan/2020:08:34:31 +0800] "GET /favicon.ico HTTP/1.1" 404 209 "-" "Googlebot-Image/1.0"
124.105.34.65 - - [21/Jan/2020:08:34:33 +0800] "GET /dao2004/dao2004-30.pdf HTTP/1.1" 200 816675 "http://oldwebsite.denr.gov.ph/section-policies/viewrec.php?id=1087&page=14&sort=dt&filter=type&filterID=1&searchword=&fromyear=&frommonth=&fromdate=&toyear=&tomonth=&todate=&dateval=true" "Mozilla/5.0 (Windows NT 10.0; Win64; x64) AppleWebKit/537.36 (KHTML, like Gecko) Chrome/80.0.3987.53 Safari/537.36"
124.105.34.65 - - [21/Jan/2020:08:34:33 +0800] "GET /favicon.ico HTTP/1.1" 404 209 "http://policy.denr.gov.ph/dao2004/dao2004-30.pdf" "Mozilla/5.0 (Windows NT 10.0; Win64; x64) AppleWebKit/537.36 (KHTML, like Gecko) Chrome/80.0.3987.53 Safari/537.36"
66.249.79.41 - - [21/Jan/2020:08:39:51 +0800] "GET /pol-1998/SrvyMnl.pdf HTTP/1.1" 200 8138333 "-" "Mozilla/5.0 (compatible; Googlebot/2.1; +http://www.google.com/bot.html)"
54.39.106.173 - - [21/Jan/2020:08:40:38 +0800] "GET /1993/FOR_DAO-93-68.pdf HTTP/1.1" 200 1967820 "-" "Mozilla/5.0 (Macintosh; Intel Mac OS X 10_10_5) AppleWebKit/537.36 (KHTML, like Gecko) Chrome/44.0.2403.155 Safari/537.36"
110.54.196.145 - - [21/Jan/2020:08:41:39 +0800] "GET /pol-2002/RA2002-9176.pdf HTTP/1.1" 404 222 "https://denr.gov.ph/" "Mozilla/5.0 (Linux; Android 9; SM-G960F) AppleWebKit/537.36 (KHTML, like Gecko) Chrome/79.0.3945.116 Mobile Safari/537.36"
110.54.196.145 - - [21/Jan/2020:08:41:40 +0800] "GET /favicon.ico HTTP/1.1" 404 209 "http://policy.denr.gov.ph/pol-2002/RA2002-9176.pdf" "Mozilla/5.0 (Linux; Android 9; SM-G960F) AppleWebKit/537.36 (KHTML, like Gecko) Chrome/79.0.3945.116 Mobile Safari/537.36"
180.232.100.162 - - [21/Jan/2020:08:44:07 +0800] "GET /dao2004/dao2004-26.pdf HTTP/1.1" 200 316178 "-" "Mozilla/5.0 (Windows NT 10.0; Win64; x64) AppleWebKit/537.36 (KHTML, like Gecko) Chrome/70.0.3538.102 Safari/537.36 Edge/18.18362"
180.232.100.162 - - [21/Jan/2020:08:44:10 +0800] "GET /dao2004/dao2004-26.pdf HTTP/1.1" 206 316178 "http://policy.denr.gov.ph/dao2004/dao2004-26.pdf" "Mozilla/5.0 (Windows NT 10.0; Win64; x64) AppleWebKit/537.36 (KHTML, like Gecko) Chrome/70.0.3538.102 Safari/537.36 Edge/18.18362"
180.232.100.162 - - [21/Jan/2020:08:44:13 +0800] "GET /dao2004/dao2004-26.pdf HTTP/1.1" 206 152338 "http://policy.denr.gov.ph/dao2004/dao2004-26.pdf" "Mozilla/5.0 (Windows NT 10.0; Win64; x64) AppleWebKit/537.36 (KHTML, like Gecko) Chrome/70.0.3538.102 Safari/537.36 Edge/18.18362"
180.232.100.162 - - [21/Jan/2020:08:44:14 +0800] "GET /dao2004/dao2004-26.pdf HTTP/1.1" 206 316178 "http://policy.denr.gov.ph/dao2004/dao2004-26.pdf" "Mozilla/5.0 (Windows NT 10.0; Win64; x64) AppleWebKit/537.36 (KHTML, like Gecko) Chrome/70.0.3538.102 Safari/537.36 Edge/18.18362"
180.232.100.162 - - [21/Jan/2020:08:44:16 +0800] "GET /dao2004/dao2004-26.pdf HTTP/1.1" 206 786 "http://policy.denr.gov.ph/dao2004/dao2004-26.pdf" "Mozilla/5.0 (Windows NT 10.0; Win64; x64) AppleWebKit/537.36 (KHTML, like Gecko) Chrome/70.0.3538.102 Safari/537.36 Edge/18.18362"
180.232.100.162 - - [21/Jan/2020:08:44:16 +0800] "GET /dao2004/dao2004-26.pdf HTTP/1.1" 206 24576 "http://policy.denr.gov.ph/dao2004/dao2004-26.pdf" "Mozilla/5.0 (Windows NT 10.0; Win64; x64) AppleWebKit/537.36 (KHTML, like Gecko) Chrome/70.0.3538.102 Safari/537.36 Edge/18.18362"
66.249.79.36 - - [21/Jan/2020:08:44:54 +0800] "GET /2003/dao2003-46.pdf HTTP/1.1" 200 11596336 "-" "Mozilla/5.0 (Linux; Android 6.0.1; Nexus 5X Build/MMB29P) AppleWebKit/537.36 (KHTML, like Gecko) Chrome/41.0.2272.96 Mobile Safari/537.36 (compatible; Googlebot/2.1; +http://www.google.com/bot.html)"
66.249.82.187 - - [21/Jan/2020:08:45:07 +0800] "GET /1996/FOR_DAO_1996-24.pdf HTTP/1.1" 200 55397 "https://www.google.com/" "Mozilla/5.0 (Linux; Android 9; Redmi Note 7) AppleWebKit/537.36 (KHTML, like Gecko) Chrome/79.0.3945.116 Mobile Safari/537.36"
180.232.100.162 - - [21/Jan/2020:08:46:05 +0800] "GET /1992/DENR_DAO_92-26.pdf HTTP/1.1" 200 322915 "-" "Mozilla/5.0 (Windows NT 10.0; Win64; x64) AppleWebKit/537.36 (KHTML, like Gecko) Chrome/70.0.3538.102 Safari/537.36 Edge/18.18362"
180.232.100.162 - - [21/Jan/2020:08:46:18 +0800] "GET /1992/DENR_DAO_92-26.pdf HTTP/1.1" 206 322915 "http://policy.denr.gov.ph/1992/DENR_DAO_92-26.pdf" "Mozilla/5.0 (Windows NT 10.0; Win64; x64) AppleWebKit/537.36 (KHTML, like Gecko) Chrome/70.0.3538.102 Safari/537.36 Edge/18.18362"
180.232.100.162 - - [21/Jan/2020:08:46:20 +0800] "GET /1992/DENR_DAO_92-26.pdf HTTP/1.1" 206 322915 "http://policy.denr.gov.ph/1992/DENR_DAO_92-26.pdf" "Mozilla/5.0 (Windows NT 10.0; Win64; x64) AppleWebKit/537.36 (KHTML, like Gecko) Chrome/70.0.3538.102 Safari/537.36 Edge/18.18362"
180.232.100.162 - - [21/Jan/2020:08:46:21 +0800] "GET /1992/DENR_DAO_92-26.pdf HTTP/1.1" 206 3427 "http://policy.denr.gov.ph/1992/DENR_DAO_92-26.pdf" "Mozilla/5.0 (Windows NT 10.0; Win64; x64) AppleWebKit/537.36 (KHTML, like Gecko) Chrome/70.0.3538.102 Safari/537.36 Edge/18.18362"
203.84.186.106 - - [21/Jan/2020:08:46:27 +0800] "GET /favicon.ico HTTP/1.1" 404 209 "http://policy.denr.gov.ph/2003/dao2003-30.pdf" "Mozilla/5.0 (Windows NT 6.2; Win64; x64) AppleWebKit/537.36 (KHTML, like Gecko) Chrome/79.0.3945.117 Safari/537.36"
203.84.186.106 - - [21/Jan/2020:08:46:27 +0800] "GET /2003/dao2003-30.pdf HTTP/1.1" 200 2258816 "https://www.google.com/" "Mozilla/5.0 (Windows NT 6.2; Win64; x64) AppleWebKit/537.36 (KHTML, like Gecko) Chrome/79.0.3945.117 Safari/537.36"
110.54.248.254 - - [21/Jan/2020:08:48:00 +0800] "GET /2001/DENR_MO_2001-11.pdf HTTP/1.1" 200 29820 "https://www.google.com/" "Mozilla/5.0 (Windows NT 10.0; Win64; x64) AppleWebKit/537.36 (KHTML, like Gecko) Chrome/79.0.3945.130 Safari/537.36"
110.54.248.254 - - [21/Jan/2020:08:48:02 +0800] "GET /favicon.ico HTTP/1.1" 404 209 "http://policy.denr.gov.ph/2001/DENR_MO_2001-11.pdf" "Mozilla/5.0 (Windows NT 10.0; Win64; x64) AppleWebKit/537.36 (KHTML, like Gecko) Chrome/79.0.3945.130 Safari/537.36"
66.249.79.36 - - [21/Jan/2020:08:51:54 +0800] "GET /1992/FOR_C_92-01.pdf HTTP/1.1" 200 154780 "-" "Mozilla/5.0 (Linux; Android 6.0.1; Nexus 5X Build/MMB29P) AppleWebKit/537.36 (KHTML, like Gecko) Chrome/41.0.2272.96 Mobile Safari/537.36 (compatible; Googlebot/2.1; +http://www.google.com/bot.html)"
110.54.209.60 - - [21/Jan/2020:08:52:37 +0800] "GET /1997/MIN_DMO-97-07.pdf HTTP/1.1" 200 42357 "-" "Mozilla/5.0 (Linux; Android 5.1.1; A37f Build/LMY47V) AppleWebKit/537.36 (KHTML, like Gecko) Chrome/43.0.2357.93 Mobile Safari/537.36"
110.54.209.60 - - [21/Jan/2020:08:52:45 +0800] "GET /1997/MIN_DMO-97-07.pdf HTTP/1.1" 206 42357 "http://policy.denr.gov.ph/1997/MIN_DMO-97-07.pdf" "Dalvik/2.1.0 (Linux; U; Android 5.1.1; A37f Build/LMY47V)"
110.54.209.60 - - [21/Jan/2020:08:52:53 +0800] "GET /1997/MIN_DMO-97-07.pdf HTTP/1.1" 206 42357 "http://policy.denr.gov.ph/1997/MIN_DMO-97-07.pdf" "Dalvik/2.1.0 (Linux; U; Android 5.1.1; A37f Build/LMY47V)"
110.54.209.60 - - [21/Jan/2020:08:54:44 +0800] "GET /1997/MIN_DMO-97-07.pdf HTTP/1.1" 206 42357 "http://policy.denr.gov.ph/1997/MIN_DMO-97-07.pdf" "Dalvik/2.1.0 (Linux; U; Android 5.1.1; A37f Build/LMY47V)"
110.54.244.15 - - [21/Jan/2020:08:55:31 +0800] "GET /favicon.ico HTTP/1.1" 404 209 "http://policy.denr.gov.ph/2003/dao2003-30.pdf" "Mozilla/5.0 (Windows NT 6.3; Win64; x64) AppleWebKit/537.36 (KHTML, like Gecko) Chrome/79.0.3945.130 Safari/537.36"
110.54.244.15 - - [21/Jan/2020:08:55:30 +0800] "GET /2003/dao2003-30.pdf HTTP/1.1" 200 2258816 "https://www.google.com/" "Mozilla/5.0 (Windows NT 6.3; Win64; x64) AppleWebKit/537.36 (KHTML, like Gecko) Chrome/79.0.3945.130 Safari/537.36"
66.249.79.44 - - [21/Jan/2020:08:56:38 +0800] "GET /2002/dao_2002-05.pdf HTTP/1.1" 200 72640 "-" "Mozilla/5.0 (compatible; Googlebot/2.1; +http://www.google.com/bot.html)"
66.249.79.44 - - [21/Jan/2020:08:57:24 +0800] "GET /2002/dao_2002-05.pdf HTTP/1.1" 200 72640 "-" "Mozilla/5.0 (Linux; Android 6.0.1; Nexus 5X Build/MMB29P) AppleWebKit/537.36 (KHTML, like Gecko) Chrome/41.0.2272.96 Mobile Safari/537.36 (compatible; Googlebot/2.1; +http://www.google.com/bot.html)"
122.3.129.200 - - [21/Jan/2020:09:01:45 +0800] "GET /1988/FOR_DMO_1988-36.pdf HTTP/1.1" 200 52261 "https://www.google.com/" "Mozilla/5.0 (Windows NT 6.1; Win64; x64) AppleWebKit/537.36 (KHTML, like Gecko) Chrome/79.0.3945.117 Safari/537.36"
122.3.129.200 - - [21/Jan/2020:09:01:45 +0800] "GET /favicon.ico HTTP/1.1" 404 209 "http://policy.denr.gov.ph/1988/FOR_DMO_1988-36.pdf" "Mozilla/5.0 (Windows NT 6.1; Win64; x64) AppleWebKit/537.36 (KHTML, like Gecko) Chrome/79.0.3945.117 Safari/537.36"
203.82.41.91 - - [21/Jan/2020:09:02:40 +0800] "GET /2001/DENR_MO_2001-11.pdf HTTP/1.1" 200 29820 "https://www.google.com/" "Mozilla/5.0 (Windows NT 6.1; Win64; x64) AppleWebKit/537.36 (KHTML, like Gecko) Chrome/79.0.3945.130 Safari/537.36"
203.82.41.91 - - [21/Jan/2020:09:02:40 +0800] "GET /favicon.ico HTTP/1.1" 404 209 "http://policy.denr.gov.ph/2001/DENR_MO_2001-11.pdf" "Mozilla/5.0 (Windows NT 6.1; Win64; x64) AppleWebKit/537.36 (KHTML, like Gecko) Chrome/79.0.3945.130 Safari/537.36"
66.249.79.36 - - [21/Jan/2020:09:04:19 +0800] "GET /memo_order2004/memo_order2004-144.pdf HTTP/1.1" 200 38069 "-" "Mozilla/5.0 (Linux; Android 6.0.1; Nexus 5X Build/MMB29P) AppleWebKit/537.36 (KHTML, like Gecko) Chrome/41.0.2272.96 Mobile Safari/537.36 (compatible; Googlebot/2.1; +http://www.google.com/bot.html)"
124.105.34.65 - - [21/Jan/2020:09:09:17 +0800] "GET /pol-1997/dao04.pdf HTTP/1.1" 404 216 "https://denr.gov.ph/" "Mozilla/5.0 (Windows NT 10.0; Win64; x64) AppleWebKit/537.36 (KHTML, like Gecko) Chrome/80.0.3987.53 Safari/537.36"
122.53.222.251 - - [21/Jan/2020:09:09:20 +0800] "GET /1999/denrmo99-20.pdf HTTP/1.1" 200 15962 "https://denr.gov.ph/" "Mozilla/5.0 (Windows NT 10.0; Win64; x64) AppleWebKit/537.36 (KHTML, like Gecko) Chrome/79.0.3945.117 Safari/537.36"
122.53.222.251 - - [21/Jan/2020:09:09:20 +0800] "GET /favicon.ico HTTP/1.1" 404 209 "http://policy.denr.gov.ph/1999/denrmo99-20.pdf" "Mozilla/5.0 (Windows NT 10.0; Win64; x64) AppleWebKit/537.36 (KHTML, like Gecko) Chrome/79.0.3945.117 Safari/537.36"
110.54.129.114 - - [21/Jan/2020:09:08:34 +0800] "GET /pol-1998/SrvyMnl.pdf HTTP/1.1" 200 8138333 "-" "Mozilla/5.0 (iPhone; CPU iPhone OS 12_4_1 like Mac OS X) AppleWebKit/605.1.15 (KHTML, like Gecko) Version/12.1.2 Mobile/15E148 Safari/604.1"
49.145.202.167 - - [21/Jan/2020:09:10:11 +0800] "GET /1996/FOR_DAO_1996-24.pdf HTTP/1.1" 200 55397 "-" "Mozilla/5.0 (Windows NT 6.1) AppleWebKit/537.36 (KHTML, like Gecko) Chrome/79.0.3945.130 Safari/537.36"
49.145.202.167 - - [21/Jan/2020:09:10:12 +0800] "GET /favicon.ico HTTP/1.1" 404 209 "http://policy.denr.gov.ph/1996/FOR_DAO_1996-24.pdf" "Mozilla/5.0 (Windows NT 6.1) AppleWebKit/537.36 (KHTML, like Gecko) Chrome/79.0.3945.130 Safari/537.36"
40.77.167.168 - - [21/Jan/2020:09:11:19 +0800] "GET /1993/FOR_DAO-93-27.pdf HTTP/1.1" 304 - "-" "Mozilla/5.0 (compatible; bingbot/2.0; +http://www.bing.com/bingbot.htm)"
110.54.246.167 - - [21/Jan/2020:09:12:51 +0800] "GET /1997/FOR_DAO-97-04.pdf HTTP/1.1" 200 80137 "https://www.google.com/" "Mozilla/5.0 (Linux; Android 9; Redmi Note 7) AppleWebKit/537.36 (KHTML, like Gecko) Chrome/79.0.3945.116 Mobile Safari/537.36"
66.249.79.41 - - [21/Jan/2020:09:12:52 +0800] "GET /2005/dmc/dmc-2005-010.pdf HTTP/1.1" 200 189305 "-" "Mozilla/5.0 (Linux; Android 6.0.1; Nexus 5X Build/MMB29P) AppleWebKit/537.36 (KHTML, like Gecko) Chrome/41.0.2272.96 Mobile Safari/537.36 (compatible; Googlebot/2.1; +http://www.google.com/bot.html)"
110.54.151.193 - - [21/Jan/2020:09:13:17 +0800] "GET /basicpol/forcode/RA7161.pdf HTTP/1.1" 200 13604 "-" "Mozilla/5.0 (Linux; Android 9; SM-A750GN) AppleWebKit/537.36 (KHTML, like Gecko) Chrome/79.0.3945.116 Mobile Safari/537.36"
112.207.106.224 - - [21/Jan/2020:09:14:55 +0800] "GET /favicon.ico HTTP/1.1" 404 209 "http://policy.denr.gov.ph/2005/dao/dao2005-07.pdf" "Mozilla/5.0 (Macintosh; Intel Mac OS X 10_14_6) AppleWebKit/537.36 (KHTML, like Gecko) Chrome/79.0.3945.130 Safari/537.36"
112.207.106.224 - - [21/Jan/2020:09:14:55 +0800] "GET /2005/dao/dao2005-07.pdf HTTP/1.1" 200 787066 "http://oldwebsite.denr.gov.ph/section-policies/viewrec.php?id=2598&page=13&sort=identifier&filter=type&filterID=1&searchword=&fromyear=&frommonth=&fromdate=&toyear=&tomonth=&todate=&dateval=" "Mozilla/5.0 (Macintosh; Intel Mac OS X 10_14_6) AppleWebKit/537.36 (KHTML, like Gecko) Chrome/79.0.3945.130 Safari/537.36"
110.54.170.14 - - [21/Jan/2020:09:16:10 +0800] "GET /pol-1988/pol88.PDF HTTP/1.1" 200 1169932 "https://www.google.com/" "Mozilla/5.0 (Windows NT 6.3; Win64; x64) AppleWebKit/537.36 (KHTML, like Gecko) Chrome/78.0.3904.108 Safari/537.36"
110.54.170.14 - - [21/Jan/2020:09:16:12 +0800] "GET /favicon.ico HTTP/1.1" 404 209 "http://policy.denr.gov.ph/pol-1988/pol88.PDF" "Mozilla/5.0 (Windows NT 6.3; Win64; x64) AppleWebKit/537.36 (KHTML, like Gecko) Chrome/78.0.3904.108 Safari/537.36"
