66.249.66.218 - - [18/Jan/2020:14:05:16 +0800] "GET /1996/FOR_DAO_1996-24.pdf HTTP/1.1" 200 55397 "-" "Mozilla/5.0 (Linux; Android 6.0.1; Nexus 5X Build/MMB29P) AppleWebKit/537.36 (KHTML, like Gecko) Chrome/41.0.2272.96 Mobile Safari/537.36 (compatible; Googlebot/2.1; +http://www.google.com/bot.html)"
157.55.39.41 - - [18/Jan/2020:14:06:32 +0800] "GET /robots.txt HTTP/1.1" 404 208 "-" "Mozilla/5.0 (compatible; bingbot/2.0; +http://www.bing.com/bingbot.htm)"
216.244.66.245 - - [18/Jan/2020:14:07:14 +0800] "GET /1993/FOR_DAO-93-39.pdf HTTP/1.1" 200 48650 "-" "Mozilla/5.0 (compatible; DotBot/1.1; http://www.opensiteexplorer.org/dotbot, help@moz.com)"
216.244.66.245 - - [18/Jan/2020:14:07:20 +0800] "GET /1996/FOR_DAO_1996-30.pdf HTTP/1.1" 200 31589 "-" "Mozilla/5.0 (compatible; DotBot/1.1; http://www.opensiteexplorer.org/dotbot, help@moz.com)"
216.244.66.245 - - [18/Jan/2020:14:07:26 +0800] "GET /dao2004/dao2004-27.pdf HTTP/1.1" 200 79721 "-" "Mozilla/5.0 (compatible; DotBot/1.1; http://www.opensiteexplorer.org/dotbot, help@moz.com)"
216.244.66.245 - - [18/Jan/2020:14:07:23 +0800] "GET /2002/MC_2002-14.pdf HTTP/1.1" 200 353276 "-" "Mozilla/5.0 (compatible; DotBot/1.1; http://www.opensiteexplorer.org/dotbot, help@moz.com)"
216.244.66.245 - - [18/Jan/2020:14:09:44 +0800] "GET /pol-1997/dao06.pdf HTTP/1.1" 404 216 "-" "Mozilla/5.0 (compatible; DotBot/1.1; http://www.opensiteexplorer.org/dotbot, help@moz.com)"
216.244.66.245 - - [18/Jan/2020:14:09:45 +0800] "GET /pol-1998/jao03.pdf HTTP/1.1" 404 216 "-" "Mozilla/5.0 (compatible; DotBot/1.1; http://www.opensiteexplorer.org/dotbot, help@moz.com)"
216.244.66.245 - - [18/Jan/2020:14:09:46 +0800] "GET /2004/DMC/DMC-2004-15.pdf HTTP/1.1" 404 222 "-" "Mozilla/5.0 (compatible; DotBot/1.1; http://www.opensiteexplorer.org/dotbot, help@moz.com)"
110.54.176.99 - - [18/Jan/2020:14:10:52 +0800] "GET /pol-1998/SrvyMnl.pdf HTTP/1.1" 200 8138333 "-" "Mozilla/5.0 (iPhone; CPU iPhone OS 12_4_1 like Mac OS X) AppleWebKit/605.1.15 (KHTML, like Gecko) Version/12.1.2 Mobile/15E148 Safari/604.1"
207.46.13.165 - - [18/Jan/2020:14:17:17 +0800] "GET /1990/FOR_DMC_1990-22.pdf HTTP/1.1" 200 55259 "-" "Mozilla/5.0 (compatible; bingbot/2.0; +http://www.bing.com/bingbot.htm)"
207.46.13.165 - - [18/Jan/2020:14:17:16 +0800] "GET /2003/dao2003-30.pdf HTTP/1.1" 200 2258816 "-" "Mozilla/5.0 (compatible; bingbot/2.0; +http://www.bing.com/bingbot.htm)"
66.249.66.220 - - [18/Jan/2020:14:18:55 +0800] "GET /robots.txt HTTP/1.1" 404 208 "-" "Mozilla/5.0 (compatible; Googlebot/2.1; +http://www.google.com/bot.html)"
110.54.212.185 - - [18/Jan/2020:14:29:03 +0800] "GET /favicon.ico HTTP/1.1" 404 209 "http://policy.denr.gov.ph/dao2004/dao2004-33.pdf" "Mozilla/5.0 (iPhone; CPU iPhone OS 13_3 like Mac OS X) AppleWebKit/605.1.15 (KHTML, like Gecko) Version/13.0.4 Mobile/15E148 Safari/604.1"
120.29.116.207 - - [18/Jan/2020:14:31:41 +0800] "GET /1992/RA_1992_7607.pdf HTTP/1.1" 200 75507 "https://www.google.com/" "Mozilla/5.0 (Windows NT 6.1; Win64; x64) AppleWebKit/537.36 (KHTML, like Gecko) Chrome/79.0.3945.117 Safari/537.36"
120.29.116.207 - - [18/Jan/2020:14:31:43 +0800] "GET /favicon.ico HTTP/1.1" 404 209 "http://policy.denr.gov.ph/1992/RA_1992_7607.pdf" "Mozilla/5.0 (Windows NT 6.1; Win64; x64) AppleWebKit/537.36 (KHTML, like Gecko) Chrome/79.0.3945.117 Safari/537.36"
66.102.6.187 - - [18/Jan/2020:14:42:06 +0800] "GET /1999/fordao99-34.pdf HTTP/1.1" 200 36493 "-" "Mozilla/5.0 (X11; Linux x86_64) AppleWebKit/537.36 (KHTML, like Gecko) Chrome/49.0.2623.75 Safari/537.36 Google Favicon"
66.102.6.185 - - [18/Jan/2020:14:42:07 +0800] "GET /favicon.ico HTTP/1.1" 404 209 "-" "Mozilla/5.0 (X11; Linux x86_64) AppleWebKit/537.36 (KHTML, like Gecko) Chrome/49.0.2623.75 Safari/537.36 Google Favicon"
216.244.66.245 - - [18/Jan/2020:14:43:57 +0800] "GET /1994/PAWDAO_94-39.pdf HTTP/1.1" 200 32732 "-" "Mozilla/5.0 (compatible; DotBot/1.1; http://www.opensiteexplorer.org/dotbot, help@moz.com)"
216.244.66.245 - - [18/Jan/2020:14:44:02 +0800] "GET /1993/DAO1993-13.pdf HTTP/1.1" 200 143865 "-" "Mozilla/5.0 (compatible; DotBot/1.1; http://www.opensiteexplorer.org/dotbot, help@moz.com)"
216.244.66.245 - - [18/Jan/2020:14:44:03 +0800] "GET /2000/DAO_PAWB_2000-49.pdf HTTP/1.1" 200 19897 "-" "Mozilla/5.0 (compatible; DotBot/1.1; http://www.opensiteexplorer.org/dotbot, help@moz.com)"
216.244.66.245 - - [18/Jan/2020:14:44:11 +0800] "GET /1993/FOR_DAO-93-54.pdf HTTP/1.1" 200 155437 "-" "Mozilla/5.0 (compatible; DotBot/1.1; http://www.opensiteexplorer.org/dotbot, help@moz.com)"
216.244.66.245 - - [18/Jan/2020:14:44:01 +0800] "GET /1989/DAO1989-105.pdf HTTP/1.1" 200 121265 "-" "Mozilla/5.0 (compatible; DotBot/1.1; http://www.opensiteexplorer.org/dotbot, help@moz.com)"
216.244.66.245 - - [18/Jan/2020:14:44:06 +0800] "GET /2003/memorandum_circular/DMC2003-05.pdf HTTP/1.1" 200 667221 "-" "Mozilla/5.0 (compatible; DotBot/1.1; http://www.opensiteexplorer.org/dotbot, help@moz.com)"
216.244.66.245 - - [18/Jan/2020:14:46:27 +0800] "GET /pol-1997/dao21.pdf HTTP/1.1" 404 216 "-" "Mozilla/5.0 (compatible; DotBot/1.1; http://www.opensiteexplorer.org/dotbot, help@moz.com)"
96.126.124.146 - - [18/Jan/2020:14:47:57 +0800] "GET /1988/PP_1988-230.pdf HTTP/1.0" 200 17404 "-" "Mozilla/5.0 (Windows NT 10.0; Win64; x64) AppleWebKit/537.36 (KHTML, like Gecko) Chrome/74.0.3729.169 Safari/537.36"
66.249.66.220 - - [18/Jan/2020:14:55:18 +0800] "GET /1996/ENV_DAO_1996-37.pdf HTTP/1.1" 200 100433 "-" "Mozilla/5.0 (Linux; Android 6.0.1; Nexus 5X Build/MMB29P) AppleWebKit/537.36 (KHTML, like Gecko) Chrome/41.0.2272.96 Mobile Safari/537.36 (compatible; Googlebot/2.1; +http://www.google.com/bot.html)"
110.54.168.154 - - [18/Jan/2020:14:55:35 +0800] "GET /2000/DAO_FMB_2000-78.pdf HTTP/1.1" 200 41107 "https://denr.gov.ph/" "Mozilla/5.0 (Linux; Android 9; vivo 1907) AppleWebKit/537.36 (KHTML, like Gecko) Chrome/79.0.3945.116 Mobile Safari/537.36"
23.100.232.233 - - [18/Jan/2020:15:06:13 +0800] "GET /2000/ENV_DAO_2000-81.pdf HTTP/1.1" 200 299209 "http://www.bing.com/search?q=air+quality+denr&form=MSNH14&sc=8-4&sp=-1&qs=n&sk=" "Mozilla/5.0 (compatible; MSIE 9.0; Windows NT 6.1; Trident/5.0; Trident/5.0)"
130.105.53.184 - - [18/Jan/2020:15:08:47 +0800] "GET /favicon.ico HTTP/1.1" 404 209 "http://policy.denr.gov.ph/1993/FOR_DAO-93-58.pdf" "Mozilla/5.0 (Windows NT 10.0) AppleWebKit/537.36 (KHTML, like Gecko) Chrome/79.0.3945.130 Safari/537.36"
130.105.53.184 - - [18/Jan/2020:15:08:47 +0800] "GET /1993/FOR_DAO-93-58.pdf HTTP/1.1" 200 334127 "https://denr.gov.ph/" "Mozilla/5.0 (Windows NT 10.0) AppleWebKit/537.36 (KHTML, like Gecko) Chrome/79.0.3945.130 Safari/537.36"
49.144.200.175 - - [18/Jan/2020:15:20:27 +0800] "GET /2002/MC_2002-19.pdf HTTP/1.1" 200 164721 "https://www.denr.gov.ph/" "Mozilla/5.0 (Windows NT 6.3; Win64; x64) AppleWebKit/537.36 (KHTML, like Gecko) Chrome/79.0.3945.130 Safari/537.36"
49.144.200.175 - - [18/Jan/2020:15:20:27 +0800] "GET /favicon.ico HTTP/1.1" 404 209 "http://policy.denr.gov.ph/2002/MC_2002-19.pdf" "Mozilla/5.0 (Windows NT 6.3; Win64; x64) AppleWebKit/537.36 (KHTML, like Gecko) Chrome/79.0.3945.130 Safari/537.36"
49.144.200.175 - - [18/Jan/2020:15:22:25 +0800] "GET /2001/MC-PAWB2001-11.pdf HTTP/1.1" 200 14774 "https://www.denr.gov.ph/" "Mozilla/5.0 (Windows NT 6.3; Win64; x64) AppleWebKit/537.36 (KHTML, like Gecko) Chrome/79.0.3945.130 Safari/537.36"
49.144.200.175 - - [18/Jan/2020:15:23:04 +0800] "GET /2001/MC_FOR_2001-04.pdf HTTP/1.1" 200 56082 "https://www.denr.gov.ph/" "Mozilla/5.0 (Windows NT 6.3; Win64; x64) AppleWebKit/537.36 (KHTML, like Gecko) Chrome/79.0.3945.130 Safari/537.36"
110.54.156.190 - - [18/Jan/2020:15:23:33 +0800] "GET /favicon.ico HTTP/1.1" 404 209 "http://policy.denr.gov.ph/dao2004/dao2004-59.pdf" "Mozilla/5.0 (Windows NT 10.0; Win64; x64) AppleWebKit/537.36 (KHTML, like Gecko) Chrome/79.0.3945.117 Safari/537.36"
110.54.156.190 - - [18/Jan/2020:15:23:27 +0800] "GET /dao2004/dao2004-59.pdf HTTP/1.1" 200 1293457 "https://denr.gov.ph/" "Mozilla/5.0 (Windows NT 10.0; Win64; x64) AppleWebKit/537.36 (KHTML, like Gecko) Chrome/79.0.3945.117 Safari/537.36"
66.249.66.220 - - [18/Jan/2020:15:25:39 +0800] "GET /1999/denrmc99-25.pdf HTTP/1.1" 200 18658 "-" "Mozilla/5.0 (Linux; Android 6.0.1; Nexus 5X Build/MMB29P) AppleWebKit/537.36 (KHTML, like Gecko) Chrome/41.0.2272.96 Mobile Safari/537.36 (compatible; Googlebot/2.1; +http://www.google.com/bot.html)"
216.244.66.245 - - [18/Jan/2020:15:26:01 +0800] "GET /2003/dao2003-14.pdf HTTP/1.1" 200 2836828 "-" "Mozilla/5.0 (compatible; DotBot/1.1; http://www.opensiteexplorer.org/dotbot, help@moz.com)"
216.244.66.245 - - [18/Jan/2020:15:26:07 +0800] "GET /2003/dao2003-37.pdf HTTP/1.1" 200 178419 "-" "Mozilla/5.0 (compatible; DotBot/1.1; http://www.opensiteexplorer.org/dotbot, help@moz.com)"
152.32.73.178 - - [18/Jan/2020:15:28:23 +0800] "GET /1988/FOR_DAO_1988-33.pdf HTTP/1.1" 200 22223 "https://denr.gov.ph/" "Mozilla/5.0 (Windows NT 6.1; Win64; x64) AppleWebKit/537.36 (KHTML, like Gecko) Chrome/79.0.3945.117 Safari/537.36"
152.32.73.178 - - [18/Jan/2020:15:28:23 +0800] "GET /favicon.ico HTTP/1.1" 404 209 "http://policy.denr.gov.ph/1988/FOR_DAO_1988-33.pdf" "Mozilla/5.0 (Windows NT 6.1; Win64; x64) AppleWebKit/537.36 (KHTML, like Gecko) Chrome/79.0.3945.117 Safari/537.36"
216.244.66.245 - - [18/Jan/2020:15:28:27 +0800] "GET /1988/DENR_DAO_1988-20.pdf HTTP/1.1" 200 34773 "-" "Mozilla/5.0 (compatible; DotBot/1.1; http://www.opensiteexplorer.org/dotbot, help@moz.com)"
216.244.66.245 - - [18/Jan/2020:15:28:28 +0800] "GET /1988/FOR_DAO_1988-74.pdf HTTP/1.1" 200 13566 "-" "Mozilla/5.0 (compatible; DotBot/1.1; http://www.opensiteexplorer.org/dotbot, help@moz.com)"
216.244.66.245 - - [18/Jan/2020:15:28:32 +0800] "GET /1992/DENR_DAO_92-36.pdf HTTP/1.1" 200 20303 "-" "Mozilla/5.0 (compatible; DotBot/1.1; http://www.opensiteexplorer.org/dotbot, help@moz.com)"
216.244.66.245 - - [18/Jan/2020:15:28:34 +0800] "GET /1992/FOR_DMO_1992_05.pdf HTTP/1.1" 200 62682 "-" "Mozilla/5.0 (compatible; DotBot/1.1; http://www.opensiteexplorer.org/dotbot, help@moz.com)"
216.244.66.245 - - [18/Jan/2020:15:29:21 +0800] "GET /1992/PAWB_DAO_1992_41.pdf HTTP/1.1" 200 16937 "-" "Mozilla/5.0 (compatible; DotBot/1.1; http://www.opensiteexplorer.org/dotbot, help@moz.com)"
216.244.66.245 - - [18/Jan/2020:15:28:29 +0800] "GET /1989/DAO1989-22.pdf HTTP/1.1" 200 312448 "-" "Mozilla/5.0 (compatible; DotBot/1.1; http://www.opensiteexplorer.org/dotbot, help@moz.com)"
216.244.66.245 - - [18/Jan/2020:15:28:31 +0800] "GET /1991/fordao91-3.pdf HTTP/1.1" 200 736734 "-" "Mozilla/5.0 (compatible; DotBot/1.1; http://www.opensiteexplorer.org/dotbot, help@moz.com)"
216.244.66.245 - - [18/Jan/2020:15:31:41 +0800] "GET /1993/DAO1993-62.pdf HTTP/1.1" 200 136805 "-" "Mozilla/5.0 (compatible; DotBot/1.1; http://www.opensiteexplorer.org/dotbot, help@moz.com)"
110.54.213.251 - - [18/Jan/2020:15:32:44 +0800] "GET /pol-1998/SrvyMnl.pdf HTTP/1.1" 200 8138333 "-" "Mozilla/5.0 (iPhone; CPU iPhone OS 12_4_1 like Mac OS X) AppleWebKit/605.1.15 (KHTML, like Gecko) Version/12.1.2 Mobile/15E148 Safari/604.1"
216.244.66.245 - - [18/Jan/2020:15:34:01 +0800] "GET /1998/admin98-70.pdf HTTP/1.1" 200 15499 "-" "Mozilla/5.0 (compatible; DotBot/1.1; http://www.opensiteexplorer.org/dotbot, help@moz.com)"
216.244.66.245 - - [18/Jan/2020:15:34:07 +0800] "GET /1988/PAW_DAO_1988-59.pdf HTTP/1.1" 200 13169 "-" "Mozilla/5.0 (compatible; DotBot/1.1; http://www.opensiteexplorer.org/dotbot, help@moz.com)"
161.49.193.150 - - [18/Jan/2020:15:34:53 +0800] "GET /pol-2002/RA2002-9176.pdf HTTP/1.1" 404 222 "https://www.denr.gov.ph/" "Mozilla/5.0 (Windows NT 6.3; Win64; x64) AppleWebKit/537.36 (KHTML, like Gecko) Chrome/79.0.3945.130 Safari/537.36"
161.49.193.150 - - [18/Jan/2020:15:34:53 +0800] "GET /favicon.ico HTTP/1.1" 404 209 "http://policy.denr.gov.ph/pol-2002/RA2002-9176.pdf" "Mozilla/5.0 (Windows NT 6.3; Win64; x64) AppleWebKit/537.36 (KHTML, like Gecko) Chrome/79.0.3945.130 Safari/537.36"
216.244.66.245 - - [18/Jan/2020:15:34:06 +0800] "GET /dao2004/dao2004-37.pdf HTTP/1.1" 200 359998 "-" "Mozilla/5.0 (compatible; DotBot/1.1; http://www.opensiteexplorer.org/dotbot, help@moz.com)"
216.244.66.245 - - [18/Jan/2020:15:34:04 +0800] "GET /dao2004/dao2004-16.pdf HTTP/1.1" 200 583026 "-" "Mozilla/5.0 (compatible; DotBot/1.1; http://www.opensiteexplorer.org/dotbot, help@moz.com)"
216.244.66.245 - - [18/Jan/2020:15:34:08 +0800] "GET /1992/FOR_DMC_92-04.pdf HTTP/1.1" 200 155325 "-" "Mozilla/5.0 (compatible; DotBot/1.1; http://www.opensiteexplorer.org/dotbot, help@moz.com)"
161.49.193.150 - - [18/Jan/2020:15:35:13 +0800] "GET /pol-2002/RA2002-9176.pdf HTTP/1.1" 404 222 "https://www.denr.gov.ph/" "Mozilla/5.0 (Windows NT 6.3; Win64; x64) AppleWebKit/537.36 (KHTML, like Gecko) Chrome/79.0.3945.130 Safari/537.36"
66.249.66.216 - - [18/Jan/2020:15:35:56 +0800] "GET /2004/RA/ra_no9275.pdf HTTP/1.1" 200 1377776 "-" "Mozilla/5.0 (Linux; Android 6.0.1; Nexus 5X Build/MMB29P) AppleWebKit/537.36 (KHTML, like Gecko) Chrome/41.0.2272.96 Mobile Safari/537.36 (compatible; Googlebot/2.1; +http://www.google.com/bot.html)"
216.244.66.245 - - [18/Jan/2020:15:36:29 +0800] "GET /1992/FOR_DMC_92-05.pdf HTTP/1.1" 200 75308 "-" "Mozilla/5.0 (compatible; DotBot/1.1; http://www.opensiteexplorer.org/dotbot, help@moz.com)"
216.244.66.245 - - [18/Jan/2020:15:37:08 +0800] "GET /1998/dao98-04.pdf HTTP/1.1" 200 26964 "-" "Mozilla/5.0 (compatible; DotBot/1.1; http://www.opensiteexplorer.org/dotbot, help@moz.com)"
216.244.66.245 - - [18/Jan/2020:15:37:26 +0800] "GET /1998/denrmc98-17.pdf HTTP/1.1" 200 22506 "-" "Mozilla/5.0 (compatible; DotBot/1.1; http://www.opensiteexplorer.org/dotbot, help@moz.com)"
161.49.193.150 - - [18/Jan/2020:15:37:33 +0800] "GET /pol-2002/RA2002-9176.pdf HTTP/1.1" 404 222 "https://denr.gov.ph/" "Mozilla/5.0 (Windows NT 6.3; Win64; x64) AppleWebKit/537.36 (KHTML, like Gecko) Chrome/79.0.3945.130 Safari/537.36"
216.244.66.245 - - [18/Jan/2020:15:37:39 +0800] "GET /1999/denrmc99-25.pdf HTTP/1.1" 200 18658 "-" "Mozilla/5.0 (compatible; DotBot/1.1; http://www.opensiteexplorer.org/dotbot, help@moz.com)"
216.244.66.245 - - [18/Jan/2020:15:37:40 +0800] "GET /dao2004/dao2004-66.pdf HTTP/1.1" 200 38730 "-" "Mozilla/5.0 (compatible; DotBot/1.1; http://www.opensiteexplorer.org/dotbot, help@moz.com)"
216.244.66.245 - - [18/Jan/2020:15:37:42 +0800] "GET /2003/memorandum_circular/DMC2003-01.pdf HTTP/1.1" 200 32793 "-" "Mozilla/5.0 (compatible; DotBot/1.1; http://www.opensiteexplorer.org/dotbot, help@moz.com)"
216.244.66.245 - - [18/Jan/2020:15:40:01 +0800] "GET /2003/proclamation/proc442.pdf HTTP/1.1" 200 8532505 "-" "Mozilla/5.0 (compatible; DotBot/1.1; http://www.opensiteexplorer.org/dotbot, help@moz.com)"
66.249.66.218 - - [18/Jan/2020:15:42:37 +0800] "GET /2004/RA/ra_no9275.pdf HTTP/1.1" 200 1377776 "-" "Mozilla/5.0 (Linux; Android 6.0.1; Nexus 5X Build/MMB29P) AppleWebKit/537.36 (KHTML, like Gecko) Chrome/41.0.2272.96 Mobile Safari/537.36 (compatible; Googlebot/2.1; +http://www.google.com/bot.html)"
66.249.66.218 - - [18/Jan/2020:15:48:56 +0800] "GET /2004/RA/ra_no9275.pdf HTTP/1.1" 200 1377776 "-" "Mozilla/5.0 (Linux; Android 6.0.1; Nexus 5X Build/MMB29P) AppleWebKit/537.36 (KHTML, like Gecko) Chrome/41.0.2272.96 Mobile Safari/537.36 (compatible; Googlebot/2.1; +http://www.google.com/bot.html)"
66.249.66.220 - - [18/Jan/2020:15:56:05 +0800] "GET /1996/FOR_DAO_1996-24.pdf HTTP/1.1" 304 - "-" "Mozilla/5.0 (Linux; Android 6.0.1; Nexus 5X Build/MMB29P) AppleWebKit/537.36 (KHTML, like Gecko) Chrome/41.0.2272.96 Mobile Safari/537.36 (compatible; Googlebot/2.1; +http://www.google.com/bot.html)"
175.176.24.17 - - [18/Jan/2020:16:04:28 +0800] "GET /1999/fordao99-34.pdf HTTP/1.1" 200 36493 "-" "Dalvik/2.1.0 (Linux; U; Android 5.1.1; A37f Build/LMY47V)"
216.244.66.245 - - [18/Jan/2020:16:08:57 +0800] "GET /1991/admdao91-43.pdf HTTP/1.1" 200 83211 "-" "Mozilla/5.0 (compatible; DotBot/1.1; http://www.opensiteexplorer.org/dotbot, help@moz.com)"
216.244.66.245 - - [18/Jan/2020:16:09:06 +0800] "GET /1998/admin98-07.pdf HTTP/1.1" 200 15404 "-" "Mozilla/5.0 (compatible; DotBot/1.1; http://www.opensiteexplorer.org/dotbot, help@moz.com)"
216.244.66.245 - - [18/Jan/2020:16:09:08 +0800] "GET /1998/dao98-45.pdf HTTP/1.1" 200 27051 "-" "Mozilla/5.0 (compatible; DotBot/1.1; http://www.opensiteexplorer.org/dotbot, help@moz.com)"
216.244.66.245 - - [18/Jan/2020:16:09:11 +0800] "GET /2000/DAO_PAWB_2000-45.pdf HTTP/1.1" 200 29291 "-" "Mozilla/5.0 (compatible; DotBot/1.1; http://www.opensiteexplorer.org/dotbot, help@moz.com)"
216.244.66.245 - - [18/Jan/2020:16:09:12 +0800] "GET /2000/DAO_FMB_2000-78.pdf HTTP/1.1" 200 41107 "-" "Mozilla/5.0 (compatible; DotBot/1.1; http://www.opensiteexplorer.org/dotbot, help@moz.com)"
175.176.24.17 - - [18/Jan/2020:16:09:37 +0800] "GET /1999/fordao99-34.pdf HTTP/1.1" 200 36493 "-" "Dalvik/2.1.0 (Linux; U; Android 5.1.1; A37f Build/LMY47V)"
216.244.66.245 - - [18/Jan/2020:16:08:52 +0800] "GET /1989/DAO1989-57.pdf HTTP/1.1" 200 2029526 "-" "Mozilla/5.0 (compatible; DotBot/1.1; http://www.opensiteexplorer.org/dotbot, help@moz.com)"
216.244.66.245 - - [18/Jan/2020:16:10:00 +0800] "GET /2000/DENR_DAO_2000-53.pdf HTTP/1.1" 200 12790 "-" "Mozilla/5.0 (compatible; DotBot/1.1; http://www.opensiteexplorer.org/dotbot, help@moz.com)"
216.244.66.245 - - [18/Jan/2020:16:10:02 +0800] "GET /2003/dao2003-34.pdf HTTP/1.1" 200 36841 "-" "Mozilla/5.0 (compatible; DotBot/1.1; http://www.opensiteexplorer.org/dotbot, help@moz.com)"
216.244.66.245 - - [18/Jan/2020:16:10:02 +0800] "GET /2001/MC_FOR_2001-04.pdf HTTP/1.1" 200 56082 "-" "Mozilla/5.0 (compatible; DotBot/1.1; http://www.opensiteexplorer.org/dotbot, help@moz.com)"
216.244.66.245 - - [18/Jan/2020:16:10:03 +0800] "GET /1987/FOR_DAO_87_44.pdf HTTP/1.1" 200 75438 "-" "Mozilla/5.0 (compatible; DotBot/1.1; http://www.opensiteexplorer.org/dotbot, help@moz.com)"
216.244.66.245 - - [18/Jan/2020:16:10:09 +0800] "GET /1991/fordao91-57.pdf HTTP/1.1" 200 19139 "-" "Mozilla/5.0 (compatible; DotBot/1.1; http://www.opensiteexplorer.org/dotbot, help@moz.com)"
216.244.66.245 - - [18/Jan/2020:16:11:06 +0800] "GET /1993/Land_dao93-03.pdf HTTP/1.1" 200 135002 "-" "Mozilla/5.0 (compatible; DotBot/1.1; http://www.opensiteexplorer.org/dotbot, help@moz.com)"
66.249.66.218 - - [18/Jan/2020:16:12:39 +0800] "GET /1993/DAO1993-63.pdf HTTP/1.1" 200 1104499 "-" "Googlebot/2.1 (+http://www.google.com/bot.html)"
216.244.66.245 - - [18/Jan/2020:16:13:25 +0800] "GET /1999/mo99-26.pdf HTTP/1.1" 200 19266 "-" "Mozilla/5.0 (compatible; DotBot/1.1; http://www.opensiteexplorer.org/dotbot, help@moz.com)"
216.244.66.245 - - [18/Jan/2020:16:13:29 +0800] "GET /2001/DENR_DAO2001-27.pdf HTTP/1.1" 200 14325 "-" "Mozilla/5.0 (compatible; DotBot/1.1; http://www.opensiteexplorer.org/dotbot, help@moz.com)"
216.244.66.245 - - [18/Jan/2020:16:13:30 +0800] "GET /2001/DENR_MO_2001-02.pdf HTTP/1.1" 200 17907 "-" "Mozilla/5.0 (compatible; DotBot/1.1; http://www.opensiteexplorer.org/dotbot, help@moz.com)"
216.244.66.245 - - [18/Jan/2020:16:13:32 +0800] "GET /1989/DAO1989-50.pdf HTTP/1.1" 200 58517 "-" "Mozilla/5.0 (compatible; DotBot/1.1; http://www.opensiteexplorer.org/dotbot, help@moz.com)"
216.244.66.245 - - [18/Jan/2020:16:13:32 +0800] "GET /1989/DMO1989-03.pdf HTTP/1.1" 200 79047 "-" "Mozilla/5.0 (compatible; DotBot/1.1; http://www.opensiteexplorer.org/dotbot, help@moz.com)"
216.244.66.245 - - [18/Jan/2020:16:13:33 +0800] "GET /1993/DAO1993-07.pdf HTTP/1.1" 200 21840 "-" "Mozilla/5.0 (compatible; DotBot/1.1; http://www.opensiteexplorer.org/dotbot, help@moz.com)"
216.244.66.245 - - [18/Jan/2020:16:13:38 +0800] "GET /1993/FOR_DAO-93-53.pdf HTTP/1.1" 200 18533 "-" "Mozilla/5.0 (compatible; DotBot/1.1; http://www.opensiteexplorer.org/dotbot, help@moz.com)"
216.244.66.245 - - [18/Jan/2020:16:13:39 +0800] "GET /1994/ForMC_1994-06.pdf HTTP/1.1" 200 20015 "-" "Mozilla/5.0 (compatible; DotBot/1.1; http://www.opensiteexplorer.org/dotbot, help@moz.com)"
216.244.66.245 - - [18/Jan/2020:16:13:40 +0800] "GET /1994/Lan_MC_1994-37.pdf HTTP/1.1" 200 29776 "-" "Mozilla/5.0 (compatible; DotBot/1.1; http://www.opensiteexplorer.org/dotbot, help@moz.com)"
216.244.66.245 - - [18/Jan/2020:16:14:22 +0800] "GET /1994/MC_1994-17.pdf HTTP/1.1" 200 30670 "-" "Mozilla/5.0 (compatible; DotBot/1.1; http://www.opensiteexplorer.org/dotbot, help@moz.com)"
216.244.66.245 - - [18/Jan/2020:16:16:43 +0800] "GET /1997/ENV_DAO-97-15.pdf HTTP/1.1" 200 37560 "-" "Mozilla/5.0 (compatible; DotBot/1.1; http://www.opensiteexplorer.org/dotbot, help@moz.com)"
216.244.66.245 - - [18/Jan/2020:16:16:46 +0800] "GET /2001/MC_ENV_2001-09.pdf HTTP/1.1" 200 21325 "-" "Mozilla/5.0 (compatible; DotBot/1.1; http://www.opensiteexplorer.org/dotbot, help@moz.com)"
216.244.66.245 - - [18/Jan/2020:16:16:52 +0800] "GET /2003/memorandum_circular/DMC2003-08.pdf HTTP/1.1" 200 51791 "-" "Mozilla/5.0 (compatible; DotBot/1.1; http://www.opensiteexplorer.org/dotbot, help@moz.com)"
216.244.66.245 - - [18/Jan/2020:16:16:49 +0800] "GET /dao2004/dao2004-40.pdf HTTP/1.1" 200 269881 "-" "Mozilla/5.0 (compatible; DotBot/1.1; http://www.opensiteexplorer.org/dotbot, help@moz.com)"
216.244.66.245 - - [18/Jan/2020:16:16:50 +0800] "GET /1993/FOR_MC_1993-20.pdf HTTP/1.1" 200 167135 "-" "Mozilla/5.0 (compatible; DotBot/1.1; http://www.opensiteexplorer.org/dotbot, help@moz.com)"
66.249.66.216 - - [18/Jan/2020:16:32:07 +0800] "GET /1988/FOR_DAO_1988-97.pdf HTTP/1.1" 200 55558 "-" "Mozilla/5.0 (Linux; Android 6.0.1; Nexus 5X Build/MMB29P) AppleWebKit/537.36 (KHTML, like Gecko) Chrome/41.0.2272.96 Mobile Safari/537.36 (compatible; Googlebot/2.1; +http://www.google.com/bot.html)"
112.198.74.218 - - [18/Jan/2020:16:42:07 +0800] "GET /1996/FOR_DAO_1996-29.pdf HTTP/1.1" 200 96381 "http://www.google.com/" "Mozilla/5.0 (Linux; Android 9; CPH1819) AppleWebKit/537.36 (KHTML, like Gecko) Chrome/74.0.3729.136 Mobile Safari/537.36"
175.176.24.17 - - [18/Jan/2020:16:42:37 +0800] "GET /1999/fordao99-34.pdf HTTP/1.1" 200 36493 "-" "Dalvik/2.1.0 (Linux; U; Android 5.1.1; A37f Build/LMY47V)"
175.176.24.17 - - [18/Jan/2020:16:46:32 +0800] "GET /1999/fordao99-34.pdf HTTP/1.1" 200 36493 "-" "Dalvik/2.1.0 (Linux; U; Android 5.1.1; A37f Build/LMY47V)"
175.176.24.17 - - [18/Jan/2020:16:48:33 +0800] "GET /1999/fordao99-34.pdf HTTP/1.1" 200 36493 "-" "Dalvik/2.1.0 (Linux; U; Android 5.1.1; A37f Build/LMY47V)"
216.244.66.245 - - [18/Jan/2020:16:52:21 +0800] "GET /1988/FOR_DMO_1988-36.pdf HTTP/1.1" 200 52261 "-" "Mozilla/5.0 (compatible; DotBot/1.1; http://www.opensiteexplorer.org/dotbot, help@moz.com)"
216.244.66.245 - - [18/Jan/2020:16:52:27 +0800] "GET /2000/FMB_MC_00-22.pdf HTTP/1.1" 200 63579 "-" "Mozilla/5.0 (compatible; DotBot/1.1; http://www.opensiteexplorer.org/dotbot, help@moz.com)"
216.244.66.245 - - [18/Jan/2020:16:52:41 +0800] "GET /1989/DMO1989-02.pdf HTTP/1.1" 200 53815 "-" "Mozilla/5.0 (compatible; DotBot/1.1; http://www.opensiteexplorer.org/dotbot, help@moz.com)"
216.244.66.245 - - [18/Jan/2020:16:54:34 +0800] "GET /1990/DENR_DMO_1990-13.pdf HTTP/1.1" 200 70617 "-" "Mozilla/5.0 (compatible; DotBot/1.1; http://www.opensiteexplorer.org/dotbot, help@moz.com)"
216.244.66.245 - - [18/Jan/2020:16:53:44 +0800] "GET /1990/DENR_DAO_1990-38.pdf HTTP/1.1" 200 884228 "-" "Mozilla/5.0 (compatible; DotBot/1.1; http://www.opensiteexplorer.org/dotbot, help@moz.com)"
66.249.66.218 - - [18/Jan/2020:16:56:20 +0800] "GET /1991/admdao91-64.pdf HTTP/1.1" 200 307137 "-" "Mozilla/5.0 (Linux; Android 6.0.1; Nexus 5X Build/MMB29P) AppleWebKit/537.36 (KHTML, like Gecko) Chrome/41.0.2272.96 Mobile Safari/537.36 (compatible; Googlebot/2.1; +http://www.google.com/bot.html)"
216.244.66.245 - - [18/Jan/2020:16:56:28 +0800] "GET /1991/landao91-51.pdf HTTP/1.1" 200 22243 "-" "Mozilla/5.0 (compatible; DotBot/1.1; http://www.opensiteexplorer.org/dotbot, help@moz.com)"
216.244.66.245 - - [18/Jan/2020:16:55:37 +0800] "GET /1990/FOR_DAO_1990-78.pdf HTTP/1.1" 200 539944 "-" "Mozilla/5.0 (compatible; DotBot/1.1; http://www.opensiteexplorer.org/dotbot, help@moz.com)"
216.244.66.245 - - [18/Jan/2020:16:56:37 +0800] "GET /1994/ForDao_1994-33.pdf HTTP/1.1" 200 35612 "-" "Mozilla/5.0 (compatible; DotBot/1.1; http://www.opensiteexplorer.org/dotbot, help@moz.com)"
216.244.66.245 - - [18/Jan/2020:16:56:39 +0800] "GET /1998/admin98-18.pdf HTTP/1.1" 200 32783 "-" "Mozilla/5.0 (compatible; DotBot/1.1; http://www.opensiteexplorer.org/dotbot, help@moz.com)"
216.244.66.245 - - [18/Jan/2020:16:56:40 +0800] "GET /1987/FOR_DMO_87_09.pdf HTTP/1.1" 200 13762 "-" "Mozilla/5.0 (compatible; DotBot/1.1; http://www.opensiteexplorer.org/dotbot, help@moz.com)"
216.244.66.245 - - [18/Jan/2020:16:56:42 +0800] "GET /1991/pawsmc91-12.pdf HTTP/1.1" 200 45933 "-" "Mozilla/5.0 (compatible; DotBot/1.1; http://www.opensiteexplorer.org/dotbot, help@moz.com)"
216.244.66.245 - - [18/Jan/2020:16:56:42 +0800] "GET /1993/FOR_DAO-93-65.pdf HTTP/1.1" 200 105832 "-" "Mozilla/5.0 (compatible; DotBot/1.1; http://www.opensiteexplorer.org/dotbot, help@moz.com)"
216.244.66.245 - - [18/Jan/2020:16:56:43 +0800] "GET /1994/PAWDAO_94-04.pdf HTTP/1.1" 200 218276 "-" "Mozilla/5.0 (compatible; DotBot/1.1; http://www.opensiteexplorer.org/dotbot, help@moz.com)"
216.244.66.245 - - [18/Jan/2020:16:56:51 +0800] "GET /1995/FOR_DAO1995-14.pdf HTTP/1.1" 200 1735788 "-" "Mozilla/5.0 (compatible; DotBot/1.1; http://www.opensiteexplorer.org/dotbot, help@moz.com)"
49.144.12.128 - - [18/Jan/2020:16:58:41 +0800] "GET /2000/JT_CIR_DOF-DBM.pdf HTTP/1.1" 200 32243 "https://www.google.com/" "Mozilla/5.0 (Windows NT 10.0; Win64; x64) AppleWebKit/537.36 (KHTML, like Gecko) Chrome/79.0.3945.117 Safari/537.36"
49.144.12.128 - - [18/Jan/2020:16:58:43 +0800] "GET /favicon.ico HTTP/1.1" 404 209 "http://policy.denr.gov.ph/2000/JT_CIR_DOF-DBM.pdf" "Mozilla/5.0 (Windows NT 10.0; Win64; x64) AppleWebKit/537.36 (KHTML, like Gecko) Chrome/79.0.3945.117 Safari/537.36"
216.244.66.245 - - [18/Jan/2020:16:59:11 +0800] "GET /2002/mo2002-10.pdf HTTP/1.1" 200 50490 "-" "Mozilla/5.0 (compatible; DotBot/1.1; http://www.opensiteexplorer.org/dotbot, help@moz.com)"
66.249.66.216 - - [18/Jan/2020:16:59:54 +0800] "GET /1994/ForDao_1994-07.pdf HTTP/1.1" 200 339222 "-" "Mozilla/5.0 (Linux; Android 6.0.1; Nexus 5X Build/MMB29P) AppleWebKit/537.36 (KHTML, like Gecko) Chrome/41.0.2272.96 Mobile Safari/537.36 (compatible; Googlebot/2.1; +http://www.google.com/bot.html)"
216.244.66.245 - - [18/Jan/2020:17:01:31 +0800] "GET /dao2004/dao2004-08.pdf HTTP/1.1" 200 262300 "-" "Mozilla/5.0 (compatible; DotBot/1.1; http://www.opensiteexplorer.org/dotbot, help@moz.com)"
66.249.82.189 - - [18/Jan/2020:17:03:42 +0800] "GET /1988/FOR_DMO_1988-36.pdf HTTP/1.1" 200 52261 "https://www.google.com/" "Mozilla/5.0 (Linux; Android 9; YAL-L21) AppleWebKit/537.36 (KHTML, like Gecko) Chrome/79.0.3945.116 Mobile Safari/537.36"
66.249.82.189 - - [18/Jan/2020:17:03:42 +0800] "GET /1988/FOR_DMO_1988-36.pdf HTTP/1.1" 200 52261 "https://www.google.com/" "Mozilla/5.0 (Linux; Android 9; YAL-L21) AppleWebKit/537.36 (KHTML, like Gecko) Chrome/79.0.3945.116 Mobile Safari/537.36"
216.244.66.245 - - [18/Jan/2020:17:03:51 +0800] "GET /2003/memorandum_circular/memo_circular2003-21.pdf HTTP/1.1" 200 176492 "-" "Mozilla/5.0 (compatible; DotBot/1.1; http://www.opensiteexplorer.org/dotbot, help@moz.com)"
66.249.82.189 - - [18/Jan/2020:17:11:53 +0800] "GET /2000/DAO_FMB_2000-83.pdf HTTP/1.1" 200 43307 "https://www.google.com/" "Mozilla/5.0 (Linux; Android 10; SM-M305M) AppleWebKit/537.36 (KHTML, like Gecko) Chrome/79.0.3945.116 Mobile Safari/537.36"
66.249.66.218 - - [18/Jan/2020:17:23:42 +0800] "GET /1995/DENR_DAO1995-02.pdf HTTP/1.1" 304 - "-" "Mozilla/5.0 (Linux; Android 6.0.1; Nexus 5X Build/MMB29P) AppleWebKit/537.36 (KHTML, like Gecko) Chrome/41.0.2272.96 Mobile Safari/537.36 (compatible; Googlebot/2.1; +http://www.google.com/bot.html)"
66.249.66.216 - - [18/Jan/2020:17:27:52 +0800] "GET /1995/FOR_MO1995-03.pdf HTTP/1.1" 200 41625 "-" "Mozilla/5.0 (Linux; Android 6.0.1; Nexus 5X Build/MMB29P) AppleWebKit/537.36 (KHTML, like Gecko) Chrome/41.0.2272.96 Mobile Safari/537.36 (compatible; Googlebot/2.1; +http://www.google.com/bot.html)"
66.249.66.220 - - [18/Jan/2020:17:30:51 +0800] "GET /1996/MemoAgreement_Mun_Alabel-Sarangani.pdf HTTP/1.1" 200 24631 "-" "Mozilla/5.0 (Linux; Android 6.0.1; Nexus 5X Build/MMB29P) AppleWebKit/537.36 (KHTML, like Gecko) Chrome/41.0.2272.96 Mobile Safari/537.36 (compatible; Googlebot/2.1; +http://www.google.com/bot.html)"
216.244.66.245 - - [18/Jan/2020:17:35:31 +0800] "GET /1994/ForDao_1994-16.pdf HTTP/1.1" 200 47222 "-" "Mozilla/5.0 (compatible; DotBot/1.1; http://www.opensiteexplorer.org/dotbot, help@moz.com)"
66.249.66.218 - - [18/Jan/2020:17:35:38 +0800] "GET /pol-1989/y89indx.pdf HTTP/1.1" 200 62014 "-" "Mozilla/5.0 (Linux; Android 6.0.1; Nexus 5X Build/MMB29P) AppleWebKit/537.36 (KHTML, like Gecko) Chrome/41.0.2272.96 Mobile Safari/537.36 (compatible; Googlebot/2.1; +http://www.google.com/bot.html)"
216.244.66.245 - - [18/Jan/2020:17:35:40 +0800] "GET /1998/dao98-62.pdf HTTP/1.1" 200 32420 "-" "Mozilla/5.0 (compatible; DotBot/1.1; http://www.opensiteexplorer.org/dotbot, help@moz.com)"
216.244.66.245 - - [18/Jan/2020:17:35:59 +0800] "GET /1999/formo99-29.pdf HTTP/1.1" 200 25542 "-" "Mozilla/5.0 (compatible; DotBot/1.1; http://www.opensiteexplorer.org/dotbot, help@moz.com)"
216.244.66.245 - - [18/Jan/2020:17:36:14 +0800] "GET /1987/FOR_DAO_87_03.pdf HTTP/1.1" 200 20388 "-" "Mozilla/5.0 (compatible; DotBot/1.1; http://www.opensiteexplorer.org/dotbot, help@moz.com)"
216.244.66.245 - - [18/Jan/2020:17:36:16 +0800] "GET /1987/FOR_DAO_87_58.pdf HTTP/1.1" 200 16665 "-" "Mozilla/5.0 (compatible; DotBot/1.1; http://www.opensiteexplorer.org/dotbot, help@moz.com)"
216.244.66.245 - - [18/Jan/2020:17:36:16 +0800] "GET /1987/FOR_DAO_87_57.pdf HTTP/1.1" 200 21216 "-" "Mozilla/5.0 (compatible; DotBot/1.1; http://www.opensiteexplorer.org/dotbot, help@moz.com)"
216.244.66.245 - - [18/Jan/2020:17:36:18 +0800] "GET /1989/DAO1989-122.pdf HTTP/1.1" 200 50231 "-" "Mozilla/5.0 (compatible; DotBot/1.1; http://www.opensiteexplorer.org/dotbot, help@moz.com)"
216.244.66.245 - - [18/Jan/2020:17:36:24 +0800] "GET /1991/fordao91-65.pdf HTTP/1.1" 200 97674 "-" "Mozilla/5.0 (compatible; DotBot/1.1; http://www.opensiteexplorer.org/dotbot, help@moz.com)"
216.244.66.245 - - [18/Jan/2020:17:36:27 +0800] "GET /1992/FOR_DAO_1992_50.pdf HTTP/1.1" 200 78424 "-" "Mozilla/5.0 (compatible; DotBot/1.1; http://www.opensiteexplorer.org/dotbot, help@moz.com)"
216.244.66.245 - - [18/Jan/2020:17:36:31 +0800] "GET /1998/pawdao98-29.pdf HTTP/1.1" 200 17015 "-" "Mozilla/5.0 (compatible; DotBot/1.1; http://www.opensiteexplorer.org/dotbot, help@moz.com)"
216.244.66.245 - - [18/Jan/2020:17:36:39 +0800] "GET /1999/denrmo99-23.pdf HTTP/1.1" 200 13686 "-" "Mozilla/5.0 (compatible; DotBot/1.1; http://www.opensiteexplorer.org/dotbot, help@moz.com)"
216.244.66.245 - - [18/Jan/2020:17:36:41 +0800] "GET /1988/MIN_DAO_1988-93.pdf HTTP/1.1" 200 10389 "-" "Mozilla/5.0 (compatible; DotBot/1.1; http://www.opensiteexplorer.org/dotbot, help@moz.com)"
216.244.66.245 - - [18/Jan/2020:17:36:42 +0800] "GET /1992/DENR_DAO_92-05.pdf HTTP/1.1" 200 64173 "-" "Mozilla/5.0 (compatible; DotBot/1.1; http://www.opensiteexplorer.org/dotbot, help@moz.com)"
216.244.66.245 - - [18/Jan/2020:17:39:03 +0800] "GET /pol-1997/dao28.pdf HTTP/1.1" 404 216 "-" "Mozilla/5.0 (compatible; DotBot/1.1; http://www.opensiteexplorer.org/dotbot, help@moz.com)"
216.244.66.245 - - [18/Jan/2020:17:39:04 +0800] "GET /2005/dmc/DMC-2005-12.pdf HTTP/1.1" 404 222 "-" "Mozilla/5.0 (compatible; DotBot/1.1; http://www.opensiteexplorer.org/dotbot, help@moz.com)"
216.244.66.245 - - [18/Jan/2020:17:39:06 +0800] "GET /2005/Memorandum_Orders/DMO-2005-05.pdf HTTP/1.1" 404 236 "-" "Mozilla/5.0 (compatible; DotBot/1.1; http://www.opensiteexplorer.org/dotbot, help@moz.com)"
216.244.66.245 - - [18/Jan/2020:17:39:05 +0800] "GET /2003/memorandum_circular/DMC2003-16.pdf HTTP/1.1" 200 122662 "-" "Mozilla/5.0 (compatible; DotBot/1.1; http://www.opensiteexplorer.org/dotbot, help@moz.com)"
216.244.66.245 - - [18/Jan/2020:17:39:07 +0800] "GET /2005/Memorandum_Orders/mo-2005-15.pdf HTTP/1.1" 200 102391 "-" "Mozilla/5.0 (compatible; DotBot/1.1; http://www.opensiteexplorer.org/dotbot, help@moz.com)"
110.54.219.159 - - [18/Jan/2020:17:42:52 +0800] "GET /1999/fordao99-34.pdf HTTP/1.1" 200 36493 "-" "Mozilla/5.0 (Android 9; Mobile; rv:68.0) Gecko/68.0 Firefox/68.0"
175.158.216.67 - - [18/Jan/2020:17:52:42 +0800] "GET /pol-1989/other.pdf HTTP/1.1" 200 153367 "https://www.google.com/" "Mozilla/5.0 (Linux; Android 7.0; LGMS428) AppleWebKit/537.36 (KHTML, like Gecko) Chrome/79.0.3945.116 Mobile Safari/537.36"
66.249.79.44 - - [18/Jan/2020:17:54:35 +0800] "GET /pol-1992/formc92.pdf HTTP/1.1" 200 1734382 "-" "Mozilla/5.0 (Linux; Android 6.0.1; Nexus 5X Build/MMB29P) AppleWebKit/537.36 (KHTML, like Gecko) Chrome/41.0.2272.96 Mobile Safari/537.36 (compatible; Googlebot/2.1; +http://www.google.com/bot.html)"
66.249.79.44 - - [18/Jan/2020:18:07:55 +0800] "GET /1999/fordao99-46.pdf HTTP/1.1" 200 38096 "-" "Mozilla/5.0 (Linux; Android 6.0.1; Nexus 5X Build/MMB29P) AppleWebKit/537.36 (KHTML, like Gecko) Chrome/41.0.2272.96 Mobile Safari/537.36 (compatible; Googlebot/2.1; +http://www.google.com/bot.html)"
216.244.66.245 - - [18/Jan/2020:18:19:42 +0800] "GET /2000/MIN_DMO_2000_03.pdf HTTP/1.1" 200 25369 "-" "Mozilla/5.0 (compatible; DotBot/1.1; http://www.opensiteexplorer.org/dotbot, help@moz.com)"
216.244.66.245 - - [18/Jan/2020:18:19:46 +0800] "GET /pol-2001/pol01.pdf HTTP/1.1" 200 1020012 "-" "Mozilla/5.0 (compatible; DotBot/1.1; http://www.opensiteexplorer.org/dotbot, help@moz.com)"
157.55.39.165 - - [18/Jan/2020:18:20:40 +0800] "GET /1999/ra8749.pdf HTTP/1.1" 200 143836 "-" "Mozilla/5.0 (compatible; bingbot/2.0; +http://www.bing.com/bingbot.htm)"
216.244.66.245 - - [18/Jan/2020:18:22:07 +0800] "GET /1992/FOR_DAO_1992_22.pdf HTTP/1.1" 200 33830 "-" "Mozilla/5.0 (compatible; DotBot/1.1; http://www.opensiteexplorer.org/dotbot, help@moz.com)"
216.244.66.245 - - [18/Jan/2020:18:24:27 +0800] "GET /1998/dao98-66.pdf HTTP/1.1" 200 17378 "-" "Mozilla/5.0 (compatible; DotBot/1.1; http://www.opensiteexplorer.org/dotbot, help@moz.com)"
216.244.66.245 - - [18/Jan/2020:18:24:28 +0800] "GET /2000/ENV_DMC_2000_12.pdf HTTP/1.1" 200 21055 "-" "Mozilla/5.0 (compatible; DotBot/1.1; http://www.opensiteexplorer.org/dotbot, help@moz.com)"
216.244.66.245 - - [18/Jan/2020:18:24:30 +0800] "GET /2001/DAO_FMB2001-01.pdf HTTP/1.1" 200 35663 "-" "Mozilla/5.0 (compatible; DotBot/1.1; http://www.opensiteexplorer.org/dotbot, help@moz.com)"
216.244.66.245 - - [18/Jan/2020:18:24:32 +0800] "GET /1988/DENR_DAO_1988-01.pdf HTTP/1.1" 200 133850 "-" "Mozilla/5.0 (compatible; DotBot/1.1; http://www.opensiteexplorer.org/dotbot, help@moz.com)"
216.244.66.245 - - [18/Jan/2020:18:24:32 +0800] "GET /1989/DMO1989-04.pdf HTTP/1.1" 200 285255 "-" "Mozilla/5.0 (compatible; DotBot/1.1; http://www.opensiteexplorer.org/dotbot, help@moz.com)"
216.244.66.245 - - [18/Jan/2020:18:26:53 +0800] "GET /1994/ForMC_1994-04.pdf HTTP/1.1" 200 420981 "-" "Mozilla/5.0 (compatible; DotBot/1.1; http://www.opensiteexplorer.org/dotbot, help@moz.com)"
216.244.66.245 - - [18/Jan/2020:18:29:13 +0800] "GET /1998/admin98-06.pdf HTTP/1.1" 200 17681 "-" "Mozilla/5.0 (compatible; DotBot/1.1; http://www.opensiteexplorer.org/dotbot, help@moz.com)"
66.249.79.44 - - [18/Jan/2020:18:30:57 +0800] "GET /memo_order2004/memo_order2004-04.pdf HTTP/1.1" 200 61867 "-" "Mozilla/5.0 (Linux; Android 6.0.1; Nexus 5X Build/MMB29P) AppleWebKit/537.36 (KHTML, like Gecko) Chrome/41.0.2272.96 Mobile Safari/537.36 (compatible; Googlebot/2.1; +http://www.google.com/bot.html)"
216.244.66.245 - - [18/Jan/2020:18:31:33 +0800] "GET /1998/jointdenr-dotmemocirc.98-02.pdf HTTP/1.1" 200 32164 "-" "Mozilla/5.0 (compatible; DotBot/1.1; http://www.opensiteexplorer.org/dotbot, help@moz.com)"
216.244.66.245 - - [18/Jan/2020:18:31:34 +0800] "GET /1999/formc99-29.pdf HTTP/1.1" 200 23569 "-" "Mozilla/5.0 (compatible; DotBot/1.1; http://www.opensiteexplorer.org/dotbot, help@moz.com)"
216.244.66.245 - - [18/Jan/2020:18:31:35 +0800] "GET /2001/DENR_MO_2001-14.pdf HTTP/1.1" 200 37888 "-" "Mozilla/5.0 (compatible; DotBot/1.1; http://www.opensiteexplorer.org/dotbot, help@moz.com)"
216.244.66.245 - - [18/Jan/2020:18:31:36 +0800] "GET /pol-1996/dao27.pdf HTTP/1.1" 404 216 "-" "Mozilla/5.0 (compatible; DotBot/1.1; http://www.opensiteexplorer.org/dotbot, help@moz.com)"
66.249.79.41 - - [18/Jan/2020:18:32:08 +0800] "GET /1992/DENR_DAO_92-26.pdf HTTP/1.1" 304 - "-" "Mozilla/5.0 (Linux; Android 6.0.1; Nexus 5X Build/MMB29P) AppleWebKit/537.36 (KHTML, like Gecko) Chrome/41.0.2272.96 Mobile Safari/537.36 (compatible; Googlebot/2.1; +http://www.google.com/bot.html)"
216.244.66.245 - - [18/Jan/2020:18:35:02 +0800] "GET /pol-1998/dao68pdf HTTP/1.1" 404 215 "-" "Mozilla/5.0 (compatible; DotBot/1.1; http://www.opensiteexplorer.org/dotbot, help@moz.com)"
157.55.39.162 - - [18/Jan/2020:18:37:16 +0800] "GET /1997/PAWB_DAO-97-17.pdf HTTP/1.1" 200 52058 "-" "Mozilla/5.0 (compatible; bingbot/2.0; +http://www.bing.com/bingbot.htm)"
157.55.39.162 - - [18/Jan/2020:18:37:17 +0800] "GET /1998/admin98-26.pdf HTTP/1.1" 200 13288 "-" "Mozilla/5.0 (compatible; bingbot/2.0; +http://www.bing.com/bingbot.htm)"
157.55.39.162 - - [18/Jan/2020:18:37:17 +0800] "GET /2002/dao_2002-25.pdf HTTP/1.1" 200 941875 "-" "Mozilla/5.0 (compatible; bingbot/2.0; +http://www.bing.com/bingbot.htm)"
66.249.79.41 - - [18/Jan/2020:18:57:55 +0800] "GET /pol-1992/formc92.pdf HTTP/1.1" 200 1734382 "-" "Mozilla/5.0 (Linux; Android 6.0.1; Nexus 5X Build/MMB29P) AppleWebKit/537.36 (KHTML, like Gecko) Chrome/41.0.2272.96 Mobile Safari/537.36 (compatible; Googlebot/2.1; +http://www.google.com/bot.html)"
110.54.172.118 - - [18/Jan/2020:19:01:56 +0800] "GET /2000/ENV_DAO_2000-81.pdf HTTP/1.1" 200 299209 "-" "Mozilla/5.0 (iPhone; CPU iPhone OS 12_3_1 like Mac OS X) AppleWebKit/605.1.15 (KHTML, like Gecko) Version/12.1.1 Mobile/15E148 Safari/604.1"
110.54.172.118 - - [18/Jan/2020:19:02:05 +0800] "GET /apple-touch-icon-120x120-precomposed.png HTTP/1.1" 404 238 "-" "MobileSafari/604.1 CFNetwork/978.0.7 Darwin/18.6.0"
110.54.172.118 - - [18/Jan/2020:19:02:06 +0800] "GET /apple-touch-icon-120x120.png HTTP/1.1" 404 226 "-" "MobileSafari/604.1 CFNetwork/978.0.7 Darwin/18.6.0"
110.54.172.118 - - [18/Jan/2020:19:02:06 +0800] "GET /apple-touch-icon-precomposed.png HTTP/1.1" 404 230 "-" "MobileSafari/604.1 CFNetwork/978.0.7 Darwin/18.6.0"
110.54.172.118 - - [18/Jan/2020:19:02:06 +0800] "GET /apple-touch-icon.png HTTP/1.1" 404 218 "-" "MobileSafari/604.1 CFNetwork/978.0.7 Darwin/18.6.0"
110.54.172.118 - - [18/Jan/2020:19:02:06 +0800] "GET /favicon.ico HTTP/1.1" 404 209 "-" "MobileSafari/604.1 CFNetwork/978.0.7 Darwin/18.6.0"
110.54.172.118 - - [18/Jan/2020:19:02:06 +0800] "GET /apple-touch-icon-120x120-precomposed.png HTTP/1.1" 404 238 "-" "MobileSafari/604.1 CFNetwork/978.0.7 Darwin/18.6.0"
110.54.172.118 - - [18/Jan/2020:19:02:06 +0800] "GET /apple-touch-icon-120x120.png HTTP/1.1" 404 226 "-" "MobileSafari/604.1 CFNetwork/978.0.7 Darwin/18.6.0"
110.54.172.118 - - [18/Jan/2020:19:02:07 +0800] "GET /apple-touch-icon-precomposed.png HTTP/1.1" 404 230 "-" "MobileSafari/604.1 CFNetwork/978.0.7 Darwin/18.6.0"
110.54.172.118 - - [18/Jan/2020:19:02:07 +0800] "GET /apple-touch-icon.png HTTP/1.1" 404 218 "-" "MobileSafari/604.1 CFNetwork/978.0.7 Darwin/18.6.0"
110.54.172.118 - - [18/Jan/2020:19:02:07 +0800] "GET /favicon.ico HTTP/1.1" 404 209 "-" "MobileSafari/604.1 CFNetwork/978.0.7 Darwin/18.6.0"
110.54.160.34 - - [18/Jan/2020:19:02:45 +0800] "GET /1988/PAW_DMO_1988-13.pdf HTTP/1.1" 200 18165 "-" "Dalvik/2.1.0 (Linux; U; Android 5.1; Lenovo A1010a20 Build/LMY47I)"
66.249.79.41 - - [18/Jan/2020:19:03:04 +0800] "GET /2000/DAO_FMB_2000-83.pdf HTTP/1.1" 200 43307 "-" "Mozilla/5.0 (Linux; Android 6.0.1; Nexus 5X Build/MMB29P) AppleWebKit/537.36 (KHTML, like Gecko) Chrome/41.0.2272.96 Mobile Safari/537.36 (compatible; Googlebot/2.1; +http://www.google.com/bot.html)"
66.249.79.36 - - [18/Jan/2020:19:03:41 +0800] "GET /1995/Rep_Act-1995-8041.pdf HTTP/1.1" 200 228822 "-" "Mozilla/5.0 (Linux; Android 6.0.1; Nexus 5X Build/MMB29P) AppleWebKit/537.36 (KHTML, like Gecko) Chrome/41.0.2272.96 Mobile Safari/537.36 (compatible; Googlebot/2.1; +http://www.google.com/bot.html)"
66.249.79.36 - - [18/Jan/2020:19:05:28 +0800] "GET /2006/dao/JointDAO-2006-001.pdf HTTP/1.1" 304 - "-" "Mozilla/5.0 (Linux; Android 6.0.1; Nexus 5X Build/MMB29P) AppleWebKit/537.36 (KHTML, like Gecko) Chrome/41.0.2272.96 Mobile Safari/537.36 (compatible; Googlebot/2.1; +http://www.google.com/bot.html)"
178.197.233.201 - - [18/Jan/2020:19:19:19 +0800] "GET /1999/fordao99-34.pdf HTTP/1.1" 200 36493 "-" "Mozilla/5.0 (iPhone; CPU iPhone OS 12_1_4 like Mac OS X) AppleWebKit/605.1.15 (KHTML, like Gecko) Version/12.0 Mobile/15E148 Safari/604.1"
178.197.233.201 - - [18/Jan/2020:19:19:20 +0800] "GET /apple-touch-icon-120x120-precomposed.png HTTP/1.1" 404 238 "-" "MobileSafari/604.1 CFNetwork/976 Darwin/18.2.0"
178.197.233.201 - - [18/Jan/2020:19:19:21 +0800] "GET /apple-touch-icon-120x120.png HTTP/1.1" 404 226 "-" "MobileSafari/604.1 CFNetwork/976 Darwin/18.2.0"
178.197.233.201 - - [18/Jan/2020:19:19:21 +0800] "GET /apple-touch-icon-precomposed.png HTTP/1.1" 404 230 "-" "MobileSafari/604.1 CFNetwork/976 Darwin/18.2.0"
178.197.233.201 - - [18/Jan/2020:19:19:21 +0800] "GET /apple-touch-icon.png HTTP/1.1" 404 218 "-" "MobileSafari/604.1 CFNetwork/976 Darwin/18.2.0"
178.197.233.201 - - [18/Jan/2020:19:19:22 +0800] "GET /favicon.ico HTTP/1.1" 404 209 "-" "MobileSafari/604.1 CFNetwork/976 Darwin/18.2.0"
178.197.233.201 - - [18/Jan/2020:19:19:22 +0800] "GET /apple-touch-icon-120x120-precomposed.png HTTP/1.1" 404 238 "-" "MobileSafari/604.1 CFNetwork/976 Darwin/18.2.0"
178.197.233.201 - - [18/Jan/2020:19:19:22 +0800] "GET /apple-touch-icon-120x120.png HTTP/1.1" 404 226 "-" "MobileSafari/604.1 CFNetwork/976 Darwin/18.2.0"
178.197.233.201 - - [18/Jan/2020:19:19:23 +0800] "GET /apple-touch-icon-precomposed.png HTTP/1.1" 404 230 "-" "MobileSafari/604.1 CFNetwork/976 Darwin/18.2.0"
178.197.233.201 - - [18/Jan/2020:19:19:23 +0800] "GET /apple-touch-icon.png HTTP/1.1" 404 218 "-" "MobileSafari/604.1 CFNetwork/976 Darwin/18.2.0"
178.197.233.201 - - [18/Jan/2020:19:19:23 +0800] "GET /favicon.ico HTTP/1.1" 404 209 "-" "MobileSafari/604.1 CFNetwork/976 Darwin/18.2.0"
216.244.66.245 - - [18/Jan/2020:19:24:28 +0800] "GET /1987/PAWB_DAO_87_14.pdf HTTP/1.1" 200 33438 "-" "Mozilla/5.0 (compatible; DotBot/1.1; http://www.opensiteexplorer.org/dotbot, help@moz.com)"
216.244.66.245 - - [18/Jan/2020:19:24:31 +0800] "GET /1988/FOR_DAO_1988-03.pdf HTTP/1.1" 200 18590 "-" "Mozilla/5.0 (compatible; DotBot/1.1; http://www.opensiteexplorer.org/dotbot, help@moz.com)"
216.244.66.245 - - [18/Jan/2020:19:24:36 +0800] "GET /1992/PAWB_DAO_1992_04.pdf HTTP/1.1" 200 37938 "-" "Mozilla/5.0 (compatible; DotBot/1.1; http://www.opensiteexplorer.org/dotbot, help@moz.com)"
216.244.66.245 - - [18/Jan/2020:19:24:39 +0800] "GET /1999/denrmo99-21.pdf HTTP/1.1" 200 18038 "-" "Mozilla/5.0 (compatible; DotBot/1.1; http://www.opensiteexplorer.org/dotbot, help@moz.com)"
216.244.66.245 - - [18/Jan/2020:19:24:32 +0800] "GET /1992/FOR_DMO_92-06.pdf HTTP/1.1" 200 454473 "-" "Mozilla/5.0 (compatible; DotBot/1.1; http://www.opensiteexplorer.org/dotbot, help@moz.com)"
216.244.66.245 - - [18/Jan/2020:19:25:23 +0800] "GET /2002/mo2002-02.pdf HTTP/1.1" 200 189495 "-" "Mozilla/5.0 (compatible; DotBot/1.1; http://www.opensiteexplorer.org/dotbot, help@moz.com)"
39.32.162.201 - - [18/Jan/2020:19:27:11 +0800] "GET / HTTP/1.1" 200 10373 "http://progressive-seo.com" "Mozilla/5.0 (Windows NT 10.0; Win64; x64) AppleWebKit/537.36 (KHTML, like Gecko) Chrome/74.0.3729.169 Safari/537.36"
66.249.82.187 - - [18/Jan/2020:19:27:43 +0800] "GET /basicpol/forcode/RA7161.pdf HTTP/1.1" 200 13604 "https://www.google.com/" "Mozilla/5.0 (Linux; Android 6.0.1; vivo 1606) AppleWebKit/537.36 (KHTML, like Gecko) Chrome/76.0.3809.89 Mobile Safari/537.36"
216.244.66.245 - - [18/Jan/2020:19:27:45 +0800] "GET /1991/landmc91-13.pdf HTTP/1.1" 200 74855 "-" "Mozilla/5.0 (compatible; DotBot/1.1; http://www.opensiteexplorer.org/dotbot, help@moz.com)"
216.244.66.245 - - [18/Jan/2020:19:30:05 +0800] "GET /1997/ADM_DMO-97-06.pdf HTTP/1.1" 200 16982 "-" "Mozilla/5.0 (compatible; DotBot/1.1; http://www.opensiteexplorer.org/dotbot, help@moz.com)"
216.244.66.245 - - [18/Jan/2020:19:30:07 +0800] "GET /1997/PAWB_DAO-97-12.pdf HTTP/1.1" 200 14151 "-" "Mozilla/5.0 (compatible; DotBot/1.1; http://www.opensiteexplorer.org/dotbot, help@moz.com)"
216.244.66.245 - - [18/Jan/2020:19:30:09 +0800] "GET /dao2004/dao2004-09.pdf HTTP/1.1" 200 11028 "-" "Mozilla/5.0 (compatible; DotBot/1.1; http://www.opensiteexplorer.org/dotbot, help@moz.com)"
216.244.66.245 - - [18/Jan/2020:19:30:10 +0800] "GET /pol-1997/dao27.pdf HTTP/1.1" 404 216 "-" "Mozilla/5.0 (compatible; DotBot/1.1; http://www.opensiteexplorer.org/dotbot, help@moz.com)"
216.244.66.245 - - [18/Jan/2020:19:30:11 +0800] "GET /1990/FOR_DMC_1990-10.pdf HTTP/1.1" 200 53502 "-" "Mozilla/5.0 (compatible; DotBot/1.1; http://www.opensiteexplorer.org/dotbot, help@moz.com)"
216.244.66.245 - - [18/Jan/2020:19:30:13 +0800] "GET /1994/ForMC_1994-05.pdf HTTP/1.1" 200 152915 "-" "Mozilla/5.0 (compatible; DotBot/1.1; http://www.opensiteexplorer.org/dotbot, help@moz.com)"
216.244.66.245 - - [18/Jan/2020:19:30:13 +0800] "GET /2004/DMC/DMC-2004-12.pdf HTTP/1.1" 404 222 "-" "Mozilla/5.0 (compatible; DotBot/1.1; http://www.opensiteexplorer.org/dotbot, help@moz.com)"
216.244.66.245 - - [18/Jan/2020:19:30:16 +0800] "GET /2005/Memorandum_Orders/DMO-2005-14.pdf HTTP/1.1" 404 236 "-" "Mozilla/5.0 (compatible; DotBot/1.1; http://www.opensiteexplorer.org/dotbot, help@moz.com)"
216.244.66.245 - - [18/Jan/2020:19:30:15 +0800] "GET /2003/memorandum_circular/memo_circular2003-13.pdf HTTP/1.1" 200 246989 "-" "Mozilla/5.0 (compatible; DotBot/1.1; http://www.opensiteexplorer.org/dotbot, help@moz.com)"
66.249.79.44 - - [18/Jan/2020:19:34:36 +0800] "GET /2002/dao_2002-21.pdf HTTP/1.1" 200 394850 "-" "Mozilla/5.0 (Linux; Android 6.0.1; Nexus 5X Build/MMB29P) AppleWebKit/537.36 (KHTML, like Gecko) Chrome/41.0.2272.96 Mobile Safari/537.36 (compatible; Googlebot/2.1; +http://www.google.com/bot.html)"
66.249.79.36 - - [18/Jan/2020:19:35:26 +0800] "GET /1999/fordao99-34.pdf HTTP/1.1" 200 36493 "-" "Mozilla/5.0 (Linux; Android 6.0.1; Nexus 5X Build/MMB29P) AppleWebKit/537.36 (KHTML, like Gecko) Chrome/41.0.2272.96 Mobile Safari/537.36 (compatible; Googlebot/2.1; +http://www.google.com/bot.html)"
66.249.79.41 - - [18/Jan/2020:19:36:59 +0800] "GET /1997/PP_97-1062.log HTTP/1.1" 304 - "-" "Mozilla/5.0 (Linux; Android 6.0.1; Nexus 5X Build/MMB29P) AppleWebKit/537.36 (KHTML, like Gecko) Chrome/41.0.2272.96 Mobile Safari/537.36 (compatible; Googlebot/2.1; +http://www.google.com/bot.html)"
37.211.159.152 - - [18/Jan/2020:19:42:32 +0800] "GET /wp-login.php HTTP/1.1" 404 210 "-" "Mozilla/5.0 (Windows NT 6.1; WOW64; rv:40.0) Gecko/20100101 Firefox/40.1"
37.211.159.152 - - [18/Jan/2020:19:42:32 +0800] "GET / HTTP/1.1" 200 10373 "-" "Mozilla/5.0 (Windows NT 6.1; WOW64; rv:40.0) Gecko/20100101 Firefox/40.1"
66.249.79.36 - - [18/Jan/2020:19:43:32 +0800] "GET /2005/proclamation/proc_no873.pdf HTTP/1.1" 200 109792 "-" "Mozilla/5.0 (Linux; Android 6.0.1; Nexus 5X Build/MMB29P) AppleWebKit/537.36 (KHTML, like Gecko) Chrome/41.0.2272.96 Mobile Safari/537.36 (compatible; Googlebot/2.1; +http://www.google.com/bot.html)"
114.108.236.44 - - [18/Jan/2020:20:01:38 +0800] "GET /1987/FOR_DAO_87_78.pdf HTTP/1.1" 200 52013 "-" "Mozilla/5.0 (Windows NT 10.0; Win64; x64) AppleWebKit/537.36 (KHTML, like Gecko) Chrome/79.0.3945.130 Safari/537.36"
114.108.236.44 - - [18/Jan/2020:20:01:38 +0800] "GET /favicon.ico HTTP/1.1" 404 209 "http://policy.denr.gov.ph/1987/FOR_DAO_87_78.pdf" "Mozilla/5.0 (Windows NT 10.0; Win64; x64) AppleWebKit/537.36 (KHTML, like Gecko) Chrome/79.0.3945.130 Safari/537.36"
49.146.2.172 - - [18/Jan/2020:20:07:39 +0800] "GET /pol-1998/SrvyMnl.pdf HTTP/1.1" 200 8138333 "-" "Mozilla/5.0 (iPad; CPU OS 12_4_3 like Mac OS X) AppleWebKit/605.1.15 (KHTML, like Gecko) Version/12.1.2 Mobile/15E148 Safari/604.1"
66.249.79.36 - - [18/Jan/2020:20:09:21 +0800] "GET /2000/ENV_DAO_2000-81.pdf HTTP/1.1" 200 299209 "-" "Mozilla/5.0 (Linux; Android 6.0.1; Nexus 5X Build/MMB29P) AppleWebKit/537.36 (KHTML, like Gecko) Chrome/41.0.2272.96 Mobile Safari/537.36 (compatible; Googlebot/2.1; +http://www.google.com/bot.html)"
66.249.79.44 - - [18/Jan/2020:20:12:26 +0800] "GET /1989/DMC1989-24.pdf HTTP/1.1" 304 - "-" "Mozilla/5.0 (Linux; Android 6.0.1; Nexus 5X Build/MMB29P) AppleWebKit/537.36 (KHTML, like Gecko) Chrome/41.0.2272.96 Mobile Safari/537.36 (compatible; Googlebot/2.1; +http://www.google.com/bot.html)"
2.50.146.103 - - [18/Jan/2020:20:13:34 +0800] "GET /favicon.ico HTTP/1.1" 404 209 "http://policy.denr.gov.ph/pol-1998/dao98-24.pdf" "Mozilla/5.0 (Windows NT 10.0; Win64; x64) AppleWebKit/537.36 (KHTML, like Gecko) Chrome/79.0.3945.117 Safari/537.36"
2.50.146.103 - - [18/Jan/2020:20:13:33 +0800] "GET /pol-1998/dao98-24.pdf HTTP/1.1" 200 6263890 "https://www.google.com/" "Mozilla/5.0 (Windows NT 10.0; Win64; x64) AppleWebKit/537.36 (KHTML, like Gecko) Chrome/79.0.3945.117 Safari/537.36"
2.50.146.103 - - [18/Jan/2020:20:13:34 +0800] "GET /pol-1998/dao98-24.pdf HTTP/1.1" 206 627794 "http://policy.denr.gov.ph/pol-1998/dao98-24.pdf" "Mozilla/5.0 (Windows NT 10.0; Win64; x64) AppleWebKit/537.36 (KHTML, like Gecko) Chrome/79.0.3945.117 Safari/537.36"
2.50.146.103 - - [18/Jan/2020:20:13:36 +0800] "GET /pol-1998/dao98-24.pdf HTTP/1.1" 206 5570560 "http://policy.denr.gov.ph/pol-1998/dao98-24.pdf" "Mozilla/5.0 (Windows NT 10.0; Win64; x64) AppleWebKit/537.36 (KHTML, like Gecko) Chrome/79.0.3945.117 Safari/537.36"
