66.249.79.44 - - [21/Jan/2020:17:08:36 +0800] "GET /1998/dao98-10.pdf HTTP/1.1" 200 20870 "-" "Mozilla/5.0 (Linux; Android 6.0.1; Nexus 5X Build/MMB29P) AppleWebKit/537.36 (KHTML, like Gecko) Chrome/41.0.2272.96 Mobile Safari/537.36 (compatible; Googlebot/2.1; +http://www.google.com/bot.html)"
110.54.166.178 - - [21/Jan/2020:17:10:41 +0800] "GET /2003/dao2003-30.pdf HTTP/1.1" 200 2258816 "https://www.google.com/" "Mozilla/5.0 (Linux; Android 9; Mi Note 10) AppleWebKit/537.36 (KHTML, like Gecko) Chrome/79.0.3945.116 Mobile Safari/537.36"
110.54.166.178 - - [21/Jan/2020:17:10:15 +0800] "GET /2005/Memorandum_Orders/dmo-2005-021.pdf HTTP/1.1" 200 1288744 "https://www.google.com/" "Mozilla/5.0 (Linux; Android 9; Mi Note 10) AppleWebKit/537.36 (KHTML, like Gecko) Chrome/79.0.3945.116 Mobile Safari/537.36"
121.58.228.186 - - [21/Jan/2020:17:18:28 +0800] "GET /favicon.ico HTTP/1.1" 404 209 "http://policy.denr.gov.ph/2003/dao2003-30.pdf" "Mozilla/5.0 (Macintosh; Intel Mac OS X 10_14_6) AppleWebKit/537.36 (KHTML, like Gecko) Chrome/78.0.3904.108 Safari/537.36"
121.58.228.186 - - [21/Jan/2020:17:18:28 +0800] "GET /2003/dao2003-30.pdf HTTP/1.1" 200 2258816 "https://www.google.com/" "Mozilla/5.0 (Macintosh; Intel Mac OS X 10_14_6) AppleWebKit/537.36 (KHTML, like Gecko) Chrome/78.0.3904.108 Safari/537.36"
66.249.82.185 - - [21/Jan/2020:17:23:35 +0800] "GET /1991/fordao91-4.pdf HTTP/1.1" 200 675260 "https://denr.gov.ph/" "Mozilla/5.0 (Linux; Android 7.1.1; ASUS_X00HD) AppleWebKit/537.36 (KHTML, like Gecko) Chrome/79.0.3945.116 Mobile Safari/537.36"
110.54.247.185 - - [21/Jan/2020:17:23:55 +0800] "GET /favicon.ico HTTP/1.1" 404 209 "http://policy.denr.gov.ph/1999/fordao99-34.pdf" "Mozilla/5.0 (Windows NT 6.1) AppleWebKit/537.36 (KHTML, like Gecko) Chrome/79.0.3945.117 Safari/537.36"
66.249.79.41 - - [21/Jan/2020:17:30:12 +0800] "GET /1993/DAO1993-63.pdf HTTP/1.1" 200 1104499 "-" "Mozilla/5.0 (Linux; Android 6.0.1; Nexus 5X Build/MMB29P) AppleWebKit/537.36 (KHTML, like Gecko) Chrome/41.0.2272.96 Mobile Safari/537.36 (compatible; Googlebot/2.1; +http://www.google.com/bot.html)"
66.249.79.41 - - [21/Jan/2020:17:30:14 +0800] "GET /1993/DAO1993-63.pdf HTTP/1.1" 200 1104499 "-" "Mozilla/5.0 (compatible; Googlebot/2.1; +http://www.google.com/bot.html)"
49.150.6.127 - - [21/Jan/2020:17:35:14 +0800] "GET /favicon.ico HTTP/1.1" 404 209 "http://policy.denr.gov.ph/dao2004/dao2004-29.pdf" "Mozilla/5.0 (Windows NT 10.0; Win64; x64) AppleWebKit/537.36 (KHTML, like Gecko) Chrome/79.0.3945.130 Safari/537.36"
49.150.6.127 - - [21/Jan/2020:17:35:14 +0800] "GET /dao2004/dao2004-29.pdf HTTP/1.1" 200 2073071 "https://denr.gov.ph/" "Mozilla/5.0 (Windows NT 10.0; Win64; x64) AppleWebKit/537.36 (KHTML, like Gecko) Chrome/79.0.3945.130 Safari/537.36"
110.54.180.243 - - [21/Jan/2020:17:35:53 +0800] "GET /2005/dao/dao2005-10.pdf HTTP/1.1" 200 3293315 "https://denr.gov.ph/" "Mozilla/5.0 (iPhone; CPU iPhone OS 12_4 like Mac OS X) AppleWebKit/605.1.15 (KHTML, like Gecko) Version/12.1.2 Mobile/15E148 Safari/604.1"
110.54.180.243 - - [21/Jan/2020:17:35:58 +0800] "GET /favicon.ico HTTP/1.1" 404 209 "http://policy.denr.gov.ph/2005/dao/dao2005-10.pdf" "Mozilla/5.0 (iPhone; CPU iPhone OS 12_4 like Mac OS X) AppleWebKit/605.1.15 (KHTML, like Gecko) Version/12.1.2 Mobile/15E148 Safari/604.1"
66.249.79.41 - - [21/Jan/2020:17:41:29 +0800] "GET /2000/ENV_DAO_2000-02.pdf HTTP/1.1" 200 47259 "-" "Mozilla/5.0 (Linux; Android 6.0.1; Nexus 5X Build/MMB29P) AppleWebKit/537.36 (KHTML, like Gecko) Chrome/41.0.2272.96 Mobile Safari/537.36 (compatible; Googlebot/2.1; +http://www.google.com/bot.html)"
110.54.186.70 - - [21/Jan/2020:17:41:35 +0800] "GET /2000/DAO_FMB_2000-21.pdf HTTP/1.1" 200 33721 "https://www.google.com/" "Mozilla/5.0 (Windows NT 6.3; Win64; x64) AppleWebKit/537.36 (KHTML, like Gecko) Chrome/79.0.3945.117 Safari/537.36"
110.54.186.70 - - [21/Jan/2020:17:41:35 +0800] "GET /favicon.ico HTTP/1.1" 404 209 "http://policy.denr.gov.ph/2000/DAO_FMB_2000-21.pdf" "Mozilla/5.0 (Windows NT 6.3; Win64; x64) AppleWebKit/537.36 (KHTML, like Gecko) Chrome/79.0.3945.117 Safari/537.36"
66.249.79.36 - - [21/Jan/2020:17:42:26 +0800] "GET /1997/FOR_DAO-97-08.pdf HTTP/1.1" 200 34160 "-" "Mozilla/5.0 (Linux; Android 6.0.1; Nexus 5X Build/MMB29P) AppleWebKit/537.36 (KHTML, like Gecko) Chrome/41.0.2272.96 Mobile Safari/537.36 (compatible; Googlebot/2.1; +http://www.google.com/bot.html)"
66.249.79.44 - - [21/Jan/2020:17:42:55 +0800] "GET /1993/FOR_DAO-93-23.pdf HTTP/1.1" 200 494367 "-" "Mozilla/5.0 (Linux; Android 6.0.1; Nexus 5X Build/MMB29P) AppleWebKit/537.36 (KHTML, like Gecko) Chrome/41.0.2272.96 Mobile Safari/537.36 (compatible; Googlebot/2.1; +http://www.google.com/bot.html)"
110.54.146.207 - - [21/Jan/2020:17:43:29 +0800] "GET /dao2004/dao2004-24.pdf HTTP/1.1" 200 398094 "-" "Mozilla/5.0 (Macintosh; Intel Mac OS X 10_14_5) AppleWebKit/605.1.15 (KHTML, like Gecko)"
66.249.79.36 - - [21/Jan/2020:17:43:30 +0800] "GET /1992/FOR_DAO_1992_16.pdf HTTP/1.1" 200 65917 "-" "Mozilla/5.0 (Linux; Android 6.0.1; Nexus 5X Build/MMB29P) AppleWebKit/537.36 (KHTML, like Gecko) Chrome/41.0.2272.96 Mobile Safari/537.36 (compatible; Googlebot/2.1; +http://www.google.com/bot.html)"
58.69.24.178 - - [21/Jan/2020:17:43:53 +0800] "GET /2000/ENV_DAO_2000-81.pdf HTTP/1.1" 200 299209 "https://www.google.com/" "Mozilla/5.0 (Windows NT 6.3; Win64; x64) AppleWebKit/537.36 (KHTML, like Gecko) Chrome/79.0.3945.117 Safari/537.36"
58.69.24.178 - - [21/Jan/2020:17:43:55 +0800] "GET /favicon.ico HTTP/1.1" 404 209 "http://policy.denr.gov.ph/2000/ENV_DAO_2000-81.pdf" "Mozilla/5.0 (Windows NT 6.3; Win64; x64) AppleWebKit/537.36 (KHTML, like Gecko) Chrome/79.0.3945.117 Safari/537.36"
58.69.24.178 - - [21/Jan/2020:17:44:01 +0800] "GET /2000/ENV_DAO_2000-81.pdf HTTP/1.1" 200 299209 "http://policy.denr.gov.ph/2000/ENV_DAO_2000-81.pdf" "Mozilla/5.0 (Windows NT 6.3; Win64; x64) AppleWebKit/537.36 (KHTML, like Gecko) Chrome/79.0.3945.117 Safari/537.36"
66.249.79.44 - - [21/Jan/2020:17:44:19 +0800] "GET /1992/FOR_DAO_1992_03.pdf HTTP/1.1" 200 103503 "-" "Mozilla/5.0 (Linux; Android 6.0.1; Nexus 5X Build/MMB29P) AppleWebKit/537.36 (KHTML, like Gecko) Chrome/41.0.2272.96 Mobile Safari/537.36 (compatible; Googlebot/2.1; +http://www.google.com/bot.html)"
110.54.146.207 - - [21/Jan/2020:17:44:31 +0800] "GET /favicon.ico HTTP/1.1" 404 209 "-" "Safari/14607.2.6.1.1 CFNetwork/978.0.7 Darwin/18.6.0 (x86_64)"
110.54.146.207 - - [21/Jan/2020:17:44:31 +0800] "GET /apple-touch-icon-precomposed.png HTTP/1.1" 404 230 "-" "Safari/14607.2.6.1.1 CFNetwork/978.0.7 Darwin/18.6.0 (x86_64)"
110.54.146.207 - - [21/Jan/2020:17:44:31 +0800] "GET /apple-touch-icon.png HTTP/1.1" 404 218 "-" "Safari/14607.2.6.1.1 CFNetwork/978.0.7 Darwin/18.6.0 (x86_64)"
110.54.146.207 - - [21/Jan/2020:17:44:31 +0800] "GET /favicon.ico HTTP/1.1" 404 209 "-" "Safari/14607.2.6.1.1 CFNetwork/978.0.7 Darwin/18.6.0 (x86_64)"
110.54.146.207 - - [21/Jan/2020:17:44:31 +0800] "GET /dao2004/dao2004-24.pdf HTTP/1.1" 200 398094 "-" "Mozilla/5.0 (iPhone; CPU iPhone OS 12_1_3 like Mac OS X) AppleWebKit/605.1.15 (KHTML, like Gecko) Version/12.0 Mobile/15E148 Safari/604.1"
110.54.146.207 - - [21/Jan/2020:17:44:32 +0800] "GET /apple-touch-icon-precomposed.png HTTP/1.1" 404 230 "-" "Safari/14607.2.6.1.1 CFNetwork/978.0.7 Darwin/18.6.0 (x86_64)"
110.54.146.207 - - [21/Jan/2020:17:44:32 +0800] "GET /apple-touch-icon.png HTTP/1.1" 404 218 "-" "Safari/14607.2.6.1.1 CFNetwork/978.0.7 Darwin/18.6.0 (x86_64)"
110.54.146.207 - - [21/Jan/2020:17:44:32 +0800] "GET /favicon.ico HTTP/1.1" 404 209 "-" "Safari/14607.2.6.1.1 CFNetwork/978.0.7 Darwin/18.6.0 (x86_64)"
110.54.146.207 - - [21/Jan/2020:17:44:32 +0800] "GET /apple-touch-icon-precomposed.png HTTP/1.1" 404 230 "-" "Safari/14607.2.6.1.1 CFNetwork/978.0.7 Darwin/18.6.0 (x86_64)"
110.54.146.207 - - [21/Jan/2020:17:44:32 +0800] "GET /apple-touch-icon.png HTTP/1.1" 404 218 "-" "Safari/14607.2.6.1.1 CFNetwork/978.0.7 Darwin/18.6.0 (x86_64)"
110.54.146.207 - - [21/Jan/2020:17:44:32 +0800] "GET /favicon.ico HTTP/1.1" 404 209 "-" "Safari/14607.2.6.1.1 CFNetwork/978.0.7 Darwin/18.6.0 (x86_64)"
66.249.79.44 - - [21/Jan/2020:17:45:14 +0800] "GET /1997/MIN_DAO-97-11.pdf HTTP/1.1" 200 45418 "-" "Mozilla/5.0 (Linux; Android 6.0.1; Nexus 5X Build/MMB29P) AppleWebKit/537.36 (KHTML, like Gecko) Chrome/41.0.2272.96 Mobile Safari/537.36 (compatible; Googlebot/2.1; +http://www.google.com/bot.html)"
122.54.183.165 - - [21/Jan/2020:17:45:25 +0800] "GET /favicon.ico HTTP/1.1" 404 209 "http://policy.denr.gov.ph/2003/dao2003-30.pdf" "Mozilla/5.0 (Windows NT 10.0; WOW64) AppleWebKit/537.36 (KHTML, like Gecko) Chrome/79.0.3945.117 Safari/537.36"
120.29.108.188 - - [21/Jan/2020:17:45:55 +0800] "GET /2000/ENV_DAO_2000-81.pdf HTTP/1.1" 200 299209 "-" "Mozilla/5.0 (Windows NT 6.1; Win64; x64) AppleWebKit/537.36 (KHTML, like Gecko) Chrome/79.0.3945.130 Safari/537.36"
124.105.196.119 - - [21/Jan/2020:17:46:23 +0800] "GET /1997/ENV_DAO-97-05.pdf HTTP/1.1" 200 35973 "https://www.google.com/" "Mozilla/5.0 (Windows NT 10.0; Win64; x64) AppleWebKit/537.36 (KHTML, like Gecko) Chrome/79.0.3945.130 Safari/537.36"
122.54.183.165 - - [21/Jan/2020:17:45:24 +0800] "GET /2003/dao2003-30.pdf HTTP/1.1" 200 2258816 "https://www.google.com/" "Mozilla/5.0 (Windows NT 10.0; WOW64) AppleWebKit/537.36 (KHTML, like Gecko) Chrome/79.0.3945.117 Safari/537.36"
124.105.196.119 - - [21/Jan/2020:17:46:24 +0800] "GET /favicon.ico HTTP/1.1" 404 209 "http://policy.denr.gov.ph/1997/ENV_DAO-97-05.pdf" "Mozilla/5.0 (Windows NT 10.0; Win64; x64) AppleWebKit/537.36 (KHTML, like Gecko) Chrome/79.0.3945.130 Safari/537.36"
66.249.79.41 - - [21/Jan/2020:17:50:37 +0800] "GET /2003/memo_order2003/DMO2003-09.pdf HTTP/1.1" 304 - "-" "Mozilla/5.0 (Linux; Android 6.0.1; Nexus 5X Build/MMB29P) AppleWebKit/537.36 (KHTML, like Gecko) Chrome/41.0.2272.96 Mobile Safari/537.36 (compatible; Googlebot/2.1; +http://www.google.com/bot.html)"
120.28.160.237 - - [21/Jan/2020:17:52:41 +0800] "GET /1998/dao98-45.pdf HTTP/1.1" 200 27051 "https://www.google.com/" "Mozilla/5.0 (Windows NT 10.0; Win64; x64) AppleWebKit/537.36 (KHTML, like Gecko) Chrome/78.0.3904.108 Safari/537.36"
120.28.160.237 - - [21/Jan/2020:17:52:44 +0800] "GET /favicon.ico HTTP/1.1" 404 209 "http://policy.denr.gov.ph/1998/dao98-45.pdf" "Mozilla/5.0 (Windows NT 10.0; Win64; x64) AppleWebKit/537.36 (KHTML, like Gecko) Chrome/78.0.3904.108 Safari/537.36"
124.107.246.248 - - [21/Jan/2020:17:55:28 +0800] "GET /1999/fordao99-34.pdf HTTP/1.1" 200 36493 "https://www.google.com/" "Mozilla/5.0 (Windows NT 6.1; Win64; x64) AppleWebKit/537.36 (KHTML, like Gecko) Chrome/79.0.3945.117 Safari/537.36"
124.107.246.248 - - [21/Jan/2020:17:55:29 +0800] "GET /favicon.ico HTTP/1.1" 404 209 "http://policy.denr.gov.ph/1999/fordao99-34.pdf" "Mozilla/5.0 (Windows NT 6.1; Win64; x64) AppleWebKit/537.36 (KHTML, like Gecko) Chrome/79.0.3945.117 Safari/537.36"
122.54.183.165 - - [21/Jan/2020:17:57:59 +0800] "GET /2003/dao2003-30.pdf HTTP/1.1" 206 1 "https://www.google.com/" "Mozilla/5.0 (Windows NT 10.0; WOW64) AppleWebKit/537.36 (KHTML, like Gecko) Chrome/79.0.3945.117 Safari/537.36"
122.54.183.165 - - [21/Jan/2020:17:57:59 +0800] "GET /2003/dao2003-30.pdf HTTP/1.1" 206 1928122 "https://www.google.com/" "Mozilla/5.0 (Windows NT 10.0; WOW64) AppleWebKit/537.36 (KHTML, like Gecko) Chrome/79.0.3945.117 Safari/537.36"
66.249.79.36 - - [21/Jan/2020:18:00:52 +0800] "GET /2002/mo2002-08.pdf HTTP/1.1" 200 33524 "-" "Mozilla/5.0 (Linux; Android 6.0.1; Nexus 5X Build/MMB29P) AppleWebKit/537.36 (KHTML, like Gecko) Chrome/41.0.2272.96 Mobile Safari/537.36 (compatible; Googlebot/2.1; +http://www.google.com/bot.html)"
124.105.9.38 - - [21/Jan/2020:18:06:25 +0800] "GET /1996/MemoAgreement_Mun_Alabel-Sarangani.pdf HTTP/1.1" 200 24631 "https://www.google.com/" "Mozilla/5.0 (Windows NT 10.0; Win64; x64) AppleWebKit/537.36 (KHTML, like Gecko) Chrome/79.0.3945.117 Safari/537.36"
124.105.9.38 - - [21/Jan/2020:18:06:25 +0800] "GET /favicon.ico HTTP/1.1" 404 209 "http://policy.denr.gov.ph/1996/MemoAgreement_Mun_Alabel-Sarangani.pdf" "Mozilla/5.0 (Windows NT 10.0; Win64; x64) AppleWebKit/537.36 (KHTML, like Gecko) Chrome/79.0.3945.117 Safari/537.36"
112.201.164.207 - - [21/Jan/2020:18:07:08 +0800] "GET /favicon.ico HTTP/1.1" 404 209 "http://policy.denr.gov.ph/2003/dao2003-30.pdf" "Mozilla/5.0 (Windows NT 6.1) AppleWebKit/537.36 (KHTML, like Gecko) Chrome/79.0.3945.130 Safari/537.36"
192.168.46.97 - - [21/Jan/2020:18:07:25 +0800] "GET /1998/dao98-01.pdf HTTP/1.1" 200 36726 "http://oldwebsite.denr.gov.ph/section-policies/viewrec.php?id=1746&page=29&sort=&filter=type&filterID=1&searchword=&fromyear=&frommonth=&fromdate=&toyear=&tomonth=&todate=&dateval=" "Mozilla/5.0 (Windows NT 10.0; Win64; x64) AppleWebKit/537.36 (KHTML, like Gecko) Chrome/79.0.3945.117 Safari/537.36"
192.168.46.97 - - [21/Jan/2020:18:07:25 +0800] "GET /favicon.ico HTTP/1.1" 404 209 "http://policy.denr.gov.ph/1998/dao98-01.pdf" "Mozilla/5.0 (Windows NT 10.0; Win64; x64) AppleWebKit/537.36 (KHTML, like Gecko) Chrome/79.0.3945.117 Safari/537.36"
112.201.164.207 - - [21/Jan/2020:18:07:37 +0800] "GET /2003/dao2003-30.pdf HTTP/1.1" 206 620416 "http://policy.denr.gov.ph/2003/dao2003-30.pdf" "Mozilla/5.0 (Windows NT 6.1) AppleWebKit/537.36 (KHTML, like Gecko) Chrome/79.0.3945.130 Safari/537.36"
112.201.164.207 - - [21/Jan/2020:18:07:38 +0800] "GET /2003/dao2003-30.pdf HTTP/1.1" 206 65536 "http://policy.denr.gov.ph/2003/dao2003-30.pdf" "Mozilla/5.0 (Windows NT 6.1) AppleWebKit/537.36 (KHTML, like Gecko) Chrome/79.0.3945.130 Safari/537.36"
112.201.164.207 - - [21/Jan/2020:18:07:08 +0800] "GET /2003/dao2003-30.pdf HTTP/1.1" 200 2258816 "https://www.google.com/" "Mozilla/5.0 (Windows NT 6.1) AppleWebKit/537.36 (KHTML, like Gecko) Chrome/79.0.3945.130 Safari/537.36"
122.54.183.165 - - [21/Jan/2020:18:08:43 +0800] "GET /2003/dao2003-30.pdf HTTP/1.1" 206 1638400 "https://www.google.com/" "Mozilla/5.0 (Windows NT 10.0; WOW64) AppleWebKit/537.36 (KHTML, like Gecko) Chrome/79.0.3945.117 Safari/537.36"
122.54.183.165 - - [21/Jan/2020:18:08:01 +0800] "GET /2003/dao2003-30.pdf HTTP/1.1" 206 620416 "http://policy.denr.gov.ph/2003/dao2003-30.pdf" "Mozilla/5.0 (Windows NT 10.0; WOW64) AppleWebKit/537.36 (KHTML, like Gecko) Chrome/79.0.3945.117 Safari/537.36"
122.54.183.165 - - [21/Jan/2020:18:08:43 +0800] "GET /2003/dao2003-30.pdf HTTP/1.1" 200 2258816 "https://www.google.com/" "Mozilla/5.0 (Windows NT 10.0; WOW64) AppleWebKit/537.36 (KHTML, like Gecko) Chrome/79.0.3945.117 Safari/537.36"
185.220.101.31 - - [21/Jan/2020:18:10:27 +0800] "GET / HTTP/1.1" 200 10373 "http://oviducal.best/" "Mozilla/5.0 (Windows NT 10.0; rv:68.0) Gecko/20100101 Firefox/68.0"
110.54.179.168 - - [21/Jan/2020:18:18:52 +0800] "GET /1999/fordao99-34.pdf HTTP/1.1" 200 36493 "https://www.google.com/" "Mozilla/5.0 (Macintosh; Intel Mac OS X 10_14_0) AppleWebKit/537.36 (KHTML, like Gecko) Chrome/79.0.3945.88 Safari/537.36"
110.54.179.168 - - [21/Jan/2020:18:18:52 +0800] "GET /favicon.ico HTTP/1.1" 404 209 "http://policy.denr.gov.ph/1999/fordao99-34.pdf" "Mozilla/5.0 (Macintosh; Intel Mac OS X 10_14_0) AppleWebKit/537.36 (KHTML, like Gecko) Chrome/79.0.3945.88 Safari/537.36"
202.92.144.180 - - [21/Jan/2020:18:19:04 +0800] "GET /pol-1988/pol88.PDF HTTP/1.1" 200 1169932 "-" "Mozilla/5.0 (Windows NT 10.0; Win64; x64) AppleWebKit/537.36 (KHTML, like Gecko) Chrome/76.0.3809.132 Safari/537.36"
66.249.79.36 - - [21/Jan/2020:18:19:49 +0800] "GET /1998/envdao98-51.pdf HTTP/1.1" 200 42319 "-" "Mozilla/5.0 (Linux; Android 6.0.1; Nexus 5X Build/MMB29P) AppleWebKit/537.36 (KHTML, like Gecko) Chrome/41.0.2272.96 Mobile Safari/537.36 (compatible; Googlebot/2.1; +http://www.google.com/bot.html)"
110.54.179.168 - - [21/Jan/2020:18:20:35 +0800] "GET /dao2004/dao2004-24.pdf HTTP/1.1" 200 398094 "http://oldwebsite.denr.gov.ph/section-policies/viewrec.php?id=1053&page=14&sort=dt&filter=type&filterID=1&searchword=&fromyear=&frommonth=&fromdate=&toyear=&tomonth=&todate=&dateval=true" "Mozilla/5.0 (Macintosh; Intel Mac OS X 10_14_0) AppleWebKit/537.36 (KHTML, like Gecko) Chrome/79.0.3945.88 Safari/537.36"
66.249.79.41 - - [21/Jan/2020:18:21:24 +0800] "GET /basicpol/forcode/IFMA.PDF HTTP/1.1" 200 617528 "-" "Mozilla/5.0 (Linux; Android 6.0.1; Nexus 5X Build/MMB29P) AppleWebKit/537.36 (KHTML, like Gecko) Chrome/41.0.2272.96 Mobile Safari/537.36 (compatible; Googlebot/2.1; +http://www.google.com/bot.html)"
66.249.79.36 - - [21/Jan/2020:18:22:11 +0800] "GET /2000/DENR_MC_2000-23.pdf HTTP/1.1" 200 17922 "-" "Mozilla/5.0 (Linux; Android 6.0.1; Nexus 5X Build/MMB29P) AppleWebKit/537.36 (KHTML, like Gecko) Chrome/41.0.2272.96 Mobile Safari/537.36 (compatible; Googlebot/2.1; +http://www.google.com/bot.html)"
66.249.79.41 - - [21/Jan/2020:18:22:59 +0800] "GET /2000/PP_2000_288.pdf HTTP/1.1" 200 16786 "-" "Mozilla/5.0 (Linux; Android 6.0.1; Nexus 5X Build/MMB29P) AppleWebKit/537.36 (KHTML, like Gecko) Chrome/41.0.2272.96 Mobile Safari/537.36 (compatible; Googlebot/2.1; +http://www.google.com/bot.html)"
202.92.144.180 - - [21/Jan/2020:18:23:46 +0800] "GET /pol-1988/pol88.PDF HTTP/1.1" 206 1 "-" "Mozilla/5.0 (Windows NT 10.0; Win64; x64) AppleWebKit/537.36 (KHTML, like Gecko) Chrome/76.0.3809.132 Safari/537.36"
66.249.79.41 - - [21/Jan/2020:18:23:46 +0800] "GET /2000/ENV_DAO_2000-37.pdf HTTP/1.1" 200 28649 "-" "Mozilla/5.0 (Linux; Android 6.0.1; Nexus 5X Build/MMB29P) AppleWebKit/537.36 (KHTML, like Gecko) Chrome/41.0.2272.96 Mobile Safari/537.36 (compatible; Googlebot/2.1; +http://www.google.com/bot.html)"
202.92.144.180 - - [21/Jan/2020:18:23:46 +0800] "GET /pol-1988/pol88.PDF HTTP/1.1" 206 981954 "-" "Mozilla/5.0 (Windows NT 10.0; Win64; x64) AppleWebKit/537.36 (KHTML, like Gecko) Chrome/76.0.3809.132 Safari/537.36"
66.249.79.36 - - [21/Jan/2020:18:25:21 +0800] "GET /1999/denrmo99-05.pdf HTTP/1.1" 200 29350 "-" "Mozilla/5.0 (Linux; Android 6.0.1; Nexus 5X Build/MMB29P) AppleWebKit/537.36 (KHTML, like Gecko) Chrome/41.0.2272.96 Mobile Safari/537.36 (compatible; Googlebot/2.1; +http://www.google.com/bot.html)"
51.89.228.179 - - [21/Jan/2020:18:25:55 +0800] "GET / HTTP/1.1" 200 10373 "-" "Mozilla/5.0 (Windows NT 10.0; Win64; x64) AppleWebKit/537.36 (KHTML, like Gecko) Chrome/78.0.3904.97 Safari/537.36"
51.89.228.179 - - [21/Jan/2020:18:25:55 +0800] "GET / HTTP/1.1" 200 10373 "-" "Mozilla/5.0 (Windows NT 10.0; Win64; x64) AppleWebKit/537.36 (KHTML, like Gecko) Chrome/78.0.3904.97 Safari/537.36"
51.89.228.179 - - [21/Jan/2020:18:25:55 +0800] "GET /wp-includes/wlwmanifest.xml HTTP/1.1" 404 225 "-" "Mozilla/5.0 (Windows NT 10.0; Win64; x64) AppleWebKit/537.36 (KHTML, like Gecko) Chrome/78.0.3904.97 Safari/537.36"
51.89.228.179 - - [21/Jan/2020:18:25:55 +0800] "GET /xmlrpc.php?rsd HTTP/1.1" 404 208 "-" "Mozilla/5.0 (Windows NT 10.0; Win64; x64) AppleWebKit/537.36 (KHTML, like Gecko) Chrome/78.0.3904.97 Safari/537.36"
51.89.228.179 - - [21/Jan/2020:18:25:56 +0800] "GET / HTTP/1.1" 200 10373 "-" "Mozilla/5.0 (Windows NT 10.0; Win64; x64) AppleWebKit/537.36 (KHTML, like Gecko) Chrome/78.0.3904.97 Safari/537.36"
51.89.228.179 - - [21/Jan/2020:18:25:56 +0800] "GET /blog/wp-includes/wlwmanifest.xml HTTP/1.1" 404 230 "-" "Mozilla/5.0 (Windows NT 10.0; Win64; x64) AppleWebKit/537.36 (KHTML, like Gecko) Chrome/78.0.3904.97 Safari/537.36"
51.89.228.179 - - [21/Jan/2020:18:25:56 +0800] "GET /web/wp-includes/wlwmanifest.xml HTTP/1.1" 404 229 "-" "Mozilla/5.0 (Windows NT 10.0; Win64; x64) AppleWebKit/537.36 (KHTML, like Gecko) Chrome/78.0.3904.97 Safari/537.36"
51.89.228.179 - - [21/Jan/2020:18:25:56 +0800] "GET /wordpress/wp-includes/wlwmanifest.xml HTTP/1.1" 404 235 "-" "Mozilla/5.0 (Windows NT 10.0; Win64; x64) AppleWebKit/537.36 (KHTML, like Gecko) Chrome/78.0.3904.97 Safari/537.36"
51.89.228.179 - - [21/Jan/2020:18:25:57 +0800] "GET /website/wp-includes/wlwmanifest.xml HTTP/1.1" 404 233 "-" "Mozilla/5.0 (Windows NT 10.0; Win64; x64) AppleWebKit/537.36 (KHTML, like Gecko) Chrome/78.0.3904.97 Safari/537.36"
51.89.228.179 - - [21/Jan/2020:18:25:57 +0800] "GET /wp/wp-includes/wlwmanifest.xml HTTP/1.1" 404 228 "-" "Mozilla/5.0 (Windows NT 10.0; Win64; x64) AppleWebKit/537.36 (KHTML, like Gecko) Chrome/78.0.3904.97 Safari/537.36"
51.89.228.179 - - [21/Jan/2020:18:25:57 +0800] "GET /news/wp-includes/wlwmanifest.xml HTTP/1.1" 404 230 "-" "Mozilla/5.0 (Windows NT 10.0; Win64; x64) AppleWebKit/537.36 (KHTML, like Gecko) Chrome/78.0.3904.97 Safari/537.36"
51.89.228.179 - - [21/Jan/2020:18:25:57 +0800] "GET /2018/wp-includes/wlwmanifest.xml HTTP/1.1" 404 230 "-" "Mozilla/5.0 (Windows NT 10.0; Win64; x64) AppleWebKit/537.36 (KHTML, like Gecko) Chrome/78.0.3904.97 Safari/537.36"
51.89.228.179 - - [21/Jan/2020:18:25:58 +0800] "GET /2019/wp-includes/wlwmanifest.xml HTTP/1.1" 404 230 "-" "Mozilla/5.0 (Windows NT 10.0; Win64; x64) AppleWebKit/537.36 (KHTML, like Gecko) Chrome/78.0.3904.97 Safari/537.36"
51.89.228.179 - - [21/Jan/2020:18:25:58 +0800] "GET /shop/wp-includes/wlwmanifest.xml HTTP/1.1" 404 230 "-" "Mozilla/5.0 (Windows NT 10.0; Win64; x64) AppleWebKit/537.36 (KHTML, like Gecko) Chrome/78.0.3904.97 Safari/537.36"
51.89.228.179 - - [21/Jan/2020:18:25:58 +0800] "GET /wp1/wp-includes/wlwmanifest.xml HTTP/1.1" 404 229 "-" "Mozilla/5.0 (Windows NT 10.0; Win64; x64) AppleWebKit/537.36 (KHTML, like Gecko) Chrome/78.0.3904.97 Safari/537.36"
51.89.228.179 - - [21/Jan/2020:18:25:58 +0800] "GET /test/wp-includes/wlwmanifest.xml HTTP/1.1" 404 230 "-" "Mozilla/5.0 (Windows NT 10.0; Win64; x64) AppleWebKit/537.36 (KHTML, like Gecko) Chrome/78.0.3904.97 Safari/537.36"
51.89.228.179 - - [21/Jan/2020:18:25:59 +0800] "GET /media/wp-includes/wlwmanifest.xml HTTP/1.1" 404 231 "-" "Mozilla/5.0 (Windows NT 10.0; Win64; x64) AppleWebKit/537.36 (KHTML, like Gecko) Chrome/78.0.3904.97 Safari/537.36"
51.89.228.179 - - [21/Jan/2020:18:25:59 +0800] "GET /wp2/wp-includes/wlwmanifest.xml HTTP/1.1" 404 229 "-" "Mozilla/5.0 (Windows NT 10.0; Win64; x64) AppleWebKit/537.36 (KHTML, like Gecko) Chrome/78.0.3904.97 Safari/537.36"
51.89.228.179 - - [21/Jan/2020:18:25:59 +0800] "GET /site/wp-includes/wlwmanifest.xml HTTP/1.1" 404 230 "-" "Mozilla/5.0 (Windows NT 10.0; Win64; x64) AppleWebKit/537.36 (KHTML, like Gecko) Chrome/78.0.3904.97 Safari/537.36"
51.89.228.179 - - [21/Jan/2020:18:25:59 +0800] "GET /cms/wp-includes/wlwmanifest.xml HTTP/1.1" 404 229 "-" "Mozilla/5.0 (Windows NT 10.0; Win64; x64) AppleWebKit/537.36 (KHTML, like Gecko) Chrome/78.0.3904.97 Safari/537.36"
51.89.228.179 - - [21/Jan/2020:18:25:59 +0800] "GET /sito/wp-includes/wlwmanifest.xml HTTP/1.1" 404 230 "-" "Mozilla/5.0 (Windows NT 10.0; Win64; x64) AppleWebKit/537.36 (KHTML, like Gecko) Chrome/78.0.3904.97 Safari/537.36"
122.54.250.90 - - [21/Jan/2020:18:27:52 +0800] "GET /1991/mindao91-63.pdf HTTP/1.1" 200 364382 "https://denr.gov.ph/" "Mozilla/5.0 (Windows NT 6.1; Win64; x64) AppleWebKit/537.36 (KHTML, like Gecko) Chrome/79.0.3945.117 Safari/537.36"
122.54.250.90 - - [21/Jan/2020:18:27:52 +0800] "GET /favicon.ico HTTP/1.1" 404 209 "http://policy.denr.gov.ph/1991/mindao91-63.pdf" "Mozilla/5.0 (Windows NT 6.1; Win64; x64) AppleWebKit/537.36 (KHTML, like Gecko) Chrome/79.0.3945.117 Safari/537.36"
202.57.33.114 - - [21/Jan/2020:18:28:37 +0800] "GET /favicon.ico HTTP/1.1" 404 209 "http://policy.denr.gov.ph/2005/dao/joint_dao2005-02.pdf" "Mozilla/5.0 (Windows NT 10.0; Win64; x64) AppleWebKit/537.36 (KHTML, like Gecko) Chrome/79.0.3945.117 Safari/537.36"
202.57.33.114 - - [21/Jan/2020:18:28:37 +0800] "GET /2005/dao/joint_dao2005-02.pdf HTTP/1.1" 200 596271 "https://www.google.com/" "Mozilla/5.0 (Windows NT 10.0; Win64; x64) AppleWebKit/537.36 (KHTML, like Gecko) Chrome/79.0.3945.117 Safari/537.36"
111.125.87.179 - - [21/Jan/2020:18:28:59 +0800] "GET /dao2004/dao2004-16.pdf HTTP/1.1" 200 583026 "https://denr.gov.ph/" "Mozilla/5.0 (Windows NT 10.0; Win64; x64) AppleWebKit/537.36 (KHTML, like Gecko) Chrome/79.0.3945.117 Safari/537.36"
111.125.87.179 - - [21/Jan/2020:18:28:17 +0800] "GET /dao2004/dao2004-16.pdf HTTP/1.1" 200 583026 "https://denr.gov.ph/" "Mozilla/5.0 (Windows NT 10.0; Win64; x64) AppleWebKit/537.36 (KHTML, like Gecko) Chrome/79.0.3945.117 Safari/537.36"
111.125.87.179 - - [21/Jan/2020:18:29:01 +0800] "GET /favicon.ico HTTP/1.1" 404 209 "http://policy.denr.gov.ph/dao2004/dao2004-16.pdf" "Mozilla/5.0 (Windows NT 10.0; Win64; x64) AppleWebKit/537.36 (KHTML, like Gecko) Chrome/79.0.3945.117 Safari/537.36"
111.125.87.179 - - [21/Jan/2020:18:32:50 +0800] "GET /dao2004/dao2004-59.pdf HTTP/1.1" 200 1293457 "https://denr.gov.ph/" "Mozilla/5.0 (Windows NT 10.0; Win64; x64) AppleWebKit/537.36 (KHTML, like Gecko) Chrome/79.0.3945.117 Safari/537.36"
66.249.79.44 - - [21/Jan/2020:18:34:02 +0800] "GET /1996/MemoAgreement_DENR-NPC.pdf HTTP/1.1" 200 19991 "-" "Mozilla/5.0 (Linux; Android 6.0.1; Nexus 5X Build/MMB29P) AppleWebKit/537.36 (KHTML, like Gecko) Chrome/41.0.2272.96 Mobile Safari/537.36 (compatible; Googlebot/2.1; +http://www.google.com/bot.html)"
210.4.123.180 - - [21/Jan/2020:18:40:39 +0800] "GET /1997/FOR_DAO-97-04.pdf HTTP/1.1" 200 80137 "https://www.google.com/" "Mozilla/5.0 (Linux; Android 9; Redmi Note 7) AppleWebKit/537.36 (KHTML, like Gecko) Chrome/79.0.3945.116 Mobile Safari/537.36"
152.32.100.100 - - [21/Jan/2020:18:41:33 +0800] "GET /basicpol/lancode/ca141.pdf HTTP/1.1" 200 84831 "https://www.google.com/" "Mozilla/5.0 (iPhone; CPU iPhone OS 13_3 like Mac OS X) AppleWebKit/605.1.15 (KHTML, like Gecko) Version/13.0.4 Mobile/15E148 Safari/604.1"
152.32.100.100 - - [21/Jan/2020:18:41:34 +0800] "GET /favicon.ico HTTP/1.1" 404 209 "http://policy.denr.gov.ph/basicpol/lancode/ca141.pdf" "Mozilla/5.0 (iPhone; CPU iPhone OS 13_3 like Mac OS X) AppleWebKit/605.1.15 (KHTML, like Gecko) Version/13.0.4 Mobile/15E148 Safari/604.1"
66.249.79.41 - - [21/Jan/2020:18:42:43 +0800] "GET /2001/DENR_MO_2001-11.pdf HTTP/1.1" 200 29820 "-" "Mozilla/5.0 (compatible; Googlebot/2.1; +http://www.google.com/bot.html)"
49.149.100.212 - - [21/Jan/2020:18:45:46 +0800] "GET /1988/FOR_DAO_1988-97.pdf HTTP/1.1" 200 55558 "https://www.google.com/" "Mozilla/5.0 (iPhone; CPU iPhone OS 12_4 like Mac OS X) AppleWebKit/605.1.15 (KHTML, like Gecko) GSA/89.2.287201133 Mobile/15E148 Safari/605.1"
66.249.79.41 - - [21/Jan/2020:18:49:06 +0800] "GET /1995/FOR_DAO1995-17.pdf HTTP/1.1" 200 9572830 "-" "Mozilla/5.0 (Linux; Android 6.0.1; Nexus 5X Build/MMB29P) AppleWebKit/537.36 (KHTML, like Gecko) Chrome/41.0.2272.96 Mobile Safari/537.36 (compatible; Googlebot/2.1; +http://www.google.com/bot.html)"
120.29.108.188 - - [21/Jan/2020:18:50:56 +0800] "GET /basicpol/forcode/RA7161.pdf HTTP/1.1" 200 13604 "-" "Mozilla/5.0 (Windows NT 6.1; Win64; x64) AppleWebKit/537.36 (KHTML, like Gecko) Chrome/79.0.3945.130 Safari/537.36"
66.249.79.36 - - [21/Jan/2020:18:52:59 +0800] "GET /pol-1990/envdao90.pdf HTTP/1.1" 200 871480 "-" "Mozilla/5.0 (Linux; Android 6.0.1; Nexus 5X Build/MMB29P) AppleWebKit/537.36 (KHTML, like Gecko) Chrome/41.0.2272.96 Mobile Safari/537.36 (compatible; Googlebot/2.1; +http://www.google.com/bot.html)"
66.249.79.41 - - [21/Jan/2020:18:53:46 +0800] "GET /1997/ADM_DAO-97-23.pdf HTTP/1.1" 200 23224 "-" "Mozilla/5.0 (Linux; Android 6.0.1; Nexus 5X Build/MMB29P) AppleWebKit/537.36 (KHTML, like Gecko) Chrome/41.0.2272.96 Mobile Safari/537.36 (compatible; Googlebot/2.1; +http://www.google.com/bot.html)"
66.249.79.41 - - [21/Jan/2020:18:54:33 +0800] "GET /pol-1991/others91.pdf HTTP/1.1" 200 985651 "-" "Mozilla/5.0 (Linux; Android 6.0.1; Nexus 5X Build/MMB29P) AppleWebKit/537.36 (KHTML, like Gecko) Chrome/41.0.2272.96 Mobile Safari/537.36 (compatible; Googlebot/2.1; +http://www.google.com/bot.html)"
66.249.79.41 - - [21/Jan/2020:18:57:35 +0800] "GET /2000/DENR_DAO_2000-103.pdf HTTP/1.1" 200 22556 "-" "Mozilla/5.0 (Linux; Android 6.0.1; Nexus 5X Build/MMB29P) AppleWebKit/537.36 (KHTML, like Gecko) Chrome/41.0.2272.96 Mobile Safari/537.36 (compatible; Googlebot/2.1; +http://www.google.com/bot.html)"
66.249.79.41 - - [21/Jan/2020:18:57:36 +0800] "GET /2000/EO_2000_219.pdf HTTP/1.1" 200 32832 "-" "Mozilla/5.0 (Linux; Android 6.0.1; Nexus 5X Build/MMB29P) AppleWebKit/537.36 (KHTML, like Gecko) Chrome/41.0.2272.96 Mobile Safari/537.36 (compatible; Googlebot/2.1; +http://www.google.com/bot.html)"
66.249.79.36 - - [21/Jan/2020:19:01:01 +0800] "GET /pol-1991/others91.pdf HTTP/1.1" 200 985651 "-" "Mozilla/5.0 (Linux; Android 6.0.1; Nexus 5X Build/MMB29P) AppleWebKit/537.36 (KHTML, like Gecko) Chrome/41.0.2272.96 Mobile Safari/537.36 (compatible; Googlebot/2.1; +http://www.google.com/bot.html)"
110.54.248.121 - - [21/Jan/2020:19:02:12 +0800] "GET /favicon.ico HTTP/1.1" 404 209 "http://policy.denr.gov.ph/1997/FOR_DAO-97-32.pdf" "Mozilla/5.0 (Windows NT 10.0; Win64; x64) AppleWebKit/537.36 (KHTML, like Gecko) Chrome/79.0.3945.117 Safari/537.36"
110.54.146.207 - - [21/Jan/2020:19:02:31 +0800] "GET /dao2004/dao2004-24.pdf HTTP/1.1" 200 398094 "-" "Mozilla/5.0 (Macintosh; Intel Mac OS X 10_14_5) AppleWebKit/605.1.15 (KHTML, like Gecko)"
110.54.146.207 - - [21/Jan/2020:19:02:32 +0800] "GET /apple-touch-icon-precomposed.png HTTP/1.1" 404 230 "-" "Safari/14607.2.6.1.1 CFNetwork/978.0.7 Darwin/18.6.0 (x86_64)"
110.54.146.207 - - [21/Jan/2020:19:02:32 +0800] "GET /apple-touch-icon.png HTTP/1.1" 404 218 "-" "Safari/14607.2.6.1.1 CFNetwork/978.0.7 Darwin/18.6.0 (x86_64)"
110.54.146.207 - - [21/Jan/2020:19:02:32 +0800] "GET /favicon.ico HTTP/1.1" 404 209 "-" "Safari/14607.2.6.1.1 CFNetwork/978.0.7 Darwin/18.6.0 (x86_64)"
110.54.146.207 - - [21/Jan/2020:19:02:32 +0800] "GET /apple-touch-icon-precomposed.png HTTP/1.1" 404 230 "-" "Safari/14607.2.6.1.1 CFNetwork/978.0.7 Darwin/18.6.0 (x86_64)"
110.54.146.207 - - [21/Jan/2020:19:02:33 +0800] "GET /apple-touch-icon.png HTTP/1.1" 404 218 "-" "Safari/14607.2.6.1.1 CFNetwork/978.0.7 Darwin/18.6.0 (x86_64)"
110.54.146.207 - - [21/Jan/2020:19:02:33 +0800] "GET /favicon.ico HTTP/1.1" 404 209 "-" "Safari/14607.2.6.1.1 CFNetwork/978.0.7 Darwin/18.6.0 (x86_64)"
110.54.146.207 - - [21/Jan/2020:19:02:33 +0800] "GET /dao2004/dao2004-24.pdf HTTP/1.1" 200 398094 "-" "Mozilla/5.0 (iPhone; CPU iPhone OS 12_1_3 like Mac OS X) AppleWebKit/605.1.15 (KHTML, like Gecko) Version/12.0 Mobile/15E148 Safari/604.1"
112.207.35.50 - - [21/Jan/2020:19:02:06 +0800] "GET /1994/ForDao_1994-07.pdf HTTP/1.1" 200 339222 "-" "Dalvik/2.1.0 (Linux; U; Android 8.1.0; vivo 1814 Build/O11019)"
66.249.79.44 - - [21/Jan/2020:19:03:14 +0800] "GET /1988/FOR_DAO_1988-63.pdf HTTP/1.1" 200 16390 "-" "Mozilla/5.0 (Linux; Android 6.0.1; Nexus 5X Build/MMB29P) AppleWebKit/537.36 (KHTML, like Gecko) Chrome/41.0.2272.96 Mobile Safari/537.36 (compatible; Googlebot/2.1; +http://www.google.com/bot.html)"
110.54.187.217 - - [21/Jan/2020:19:10:27 +0800] "GET /1998/admin98-28.pdf HTTP/1.1" 200 20926 "https://www.google.com/" "Mozilla/5.0 (Linux; Android 5.1.1; SM-J500F) AppleWebKit/537.36 (KHTML, like Gecko) Chrome/77.0.3865.92 Mobile Safari/537.36"
3.8.119.170 - - [21/Jan/2020:19:10:50 +0800] "GET /.env HTTP/1.1" 404 202 "-" "Mozlila/5.0 (Linux; Android 7.0; SM-G892A Bulid/NRD90M; wv) AppleWebKit/537.36 (KHTML, like Gecko) Version/4.0 Chrome/60.0.3112.107 Moblie Safari/537.36"
66.249.79.36 - - [21/Jan/2020:19:25:35 +0800] "GET /1996/FOR_MC_1996-02.pdf HTTP/1.1" 200 19371 "-" "Mozilla/5.0 (Linux; Android 6.0.1; Nexus 5X Build/MMB29P) AppleWebKit/537.36 (KHTML, like Gecko) Chrome/41.0.2272.96 Mobile Safari/537.36 (compatible; Googlebot/2.1; +http://www.google.com/bot.html)"
66.249.79.44 - - [21/Jan/2020:19:26:08 +0800] "GET /1999/minesmo99-03.pdf HTTP/1.1" 200 39088 "-" "Mozilla/5.0 (Linux; Android 6.0.1; Nexus 5X Build/MMB29P) AppleWebKit/537.36 (KHTML, like Gecko) Chrome/41.0.2272.96 Mobile Safari/537.36 (compatible; Googlebot/2.1; +http://www.google.com/bot.html)"
66.249.79.36 - - [21/Jan/2020:19:26:55 +0800] "GET /2000/PP_2000_273.pdf HTTP/1.1" 200 22055 "-" "Mozilla/5.0 (Linux; Android 6.0.1; Nexus 5X Build/MMB29P) AppleWebKit/537.36 (KHTML, like Gecko) Chrome/41.0.2272.96 Mobile Safari/537.36 (compatible; Googlebot/2.1; +http://www.google.com/bot.html)"
111.125.87.179 - - [21/Jan/2020:19:28:08 +0800] "GET /favicon.ico HTTP/1.1" 404 209 "http://policy.denr.gov.ph/dao2004/dao2004-59.pdf" "Mozilla/5.0 (Windows NT 10.0; Win64; x64) AppleWebKit/537.36 (KHTML, like Gecko) Chrome/79.0.3945.117 Safari/537.36"
66.249.79.41 - - [21/Jan/2020:19:28:30 +0800] "GET /1997/ADM_DMO-97-04.pdf HTTP/1.1" 200 18505 "-" "Mozilla/5.0 (Linux; Android 6.0.1; Nexus 5X Build/MMB29P) AppleWebKit/537.36 (KHTML, like Gecko) Chrome/41.0.2272.96 Mobile Safari/537.36 (compatible; Googlebot/2.1; +http://www.google.com/bot.html)"
66.249.79.36 - - [21/Jan/2020:19:30:52 +0800] "GET /2003/proclamation/proc442.pdf HTTP/1.1" 200 8532505 "-" "Mozilla/5.0 (Linux; Android 6.0.1; Nexus 5X Build/MMB29P) AppleWebKit/537.36 (KHTML, like Gecko) Chrome/41.0.2272.96 Mobile Safari/537.36 (compatible; Googlebot/2.1; +http://www.google.com/bot.html)"
112.203.86.173 - - [21/Jan/2020:19:35:42 +0800] "GET /1995/Rep_Act-1995-8041.pdf HTTP/1.1" 200 228822 "https://www.google.com/" "Mozilla/5.0 (Windows NT 10.0; Win64; x64) AppleWebKit/537.36 (KHTML, like Gecko) Chrome/79.0.3945.117 Safari/537.36"
112.203.86.173 - - [21/Jan/2020:19:35:42 +0800] "GET /favicon.ico HTTP/1.1" 404 209 "http://policy.denr.gov.ph/1995/Rep_Act-1995-8041.pdf" "Mozilla/5.0 (Windows NT 10.0; Win64; x64) AppleWebKit/537.36 (KHTML, like Gecko) Chrome/79.0.3945.117 Safari/537.36"
49.151.57.43 - - [21/Jan/2020:19:35:42 +0800] "GET /2001/DENR_MO_2001-11.pdf HTTP/1.1" 200 29820 "-" "Dalvik/2.1.0 (Linux; U; Android 8.1.0; vivo 1811 Build/OPM1.171019.026)"
66.249.79.36 - - [21/Jan/2020:19:36:24 +0800] "GET /1997/ENV_DAO-97-39.pdf HTTP/1.1" 200 44970 "-" "Mozilla/5.0 (compatible; Googlebot/2.1; +http://www.google.com/bot.html)"
110.54.217.73 - - [21/Jan/2020:19:35:43 +0800] "GET /pol-1998/dao98-24.pdf HTTP/1.1" 200 6263890 "-" "Dalvik/2.1.0 (Linux; U; Android 6.0.1; SM-G935F Build/MMB29K)"
66.249.79.36 - - [21/Jan/2020:19:37:09 +0800] "GET /2003/proclamation/proc442.pdf HTTP/1.1" 200 8532505 "-" "Mozilla/5.0 (Linux; Android 6.0.1; Nexus 5X Build/MMB29P) AppleWebKit/537.36 (KHTML, like Gecko) Chrome/41.0.2272.96 Mobile Safari/537.36 (compatible; Googlebot/2.1; +http://www.google.com/bot.html)"
110.54.184.71 - - [21/Jan/2020:19:51:46 +0800] "GET /2000/DAO_FMB_2000-63.pdf HTTP/1.1" 200 25688 "-" "Dalvik/2.1.0 (Linux; U; Android 9; SM-A505GN Build/PPR1.180610.011)"
110.54.184.71 - - [21/Jan/2020:19:55:05 +0800] "GET /2000/DAO_FMB_2000-63.pdf HTTP/1.1" 200 25688 "-" "Dalvik/2.1.0 (Linux; U; Android 9; SM-A505GN Build/PPR1.180610.011)"
66.249.79.44 - - [21/Jan/2020:19:56:23 +0800] "GET /1999/fordao99-46.pdf HTTP/1.1" 200 38096 "-" "Mozilla/5.0 (Linux; Android 6.0.1; Nexus 5X Build/MMB29P) AppleWebKit/537.36 (KHTML, like Gecko) Chrome/41.0.2272.96 Mobile Safari/537.36 (compatible; Googlebot/2.1; +http://www.google.com/bot.html)"
66.249.79.36 - - [21/Jan/2020:20:04:02 +0800] "GET /1994/MC_1994-19.pdf HTTP/1.1" 200 35936 "-" "Mozilla/5.0 (Linux; Android 6.0.1; Nexus 5X Build/MMB29P) AppleWebKit/537.36 (KHTML, like Gecko) Chrome/41.0.2272.96 Mobile Safari/537.36 (compatible; Googlebot/2.1; +http://www.google.com/bot.html)"
66.249.79.36 - - [21/Jan/2020:20:04:50 +0800] "GET /1992/DENR_DAO_92-52.pdf HTTP/1.1" 200 169895 "-" "Mozilla/5.0 (Linux; Android 6.0.1; Nexus 5X Build/MMB29P) AppleWebKit/537.36 (KHTML, like Gecko) Chrome/41.0.2272.96 Mobile Safari/537.36 (compatible; Googlebot/2.1; +http://www.google.com/bot.html)"
66.249.79.41 - - [21/Jan/2020:20:05:36 +0800] "GET /1999/envdao99-37.pdf HTTP/1.1" 200 22447 "-" "Mozilla/5.0 (Linux; Android 6.0.1; Nexus 5X Build/MMB29P) AppleWebKit/537.36 (KHTML, like Gecko) Chrome/41.0.2272.96 Mobile Safari/537.36 (compatible; Googlebot/2.1; +http://www.google.com/bot.html)"
66.249.79.41 - - [21/Jan/2020:20:06:24 +0800] "GET /1996/LAN_DAO_1996-34.pdf HTTP/1.1" 200 33604 "-" "Mozilla/5.0 (Linux; Android 6.0.1; Nexus 5X Build/MMB29P) AppleWebKit/537.36 (KHTML, like Gecko) Chrome/41.0.2272.96 Mobile Safari/537.36 (compatible; Googlebot/2.1; +http://www.google.com/bot.html)"
66.249.79.44 - - [21/Jan/2020:20:07:11 +0800] "GET /1990/lLAND_DAO_1990-68.pdf HTTP/1.1" 200 63506 "-" "Mozilla/5.0 (Linux; Android 6.0.1; Nexus 5X Build/MMB29P) AppleWebKit/537.36 (KHTML, like Gecko) Chrome/41.0.2272.96 Mobile Safari/537.36 (compatible; Googlebot/2.1; +http://www.google.com/bot.html)"
112.198.73.82 - - [21/Jan/2020:20:06:45 +0800] "GET /1994/ForDao_1994-07.pdf HTTP/1.1" 200 339222 "https://www.google.com/" "Mozilla/5.0 (Linux; Android 9; SM-A205GN) AppleWebKit/537.36 (KHTML, like Gecko) Chrome/79.0.3945.116 Mobile Safari/537.36"
112.198.73.82 - - [21/Jan/2020:20:07:52 +0800] "GET /1994/ForDao_1994-07.pdf HTTP/1.1" 206 145262 "https://www.google.com/" "Mozilla/5.0 (Linux; Android 9; SM-A205GN) AppleWebKit/537.36 (KHTML, like Gecko) Chrome/79.0.3945.116 Mobile Safari/537.36"
202.92.144.178 - - [21/Jan/2020:20:16:20 +0800] "GET /pol-1988/pol88.PDF HTTP/1.1" 206 1 "-" "Mozilla/5.0 (Windows NT 10.0; Win64; x64) AppleWebKit/537.36 (KHTML, like Gecko) Chrome/76.0.3809.132 Safari/537.36"
66.249.79.36 - - [21/Jan/2020:20:19:06 +0800] "GET /1991/mindao91-21.pdf HTTP/1.1" 200 95915 "-" "Mozilla/5.0 (Linux; Android 6.0.1; Nexus 5X Build/MMB29P) AppleWebKit/537.36 (KHTML, like Gecko) Chrome/41.0.2272.96 Mobile Safari/537.36 (compatible; Googlebot/2.1; +http://www.google.com/bot.html)"
103.225.137.102 - - [21/Jan/2020:20:25:45 +0800] "GET /2000/DAO_FMB_2000-21.pdf HTTP/1.1" 200 33721 "https://www.google.com/" "Mozilla/5.0 (Windows NT 10.0; Win64; x64) AppleWebKit/537.36 (KHTML, like Gecko) Chrome/79.0.3945.117 Safari/537.36"
103.225.137.102 - - [21/Jan/2020:20:25:46 +0800] "GET /favicon.ico HTTP/1.1" 404 209 "http://policy.denr.gov.ph/2000/DAO_FMB_2000-21.pdf" "Mozilla/5.0 (Windows NT 10.0; Win64; x64) AppleWebKit/537.36 (KHTML, like Gecko) Chrome/79.0.3945.117 Safari/537.36"
66.249.79.41 - - [21/Jan/2020:20:31:40 +0800] "GET /2001/DAO_FOR_2001_07.pdf HTTP/1.1" 200 15315 "-" "Mozilla/5.0 (Linux; Android 6.0.1; Nexus 5X Build/MMB29P) AppleWebKit/537.36 (KHTML, like Gecko) Chrome/41.0.2272.96 Mobile Safari/537.36 (compatible; Googlebot/2.1; +http://www.google.com/bot.html)"
66.249.79.41 - - [21/Jan/2020:20:32:27 +0800] "GET /1993/MMO1993-162.pdf HTTP/1.1" 200 87275 "-" "Mozilla/5.0 (Linux; Android 6.0.1; Nexus 5X Build/MMB29P) AppleWebKit/537.36 (KHTML, like Gecko) Chrome/41.0.2272.96 Mobile Safari/537.36 (compatible; Googlebot/2.1; +http://www.google.com/bot.html)"
66.249.79.41 - - [21/Jan/2020:20:33:14 +0800] "GET /2000/PP_2000_289.pdf HTTP/1.1" 200 24731 "-" "Mozilla/5.0 (Linux; Android 6.0.1; Nexus 5X Build/MMB29P) AppleWebKit/537.36 (KHTML, like Gecko) Chrome/41.0.2272.96 Mobile Safari/537.36 (compatible; Googlebot/2.1; +http://www.google.com/bot.html)"
66.249.79.44 - - [21/Jan/2020:20:34:02 +0800] "GET /1988/FOR_DAO_1988-33.pdf HTTP/1.1" 200 22223 "-" "Mozilla/5.0 (Linux; Android 6.0.1; Nexus 5X Build/MMB29P) AppleWebKit/537.36 (KHTML, like Gecko) Chrome/41.0.2272.96 Mobile Safari/537.36 (compatible; Googlebot/2.1; +http://www.google.com/bot.html)"
66.249.79.41 - - [21/Jan/2020:20:34:49 +0800] "GET /2005/dao/dao2005-12.pdf HTTP/1.1" 200 248223 "-" "Mozilla/5.0 (Linux; Android 6.0.1; Nexus 5X Build/MMB29P) AppleWebKit/537.36 (KHTML, like Gecko) Chrome/41.0.2272.96 Mobile Safari/537.36 (compatible; Googlebot/2.1; +http://www.google.com/bot.html)"
202.92.144.178 - - [21/Jan/2020:20:46:56 +0800] "GET /pol-1988/pol88.PDF HTTP/1.1" 200 1169932 "-" "Mozilla/5.0 (Windows NT 10.0; Win64; x64) AppleWebKit/537.36 (KHTML, like Gecko) Chrome/76.0.3809.132 Safari/537.36"
66.249.79.41 - - [21/Jan/2020:20:47:27 +0800] "GET /1988/PAW_DMO_1988-13.pdf HTTP/1.1" 304 - "-" "Mozilla/5.0 (Linux; Android 6.0.1; Nexus 5X Build/MMB29P) AppleWebKit/537.36 (KHTML, like Gecko) Chrome/41.0.2272.96 Mobile Safari/537.36 (compatible; Googlebot/2.1; +http://www.google.com/bot.html)"
66.249.79.41 - - [21/Jan/2020:20:48:14 +0800] "GET /1998/proclamation98-32.pdf HTTP/1.1" 200 18885 "-" "Mozilla/5.0 (Linux; Android 6.0.1; Nexus 5X Build/MMB29P) AppleWebKit/537.36 (KHTML, like Gecko) Chrome/41.0.2272.96 Mobile Safari/537.36 (compatible; Googlebot/2.1; +http://www.google.com/bot.html)"
66.249.79.36 - - [21/Jan/2020:20:49:02 +0800] "GET /1999/fordao99-46.pdf HTTP/1.1" 304 - "-" "Mozilla/5.0 (Linux; Android 6.0.1; Nexus 5X Build/MMB29P) AppleWebKit/537.36 (KHTML, like Gecko) Chrome/41.0.2272.96 Mobile Safari/537.36 (compatible; Googlebot/2.1; +http://www.google.com/bot.html)"
66.102.6.185 - - [21/Jan/2020:20:51:16 +0800] "GET /1999/fordao99-34.pdf HTTP/1.1" 200 36493 "-" "Mozilla/5.0 (X11; Linux x86_64) AppleWebKit/537.36 (KHTML, like Gecko) Chrome/49.0.2623.75 Safari/537.36 Google Favicon"
66.102.6.187 - - [21/Jan/2020:20:51:17 +0800] "GET /favicon.ico HTTP/1.1" 404 209 "-" "Mozilla/5.0 (X11; Linux x86_64) AppleWebKit/537.36 (KHTML, like Gecko) Chrome/49.0.2623.75 Safari/537.36 Google Favicon"
49.145.109.80 - - [21/Jan/2020:20:53:36 +0800] "GET / HTTP/1.1" 200 10373 "-" "Mozilla/5.0 (Macintosh; Intel Mac OS X 10_10_5) AppleWebKit/603.3.8 (KHTML, like Gecko) Version/10.1.2 Safari/603.3.8"
49.145.109.80 - - [21/Jan/2020:20:53:36 +0800] "GET /icons/blank.gif HTTP/1.1" 200 148 "http://policy.denr.gov.ph/" "Mozilla/5.0 (Macintosh; Intel Mac OS X 10_10_5) AppleWebKit/603.3.8 (KHTML, like Gecko) Version/10.1.2 Safari/603.3.8"
49.145.109.80 - - [21/Jan/2020:20:53:36 +0800] "GET /icons/folder.gif HTTP/1.1" 200 225 "http://policy.denr.gov.ph/" "Mozilla/5.0 (Macintosh; Intel Mac OS X 10_10_5) AppleWebKit/603.3.8 (KHTML, like Gecko) Version/10.1.2 Safari/603.3.8"
49.145.109.80 - - [21/Jan/2020:20:53:36 +0800] "GET /favicon.ico HTTP/1.1" 404 209 "http://policy.denr.gov.ph/" "Mozilla/5.0 (Macintosh; Intel Mac OS X 10_10_5) AppleWebKit/603.3.8 (KHTML, like Gecko) Version/10.1.2 Safari/603.3.8"
66.249.79.36 - - [21/Jan/2020:20:53:46 +0800] "GET /pol-1997/pol97.pdf HTTP/1.1" 304 - "-" "Mozilla/5.0 (Linux; Android 6.0.1; Nexus 5X Build/MMB29P) AppleWebKit/537.36 (KHTML, like Gecko) Chrome/41.0.2272.96 Mobile Safari/537.36 (compatible; Googlebot/2.1; +http://www.google.com/bot.html)"
66.249.79.44 - - [21/Jan/2020:20:54:33 +0800] "GET /2001/DENR_MC_2001-12.pdf HTTP/1.1" 200 33360 "-" "Mozilla/5.0 (Linux; Android 6.0.1; Nexus 5X Build/MMB29P) AppleWebKit/537.36 (KHTML, like Gecko) Chrome/41.0.2272.96 Mobile Safari/537.36 (compatible; Googlebot/2.1; +http://www.google.com/bot.html)"
66.249.79.41 - - [21/Jan/2020:20:55:21 +0800] "GET /1996/JointAdmOrder_1996-01.pdf HTTP/1.1" 200 35488 "-" "Mozilla/5.0 (Linux; Android 6.0.1; Nexus 5X Build/MMB29P) AppleWebKit/537.36 (KHTML, like Gecko) Chrome/41.0.2272.96 Mobile Safari/537.36 (compatible; Googlebot/2.1; +http://www.google.com/bot.html)"
66.249.79.41 - - [21/Jan/2020:20:56:08 +0800] "GET /1990/MIN_DAO_1990-82.pdf HTTP/1.1" 200 251503 "-" "Mozilla/5.0 (Linux; Android 6.0.1; Nexus 5X Build/MMB29P) AppleWebKit/537.36 (KHTML, like Gecko) Chrome/41.0.2272.96 Mobile Safari/537.36 (compatible; Googlebot/2.1; +http://www.google.com/bot.html)"
66.249.79.36 - - [21/Jan/2020:20:59:09 +0800] "GET /1999/denrmc99-26.pdf HTTP/1.1" 200 14396 "-" "Mozilla/5.0 (Linux; Android 6.0.1; Nexus 5X Build/MMB29P) AppleWebKit/537.36 (KHTML, like Gecko) Chrome/41.0.2272.96 Mobile Safari/537.36 (compatible; Googlebot/2.1; +http://www.google.com/bot.html)"
66.249.79.36 - - [21/Jan/2020:20:59:10 +0800] "GET /2005/dmc/DMC-2005-07.pdf HTTP/1.1" 404 222 "-" "Mozilla/5.0 (Linux; Android 6.0.1; Nexus 5X Build/MMB29P) AppleWebKit/537.36 (KHTML, like Gecko) Chrome/41.0.2272.96 Mobile Safari/537.36 (compatible; Googlebot/2.1; +http://www.google.com/bot.html)"
175.176.87.63 - - [21/Jan/2020:20:56:52 +0800] "GET /CBFMDvlv/Devltn.pdf HTTP/1.1" 200 395382 "https://www.google.com/" "Mozilla/5.0 (Linux; Android 9; SM-A505GN) AppleWebKit/537.36 (KHTML, like Gecko) Chrome/79.0.3945.116 Mobile Safari/537.36"
66.249.79.36 - - [21/Jan/2020:20:59:32 +0800] "GET /1988/LAN_DAO_1988-98.pdf HTTP/1.1" 200 34766 "-" "Mozilla/5.0 (Linux; Android 6.0.1; Nexus 5X Build/MMB29P) AppleWebKit/537.36 (KHTML, like Gecko) Chrome/41.0.2272.96 Mobile Safari/537.36 (compatible; Googlebot/2.1; +http://www.google.com/bot.html)"
66.249.79.44 - - [21/Jan/2020:20:59:58 +0800] "GET /1997/FOR_DAO-97-32.pdf HTTP/1.1" 200 85020 "-" "Mozilla/5.0 (Linux; Android 6.0.1; Nexus 5X Build/MMB29P) AppleWebKit/537.36 (KHTML, like Gecko) Chrome/41.0.2272.96 Mobile Safari/537.36 (compatible; Googlebot/2.1; +http://www.google.com/bot.html)"
110.54.241.69 - - [21/Jan/2020:21:00:16 +0800] "GET /pol-1997/pol97.pdf HTTP/1.1" 200 921522 "https://www.google.com/" "Mozilla/5.0 (Linux; Android 8.1.0; vivo 1811) AppleWebKit/537.36 (KHTML, like Gecko) Chrome/79.0.3945.116 Mobile Safari/537.36"
66.249.79.41 - - [21/Jan/2020:21:01:40 +0800] "GET /pol-1992/fordao92.pdf HTTP/1.1" 304 - "-" "Mozilla/5.0 (Linux; Android 6.0.1; Nexus 5X Build/MMB29P) AppleWebKit/537.36 (KHTML, like Gecko) Chrome/41.0.2272.96 Mobile Safari/537.36 (compatible; Googlebot/2.1; +http://www.google.com/bot.html)"
66.249.79.41 - - [21/Jan/2020:21:02:27 +0800] "GET /1997/ADM_DAO-97-19.pdf HTTP/1.1" 304 - "-" "Mozilla/5.0 (Linux; Android 6.0.1; Nexus 5X Build/MMB29P) AppleWebKit/537.36 (KHTML, like Gecko) Chrome/41.0.2272.96 Mobile Safari/537.36 (compatible; Googlebot/2.1; +http://www.google.com/bot.html)"
66.249.79.41 - - [21/Jan/2020:21:02:47 +0800] "GET /1990/MIN_DAO_1990-82.pdf HTTP/1.1" 200 251503 "-" "Mozilla/5.0 (Linux; Android 6.0.1; Nexus 5X Build/MMB29P) AppleWebKit/537.36 (KHTML, like Gecko) Chrome/41.0.2272.96 Mobile Safari/537.36 (compatible; Googlebot/2.1; +http://www.google.com/bot.html)"
49.145.226.173 - - [21/Jan/2020:21:05:56 +0800] "GET /1998/dao98-45.pdf HTTP/1.1" 200 27051 "https://www.google.com/" "Mozilla/5.0 (Linux; Android 9; SM-A730F) AppleWebKit/537.36 (KHTML, like Gecko) Chrome/79.0.3945.93 Mobile Safari/537.36"
49.145.226.173 - - [21/Jan/2020:21:07:53 +0800] "GET /1998/dao98-45.pdf HTTP/1.1" 206 1 "https://www.google.com/" "Mozilla/5.0 (Linux; Android 9; SM-A730F) AppleWebKit/537.36 (KHTML, like Gecko) Chrome/79.0.3945.93 Mobile Safari/537.36"
49.145.226.173 - - [21/Jan/2020:21:07:53 +0800] "GET /1998/dao98-45.pdf HTTP/1.1" 206 24609 "https://www.google.com/" "Mozilla/5.0 (Linux; Android 9; SM-A730F) AppleWebKit/537.36 (KHTML, like Gecko) Chrome/79.0.3945.93 Mobile Safari/537.36"
110.54.203.61 - - [21/Jan/2020:21:08:13 +0800] "GET /1992/RA_1992_7607.pdf HTTP/1.1" 200 75507 "-" "Dalvik/2.1.0 (Linux; U; Android 8.1.0; vivo 1811 Build/OPM1.171019.026)"
110.54.203.61 - - [21/Jan/2020:21:08:43 +0800] "GET /1992/RA_1992_7607.pdf HTTP/1.1" 200 75507 "-" "Dalvik/2.1.0 (Linux; U; Android 8.1.0; vivo 1811 Build/OPM1.171019.026)"
124.6.141.170 - - [21/Jan/2020:21:10:37 +0800] "GET /basicpol/forcode/RA7161.pdf HTTP/1.1" 200 13604 "https://www.google.com/" "Mozilla/5.0 (iPhone; CPU iPhone OS 13_3 like Mac OS X) AppleWebKit/605.1.15 (KHTML, like Gecko) CriOS/79.0.3945.73 Mobile/15E148 Safari/604.1"
66.249.79.41 - - [21/Jan/2020:21:15:22 +0800] "GET /1999/fordao99-36.pdf HTTP/1.1" 200 72387 "-" "Mozilla/5.0 (compatible; Googlebot/2.1; +http://www.google.com/bot.html)"
66.249.82.187 - - [21/Jan/2020:21:15:53 +0800] "GET /dao2004/dao2004-16.pdf HTTP/1.1" 200 583026 "-" "Mozilla/5.0 (Linux; Android 7.0; BLL-L22 Build/HUAWEIBLL-L22) AppleWebKit/537.36 (KHTML, like Gecko) Chrome/55.0.2883.91 Mobile Safari/537.36"
110.54.165.97 - - [21/Jan/2020:21:15:55 +0800] "GET /dao2004/dao2004-16.pdf HTTP/1.1" 200 583026 "-" "Mozilla/5.0 (Linux; Android 7.0; BLL-L22 Build/HUAWEIBLL-L22; wv) AppleWebKit/537.36 (KHTML, like Gecko) Version/4.0 Chrome/55.0.2883.91 Mobile Safari/537.36"
49.145.207.54 - - [21/Jan/2020:21:22:20 +0800] "GET /2003/dao2003-30.pdf HTTP/1.1" 200 2258816 "https://www.google.com.ph/" "Mozilla/5.0 (iPhone; CPU iPhone OS 13_3 like Mac OS X) AppleWebKit/605.1.15 (KHTML, like Gecko) Version/13.0.4 Mobile/15E148 Safari/604.1"
66.249.79.36 - - [21/Jan/2020:21:25:21 +0800] "GET /1991/pawsmo91-10.pdf HTTP/1.1" 304 - "-" "Mozilla/5.0 (Linux; Android 6.0.1; Nexus 5X Build/MMB29P) AppleWebKit/537.36 (KHTML, like Gecko) Chrome/41.0.2272.96 Mobile Safari/537.36 (compatible; Googlebot/2.1; +http://www.google.com/bot.html)"
110.54.212.111 - - [21/Jan/2020:21:26:13 +0800] "GET /pol-1992/formc92.pdf HTTP/1.1" 200 1734382 "https://www.google.com/" "Mozilla/5.0 (Linux; Android 7.0; SM-G928S) AppleWebKit/537.36 (KHTML, like Gecko) Chrome/79.0.3945.93 Mobile Safari/537.36"
110.54.212.111 - - [21/Jan/2020:21:26:18 +0800] "GET /pol-1992/formc92.pdf HTTP/1.1" 200 1734382 "-" "Mozilla/5.0 (Linux; Android 7.0; SM-G928S Build/NRD90M; wv) AppleWebKit/537.36 (KHTML, like Gecko) Version/4.0 Chrome/79.0.3945.93 Mobile Safari/537.36"
66.249.79.41 - - [21/Jan/2020:21:26:56 +0800] "GET /2005/special_order/ HTTP/1.1" 200 122692 "-" "Mozilla/5.0 (Linux; Android 6.0.1; Nexus 5X Build/MMB29P) AppleWebKit/537.36 (KHTML, like Gecko) Chrome/41.0.2272.96 Mobile Safari/537.36 (compatible; Googlebot/2.1; +http://www.google.com/bot.html)"
49.146.2.172 - - [21/Jan/2020:21:26:45 +0800] "GET /pol-1998/SrvyMnl.pdf HTTP/1.1" 200 8138333 "-" "Mozilla/5.0 (iPad; CPU OS 12_4_3 like Mac OS X) AppleWebKit/605.1.15 (KHTML, like Gecko) Version/12.1.2 Mobile/15E148 Safari/604.1"
175.176.66.88 - - [21/Jan/2020:21:29:32 +0800] "GET /1992/RA_1992_7607.pdf HTTP/1.1" 200 75507 "-" "Dalvik/2.1.0 (Linux; U; Android 8.1.0; vivo 1820 Build/O11019)"
66.249.79.41 - - [21/Jan/2020:21:30:52 +0800] "GET /2000/ENV_DMC_2000_12.pdf HTTP/1.1" 200 21055 "-" "Mozilla/5.0 (Linux; Android 6.0.1; Nexus 5X Build/MMB29P) AppleWebKit/537.36 (KHTML, like Gecko) Chrome/41.0.2272.96 Mobile Safari/537.36 (compatible; Googlebot/2.1; +http://www.google.com/bot.html)"
66.249.79.36 - - [21/Jan/2020:21:31:40 +0800] "GET /1998/minesmo98-03.pdf HTTP/1.1" 200 42724 "-" "Mozilla/5.0 (Linux; Android 6.0.1; Nexus 5X Build/MMB29P) AppleWebKit/537.36 (KHTML, like Gecko) Chrome/41.0.2272.96 Mobile Safari/537.36 (compatible; Googlebot/2.1; +http://www.google.com/bot.html)"
