222.127.20.5 - - [20/Jan/2020:12:11:03 +0800] "GET /1997/ADM_DMC-97-21.pdf HTTP/1.1" 200 20551 "-" "Dalvik/2.1.0 (Linux; U; Android 9; INE-LX2 Build/HUAWEIINE-LX2)"
89.35.39.60 - - [20/Jan/2020:12:12:49 +0800] "GET /wp-login.php HTTP/1.1" 404 210 "-" "Mozilla/5.0 (compatible; Googlebot/2.1; +http://www.google.com/bot.html)"
89.35.39.60 - - [20/Jan/2020:12:12:49 +0800] "GET /2001/wp-login.php HTTP/1.1" 404 215 "-" "Mozilla/5.0 (compatible; Googlebot/2.1; +http://www.google.com/bot.html)"
112.200.198.243 - - [20/Jan/2020:12:13:28 +0800] "GET /1990/DENR_DAO_1990-87.pdf HTTP/1.1" 200 55064 "https://www.google.com/" "Mozilla/5.0 (Windows NT 10.0; Win64; x64) AppleWebKit/537.36 (KHTML, like Gecko) Chrome/75.0.3770.100 Safari/537.36"
112.200.198.243 - - [20/Jan/2020:12:13:28 +0800] "GET /favicon.ico HTTP/1.1" 404 209 "http://policy.denr.gov.ph/1990/DENR_DAO_1990-87.pdf" "Mozilla/5.0 (Windows NT 10.0; Win64; x64) AppleWebKit/537.36 (KHTML, like Gecko) Chrome/75.0.3770.100 Safari/537.36"
66.220.149.28 - - [20/Jan/2020:12:14:30 +0800] "GET /1999/fordao99-21.pdf HTTP/1.1" 206 26185 "-" "facebookexternalhit/1.1 (+http://www.facebook.com/externalhit_uatext.php)"
66.220.149.39 - - [20/Jan/2020:12:14:30 +0800] "GET /1999/fordao99-21.pdf HTTP/1.1" 206 26185 "-" "facebookexternalhit/1.1 (+http://www.facebook.com/externalhit_uatext.php)"
66.220.149.39 - - [20/Jan/2020:12:14:31 +0800] "GET /1999/fordao99-21.pdf HTTP/1.1" 206 26185 "-" "facebookexternalhit/1.1 (+http://www.facebook.com/externalhit_uatext.php)"
66.220.149.40 - - [20/Jan/2020:12:14:31 +0800] "GET /1999/fordao99-21.pdf HTTP/1.1" 206 26185 "-" "facebookexternalhit/1.1 (+http://www.facebook.com/externalhit_uatext.php)"
49.145.238.158 - - [20/Jan/2020:12:16:57 +0800] "GET /1991/fordao91-54.pdf HTTP/1.1" 200 193965 "https://denr.gov.ph/" "Mozilla/5.0 (Windows NT 10.0; Win64; x64) AppleWebKit/537.36 (KHTML, like Gecko) Chrome/79.0.3945.130 Safari/537.36"
66.249.79.36 - - [20/Jan/2020:12:17:44 +0800] "GET /2005/special_order/so-2005-318.pdf HTTP/1.1" 200 30443 "-" "Mozilla/5.0 (Linux; Android 6.0.1; Nexus 5X Build/MMB29P) AppleWebKit/537.36 (KHTML, like Gecko) Chrome/41.0.2272.96 Mobile Safari/537.36 (compatible; Googlebot/2.1; +http://www.google.com/bot.html)"
66.249.82.185 - - [20/Jan/2020:12:17:59 +0800] "GET /2005/dao/dao2005-17.pdf HTTP/1.1" 200 2042925 "https://denr.gov.ph/" "Mozilla/5.0 (Linux; Android 9; SM-A205GN) AppleWebKit/537.36 (KHTML, like Gecko) Chrome/74.0.3729.136 Mobile Safari/537.36"
66.249.82.189 - - [20/Jan/2020:12:17:59 +0800] "GET /2005/dao/dao2005-17.pdf HTTP/1.1" 200 2042925 "https://denr.gov.ph/" "Mozilla/5.0 (Linux; Android 9; SM-A205GN) AppleWebKit/537.36 (KHTML, like Gecko) Chrome/74.0.3729.136 Mobile Safari/537.36"
175.176.29.58 - - [20/Jan/2020:12:18:11 +0800] "GET /pol-1996/dao20.pdf HTTP/1.1" 404 216 "https://denr.gov.ph/" "Mozilla/5.0 (Linux; Android 9; Redmi Note 7) AppleWebKit/537.36 (KHTML, like Gecko) Chrome/77.0.3865.92 Mobile Safari/537.36"
175.176.29.58 - - [20/Jan/2020:12:18:11 +0800] "GET /favicon.ico HTTP/1.1" 404 209 "http://policy.denr.gov.ph/pol-1996/dao20.pdf" "Mozilla/5.0 (Linux; Android 9; Redmi Note 7) AppleWebKit/537.36 (KHTML, like Gecko) Chrome/77.0.3865.92 Mobile Safari/537.36"
175.176.29.58 - - [20/Jan/2020:12:18:20 +0800] "GET /pol-1996/dao20.pdf HTTP/1.1" 404 216 "https://denr.gov.ph/" "Mozilla/5.0 (Linux; Android 9; Redmi Note 7) AppleWebKit/537.36 (KHTML, like Gecko) Chrome/77.0.3865.92 Mobile Safari/537.36"
66.249.79.41 - - [20/Jan/2020:12:18:20 +0800] "GET /2000/DENR_DAO_2000-84.pdf HTTP/1.1" 200 14408 "-" "Mozilla/5.0 (Linux; Android 6.0.1; Nexus 5X Build/MMB29P) AppleWebKit/537.36 (KHTML, like Gecko) Chrome/41.0.2272.96 Mobile Safari/537.36 (compatible; Googlebot/2.1; +http://www.google.com/bot.html)"
175.176.29.58 - - [20/Jan/2020:12:18:32 +0800] "GET /1996/PAW_DAO_1996-20.pdf HTTP/1.1" 200 92060 "http://oldwebsite.denr.gov.ph/section-policies/viewrec.php?id=2044&page=20&sort=tl&filter=type&filterID=1&searchword=&fromyear=&frommonth=&fromdate=&toyear=&tomonth=&todate=&dateval=true" "Mozilla/5.0 (Linux; Android 9; Redmi Note 7) AppleWebKit/537.36 (KHTML, like Gecko) Chrome/77.0.3865.92 Mobile Safari/537.36"
66.249.79.44 - - [20/Jan/2020:12:18:57 +0800] "GET /2003/memorandum_circular/DMC2003-04.pdf HTTP/1.1" 200 59206 "-" "Mozilla/5.0 (Linux; Android 6.0.1; Nexus 5X Build/MMB29P) AppleWebKit/537.36 (KHTML, like Gecko) Chrome/41.0.2272.96 Mobile Safari/537.36 (compatible; Googlebot/2.1; +http://www.google.com/bot.html)"
66.249.79.36 - - [20/Jan/2020:12:19:34 +0800] "GET /1995/PAW_DAO1995-28.pdf HTTP/1.1" 200 39342 "-" "Mozilla/5.0 (Linux; Android 6.0.1; Nexus 5X Build/MMB29P) AppleWebKit/537.36 (KHTML, like Gecko) Chrome/41.0.2272.96 Mobile Safari/537.36 (compatible; Googlebot/2.1; +http://www.google.com/bot.html)"
66.249.79.44 - - [20/Jan/2020:12:20:11 +0800] "GET /1992/ENV_DAO_92-54.pdf HTTP/1.1" 200 61530 "-" "Mozilla/5.0 (Linux; Android 6.0.1; Nexus 5X Build/MMB29P) AppleWebKit/537.36 (KHTML, like Gecko) Chrome/41.0.2272.96 Mobile Safari/537.36 (compatible; Googlebot/2.1; +http://www.google.com/bot.html)"
110.54.138.253 - - [20/Jan/2020:12:20:12 +0800] "GET /1992/ENV_DAO_92-21.pdf HTTP/1.1" 200 187281 "https://www.google.com/" "Mozilla/5.0 (Windows NT 6.1; Win64; x64) AppleWebKit/537.36 (KHTML, like Gecko) Chrome/79.0.3945.117 Safari/537.36"
110.54.138.253 - - [20/Jan/2020:12:20:14 +0800] "GET /favicon.ico HTTP/1.1" 404 209 "http://policy.denr.gov.ph/1992/ENV_DAO_92-21.pdf" "Mozilla/5.0 (Windows NT 6.1; Win64; x64) AppleWebKit/537.36 (KHTML, like Gecko) Chrome/79.0.3945.117 Safari/537.36"
66.249.79.41 - - [20/Jan/2020:12:21:24 +0800] "GET /1992/DMC_92-13.pdf HTTP/1.1" 200 14430 "-" "Mozilla/5.0 (Linux; Android 6.0.1; Nexus 5X Build/MMB29P) AppleWebKit/537.36 (KHTML, like Gecko) Chrome/41.0.2272.96 Mobile Safari/537.36 (compatible; Googlebot/2.1; +http://www.google.com/bot.html)"
66.249.79.36 - - [20/Jan/2020:12:22:01 +0800] "GET /2006/memorandum/memo-2006-20.pdf HTTP/1.1" 200 60238 "-" "Mozilla/5.0 (Linux; Android 6.0.1; Nexus 5X Build/MMB29P) AppleWebKit/537.36 (KHTML, like Gecko) Chrome/41.0.2272.96 Mobile Safari/537.36 (compatible; Googlebot/2.1; +http://www.google.com/bot.html)"
66.249.79.41 - - [20/Jan/2020:12:22:38 +0800] "GET /1991/dao1991-2.pdf HTTP/1.1" 200 41178 "-" "Mozilla/5.0 (Linux; Android 6.0.1; Nexus 5X Build/MMB29P) AppleWebKit/537.36 (KHTML, like Gecko) Chrome/41.0.2272.96 Mobile Safari/537.36 (compatible; Googlebot/2.1; +http://www.google.com/bot.html)"
66.249.79.44 - - [20/Jan/2020:12:23:14 +0800] "GET /2005/special_order/so-2005-61.pdf HTTP/1.1" 200 90070 "-" "Mozilla/5.0 (Linux; Android 6.0.1; Nexus 5X Build/MMB29P) AppleWebKit/537.36 (KHTML, like Gecko) Chrome/41.0.2272.96 Mobile Safari/537.36 (compatible; Googlebot/2.1; +http://www.google.com/bot.html)"
202.90.133.157 - - [20/Jan/2020:12:23:18 +0800] "GET /1997/FOR_DAO-97-32.pdf HTTP/1.1" 200 85020 "https://www.google.com/" "Mozilla/5.0 (Windows NT 10.0; Win64; x64) AppleWebKit/537.36 (KHTML, like Gecko) Chrome/79.0.3945.117 Safari/537.36"
202.90.133.157 - - [20/Jan/2020:12:23:18 +0800] "GET /favicon.ico HTTP/1.1" 404 209 "http://policy.denr.gov.ph/1997/FOR_DAO-97-32.pdf" "Mozilla/5.0 (Windows NT 10.0; Win64; x64) AppleWebKit/537.36 (KHTML, like Gecko) Chrome/79.0.3945.117 Safari/537.36"
216.244.66.245 - - [20/Jan/2020:12:23:28 +0800] "GET /1992/DENR_DAO_92-30.pdf HTTP/1.1" 200 397238 "-" "Mozilla/5.0 (compatible; DotBot/1.1; http://www.opensiteexplorer.org/dotbot, help@moz.com)"
216.244.66.245 - - [20/Jan/2020:12:23:40 +0800] "GET /1992/PAWB_DAO_1992_47.pdf HTTP/1.1" 200 21816 "-" "Mozilla/5.0 (compatible; DotBot/1.1; http://www.opensiteexplorer.org/dotbot, help@moz.com)"
216.244.66.245 - - [20/Jan/2020:12:23:42 +0800] "GET /1998/pawdao98-60.pdf HTTP/1.1" 200 17358 "-" "Mozilla/5.0 (compatible; DotBot/1.1; http://www.opensiteexplorer.org/dotbot, help@moz.com)"
216.244.66.245 - - [20/Jan/2020:12:23:43 +0800] "GET /1999/fordao99-36.pdf HTTP/1.1" 200 72387 "-" "Mozilla/5.0 (compatible; DotBot/1.1; http://www.opensiteexplorer.org/dotbot, help@moz.com)"
216.244.66.245 - - [20/Jan/2020:12:23:44 +0800] "GET /2000/DENR_DAO_2000-46.pdf HTTP/1.1" 200 30046 "-" "Mozilla/5.0 (compatible; DotBot/1.1; http://www.opensiteexplorer.org/dotbot, help@moz.com)"
216.244.66.245 - - [20/Jan/2020:12:23:45 +0800] "GET /1992/DENR_DAO_92-15.pdf HTTP/1.1" 200 88536 "-" "Mozilla/5.0 (compatible; DotBot/1.1; http://www.opensiteexplorer.org/dotbot, help@moz.com)"
216.244.66.245 - - [20/Jan/2020:12:23:46 +0800] "GET /1992/FOR_DMO_1992_02.pdf HTTP/1.1" 200 14690 "-" "Mozilla/5.0 (compatible; DotBot/1.1; http://www.opensiteexplorer.org/dotbot, help@moz.com)"
216.244.66.245 - - [20/Jan/2020:12:23:48 +0800] "GET /1999/dao99-52.pdf HTTP/1.1" 200 41473 "-" "Mozilla/5.0 (compatible; DotBot/1.1; http://www.opensiteexplorer.org/dotbot, help@moz.com)"
66.249.79.36 - - [20/Jan/2020:12:23:51 +0800] "GET /2005/special_order/so-2005-352.pdf HTTP/1.1" 200 29810 "-" "Mozilla/5.0 (Linux; Android 6.0.1; Nexus 5X Build/MMB29P) AppleWebKit/537.36 (KHTML, like Gecko) Chrome/41.0.2272.96 Mobile Safari/537.36 (compatible; Googlebot/2.1; +http://www.google.com/bot.html)"
216.244.66.245 - - [20/Jan/2020:12:23:53 +0800] "GET /1999/denrmc99-01.pdf HTTP/1.1" 200 20077 "-" "Mozilla/5.0 (compatible; DotBot/1.1; http://www.opensiteexplorer.org/dotbot, help@moz.com)"
216.244.66.245 - - [20/Jan/2020:12:23:54 +0800] "GET /1999/denrmc99-12.pdf HTTP/1.1" 200 14369 "-" "Mozilla/5.0 (compatible; DotBot/1.1; http://www.opensiteexplorer.org/dotbot, help@moz.com)"
216.244.66.245 - - [20/Jan/2020:12:23:56 +0800] "GET /2000/DENR_MC_2000-09.pdf HTTP/1.1" 200 19441 "-" "Mozilla/5.0 (compatible; DotBot/1.1; http://www.opensiteexplorer.org/dotbot, help@moz.com)"
216.244.66.245 - - [20/Jan/2020:12:23:58 +0800] "GET /1991/mc91-2.pdf HTTP/1.1" 200 39435 "-" "Mozilla/5.0 (compatible; DotBot/1.1; http://www.opensiteexplorer.org/dotbot, help@moz.com)"
66.249.79.36 - - [20/Jan/2020:12:24:28 +0800] "GET /1994/MC_1994-39.pdf HTTP/1.1" 200 30446 "-" "Mozilla/5.0 (Linux; Android 6.0.1; Nexus 5X Build/MMB29P) AppleWebKit/537.36 (KHTML, like Gecko) Chrome/41.0.2272.96 Mobile Safari/537.36 (compatible; Googlebot/2.1; +http://www.google.com/bot.html)"
216.244.66.245 - - [20/Jan/2020:12:23:57 +0800] "GET /2001/DAO_Env_2001-34.pdf HTTP/1.1" 200 239239 "-" "Mozilla/5.0 (compatible; DotBot/1.1; http://www.opensiteexplorer.org/dotbot, help@moz.com)"
66.249.79.36 - - [20/Jan/2020:12:25:05 +0800] "GET /2002/MC_2002-06.pdf HTTP/1.1" 200 21553 "-" "Mozilla/5.0 (Linux; Android 6.0.1; Nexus 5X Build/MMB29P) AppleWebKit/537.36 (KHTML, like Gecko) Chrome/41.0.2272.96 Mobile Safari/537.36 (compatible; Googlebot/2.1; +http://www.google.com/bot.html)"
66.249.79.41 - - [20/Jan/2020:12:25:41 +0800] "GET /2005/special_order/so-2005-130.pdf HTTP/1.1" 200 64985 "-" "Mozilla/5.0 (Linux; Android 6.0.1; Nexus 5X Build/MMB29P) AppleWebKit/537.36 (KHTML, like Gecko) Chrome/41.0.2272.96 Mobile Safari/537.36 (compatible; Googlebot/2.1; +http://www.google.com/bot.html)"
66.249.79.36 - - [20/Jan/2020:12:26:18 +0800] "GET /1989/DAO1989-56.pdf HTTP/1.1" 200 48142 "-" "Mozilla/5.0 (Linux; Android 6.0.1; Nexus 5X Build/MMB29P) AppleWebKit/537.36 (KHTML, like Gecko) Chrome/41.0.2272.96 Mobile Safari/537.36 (compatible; Googlebot/2.1; +http://www.google.com/bot.html)"
216.244.66.245 - - [20/Jan/2020:12:26:18 +0800] "GET /1995/FOR_DAO1995-19.pdf HTTP/1.1" 200 59444 "-" "Mozilla/5.0 (compatible; DotBot/1.1; http://www.opensiteexplorer.org/dotbot, help@moz.com)"
66.249.79.36 - - [20/Jan/2020:12:26:55 +0800] "GET /2005/special_order/so-2005-304.pdf HTTP/1.1" 200 27602 "-" "Mozilla/5.0 (Linux; Android 6.0.1; Nexus 5X Build/MMB29P) AppleWebKit/537.36 (KHTML, like Gecko) Chrome/41.0.2272.96 Mobile Safari/537.36 (compatible; Googlebot/2.1; +http://www.google.com/bot.html)"
66.249.79.36 - - [20/Jan/2020:12:27:31 +0800] "GET /1999/denrmc99-11.pdf HTTP/1.1" 200 12605 "-" "Mozilla/5.0 (Linux; Android 6.0.1; Nexus 5X Build/MMB29P) AppleWebKit/537.36 (KHTML, like Gecko) Chrome/41.0.2272.96 Mobile Safari/537.36 (compatible; Googlebot/2.1; +http://www.google.com/bot.html)"
66.249.79.41 - - [20/Jan/2020:12:28:08 +0800] "GET /pol-1994/PAWDAO94.pdf HTTP/1.1" 200 554486 "-" "Mozilla/5.0 (Linux; Android 6.0.1; Nexus 5X Build/MMB29P) AppleWebKit/537.36 (KHTML, like Gecko) Chrome/41.0.2272.96 Mobile Safari/537.36 (compatible; Googlebot/2.1; +http://www.google.com/bot.html)"
216.244.66.245 - - [20/Jan/2020:12:28:38 +0800] "GET /2001/DAO_Env_2001-12.pdf HTTP/1.1" 200 24022 "-" "Mozilla/5.0 (compatible; DotBot/1.1; http://www.opensiteexplorer.org/dotbot, help@moz.com)"
216.244.66.245 - - [20/Jan/2020:12:28:42 +0800] "GET /2001/DAO_PAWB2001-18.pdf HTTP/1.1" 200 20145 "-" "Mozilla/5.0 (compatible; DotBot/1.1; http://www.opensiteexplorer.org/dotbot, help@moz.com)"
216.244.66.245 - - [20/Jan/2020:12:28:45 +0800] "GET /pol-1997/dao35.pdf HTTP/1.1" 404 216 "-" "Mozilla/5.0 (compatible; DotBot/1.1; http://www.opensiteexplorer.org/dotbot, help@moz.com)"
216.244.66.245 - - [20/Jan/2020:12:28:46 +0800] "GET /pol-1997/dao38.pdf HTTP/1.1" 404 216 "-" "Mozilla/5.0 (compatible; DotBot/1.1; http://www.opensiteexplorer.org/dotbot, help@moz.com)"
216.244.66.245 - - [20/Jan/2020:12:28:47 +0800] "GET /2004/DMO/DMO-2004-09.pdf HTTP/1.1" 404 222 "-" "Mozilla/5.0 (compatible; DotBot/1.1; http://www.opensiteexplorer.org/dotbot, help@moz.com)"
66.249.79.41 - - [20/Jan/2020:12:31:09 +0800] "GET /2005/special_order/so-2005-487.pdf HTTP/1.1" 200 28819 "-" "Mozilla/5.0 (Linux; Android 6.0.1; Nexus 5X Build/MMB29P) AppleWebKit/537.36 (KHTML, like Gecko) Chrome/41.0.2272.96 Mobile Safari/537.36 (compatible; Googlebot/2.1; +http://www.google.com/bot.html)"
122.3.102.210 - - [20/Jan/2020:12:33:20 +0800] "GET /pol-1997/dao07.pdf HTTP/1.1" 404 216 "https://denr.gov.ph/" "Mozilla/5.0 (Windows NT 6.1; Win64; x64) AppleWebKit/537.36 (KHTML, like Gecko) Chrome/79.0.3945.117 Safari/537.36"
122.3.102.210 - - [20/Jan/2020:12:33:21 +0800] "GET /favicon.ico HTTP/1.1" 404 209 "http://policy.denr.gov.ph/pol-1997/dao07.pdf" "Mozilla/5.0 (Windows NT 6.1; Win64; x64) AppleWebKit/537.36 (KHTML, like Gecko) Chrome/79.0.3945.117 Safari/537.36"
66.249.79.36 - - [20/Jan/2020:12:34:10 +0800] "GET /pol-1994/PAWDAO94.pdf HTTP/1.1" 200 554486 "-" "Mozilla/5.0 (Linux; Android 6.0.1; Nexus 5X Build/MMB29P) AppleWebKit/537.36 (KHTML, like Gecko) Chrome/41.0.2272.96 Mobile Safari/537.36 (compatible; Googlebot/2.1; +http://www.google.com/bot.html)"
49.145.196.23 - - [20/Jan/2020:12:36:36 +0800] "GET /pol-1998/dao98-24.pdf HTTP/1.1" 200 6263890 "https://www.google.com/" "Mozilla/5.0 (Windows NT 6.1; Win64; x64) AppleWebKit/537.36 (KHTML, like Gecko) Chrome/79.0.3945.117 Safari/537.36"
49.145.196.23 - - [20/Jan/2020:12:36:38 +0800] "GET /favicon.ico HTTP/1.1" 404 209 "http://policy.denr.gov.ph/pol-1998/dao98-24.pdf" "Mozilla/5.0 (Windows NT 6.1; Win64; x64) AppleWebKit/537.36 (KHTML, like Gecko) Chrome/79.0.3945.117 Safari/537.36"
49.145.196.23 - - [20/Jan/2020:12:36:38 +0800] "GET /pol-1998/dao98-24.pdf HTTP/1.1" 206 627794 "http://policy.denr.gov.ph/pol-1998/dao98-24.pdf" "Mozilla/5.0 (Windows NT 6.1; Win64; x64) AppleWebKit/537.36 (KHTML, like Gecko) Chrome/79.0.3945.117 Safari/537.36"
49.145.196.23 - - [20/Jan/2020:12:36:38 +0800] "GET /pol-1998/dao98-24.pdf HTTP/1.1" 206 5570560 "http://policy.denr.gov.ph/pol-1998/dao98-24.pdf" "Mozilla/5.0 (Windows NT 6.1; Win64; x64) AppleWebKit/537.36 (KHTML, like Gecko) Chrome/79.0.3945.117 Safari/537.36"
66.249.79.41 - - [20/Jan/2020:12:41:36 +0800] "GET /2000/DAO_FMB_2000-79.pdf HTTP/1.1" 200 16818 "-" "Mozilla/5.0 (Linux; Android 6.0.1; Nexus 5X Build/MMB29P) AppleWebKit/537.36 (KHTML, like Gecko) Chrome/41.0.2272.96 Mobile Safari/537.36 (compatible; Googlebot/2.1; +http://www.google.com/bot.html)"
40.77.167.154 - - [20/Jan/2020:12:41:49 +0800] "GET /2006/special_order/so-2006-147.pdf HTTP/1.1" 304 - "-" "Mozilla/5.0 (compatible; bingbot/2.0; +http://www.bing.com/bingbot.htm)"
66.249.79.36 - - [20/Jan/2020:12:42:13 +0800] "GET /1996/ENV_DAO_1996-38.pdf HTTP/1.1" 200 18302 "-" "Mozilla/5.0 (Linux; Android 6.0.1; Nexus 5X Build/MMB29P) AppleWebKit/537.36 (KHTML, like Gecko) Chrome/41.0.2272.96 Mobile Safari/537.36 (compatible; Googlebot/2.1; +http://www.google.com/bot.html)"
66.249.79.41 - - [20/Jan/2020:12:42:50 +0800] "GET /1992/PAWB_DAO_1992_41.pdf HTTP/1.1" 200 16937 "-" "Mozilla/5.0 (Linux; Android 6.0.1; Nexus 5X Build/MMB29P) AppleWebKit/537.36 (KHTML, like Gecko) Chrome/41.0.2272.96 Mobile Safari/537.36 (compatible; Googlebot/2.1; +http://www.google.com/bot.html)"
66.249.79.44 - - [20/Jan/2020:12:43:27 +0800] "GET /1995/Proclamation1995-703.pdf HTTP/1.1" 200 50084 "-" "Mozilla/5.0 (Linux; Android 6.0.1; Nexus 5X Build/MMB29P) AppleWebKit/537.36 (KHTML, like Gecko) Chrome/41.0.2272.96 Mobile Safari/537.36 (compatible; Googlebot/2.1; +http://www.google.com/bot.html)"
66.249.79.41 - - [20/Jan/2020:12:44:03 +0800] "GET /2006/dmo/dmo-2006-001.pdf HTTP/1.1" 200 50286 "-" "Mozilla/5.0 (Linux; Android 6.0.1; Nexus 5X Build/MMB29P) AppleWebKit/537.36 (KHTML, like Gecko) Chrome/41.0.2272.96 Mobile Safari/537.36 (compatible; Googlebot/2.1; +http://www.google.com/bot.html)"
122.54.201.108 - - [20/Jan/2020:12:44:17 +0800] "GET /1999/fordao99-36.pdf HTTP/1.1" 200 72387 "https://denr.gov.ph/" "Mozilla/5.0 (Windows NT 6.1; Win64; x64) AppleWebKit/537.36 (KHTML, like Gecko) Chrome/79.0.3945.117 Safari/537.36"
66.249.79.36 - - [20/Jan/2020:12:44:40 +0800] "GET /1997/ENV_DAO-97-18.pdf HTTP/1.1" 200 16675 "-" "Mozilla/5.0 (Linux; Android 6.0.1; Nexus 5X Build/MMB29P) AppleWebKit/537.36 (KHTML, like Gecko) Chrome/41.0.2272.96 Mobile Safari/537.36 (compatible; Googlebot/2.1; +http://www.google.com/bot.html)"
122.3.102.210 - - [20/Jan/2020:12:45:17 +0800] "GET /1994/ForDao_1994-07.pdf HTTP/1.1" 200 339222 "https://www.google.com/" "Mozilla/5.0 (Windows NT 10.0; Win64; x64) AppleWebKit/537.36 (KHTML, like Gecko) Chrome/70.0.3538.102 Safari/537.36 Edge/18.18362"
66.249.79.36 - - [20/Jan/2020:12:45:17 +0800] "GET /1996/FOR_DAO_1996-35.pdf HTTP/1.1" 200 16215 "-" "Mozilla/5.0 (Linux; Android 6.0.1; Nexus 5X Build/MMB29P) AppleWebKit/537.36 (KHTML, like Gecko) Chrome/41.0.2272.96 Mobile Safari/537.36 (compatible; Googlebot/2.1; +http://www.google.com/bot.html)"
122.3.102.210 - - [20/Jan/2020:12:45:19 +0800] "GET /1994/ForDao_1994-07.pdf HTTP/1.1" 206 339222 "http://policy.denr.gov.ph/1994/ForDao_1994-07.pdf" "Mozilla/5.0 (Windows NT 10.0; Win64; x64) AppleWebKit/537.36 (KHTML, like Gecko) Chrome/70.0.3538.102 Safari/537.36 Edge/18.18362"
66.249.79.44 - - [20/Jan/2020:12:45:53 +0800] "GET /pol-1988/ANX.pdf HTTP/1.1" 200 1321745 "-" "Mozilla/5.0 (Linux; Android 6.0.1; Nexus 5X Build/MMB29P) AppleWebKit/537.36 (KHTML, like Gecko) Chrome/41.0.2272.96 Mobile Safari/537.36 (compatible; Googlebot/2.1; +http://www.google.com/bot.html)"
66.249.79.41 - - [20/Jan/2020:12:46:30 +0800] "GET /1988/FOR_DAO_1988-71.pdf HTTP/1.1" 200 9635 "-" "Mozilla/5.0 (Linux; Android 6.0.1; Nexus 5X Build/MMB29P) AppleWebKit/537.36 (KHTML, like Gecko) Chrome/41.0.2272.96 Mobile Safari/537.36 (compatible; Googlebot/2.1; +http://www.google.com/bot.html)"
66.249.79.36 - - [20/Jan/2020:12:47:07 +0800] "GET /1994/ForMO_1994-05.pdf HTTP/1.1" 200 63411 "-" "Mozilla/5.0 (Linux; Android 6.0.1; Nexus 5X Build/MMB29P) AppleWebKit/537.36 (KHTML, like Gecko) Chrome/41.0.2272.96 Mobile Safari/537.36 (compatible; Googlebot/2.1; +http://www.google.com/bot.html)"
66.249.79.36 - - [20/Jan/2020:12:47:44 +0800] "GET /2005/special_order/so-2005-405.pdf HTTP/1.1" 200 19578 "-" "Mozilla/5.0 (Linux; Android 6.0.1; Nexus 5X Build/MMB29P) AppleWebKit/537.36 (KHTML, like Gecko) Chrome/41.0.2272.96 Mobile Safari/537.36 (compatible; Googlebot/2.1; +http://www.google.com/bot.html)"
66.249.79.36 - - [20/Jan/2020:12:48:20 +0800] "GET /dao2004/dao2004-20.pdf HTTP/1.1" 200 79718 "-" "Mozilla/5.0 (Linux; Android 6.0.1; Nexus 5X Build/MMB29P) AppleWebKit/537.36 (KHTML, like Gecko) Chrome/41.0.2272.96 Mobile Safari/537.36 (compatible; Googlebot/2.1; +http://www.google.com/bot.html)"
66.249.79.41 - - [20/Jan/2020:12:48:57 +0800] "GET /1995/EO-95-No259.pdf HTTP/1.1" 200 294207 "-" "Mozilla/5.0 (Linux; Android 6.0.1; Nexus 5X Build/MMB29P) AppleWebKit/537.36 (KHTML, like Gecko) Chrome/41.0.2272.96 Mobile Safari/537.36 (compatible; Googlebot/2.1; +http://www.google.com/bot.html)"
178.197.227.171 - - [20/Jan/2020:12:49:05 +0800] "GET /1999/fordao99-34.pdf HTTP/1.1" 200 36493 "-" "Mozilla/5.0 (iPhone; CPU iPhone OS 12_1_4 like Mac OS X) AppleWebKit/605.1.15 (KHTML, like Gecko) Version/12.0 Mobile/15E148 Safari/604.1"
178.197.227.171 - - [20/Jan/2020:12:49:09 +0800] "GET /apple-touch-icon-120x120-precomposed.png HTTP/1.1" 404 238 "-" "MobileSafari/604.1 CFNetwork/976 Darwin/18.2.0"
178.197.227.171 - - [20/Jan/2020:12:49:09 +0800] "GET /apple-touch-icon-120x120.png HTTP/1.1" 404 226 "-" "MobileSafari/604.1 CFNetwork/976 Darwin/18.2.0"
178.197.227.171 - - [20/Jan/2020:12:49:10 +0800] "GET /apple-touch-icon-precomposed.png HTTP/1.1" 404 230 "-" "MobileSafari/604.1 CFNetwork/976 Darwin/18.2.0"
178.197.227.171 - - [20/Jan/2020:12:49:10 +0800] "GET /apple-touch-icon.png HTTP/1.1" 404 218 "-" "MobileSafari/604.1 CFNetwork/976 Darwin/18.2.0"
178.197.227.171 - - [20/Jan/2020:12:49:10 +0800] "GET /favicon.ico HTTP/1.1" 404 209 "-" "MobileSafari/604.1 CFNetwork/976 Darwin/18.2.0"
178.197.227.171 - - [20/Jan/2020:12:49:11 +0800] "GET /apple-touch-icon-120x120-precomposed.png HTTP/1.1" 404 238 "-" "MobileSafari/604.1 CFNetwork/976 Darwin/18.2.0"
178.197.227.171 - - [20/Jan/2020:12:49:11 +0800] "GET /apple-touch-icon-120x120.png HTTP/1.1" 404 226 "-" "MobileSafari/604.1 CFNetwork/976 Darwin/18.2.0"
178.197.227.171 - - [20/Jan/2020:12:49:11 +0800] "GET /apple-touch-icon-precomposed.png HTTP/1.1" 404 230 "-" "MobileSafari/604.1 CFNetwork/976 Darwin/18.2.0"
178.197.227.171 - - [20/Jan/2020:12:49:11 +0800] "GET /apple-touch-icon.png HTTP/1.1" 404 218 "-" "MobileSafari/604.1 CFNetwork/976 Darwin/18.2.0"
178.197.227.171 - - [20/Jan/2020:12:49:12 +0800] "GET /favicon.ico HTTP/1.1" 404 209 "-" "MobileSafari/604.1 CFNetwork/976 Darwin/18.2.0"
66.249.79.36 - - [20/Jan/2020:12:49:34 +0800] "GET /1998/dao98-39.pdf HTTP/1.1" 200 16344 "-" "Mozilla/5.0 (Linux; Android 6.0.1; Nexus 5X Build/MMB29P) AppleWebKit/537.36 (KHTML, like Gecko) Chrome/41.0.2272.96 Mobile Safari/537.36 (compatible; Googlebot/2.1; +http://www.google.com/bot.html)"
66.249.79.41 - - [20/Jan/2020:12:50:11 +0800] "GET /2005/special_order/so-2005-03.pdf HTTP/1.1" 200 53303 "-" "Mozilla/5.0 (Linux; Android 6.0.1; Nexus 5X Build/MMB29P) AppleWebKit/537.36 (KHTML, like Gecko) Chrome/41.0.2272.96 Mobile Safari/537.36 (compatible; Googlebot/2.1; +http://www.google.com/bot.html)"
203.160.164.114 - - [20/Jan/2020:12:50:42 +0800] "GET /1997/FOR_DAO-97-32.pdf HTTP/1.1" 200 85020 "https://www.google.com/" "Mozilla/5.0 (Windows NT 10.0; Win64; x64) AppleWebKit/537.36 (KHTML, like Gecko) Chrome/70.0.3538.102 Safari/537.36 Edge/18.18362"
66.249.79.41 - - [20/Jan/2020:12:50:47 +0800] "GET /1989/DAO1989-116.pdf HTTP/1.1" 200 209420 "-" "Mozilla/5.0 (Linux; Android 6.0.1; Nexus 5X Build/MMB29P) AppleWebKit/537.36 (KHTML, like Gecko) Chrome/41.0.2272.96 Mobile Safari/537.36 (compatible; Googlebot/2.1; +http://www.google.com/bot.html)"
66.249.79.41 - - [20/Jan/2020:12:51:24 +0800] "GET /1995/DENR_MO-02.pdf HTTP/1.1" 200 8739 "-" "Mozilla/5.0 (Linux; Android 6.0.1; Nexus 5X Build/MMB29P) AppleWebKit/537.36 (KHTML, like Gecko) Chrome/41.0.2272.96 Mobile Safari/537.36 (compatible; Googlebot/2.1; +http://www.google.com/bot.html)"
66.249.79.36 - - [20/Jan/2020:12:52:01 +0800] "GET /1990/FOR_DMO_1990-02.pdf HTTP/1.1" 200 84646 "-" "Mozilla/5.0 (Linux; Android 6.0.1; Nexus 5X Build/MMB29P) AppleWebKit/537.36 (KHTML, like Gecko) Chrome/41.0.2272.96 Mobile Safari/537.36 (compatible; Googlebot/2.1; +http://www.google.com/bot.html)"
66.249.79.41 - - [20/Jan/2020:12:52:38 +0800] "GET /2005/special_order/so-2005-608.pdf HTTP/1.1" 200 149713 "-" "Mozilla/5.0 (Linux; Android 6.0.1; Nexus 5X Build/MMB29P) AppleWebKit/537.36 (KHTML, like Gecko) Chrome/41.0.2272.96 Mobile Safari/537.36 (compatible; Googlebot/2.1; +http://www.google.com/bot.html)"
66.249.79.36 - - [20/Jan/2020:12:53:14 +0800] "GET /2005/special_order/so-2005-592.pdf HTTP/1.1" 200 26166 "-" "Mozilla/5.0 (Linux; Android 6.0.1; Nexus 5X Build/MMB29P) AppleWebKit/537.36 (KHTML, like Gecko) Chrome/41.0.2272.96 Mobile Safari/537.36 (compatible; Googlebot/2.1; +http://www.google.com/bot.html)"
66.249.79.36 - - [20/Jan/2020:12:53:51 +0800] "GET /2001/Mines_AnnexA-2001.pdf HTTP/1.1" 200 15614 "-" "Mozilla/5.0 (Linux; Android 6.0.1; Nexus 5X Build/MMB29P) AppleWebKit/537.36 (KHTML, like Gecko) Chrome/41.0.2272.96 Mobile Safari/537.36 (compatible; Googlebot/2.1; +http://www.google.com/bot.html)"
66.249.79.36 - - [20/Jan/2020:12:54:28 +0800] "GET /2005/special_order/so-2005-76.pdf HTTP/1.1" 200 202241 "-" "Mozilla/5.0 (Linux; Android 6.0.1; Nexus 5X Build/MMB29P) AppleWebKit/537.36 (KHTML, like Gecko) Chrome/41.0.2272.96 Mobile Safari/537.36 (compatible; Googlebot/2.1; +http://www.google.com/bot.html)"
122.55.57.82 - - [20/Jan/2020:12:54:54 +0800] "GET /favicon.ico HTTP/1.1" 404 209 "http://policy.denr.gov.ph/2005/dao/joint_dao2005-02.pdf" "Mozilla/5.0 (Windows NT 6.1) AppleWebKit/537.36 (KHTML, like Gecko) Chrome/79.0.3945.130 Safari/537.36"
122.55.57.82 - - [20/Jan/2020:12:54:53 +0800] "GET /2005/dao/joint_dao2005-02.pdf HTTP/1.1" 200 596271 "https://www.google.com/" "Mozilla/5.0 (Windows NT 6.1) AppleWebKit/537.36 (KHTML, like Gecko) Chrome/79.0.3945.130 Safari/537.36"
66.249.79.44 - - [20/Jan/2020:12:55:05 +0800] "GET /2005/special_order/so-2005-503.pdf HTTP/1.1" 200 33895 "-" "Mozilla/5.0 (Linux; Android 6.0.1; Nexus 5X Build/MMB29P) AppleWebKit/537.36 (KHTML, like Gecko) Chrome/41.0.2272.96 Mobile Safari/537.36 (compatible; Googlebot/2.1; +http://www.google.com/bot.html)"
40.77.167.65 - - [20/Jan/2020:12:55:39 +0800] "GET /1991/fordao91-54.pdf HTTP/1.1" 304 - "-" "Mozilla/5.0 (compatible; bingbot/2.0; +http://www.bing.com/bingbot.htm)"
40.77.167.65 - - [20/Jan/2020:12:55:40 +0800] "GET /1993/DAO1993-17.pdf HTTP/1.1" 200 102419 "-" "Mozilla/5.0 (compatible; bingbot/2.0; +http://www.bing.com/bingbot.htm)"
66.249.79.36 - - [20/Jan/2020:12:55:41 +0800] "GET /1987/PAWB_DAO_87_51.pdf HTTP/1.1" 200 30820 "-" "Mozilla/5.0 (Linux; Android 6.0.1; Nexus 5X Build/MMB29P) AppleWebKit/537.36 (KHTML, like Gecko) Chrome/41.0.2272.96 Mobile Safari/537.36 (compatible; Googlebot/2.1; +http://www.google.com/bot.html)"
66.249.79.44 - - [20/Jan/2020:12:56:18 +0800] "GET /2005/special_order/so-2005-102.pdf HTTP/1.1" 200 76227 "-" "Mozilla/5.0 (Linux; Android 6.0.1; Nexus 5X Build/MMB29P) AppleWebKit/537.36 (KHTML, like Gecko) Chrome/41.0.2272.96 Mobile Safari/537.36 (compatible; Googlebot/2.1; +http://www.google.com/bot.html)"
122.3.102.210 - - [20/Jan/2020:12:56:33 +0800] "GET /favicon.ico HTTP/1.1" 404 209 "-" "Mozilla/5.0 (Windows NT 10.0; Win64; x64) AppleWebKit/537.36 (KHTML, like Gecko) Chrome/70.0.3538.102 Safari/537.36 Edge/18.18362"
122.3.102.210 - - [20/Jan/2020:12:56:33 +0800] "GET /1994/ForDao_1994-07.pdf HTTP/1.1" 206 339222 "http://policy.denr.gov.ph/1994/ForDao_1994-07.pdf" "Mozilla/5.0 (Windows NT 10.0; Win64; x64) AppleWebKit/537.36 (KHTML, like Gecko) Chrome/70.0.3538.102 Safari/537.36 Edge/18.18362"
66.249.79.36 - - [20/Jan/2020:12:56:55 +0800] "GET /2005/dao/dao2005-07.pdf HTTP/1.1" 200 787066 "-" "Mozilla/5.0 (Linux; Android 6.0.1; Nexus 5X Build/MMB29P) AppleWebKit/537.36 (KHTML, like Gecko) Chrome/41.0.2272.96 Mobile Safari/537.36 (compatible; Googlebot/2.1; +http://www.google.com/bot.html)"
40.77.167.61 - - [20/Jan/2020:12:57:48 +0800] "GET /pol-1990/toc90.PDF HTTP/1.1" 304 - "-" "Mozilla/5.0 (compatible; bingbot/2.0; +http://www.bing.com/bingbot.htm)"
112.198.193.15 - - [20/Jan/2020:12:58:25 +0800] "GET /1997/ENV_DAO-97-05.pdf HTTP/1.1" 200 35973 "-" "Dalvik/2.1.0 (Linux; U; Android 9; SM-A505GN Build/PPR1.180610.011)"
122.52.115.171 - - [20/Jan/2020:13:00:24 +0800] "GET /2001/DENR_MO_2001-11.pdf HTTP/1.1" 200 29820 "https://www.google.com/" "Mozilla/5.0 (Windows NT 10.0; Win64; x64) AppleWebKit/537.36 (KHTML, like Gecko) Chrome/73.0.3683.103 Safari/537.36"
122.52.115.171 - - [20/Jan/2020:13:00:24 +0800] "GET /favicon.ico HTTP/1.1" 404 209 "http://policy.denr.gov.ph/2001/DENR_MO_2001-11.pdf" "Mozilla/5.0 (Windows NT 10.0; Win64; x64) AppleWebKit/537.36 (KHTML, like Gecko) Chrome/73.0.3683.103 Safari/537.36"
49.145.232.246 - - [20/Jan/2020:13:01:12 +0800] "GET /1988/PAW_DAO_1988-55.pdf HTTP/1.1" 200 13158 "https://duckduckgo.com/" "Mozilla/5.0 (iPad; CPU OS 12_0_1 like Mac OS X) AppleWebKit/605.1.15 (KHTML, like Gecko) Version/12.0 Mobile/15E148 Safari/604.1"
49.145.232.246 - - [20/Jan/2020:13:01:13 +0800] "GET /favicon.ico HTTP/1.1" 404 209 "http://policy.denr.gov.ph/1988/PAW_DAO_1988-55.pdf" "Mozilla/5.0 (iPad; CPU OS 12_0_1 like Mac OS X) AppleWebKit/605.1.15 (KHTML, like Gecko) Version/12.0 Mobile/15E148 Safari/604.1"
175.176.49.242 - - [20/Jan/2020:13:02:48 +0800] "GET /2005/dao/joint_dao2005-02.pdf HTTP/1.1" 200 596271 "https://www.google.com/" "Mozilla/5.0 (iPhone; CPU iPhone OS 12_4 like Mac OS X) AppleWebKit/605.1.15 (KHTML, like Gecko) Version/12.1.2 Mobile/15E148 Safari/604.1"
175.176.49.242 - - [20/Jan/2020:13:02:50 +0800] "GET /favicon.ico HTTP/1.1" 404 209 "http://policy.denr.gov.ph/2005/dao/joint_dao2005-02.pdf" "Mozilla/5.0 (iPhone; CPU iPhone OS 12_4 like Mac OS X) AppleWebKit/605.1.15 (KHTML, like Gecko) Version/12.1.2 Mobile/15E148 Safari/604.1"
23.100.232.233 - - [20/Jan/2020:13:04:06 +0800] "GET /1992/RA_1992_7607.pdf HTTP/1.1" 200 75507 "http://www.bing.com/search?q=republic+act+of+using+advance+technology+in+harvesting+rice&form=MSNH14&sc=8-4&sp=-1&qs=n&sk=" "Mozilla/5.0 (compatible; MSIE 9.0; Windows NT 6.0; Trident/5.0; Trident/5.0)"
216.244.66.245 - - [20/Jan/2020:13:04:48 +0800] "GET /2000/DAO_FMB_2000-36.pdf HTTP/1.1" 200 19916 "-" "Mozilla/5.0 (compatible; DotBot/1.1; http://www.opensiteexplorer.org/dotbot, help@moz.com)"
216.244.66.245 - - [20/Jan/2020:13:04:53 +0800] "GET /2003/dao2003-25.pdf HTTP/1.1" 200 197771 "-" "Mozilla/5.0 (compatible; DotBot/1.1; http://www.opensiteexplorer.org/dotbot, help@moz.com)"
118.151.184.124 - - [20/Jan/2020:13:05:37 +0800] "GET /2000/ENV_DAO_2000-81.pdf HTTP/1.1" 200 299209 "http://www.google.co.jp/url?sa=t&rct=j&q=&esrc=s&source=web&cd=1&ved=2ahUKEwjU14Hrs5HnAhVqHKYKHWwmA8MQFjAAegQIARAB&url=http%3A%2F%2Fpolicy.denr.gov.ph%2F2000%2FENV_DAO_2000-81.pdf&usg=AOvVaw3V2UaPAuqEJq_jjNygERnp" "Mozilla/5.0 (Windows NT 10.0; WOW64; Trident/7.0; Touch; rv:11.0) like Gecko"
216.244.66.245 - - [20/Jan/2020:13:05:43 +0800] "GET /1988/FOR_DAO_1988-76.pdf HTTP/1.1" 200 10815 "-" "Mozilla/5.0 (compatible; DotBot/1.1; http://www.opensiteexplorer.org/dotbot, help@moz.com)"
216.244.66.245 - - [20/Jan/2020:13:05:46 +0800] "GET /1992/LAN_DAO_1992_19.pdf HTTP/1.1" 200 21245 "-" "Mozilla/5.0 (compatible; DotBot/1.1; http://www.opensiteexplorer.org/dotbot, help@moz.com)"
216.244.66.245 - - [20/Jan/2020:13:05:45 +0800] "GET /1991/pawsdao91-36.pdf HTTP/1.1" 200 230273 "-" "Mozilla/5.0 (compatible; DotBot/1.1; http://www.opensiteexplorer.org/dotbot, help@moz.com)"
216.244.66.245 - - [20/Jan/2020:13:05:44 +0800] "GET /1991/landao91-49.pdf HTTP/1.1" 200 117284 "-" "Mozilla/5.0 (compatible; DotBot/1.1; http://www.opensiteexplorer.org/dotbot, help@moz.com)"
216.244.66.245 - - [20/Jan/2020:13:05:52 +0800] "GET /1995/FOR_DAO1995-18.pdf HTTP/1.1" 200 112379 "-" "Mozilla/5.0 (compatible; DotBot/1.1; http://www.opensiteexplorer.org/dotbot, help@moz.com)"
216.244.66.245 - - [20/Jan/2020:13:08:01 +0800] "GET /1998/admin98-23.pdf HTTP/1.1" 200 15607 "-" "Mozilla/5.0 (compatible; DotBot/1.1; http://www.opensiteexplorer.org/dotbot, help@moz.com)"
216.244.66.245 - - [20/Jan/2020:13:08:02 +0800] "GET /1999/denrmc99-21.pdf HTTP/1.1" 200 13598 "-" "Mozilla/5.0 (compatible; DotBot/1.1; http://www.opensiteexplorer.org/dotbot, help@moz.com)"
216.244.66.245 - - [20/Jan/2020:13:08:03 +0800] "GET /1999/fordao99-43.pdf HTTP/1.1" 200 20344 "-" "Mozilla/5.0 (compatible; DotBot/1.1; http://www.opensiteexplorer.org/dotbot, help@moz.com)"
216.244.66.245 - - [20/Jan/2020:13:08:04 +0800] "GET /2001/DENR_MO_2001-05.pdf HTTP/1.1" 200 33105 "-" "Mozilla/5.0 (compatible; DotBot/1.1; http://www.opensiteexplorer.org/dotbot, help@moz.com)"
216.244.66.245 - - [20/Jan/2020:13:08:07 +0800] "GET /2002/dao_2002-37.pdf HTTP/1.1" 200 16257 "-" "Mozilla/5.0 (compatible; DotBot/1.1; http://www.opensiteexplorer.org/dotbot, help@moz.com)"
216.244.66.245 - - [20/Jan/2020:13:08:09 +0800] "GET /1997/ADM_DAO-97-26.pdf HTTP/1.1" 200 13666 "-" "Mozilla/5.0 (compatible; DotBot/1.1; http://www.opensiteexplorer.org/dotbot, help@moz.com)"
216.244.66.245 - - [20/Jan/2020:13:08:10 +0800] "GET /1998/minesdao98-02.pdf HTTP/1.1" 200 17515 "-" "Mozilla/5.0 (compatible; DotBot/1.1; http://www.opensiteexplorer.org/dotbot, help@moz.com)"
216.244.66.245 - - [20/Jan/2020:13:08:11 +0800] "GET /2002/JOINTDAO_2002-01.pdf HTTP/1.1" 200 93296 "-" "Mozilla/5.0 (compatible; DotBot/1.1; http://www.opensiteexplorer.org/dotbot, help@moz.com)"
216.244.66.245 - - [20/Jan/2020:13:08:08 +0800] "GET /1995/FOR_DAO1995-15.pdf HTTP/1.1" 200 491028 "-" "Mozilla/5.0 (compatible; DotBot/1.1; http://www.opensiteexplorer.org/dotbot, help@moz.com)"
192.168.7.170 - - [20/Jan/2020:13:12:27 +0800] "GET /favicon.ico HTTP/1.1" 404 209 "http://policy.denr.gov.ph/2005/dao/dao2005-08.pdf" "Mozilla/5.0 (Windows NT 10.0; Win64; x64) AppleWebKit/537.36 (KHTML, like Gecko) Chrome/79.0.3945.117 Safari/537.36"
192.168.7.170 - - [20/Jan/2020:13:12:27 +0800] "GET /2005/dao/dao2005-08.pdf HTTP/1.1" 200 964397 "http://oldwebsite.denr.gov.ph/section-policies/laws.php?page=14&sort=tl&filter=type&searchword=&filterID=1&searchword=&fromyear=&frommonth=&fromdate=&toyear=&tomonth=&todate=&dateval=true" "Mozilla/5.0 (Windows NT 10.0; Win64; x64) AppleWebKit/537.36 (KHTML, like Gecko) Chrome/79.0.3945.117 Safari/537.36"
192.168.9.157 - - [20/Jan/2020:13:12:49 +0800] "GET /1993/FOR_MC_1993-26.pdf HTTP/1.1" 200 173001 "https://www.google.com/" "Mozilla/5.0 (Windows NT 6.1) AppleWebKit/537.36 (KHTML, like Gecko) Chrome/79.0.3945.117 Safari/537.36"
192.168.9.157 - - [20/Jan/2020:13:12:49 +0800] "GET /favicon.ico HTTP/1.1" 404 209 "http://policy.denr.gov.ph/1993/FOR_MC_1993-26.pdf" "Mozilla/5.0 (Windows NT 6.1) AppleWebKit/537.36 (KHTML, like Gecko) Chrome/79.0.3945.117 Safari/537.36"
27.110.158.2 - - [20/Jan/2020:13:12:53 +0800] "GET /pol-1996/dao29.pdf HTTP/1.1" 404 216 "https://denr.gov.ph/" "Mozilla/5.0 (Windows NT 10.0; Win64; x64) AppleWebKit/537.36 (KHTML, like Gecko) Chrome/79.0.3945.117 Safari/537.36"
27.110.158.2 - - [20/Jan/2020:13:12:53 +0800] "GET /favicon.ico HTTP/1.1" 404 209 "http://policy.denr.gov.ph/pol-1996/dao29.pdf" "Mozilla/5.0 (Windows NT 10.0; Win64; x64) AppleWebKit/537.36 (KHTML, like Gecko) Chrome/79.0.3945.117 Safari/537.36"
27.110.158.2 - - [20/Jan/2020:13:13:34 +0800] "GET /pol-1996/dao29.pdf HTTP/1.1" 404 216 "https://denr.gov.ph/" "Mozilla/5.0 (Windows NT 10.0; Win64; x64) AppleWebKit/537.36 (KHTML, like Gecko) Chrome/79.0.3945.117 Safari/537.36"
27.110.158.2 - - [20/Jan/2020:13:13:37 +0800] "GET /1996/FOR_DAO_1996-29.pdf HTTP/1.1" 200 96381 "https://denr.gov.ph/" "Mozilla/5.0 (Windows NT 10.0; Win64; x64) AppleWebKit/537.36 (KHTML, like Gecko) Chrome/79.0.3945.117 Safari/537.36"
122.53.222.251 - - [20/Jan/2020:13:13:43 +0800] "GET /favicon.ico HTTP/1.1" 404 209 "http://policy.denr.gov.ph/2003/dao2003-29.pdf" "Mozilla/5.0 (Windows NT 10.0; Win64; x64) AppleWebKit/537.36 (KHTML, like Gecko) Chrome/79.0.3945.117 Safari/537.36"
122.53.222.251 - - [20/Jan/2020:13:14:04 +0800] "GET /2003/dao2003-29.pdf HTTP/1.1" 304 - "https://denr.gov.ph/" "Mozilla/5.0 (Windows NT 10.0; Win64; x64) AppleWebKit/537.36 (KHTML, like Gecko) Chrome/79.0.3945.117 Safari/537.36"
122.53.222.251 - - [20/Jan/2020:13:13:42 +0800] "GET /2003/dao2003-29.pdf HTTP/1.1" 200 2267638 "https://denr.gov.ph/" "Mozilla/5.0 (Windows NT 10.0; Win64; x64) AppleWebKit/537.36 (KHTML, like Gecko) Chrome/79.0.3945.117 Safari/537.36"
27.110.158.2 - - [20/Jan/2020:13:15:28 +0800] "GET /dao2004/dao2004-29.pdf HTTP/1.1" 200 2073071 "https://denr.gov.ph/" "Mozilla/5.0 (Windows NT 10.0; Win64; x64) AppleWebKit/537.36 (KHTML, like Gecko) Chrome/79.0.3945.117 Safari/537.36"
122.55.111.2 - - [20/Jan/2020:13:15:34 +0800] "GET /1993/DAO1993-47.pdf HTTP/1.1" 200 92718 "http://oldwebsite.denr.gov.ph/section-policies/viewrec.php?id=1721&page=8&sort=tl&filter=type&filterID=1&searchword=&fromyear=&frommonth=&fromdate=&toyear=&tomonth=&todate=&dateval=true" "Mozilla/5.0 (Windows NT 10.0; Win64; x64) AppleWebKit/537.36 (KHTML, like Gecko) Chrome/79.0.3945.117 Safari/537.36"
122.55.111.2 - - [20/Jan/2020:13:15:34 +0800] "GET /favicon.ico HTTP/1.1" 404 209 "http://policy.denr.gov.ph/1993/DAO1993-47.pdf" "Mozilla/5.0 (Windows NT 10.0; Win64; x64) AppleWebKit/537.36 (KHTML, like Gecko) Chrome/79.0.3945.117 Safari/537.36"
110.54.153.96 - - [20/Jan/2020:13:15:53 +0800] "GET /1997/FOR_DAO-97-32.pdf HTTP/1.1" 200 85020 "https://www.google.com/" "Mozilla/5.0 (iPhone; CPU iPhone OS 13_3 like Mac OS X) AppleWebKit/605.1.15 (KHTML, like Gecko) Version/13.0.4 Mobile/15E148 Safari/604.1"
110.54.153.96 - - [20/Jan/2020:13:15:53 +0800] "GET /favicon.ico HTTP/1.1" 404 209 "http://policy.denr.gov.ph/1997/FOR_DAO-97-32.pdf" "Mozilla/5.0 (iPhone; CPU iPhone OS 13_3 like Mac OS X) AppleWebKit/605.1.15 (KHTML, like Gecko) Version/13.0.4 Mobile/15E148 Safari/604.1"
66.249.79.36 - - [20/Jan/2020:13:15:54 +0800] "GET /2005/special_order/so-2005-811.pdf HTTP/1.1" 200 83081 "-" "Mozilla/5.0 (Linux; Android 6.0.1; Nexus 5X Build/MMB29P) AppleWebKit/537.36 (KHTML, like Gecko) Chrome/41.0.2272.96 Mobile Safari/537.36 (compatible; Googlebot/2.1; +http://www.google.com/bot.html)"
66.249.79.41 - - [20/Jan/2020:13:16:30 +0800] "GET /1990/FOR_DMC_1990-13.pdf HTTP/1.1" 200 67833 "-" "Mozilla/5.0 (Linux; Android 6.0.1; Nexus 5X Build/MMB29P) AppleWebKit/537.36 (KHTML, like Gecko) Chrome/41.0.2272.96 Mobile Safari/537.36 (compatible; Googlebot/2.1; +http://www.google.com/bot.html)"
49.145.15.3 - - [20/Jan/2020:13:16:47 +0800] "GET /1997/FOR_DAO-97-32.pdf HTTP/1.1" 200 85020 "https://www.google.com/" "Mozilla/5.0 (Windows NT 6.3; Win64; x64) AppleWebKit/537.36 (KHTML, like Gecko) Chrome/79.0.3945.117 Safari/537.36"
49.145.15.3 - - [20/Jan/2020:13:16:47 +0800] "GET /favicon.ico HTTP/1.1" 404 209 "http://policy.denr.gov.ph/1997/FOR_DAO-97-32.pdf" "Mozilla/5.0 (Windows NT 6.3; Win64; x64) AppleWebKit/537.36 (KHTML, like Gecko) Chrome/79.0.3945.117 Safari/537.36"
49.145.15.3 - - [20/Jan/2020:13:16:57 +0800] "GET /1988/FOR_DMO_1988-36.pdf HTTP/1.1" 200 52261 "https://www.google.com/" "Mozilla/5.0 (Windows NT 6.3; Win64; x64) AppleWebKit/537.36 (KHTML, like Gecko) Chrome/79.0.3945.117 Safari/537.36"
66.249.79.44 - - [20/Jan/2020:13:17:07 +0800] "GET /1998/minesmo98-19.pdf HTTP/1.1" 200 25525 "-" "Mozilla/5.0 (Linux; Android 6.0.1; Nexus 5X Build/MMB29P) AppleWebKit/537.36 (KHTML, like Gecko) Chrome/41.0.2272.96 Mobile Safari/537.36 (compatible; Googlebot/2.1; +http://www.google.com/bot.html)"
110.54.248.111 - - [20/Jan/2020:13:17:11 +0800] "GET /1996/FOR_DAO_1996-29.pdf HTTP/1.1" 200 96381 "https://ph.search.yahoo.com/" "Mozilla/5.0 (Windows NT 10.0; WOW64) AppleWebKit/537.36 (KHTML, like Gecko) Chrome/79.0.3945.117 Safari/537.36"
110.54.248.111 - - [20/Jan/2020:13:17:14 +0800] "GET /favicon.ico HTTP/1.1" 404 209 "http://policy.denr.gov.ph/1996/FOR_DAO_1996-29.pdf" "Mozilla/5.0 (Windows NT 10.0; WOW64) AppleWebKit/537.36 (KHTML, like Gecko) Chrome/79.0.3945.117 Safari/537.36"
66.249.79.41 - - [20/Jan/2020:13:17:44 +0800] "GET /1999/mo99-27.pdf HTTP/1.1" 200 18313 "-" "Mozilla/5.0 (Linux; Android 6.0.1; Nexus 5X Build/MMB29P) AppleWebKit/537.36 (KHTML, like Gecko) Chrome/41.0.2272.96 Mobile Safari/537.36 (compatible; Googlebot/2.1; +http://www.google.com/bot.html)"
27.110.158.2 - - [20/Jan/2020:13:18:13 +0800] "GET /1998/dao98-45.pdf HTTP/1.1" 200 27051 "https://denr.gov.ph/" "Mozilla/5.0 (Windows NT 10.0; Win64; x64) AppleWebKit/537.36 (KHTML, like Gecko) Chrome/79.0.3945.117 Safari/537.36"
66.249.79.36 - - [20/Jan/2020:13:18:20 +0800] "GET /1993/FOR_MO93-07.pdf HTTP/1.1" 200 133009 "-" "Mozilla/5.0 (Linux; Android 6.0.1; Nexus 5X Build/MMB29P) AppleWebKit/537.36 (KHTML, like Gecko) Chrome/41.0.2272.96 Mobile Safari/537.36 (compatible; Googlebot/2.1; +http://www.google.com/bot.html)"
66.249.79.41 - - [20/Jan/2020:13:18:57 +0800] "GET /1992/LAN_DAO_1992_18.pdf HTTP/1.1" 200 16288 "-" "Mozilla/5.0 (Linux; Android 6.0.1; Nexus 5X Build/MMB29P) AppleWebKit/537.36 (KHTML, like Gecko) Chrome/41.0.2272.96 Mobile Safari/537.36 (compatible; Googlebot/2.1; +http://www.google.com/bot.html)"
66.249.79.36 - - [20/Jan/2020:13:19:34 +0800] "GET /2000/DENR_DAO_2000-06.pdf HTTP/1.1" 200 16771 "-" "Mozilla/5.0 (Linux; Android 6.0.1; Nexus 5X Build/MMB29P) AppleWebKit/537.36 (KHTML, like Gecko) Chrome/41.0.2272.96 Mobile Safari/537.36 (compatible; Googlebot/2.1; +http://www.google.com/bot.html)"
103.29.23.114 - - [20/Jan/2020:13:19:26 +0800] "GET /2006/dao/JointDAO-2006-001.pdf HTTP/1.1" 200 333963 "https://www.google.com/" "Mozilla/5.0 (Windows NT 10.0; Win64; x64) AppleWebKit/537.36 (KHTML, like Gecko) Chrome/79.0.3945.130 Safari/537.36"
66.249.79.44 - - [20/Jan/2020:13:20:11 +0800] "GET /1990/lLAND_DAO_1990-51.pdf HTTP/1.1" 200 114619 "-" "Mozilla/5.0 (Linux; Android 6.0.1; Nexus 5X Build/MMB29P) AppleWebKit/537.36 (KHTML, like Gecko) Chrome/41.0.2272.96 Mobile Safari/537.36 (compatible; Googlebot/2.1; +http://www.google.com/bot.html)"
66.249.82.189 - - [20/Jan/2020:13:20:20 +0800] "GET /1996/FOR_DAO_1996-24.pdf HTTP/1.1" 200 55397 "http://www.google.com/" "Mozilla/5.0 (Linux; Android 9; CPH1933) AppleWebKit/537.36 (KHTML, like Gecko) Chrome/79.0.3945.116 Mobile Safari/537.36"
66.249.79.36 - - [20/Jan/2020:13:20:47 +0800] "GET /2005/special_order/so-2005-29.pdf HTTP/1.1" 200 174573 "-" "Mozilla/5.0 (Linux; Android 6.0.1; Nexus 5X Build/MMB29P) AppleWebKit/537.36 (KHTML, like Gecko) Chrome/41.0.2272.96 Mobile Safari/537.36 (compatible; Googlebot/2.1; +http://www.google.com/bot.html)"
122.53.222.251 - - [20/Jan/2020:13:21:19 +0800] "GET /2003/dao2003-29.pdf HTTP/1.1" 304 - "https://denr.gov.ph/" "Mozilla/5.0 (Windows NT 10.0; Win64; x64) AppleWebKit/537.36 (KHTML, like Gecko) Chrome/79.0.3945.117 Safari/537.36"
122.53.222.251 - - [20/Jan/2020:13:21:22 +0800] "GET /2003/dao2003-29.pdf HTTP/1.1" 304 - "https://denr.gov.ph/" "Mozilla/5.0 (Windows NT 10.0; Win64; x64) AppleWebKit/537.36 (KHTML, like Gecko) Chrome/79.0.3945.117 Safari/537.36"
122.53.222.251 - - [20/Jan/2020:13:21:23 +0800] "GET /2003/dao2003-29.pdf HTTP/1.1" 304 - "https://denr.gov.ph/" "Mozilla/5.0 (Windows NT 10.0; Win64; x64) AppleWebKit/537.36 (KHTML, like Gecko) Chrome/79.0.3945.117 Safari/537.36"
66.249.79.44 - - [20/Jan/2020:13:21:25 +0800] "GET /basicpol/envcode/ HTTP/1.1" 200 1768 "-" "Mozilla/5.0 (Linux; Android 6.0.1; Nexus 5X Build/MMB29P) AppleWebKit/537.36 (KHTML, like Gecko) Chrome/41.0.2272.96 Mobile Safari/537.36 (compatible; Googlebot/2.1; +http://www.google.com/bot.html)"
122.53.222.251 - - [20/Jan/2020:13:21:48 +0800] "GET /2003/dao2003-29.pdf HTTP/1.1" 304 - "https://denr.gov.ph/" "Mozilla/5.0 (Windows NT 10.0; Win64; x64) AppleWebKit/537.36 (KHTML, like Gecko) Chrome/79.0.3945.117 Safari/537.36"
66.249.79.36 - - [20/Jan/2020:13:22:01 +0800] "GET /2005/eo/eo_no_438.pdf HTTP/1.1" 200 159095 "-" "Mozilla/5.0 (Linux; Android 6.0.1; Nexus 5X Build/MMB29P) AppleWebKit/537.36 (KHTML, like Gecko) Chrome/41.0.2272.96 Mobile Safari/537.36 (compatible; Googlebot/2.1; +http://www.google.com/bot.html)"
66.249.79.36 - - [20/Jan/2020:13:22:38 +0800] "GET /2006/special_order/so-2006-149.pdf HTTP/1.1" 200 59388 "-" "Mozilla/5.0 (Linux; Android 6.0.1; Nexus 5X Build/MMB29P) AppleWebKit/537.36 (KHTML, like Gecko) Chrome/41.0.2272.96 Mobile Safari/537.36 (compatible; Googlebot/2.1; +http://www.google.com/bot.html)"
66.249.79.44 - - [20/Jan/2020:13:23:14 +0800] "GET /2005/special_order/so-2005-705.pdf HTTP/1.1" 200 21802 "-" "Mozilla/5.0 (Linux; Android 6.0.1; Nexus 5X Build/MMB29P) AppleWebKit/537.36 (KHTML, like Gecko) Chrome/41.0.2272.96 Mobile Safari/537.36 (compatible; Googlebot/2.1; +http://www.google.com/bot.html)"
66.249.79.36 - - [20/Jan/2020:13:23:51 +0800] "GET /1987/FOR_DAO_87_65.pdf HTTP/1.1" 200 18228 "-" "Mozilla/5.0 (Linux; Android 6.0.1; Nexus 5X Build/MMB29P) AppleWebKit/537.36 (KHTML, like Gecko) Chrome/41.0.2272.96 Mobile Safari/537.36 (compatible; Googlebot/2.1; +http://www.google.com/bot.html)"
110.54.248.160 - - [20/Jan/2020:13:24:03 +0800] "GET /1988/LAN_DAO_1988-38.pdf HTTP/1.1" 200 13479 "https://www.denr.gov.ph/" "Mozilla/5.0 (Windows NT 6.3; WOW64) AppleWebKit/537.36 (KHTML, like Gecko) Chrome/78.0.3904.108 YaBrowser/19.12.4.25 Yowser/2.5 Safari/537.36"
110.54.248.160 - - [20/Jan/2020:13:24:03 +0800] "GET /favicon.ico HTTP/1.1" 404 209 "http://policy.denr.gov.ph/1988/LAN_DAO_1988-38.pdf" "Mozilla/5.0 (Windows NT 6.3; WOW64) AppleWebKit/537.36 (KHTML, like Gecko) Chrome/78.0.3904.108 YaBrowser/19.12.4.25 Yowser/2.5 Safari/537.36"
66.249.79.44 - - [20/Jan/2020:13:24:28 +0800] "GET /1997/ADM_DMO-97-06.pdf HTTP/1.1" 200 16982 "-" "Mozilla/5.0 (Linux; Android 6.0.1; Nexus 5X Build/MMB29P) AppleWebKit/537.36 (KHTML, like Gecko) Chrome/41.0.2272.96 Mobile Safari/537.36 (compatible; Googlebot/2.1; +http://www.google.com/bot.html)"
122.54.201.108 - - [20/Jan/2020:13:25:36 +0800] "GET /1999/formo99-20.pdf HTTP/1.1" 200 25926 "https://www.denr.gov.ph/" "Mozilla/5.0 (Windows NT 6.1; Win64; x64) AppleWebKit/537.36 (KHTML, like Gecko) Chrome/79.0.3945.117 Safari/537.36"
66.249.79.41 - - [20/Jan/2020:13:25:41 +0800] "GET /2003/dao2003-49.pdf HTTP/1.1" 200 197601 "-" "Mozilla/5.0 (Linux; Android 6.0.1; Nexus 5X Build/MMB29P) AppleWebKit/537.36 (KHTML, like Gecko) Chrome/41.0.2272.96 Mobile Safari/537.36 (compatible; Googlebot/2.1; +http://www.google.com/bot.html)"
122.53.222.251 - - [20/Jan/2020:13:25:48 +0800] "GET /2003/dao2003-29.pdf HTTP/1.1" 206 1 "https://denr.gov.ph/" "Mozilla/5.0 (Windows NT 10.0; Win64; x64) AppleWebKit/537.36 (KHTML, like Gecko) Chrome/79.0.3945.117 Safari/537.36"
110.54.248.160 - - [20/Jan/2020:13:25:05 +0800] "GET /2002/dao_2002-36.pdf HTTP/1.1" 200 40900 "https://www.denr.gov.ph/" "Mozilla/5.0 (Windows NT 6.3; WOW64) AppleWebKit/537.36 (KHTML, like Gecko) Chrome/78.0.3904.108 YaBrowser/19.12.4.25 Yowser/2.5 Safari/537.36"
66.249.79.44 - - [20/Jan/2020:13:26:18 +0800] "GET /1988/MIN_DMO_1988-02.pdf HTTP/1.1" 200 11573 "-" "Mozilla/5.0 (Linux; Android 6.0.1; Nexus 5X Build/MMB29P) AppleWebKit/537.36 (KHTML, like Gecko) Chrome/41.0.2272.96 Mobile Safari/537.36 (compatible; Googlebot/2.1; +http://www.google.com/bot.html)"
122.53.222.251 - - [20/Jan/2020:13:25:48 +0800] "GET /2003/dao2003-29.pdf HTTP/1.1" 206 2149740 "https://denr.gov.ph/" "Mozilla/5.0 (Windows NT 10.0; Win64; x64) AppleWebKit/537.36 (KHTML, like Gecko) Chrome/79.0.3945.117 Safari/537.36"
66.249.79.41 - - [20/Jan/2020:13:26:55 +0800] "GET /1999/proclamation%20191.pdf HTTP/1.1" 200 17842 "-" "Mozilla/5.0 (Linux; Android 6.0.1; Nexus 5X Build/MMB29P) AppleWebKit/537.36 (KHTML, like Gecko) Chrome/41.0.2272.96 Mobile Safari/537.36 (compatible; Googlebot/2.1; +http://www.google.com/bot.html)"
122.53.222.251 - - [20/Jan/2020:13:26:58 +0800] "GET /2003/dao2003-29.pdf HTTP/1.1" 304 - "https://denr.gov.ph/" "Mozilla/5.0 (Windows NT 10.0; Win64; x64) AppleWebKit/537.36 (KHTML, like Gecko) Chrome/79.0.3945.117 Safari/537.36"
207.46.13.222 - - [20/Jan/2020:13:27:11 +0800] "GET /1998/admin98-06.pdf HTTP/1.1" 304 - "-" "Mozilla/5.0 (compatible; bingbot/2.0; +http://www.bing.com/bingbot.htm)"
207.46.13.222 - - [20/Jan/2020:13:27:12 +0800] "GET /2005/special_order/so-2005-355.pdf HTTP/1.1" 304 - "-" "Mozilla/5.0 (compatible; bingbot/2.0; +http://www.bing.com/bingbot.htm)"
119.93.130.133 - - [20/Jan/2020:13:27:27 +0800] "GET /favicon.ico HTTP/1.1" 404 209 "http://policy.denr.gov.ph/1993/FOR_DAO-93-23.pdf" "Mozilla/5.0 (Windows NT 10.0; Win64; x64) AppleWebKit/537.36 (KHTML, like Gecko) Chrome/79.0.3945.117 Safari/537.36"
119.93.130.133 - - [20/Jan/2020:13:27:27 +0800] "GET /1993/FOR_DAO-93-23.pdf HTTP/1.1" 200 494367 "http://oldwebsite.denr.gov.ph/section-policies/viewrec.php?id=1546&page=28&sort=tl&filter=type&filterID=1&searchword=&fromyear=&frommonth=&fromdate=&toyear=&tomonth=&todate=&dateval=true" "Mozilla/5.0 (Windows NT 10.0; Win64; x64) AppleWebKit/537.36 (KHTML, like Gecko) Chrome/79.0.3945.117 Safari/537.36"
66.249.79.41 - - [20/Jan/2020:13:27:32 +0800] "GET /2005/special_order/so-2005-85.pdf HTTP/1.1" 200 181124 "-" "Mozilla/5.0 (Linux; Android 6.0.1; Nexus 5X Build/MMB29P) AppleWebKit/537.36 (KHTML, like Gecko) Chrome/41.0.2272.96 Mobile Safari/537.36 (compatible; Googlebot/2.1; +http://www.google.com/bot.html)"
66.249.79.36 - - [20/Jan/2020:13:28:08 +0800] "GET /2005/special_order/so-2005-93.pdf HTTP/1.1" 200 71969 "-" "Mozilla/5.0 (Linux; Android 6.0.1; Nexus 5X Build/MMB29P) AppleWebKit/537.36 (KHTML, like Gecko) Chrome/41.0.2272.96 Mobile Safari/537.36 (compatible; Googlebot/2.1; +http://www.google.com/bot.html)"
110.54.248.160 - - [20/Jan/2020:13:28:15 +0800] "GET /1988/FOR_DAO_1988-38.pdf HTTP/1.1" 200 13471 "https://www.denr.gov.ph/" "Mozilla/5.0 (Windows NT 6.3; WOW64) AppleWebKit/537.36 (KHTML, like Gecko) Chrome/78.0.3904.108 YaBrowser/19.12.4.25 Yowser/2.5 Safari/537.36"
122.53.222.251 - - [20/Jan/2020:13:27:20 +0800] "GET /2003/dao2003-29.pdf HTTP/1.1" 200 2267638 "https://denr.gov.ph/" "Mozilla/5.0 (Windows NT 10.0; Win64; x64) AppleWebKit/537.36 (KHTML, like Gecko) Chrome/79.0.3945.117 Safari/537.36"
