192.168.19.188 - - [22/Jan/2020:17:52:27 +0800] "GET /1998/dao98-45.pdf HTTP/1.1" 200 27051 "https://www.google.com/" "Mozilla/5.0 (Windows NT 10.0; Win64; x64) AppleWebKit/537.36 (KHTML, like Gecko) Chrome/79.0.3945.117 Safari/537.36"
192.168.19.188 - - [22/Jan/2020:17:52:28 +0800] "GET /favicon.ico HTTP/1.1" 404 209 "http://policy.denr.gov.ph/1998/dao98-45.pdf" "Mozilla/5.0 (Windows NT 10.0; Win64; x64) AppleWebKit/537.36 (KHTML, like Gecko) Chrome/79.0.3945.117 Safari/537.36"
66.249.79.36 - - [22/Jan/2020:17:52:49 +0800] "GET /2005/dao/dao2005-15.pdf HTTP/1.1" 200 937380 "-" "Mozilla/5.0 (Linux; Android 6.0.1; Nexus 5X Build/MMB29P) AppleWebKit/537.36 (KHTML, like Gecko) Chrome/41.0.2272.96 Mobile Safari/537.36 (compatible; Googlebot/2.1; +http://www.google.com/bot.html)"
180.232.120.12 - - [22/Jan/2020:17:53:09 +0800] "GET /2002/MC_2002-12.pdf HTTP/1.1" 200 27479 "-" "Mozilla/5.0 (Windows NT 6.1; rv:45.0) Gecko/20100101 Firefox/45.0"
66.249.79.44 - - [22/Jan/2020:17:53:12 +0800] "GET /2005/special_order/so-2005-716.pdf HTTP/1.1" 200 54712 "-" "Mozilla/5.0 (Linux; Android 6.0.1; Nexus 5X Build/MMB29P) AppleWebKit/537.36 (KHTML, like Gecko) Chrome/41.0.2272.96 Mobile Safari/537.36 (compatible; Googlebot/2.1; +http://www.google.com/bot.html)"
66.249.79.41 - - [22/Jan/2020:17:53:36 +0800] "GET /2005/special_order/so-2005-208.pdf HTTP/1.1" 200 33057 "-" "Mozilla/5.0 (Linux; Android 6.0.1; Nexus 5X Build/MMB29P) AppleWebKit/537.36 (KHTML, like Gecko) Chrome/41.0.2272.96 Mobile Safari/537.36 (compatible; Googlebot/2.1; +http://www.google.com/bot.html)"
180.232.120.12 - - [22/Jan/2020:17:53:55 +0800] "GET /2002/MC_2002-10.pdf HTTP/1.1" 200 17350 "-" "Mozilla/5.0 (Windows NT 6.1; rv:45.0) Gecko/20100101 Firefox/45.0"
66.249.79.36 - - [22/Jan/2020:17:54:00 +0800] "GET /1988/EO_1988-315.pdf HTTP/1.1" 200 21205 "-" "Mozilla/5.0 (Linux; Android 6.0.1; Nexus 5X Build/MMB29P) AppleWebKit/537.36 (KHTML, like Gecko) Chrome/41.0.2272.96 Mobile Safari/537.36 (compatible; Googlebot/2.1; +http://www.google.com/bot.html)"
66.249.79.41 - - [22/Jan/2020:17:54:24 +0800] "GET /1988/FOR_DAO_1988-18.pdf HTTP/1.1" 200 16367 "-" "Mozilla/5.0 (Linux; Android 6.0.1; Nexus 5X Build/MMB29P) AppleWebKit/537.36 (KHTML, like Gecko) Chrome/41.0.2272.96 Mobile Safari/537.36 (compatible; Googlebot/2.1; +http://www.google.com/bot.html)"
180.232.120.12 - - [22/Jan/2020:17:54:27 +0800] "GET /2000/ENV_DMC_2000_12.pdf HTTP/1.1" 200 21055 "-" "Mozilla/5.0 (Windows NT 6.1; rv:45.0) Gecko/20100101 Firefox/45.0"
66.249.79.36 - - [22/Jan/2020:17:54:48 +0800] "GET /2005/special_order/so-2005-802.pdf HTTP/1.1" 200 75628 "-" "Mozilla/5.0 (Linux; Android 6.0.1; Nexus 5X Build/MMB29P) AppleWebKit/537.36 (KHTML, like Gecko) Chrome/41.0.2272.96 Mobile Safari/537.36 (compatible; Googlebot/2.1; +http://www.google.com/bot.html)"
180.232.120.12 - - [22/Jan/2020:17:54:56 +0800] "GET /1999/denrmo99-21.pdf HTTP/1.1" 200 18038 "-" "Mozilla/5.0 (Windows NT 6.1; rv:45.0) Gecko/20100101 Firefox/45.0"
66.249.79.41 - - [22/Jan/2020:17:55:12 +0800] "GET /1990/lLAND_DAO_1990-33.pdf HTTP/1.1" 200 68404 "-" "Mozilla/5.0 (Linux; Android 6.0.1; Nexus 5X Build/MMB29P) AppleWebKit/537.36 (KHTML, like Gecko) Chrome/41.0.2272.96 Mobile Safari/537.36 (compatible; Googlebot/2.1; +http://www.google.com/bot.html)"
110.54.209.132 - - [22/Jan/2020:17:55:26 +0800] "GET /1997/FOR_DAO-97-32.pdf HTTP/1.1" 200 85020 "http://policy.denr.gov.ph/1997/FOR_DAO-97-32.pdf" "Mozilla/5.0 (Windows NT 10.0; Win64; x64) AppleWebKit/537.36 (KHTML, like Gecko) Chrome/79.0.3945.117 Safari/537.36"
180.232.120.12 - - [22/Jan/2020:17:55:30 +0800] "GET /1999/denrmo99-21.pdf HTTP/1.1" 200 18038 "-" "Mozilla/5.0 (Windows NT 6.1; rv:45.0) Gecko/20100101 Firefox/45.0"
180.232.120.12 - - [22/Jan/2020:17:55:32 +0800] "GET /1998/envdao98-49.pdf HTTP/1.1" 200 25877 "-" "Mozilla/5.0 (Windows NT 6.1; rv:45.0) Gecko/20100101 Firefox/45.0"
180.232.120.12 - - [22/Jan/2020:17:55:34 +0800] "GET /1998/envdao98-49.pdf HTTP/1.1" 200 25877 "-" "Mozilla/5.0 (Windows NT 6.1; rv:45.0) Gecko/20100101 Firefox/45.0"
66.249.79.44 - - [22/Jan/2020:17:55:59 +0800] "GET /1999/dao99-23.pdf HTTP/1.1" 200 17449 "-" "Mozilla/5.0 (Linux; Android 6.0.1; Nexus 5X Build/MMB29P) AppleWebKit/537.36 (KHTML, like Gecko) Chrome/41.0.2272.96 Mobile Safari/537.36 (compatible; Googlebot/2.1; +http://www.google.com/bot.html)"
66.249.79.36 - - [22/Jan/2020:17:56:23 +0800] "GET /2002/MC_2002-11.pdf HTTP/1.1" 200 22125 "-" "Mozilla/5.0 (Linux; Android 6.0.1; Nexus 5X Build/MMB29P) AppleWebKit/537.36 (KHTML, like Gecko) Chrome/41.0.2272.96 Mobile Safari/537.36 (compatible; Googlebot/2.1; +http://www.google.com/bot.html)"
66.249.79.36 - - [22/Jan/2020:17:56:47 +0800] "GET /1998/landsdao98-53.pdf HTTP/1.1" 200 14081 "-" "Mozilla/5.0 (Linux; Android 6.0.1; Nexus 5X Build/MMB29P) AppleWebKit/537.36 (KHTML, like Gecko) Chrome/41.0.2272.96 Mobile Safari/537.36 (compatible; Googlebot/2.1; +http://www.google.com/bot.html)"
66.249.79.36 - - [22/Jan/2020:17:57:35 +0800] "GET /2005/special_order/so-2005-699.pdf HTTP/1.1" 200 70763 "-" "Mozilla/5.0 (Linux; Android 6.0.1; Nexus 5X Build/MMB29P) AppleWebKit/537.36 (KHTML, like Gecko) Chrome/41.0.2272.96 Mobile Safari/537.36 (compatible; Googlebot/2.1; +http://www.google.com/bot.html)"
180.232.120.12 - - [22/Jan/2020:17:57:38 +0800] "GET /dao2004/dao2004-25.pdf HTTP/1.1" 200 260357 "-" "Mozilla/5.0 (Windows NT 6.1; rv:45.0) Gecko/20100101 Firefox/45.0"
66.249.79.44 - - [22/Jan/2020:17:57:59 +0800] "GET /2005/special_order/so-2005-724.pdf HTTP/1.1" 200 28542 "-" "Mozilla/5.0 (Linux; Android 6.0.1; Nexus 5X Build/MMB29P) AppleWebKit/537.36 (KHTML, like Gecko) Chrome/41.0.2272.96 Mobile Safari/537.36 (compatible; Googlebot/2.1; +http://www.google.com/bot.html)"
66.249.79.36 - - [22/Jan/2020:17:58:22 +0800] "GET /2005/special_order/so-2005-325.pdf HTTP/1.1" 200 35601 "-" "Mozilla/5.0 (Linux; Android 6.0.1; Nexus 5X Build/MMB29P) AppleWebKit/537.36 (KHTML, like Gecko) Chrome/41.0.2272.96 Mobile Safari/537.36 (compatible; Googlebot/2.1; +http://www.google.com/bot.html)"
180.232.120.12 - - [22/Jan/2020:17:58:41 +0800] "GET /1993/DAO1993-17.pdf HTTP/1.1" 200 102419 "-" "Mozilla/5.0 (Windows NT 6.1; rv:45.0) Gecko/20100101 Firefox/45.0"
209.141.4.133 - - [22/Jan/2020:17:59:03 +0800] "GET /1992/DENR_DAO_92-26.pdf HTTP/1.1" 304 - "-" "Mozilla/5.0 (Windows NT 6.1; rv:45.0) Gecko/20100101 Firefox/45.0"
110.54.226.119 - - [22/Jan/2020:17:59:26 +0800] "GET /1999/fordao99-34.pdf HTTP/1.1" 200 36493 "https://www.google.com/" "Mozilla/5.0 (Linux; Android 10; HMA-L29) AppleWebKit/537.36 (KHTML, like Gecko) Chrome/79.0.3945.116 Mobile Safari/537.36"
49.150.0.220 - - [22/Jan/2020:18:00:47 +0800] "GET /1996/FOR_DAO_1996-24.pdf HTTP/1.1" 200 55397 "https://search.yahoo.com/" "Mozilla/5.0 (Windows NT 10.0; Win64; x64) AppleWebKit/537.36 (KHTML, like Gecko) Chrome/79.0.3945.117 Safari/537.36"
49.150.0.220 - - [22/Jan/2020:18:00:47 +0800] "GET /favicon.ico HTTP/1.1" 404 209 "http://policy.denr.gov.ph/1996/FOR_DAO_1996-24.pdf" "Mozilla/5.0 (Windows NT 10.0; Win64; x64) AppleWebKit/537.36 (KHTML, like Gecko) Chrome/79.0.3945.117 Safari/537.36"
66.249.79.36 - - [22/Jan/2020:18:01:26 +0800] "GET /2005/special_order/so-2005-112.pdf HTTP/1.1" 200 51343 "-" "Mozilla/5.0 (Linux; Android 6.0.1; Nexus 5X Build/MMB29P) AppleWebKit/537.36 (KHTML, like Gecko) Chrome/41.0.2272.96 Mobile Safari/537.36 (compatible; Googlebot/2.1; +http://www.google.com/bot.html)"
66.249.79.36 - - [22/Jan/2020:18:01:27 +0800] "GET /2000/ENV_DAO_2000-02.pdf HTTP/1.1" 200 47259 "-" "Mozilla/5.0 (Linux; Android 6.0.1; Nexus 5X Build/MMB29P) AppleWebKit/537.36 (KHTML, like Gecko) Chrome/41.0.2272.96 Mobile Safari/537.36 (compatible; Googlebot/2.1; +http://www.google.com/bot.html)"
66.249.79.44 - - [22/Jan/2020:18:04:38 +0800] "GET /2005/special_order/so-2005-325.pdf HTTP/1.1" 200 35601 "-" "Mozilla/5.0 (Linux; Android 6.0.1; Nexus 5X Build/MMB29P) AppleWebKit/537.36 (KHTML, like Gecko) Chrome/41.0.2272.96 Mobile Safari/537.36 (compatible; Googlebot/2.1; +http://www.google.com/bot.html)"
180.232.120.12 - - [22/Jan/2020:18:07:29 +0800] "GET /2005/dao/dao2005-10.pdf HTTP/1.1" 200 3293315 "-" "Mozilla/5.0 (Windows NT 6.1; rv:45.0) Gecko/20100101 Firefox/45.0"
180.232.120.12 - - [22/Jan/2020:18:07:50 +0800] "GET /2005/dao/dao2005-10.pdf HTTP/1.1" 200 3293315 "-" "Mozilla/5.0 (Windows NT 6.1; rv:45.0) Gecko/20100101 Firefox/45.0"
66.249.79.36 - - [22/Jan/2020:18:08:26 +0800] "GET /1999/fordao99-46.pdf HTTP/1.1" 200 38096 "-" "Mozilla/5.0 (Linux; Android 6.0.1; Nexus 5X Build/MMB29P) AppleWebKit/537.36 (KHTML, like Gecko) Chrome/41.0.2272.96 Mobile Safari/537.36 (compatible; Googlebot/2.1; +http://www.google.com/bot.html)"
180.232.120.12 - - [22/Jan/2020:18:08:37 +0800] "GET /2004/DMC/DMC-2004-10.pdf HTTP/1.1" 404 222 "-" "Mozilla/5.0 (Windows NT 6.1; rv:45.0) Gecko/20100101 Firefox/45.0"
180.232.120.12 - - [22/Jan/2020:18:08:37 +0800] "GET /favicon.ico HTTP/1.1" 404 209 "-" "Mozilla/5.0 (Windows NT 6.1; rv:45.0) Gecko/20100101 Firefox/45.0"
180.232.120.12 - - [22/Jan/2020:18:08:45 +0800] "GET /2004/DMC/DMC-2004-10.pdf HTTP/1.1" 404 222 "-" "Mozilla/5.0 (Windows NT 6.1; rv:45.0) Gecko/20100101 Firefox/45.0"
180.232.120.12 - - [22/Jan/2020:18:08:45 +0800] "GET /favicon.ico HTTP/1.1" 404 209 "-" "Mozilla/5.0 (Windows NT 6.1; rv:45.0) Gecko/20100101 Firefox/45.0"
180.232.120.12 - - [22/Jan/2020:18:08:48 +0800] "GET /2004/DMC/DMC-2004-10.pdf HTTP/1.1" 404 222 "-" "Mozilla/5.0 (Windows NT 6.1; rv:45.0) Gecko/20100101 Firefox/45.0"
180.232.120.12 - - [22/Jan/2020:18:08:48 +0800] "GET /favicon.ico HTTP/1.1" 404 209 "-" "Mozilla/5.0 (Windows NT 6.1; rv:45.0) Gecko/20100101 Firefox/45.0"
180.232.120.12 - - [22/Jan/2020:18:09:20 +0800] "GET /dao2004/dao2004-25.pdf HTTP/1.1" 200 260357 "-" "Mozilla/5.0 (Windows NT 6.1; rv:45.0) Gecko/20100101 Firefox/45.0"
180.232.120.12 - - [22/Jan/2020:18:09:24 +0800] "GET /2004/DMC/DMC-2004-10.pdf HTTP/1.1" 404 222 "-" "Mozilla/5.0 (Windows NT 6.1; rv:45.0) Gecko/20100101 Firefox/45.0"
180.232.120.12 - - [22/Jan/2020:18:09:24 +0800] "GET /favicon.ico HTTP/1.1" 404 209 "-" "Mozilla/5.0 (Windows NT 6.1; rv:45.0) Gecko/20100101 Firefox/45.0"
180.232.120.12 - - [22/Jan/2020:18:10:49 +0800] "GET /1998/envmc98-06.pdf HTTP/1.1" 200 23558 "-" "Mozilla/5.0 (Windows NT 6.1; rv:45.0) Gecko/20100101 Firefox/45.0"
180.232.120.12 - - [22/Jan/2020:18:11:14 +0800] "GET /1997/ADM_DMO-97-08.pdf HTTP/1.1" 200 16901 "-" "Mozilla/5.0 (Windows NT 6.1; rv:45.0) Gecko/20100101 Firefox/45.0"
66.249.79.36 - - [22/Jan/2020:18:12:06 +0800] "GET /1989/DAO1989-23.pdf HTTP/1.1" 304 - "-" "Mozilla/5.0 (Linux; Android 6.0.1; Nexus 5X Build/MMB29P) AppleWebKit/537.36 (KHTML, like Gecko) Chrome/41.0.2272.96 Mobile Safari/537.36 (compatible; Googlebot/2.1; +http://www.google.com/bot.html)"
66.249.79.36 - - [22/Jan/2020:18:13:18 +0800] "GET /2005/special_order/so-2005-91.pdf HTTP/1.1" 200 72002 "-" "Mozilla/5.0 (Linux; Android 6.0.1; Nexus 5X Build/MMB29P) AppleWebKit/537.36 (KHTML, like Gecko) Chrome/41.0.2272.96 Mobile Safari/537.36 (compatible; Googlebot/2.1; +http://www.google.com/bot.html)"
66.249.79.36 - - [22/Jan/2020:18:13:42 +0800] "GET /2000/ENV_DMC_2000_04.pdf HTTP/1.1" 200 15215 "-" "Mozilla/5.0 (Linux; Android 6.0.1; Nexus 5X Build/MMB29P) AppleWebKit/537.36 (KHTML, like Gecko) Chrome/41.0.2272.96 Mobile Safari/537.36 (compatible; Googlebot/2.1; +http://www.google.com/bot.html)"
66.249.79.41 - - [22/Jan/2020:18:14:05 +0800] "GET /1994/PAWDAO_94-39.pdf HTTP/1.1" 200 32732 "-" "Mozilla/5.0 (Linux; Android 6.0.1; Nexus 5X Build/MMB29P) AppleWebKit/537.36 (KHTML, like Gecko) Chrome/41.0.2272.96 Mobile Safari/537.36 (compatible; Googlebot/2.1; +http://www.google.com/bot.html)"
66.249.79.41 - - [22/Jan/2020:18:14:31 +0800] "GET /2005/special_order/so-2005-603.pdf HTTP/1.1" 200 25972 "-" "Mozilla/5.0 (Linux; Android 6.0.1; Nexus 5X Build/MMB29P) AppleWebKit/537.36 (KHTML, like Gecko) Chrome/41.0.2272.96 Mobile Safari/537.36 (compatible; Googlebot/2.1; +http://www.google.com/bot.html)"
66.249.79.41 - - [22/Jan/2020:18:14:53 +0800] "GET /2001/PAW_MO_2001-07.pdf HTTP/1.1" 200 14910 "-" "Mozilla/5.0 (Linux; Android 6.0.1; Nexus 5X Build/MMB29P) AppleWebKit/537.36 (KHTML, like Gecko) Chrome/41.0.2272.96 Mobile Safari/537.36 (compatible; Googlebot/2.1; +http://www.google.com/bot.html)"
192.168.12.139 - - [22/Jan/2020:18:15:24 +0800] "GET /dao2004/dao2004-24.pdf HTTP/1.1" 200 398094 "-" "Mozilla/5.0 (Windows NT 6.1) AppleWebKit/537.36 (KHTML, like Gecko) Chrome/79.0.3945.130 Safari/537.36"
192.168.12.139 - - [22/Jan/2020:18:15:24 +0800] "GET /favicon.ico HTTP/1.1" 404 209 "http://policy.denr.gov.ph/dao2004/dao2004-24.pdf" "Mozilla/5.0 (Windows NT 6.1) AppleWebKit/537.36 (KHTML, like Gecko) Chrome/79.0.3945.130 Safari/537.36"
66.249.79.41 - - [22/Jan/2020:18:15:41 +0800] "GET /2005/special_order/so-2005-252.pdf HTTP/1.1" 200 30555 "-" "Mozilla/5.0 (Linux; Android 6.0.1; Nexus 5X Build/MMB29P) AppleWebKit/537.36 (KHTML, like Gecko) Chrome/41.0.2272.96 Mobile Safari/537.36 (compatible; Googlebot/2.1; +http://www.google.com/bot.html)"
66.249.79.36 - - [22/Jan/2020:18:16:05 +0800] "GET /1995/DENR_MC-No7.pdf HTTP/1.1" 200 61610 "-" "Mozilla/5.0 (Linux; Android 6.0.1; Nexus 5X Build/MMB29P) AppleWebKit/537.36 (KHTML, like Gecko) Chrome/41.0.2272.96 Mobile Safari/537.36 (compatible; Googlebot/2.1; +http://www.google.com/bot.html)"
66.249.79.36 - - [22/Jan/2020:18:16:28 +0800] "GET /2005/special_order/so-2005-363.pdf HTTP/1.1" 200 40291 "-" "Mozilla/5.0 (Linux; Android 6.0.1; Nexus 5X Build/MMB29P) AppleWebKit/537.36 (KHTML, like Gecko) Chrome/41.0.2272.96 Mobile Safari/537.36 (compatible; Googlebot/2.1; +http://www.google.com/bot.html)"
66.249.79.44 - - [22/Jan/2020:18:16:52 +0800] "GET /1992/DENR_DMO_1992-03.pdf HTTP/1.1" 200 72538 "-" "Mozilla/5.0 (Linux; Android 6.0.1; Nexus 5X Build/MMB29P) AppleWebKit/537.36 (KHTML, like Gecko) Chrome/41.0.2272.96 Mobile Safari/537.36 (compatible; Googlebot/2.1; +http://www.google.com/bot.html)"
89.35.39.180 - - [22/Jan/2020:18:19:26 +0800] "GET /wp-login.php HTTP/1.1" 404 210 "-" "Mozilla/5.0 (compatible; MSIE 9.0; Windows NT 6.1; Trident/5.0)"
89.35.39.180 - - [22/Jan/2020:18:19:26 +0800] "GET /2001/wp-login.php HTTP/1.1" 404 215 "-" "Mozilla/5.0 (compatible; MSIE 9.0; Windows NT 6.1; Trident/5.0)"
207.46.13.243 - - [22/Jan/2020:18:21:39 +0800] "GET /1989/DAO1989-83.pdf HTTP/1.1" 304 - "-" "Mozilla/5.0 (compatible; bingbot/2.0; +http://www.bing.com/bingbot.htm)"
209.141.4.133 - - [22/Jan/2020:18:21:49 +0800] "GET /2005/dao/dao2005-027.pdf HTTP/1.1" 200 202457 "-" "Mozilla/5.0 (Windows NT 6.1; rv:45.0) Gecko/20100101 Firefox/45.0"
209.141.4.133 - - [22/Jan/2020:18:22:13 +0800] "GET /2005/dao/dao2005-05.pdf HTTP/1.1" 200 69851 "-" "Mozilla/5.0 (Windows NT 6.1; rv:45.0) Gecko/20100101 Firefox/45.0"
209.141.4.133 - - [22/Jan/2020:18:22:30 +0800] "GET /dao2004/dao2004-08.pdf HTTP/1.1" 200 262300 "-" "Mozilla/5.0 (Windows NT 6.1; rv:45.0) Gecko/20100101 Firefox/45.0"
209.141.4.133 - - [22/Jan/2020:18:22:58 +0800] "GET /dao2004/dao2004-01.pdf HTTP/1.1" 200 89521 "-" "Mozilla/5.0 (Windows NT 6.1; rv:45.0) Gecko/20100101 Firefox/45.0"
209.141.4.133 - - [22/Jan/2020:18:23:31 +0800] "GET /2000/ENV_DMC_2000_12.pdf HTTP/1.1" 200 21055 "-" "Mozilla/5.0 (Windows NT 6.1; rv:45.0) Gecko/20100101 Firefox/45.0"
66.220.149.40 - - [22/Jan/2020:18:24:21 +0800] "GET /1999/fordao99-21.pdf HTTP/1.1" 206 26185 "-" "facebookexternalhit/1.1 (+http://www.facebook.com/externalhit_uatext.php)"
66.220.149.14 - - [22/Jan/2020:18:24:21 +0800] "GET /1999/fordao99-21.pdf HTTP/1.1" 206 26185 "-" "facebookexternalhit/1.1 (+http://www.facebook.com/externalhit_uatext.php)"
66.220.149.10 - - [22/Jan/2020:18:24:21 +0800] "GET /1999/fordao99-21.pdf HTTP/1.1" 206 26185 "-" "facebookexternalhit/1.1 (+http://www.facebook.com/externalhit_uatext.php)"
66.220.149.40 - - [22/Jan/2020:18:24:21 +0800] "GET /1999/fordao99-21.pdf HTTP/1.1" 206 26185 "-" "facebookexternalhit/1.1 (+http://www.facebook.com/externalhit_uatext.php)"
180.232.120.12 - - [22/Jan/2020:18:25:22 +0800] "GET /2002/dao_2002-23.pdf HTTP/1.1" 200 144352 "-" "Mozilla/5.0 (Windows NT 6.1; rv:45.0) Gecko/20100101 Firefox/45.0"
180.232.120.12 - - [22/Jan/2020:18:28:26 +0800] "GET /1993/DAO1993-14.pdf HTTP/1.1" 200 885237 "-" "Mozilla/5.0 (Windows NT 6.1; rv:45.0) Gecko/20100101 Firefox/45.0"
66.249.79.41 - - [22/Jan/2020:18:29:11 +0800] "GET /1992/RA_1992_7607.pdf HTTP/1.1" 200 75507 "-" "Mozilla/5.0 (Linux; Android 6.0.1; Nexus 5X Build/MMB29P) AppleWebKit/537.36 (KHTML, like Gecko) Chrome/41.0.2272.96 Mobile Safari/537.36 (compatible; Googlebot/2.1; +http://www.google.com/bot.html)"
182.239.83.191 - - [22/Jan/2020:18:29:49 +0800] "GET /2000/DAO_FMB_2000-83.pdf HTTP/1.1" 200 43307 "-" "Dalvik/2.1.0 (Linux; U; Android 8.1.0; vivo 1726 Build/O11019)"
180.190.184.27 - - [22/Jan/2020:18:32:48 +0800] "GET /2000/DAO_FMB_2000-21.pdf HTTP/1.1" 200 33721 "https://www.google.com/" "Mozilla/5.0 (Windows NT 6.1) AppleWebKit/537.36 (KHTML, like Gecko) Chrome/79.0.3945.117 Safari/537.36"
180.190.184.27 - - [22/Jan/2020:18:32:48 +0800] "GET /favicon.ico HTTP/1.1" 404 209 "http://policy.denr.gov.ph/2000/DAO_FMB_2000-21.pdf" "Mozilla/5.0 (Windows NT 6.1) AppleWebKit/537.36 (KHTML, like Gecko) Chrome/79.0.3945.117 Safari/537.36"
66.249.79.36 - - [22/Jan/2020:18:33:10 +0800] "GET /2000/DENR_DAO_2000-59.pdf HTTP/1.1" 200 26082 "-" "Mozilla/5.0 (Linux; Android 6.0.1; Nexus 5X Build/MMB29P) AppleWebKit/537.36 (KHTML, like Gecko) Chrome/41.0.2272.96 Mobile Safari/537.36 (compatible; Googlebot/2.1; +http://www.google.com/bot.html)"
66.249.79.41 - - [22/Jan/2020:18:33:34 +0800] "GET /1994/ForDao_1994-27.pdf HTTP/1.1" 200 32106 "-" "Mozilla/5.0 (Linux; Android 6.0.1; Nexus 5X Build/MMB29P) AppleWebKit/537.36 (KHTML, like Gecko) Chrome/41.0.2272.96 Mobile Safari/537.36 (compatible; Googlebot/2.1; +http://www.google.com/bot.html)"
66.249.79.36 - - [22/Jan/2020:18:33:57 +0800] "GET /2005/special_order/so-2005-51.pdf HTTP/1.1" 200 172987 "-" "Mozilla/5.0 (Linux; Android 6.0.1; Nexus 5X Build/MMB29P) AppleWebKit/537.36 (KHTML, like Gecko) Chrome/41.0.2272.96 Mobile Safari/537.36 (compatible; Googlebot/2.1; +http://www.google.com/bot.html)"
66.249.79.41 - - [22/Jan/2020:18:34:21 +0800] "GET /1999/denrmc99-12.pdf HTTP/1.1" 200 14369 "-" "Mozilla/5.0 (Linux; Android 6.0.1; Nexus 5X Build/MMB29P) AppleWebKit/537.36 (KHTML, like Gecko) Chrome/41.0.2272.96 Mobile Safari/537.36 (compatible; Googlebot/2.1; +http://www.google.com/bot.html)"
66.249.79.36 - - [22/Jan/2020:18:34:46 +0800] "GET /1988/FOR_DMO_1988-10.pdf HTTP/1.1" 200 14827 "-" "Mozilla/5.0 (Linux; Android 6.0.1; Nexus 5X Build/MMB29P) AppleWebKit/537.36 (KHTML, like Gecko) Chrome/41.0.2272.96 Mobile Safari/537.36 (compatible; Googlebot/2.1; +http://www.google.com/bot.html)"
66.249.79.36 - - [22/Jan/2020:18:35:09 +0800] "GET /1998/admin98-69.pdf HTTP/1.1" 200 15564 "-" "Mozilla/5.0 (Linux; Android 6.0.1; Nexus 5X Build/MMB29P) AppleWebKit/537.36 (KHTML, like Gecko) Chrome/41.0.2272.96 Mobile Safari/537.36 (compatible; Googlebot/2.1; +http://www.google.com/bot.html)"
66.249.82.189 - - [22/Jan/2020:18:36:57 +0800] "GET /2005/special_order/so-2005-368.pdf HTTP/1.1" 200 37791 "https://www.google.com/" "Mozilla/5.0 (Linux; Android 9; SM-N950F) AppleWebKit/537.36 (KHTML, like Gecko) Chrome/79.0.3945.116 Mobile Safari/537.36"
180.232.120.12 - - [22/Jan/2020:18:38:20 +0800] "GET /2000/FMB_MC_00-18.pdf HTTP/1.1" 200 41977 "-" "Mozilla/5.0 (Windows NT 6.1; rv:45.0) Gecko/20100101 Firefox/45.0"
175.176.18.251 - - [22/Jan/2020:18:42:50 +0800] "GET /2000/ENV_DAO_2000-81.pdf HTTP/1.1" 200 299209 "-" "Dalvik/2.1.0 (Linux; U; Android 6.0.1; SM-A710Y Build/MMB29K)"
192.168.48.57 - - [22/Jan/2020:18:43:02 +0800] "GET /1996/DENR_DAO_1996-15.pdf HTTP/1.1" 200 28100 "-" "Mozilla/5.0 (Windows NT 10.0; Win64; x64) AppleWebKit/537.36 (KHTML, like Gecko) Chrome/79.0.3945.130 Safari/537.36"
66.249.82.185 - - [22/Jan/2020:18:44:07 +0800] "GET /2000/ENV_DAO_2000-81.pdf HTTP/1.1" 200 299209 "https://www.google.com/" "Mozilla/5.0 (Linux; Android 9; Redmi Note 7) AppleWebKit/537.36 (KHTML, like Gecko) Chrome/79.0.3945.116 Mobile Safari/537.36"
66.249.79.36 - - [22/Jan/2020:18:45:34 +0800] "GET /1991/landmc91-5.pdf HTTP/1.1" 200 16485 "-" "Mozilla/5.0 (Linux; Android 6.0.1; Nexus 5X Build/MMB29P) AppleWebKit/537.36 (KHTML, like Gecko) Chrome/41.0.2272.96 Mobile Safari/537.36 (compatible; Googlebot/2.1; +http://www.google.com/bot.html)"
66.249.79.36 - - [22/Jan/2020:18:48:40 +0800] "GET /1997/ADM_DAO-97-22.pdf HTTP/1.1" 200 18626 "-" "Mozilla/5.0 (Linux; Android 6.0.1; Nexus 5X Build/MMB29P) AppleWebKit/537.36 (KHTML, like Gecko) Chrome/41.0.2272.96 Mobile Safari/537.36 (compatible; Googlebot/2.1; +http://www.google.com/bot.html)"
66.249.79.36 - - [22/Jan/2020:18:49:03 +0800] "GET /1987/PAWB_DAO_87_56.pdf HTTP/1.1" 200 32290 "-" "Mozilla/5.0 (Linux; Android 6.0.1; Nexus 5X Build/MMB29P) AppleWebKit/537.36 (KHTML, like Gecko) Chrome/41.0.2272.96 Mobile Safari/537.36 (compatible; Googlebot/2.1; +http://www.google.com/bot.html)"
110.54.129.248 - - [22/Jan/2020:18:49:15 +0800] "GET /dao2004/dao2004-24.pdf HTTP/1.1" 200 398094 "-" "Mozilla/5.0 (Macintosh; Intel Mac OS X 10_14_5) AppleWebKit/605.1.15 (KHTML, like Gecko)"
110.54.129.248 - - [22/Jan/2020:18:49:17 +0800] "GET /apple-touch-icon-precomposed.png HTTP/1.1" 404 230 "-" "Safari/14607.2.6.1.1 CFNetwork/978.0.7 Darwin/18.6.0 (x86_64)"
110.54.129.248 - - [22/Jan/2020:18:49:17 +0800] "GET /apple-touch-icon.png HTTP/1.1" 404 218 "-" "Safari/14607.2.6.1.1 CFNetwork/978.0.7 Darwin/18.6.0 (x86_64)"
110.54.129.248 - - [22/Jan/2020:18:49:17 +0800] "GET /favicon.ico HTTP/1.1" 404 209 "-" "Safari/14607.2.6.1.1 CFNetwork/978.0.7 Darwin/18.6.0 (x86_64)"
110.54.129.248 - - [22/Jan/2020:18:49:17 +0800] "GET /apple-touch-icon-precomposed.png HTTP/1.1" 404 230 "-" "Safari/14607.2.6.1.1 CFNetwork/978.0.7 Darwin/18.6.0 (x86_64)"
110.54.129.248 - - [22/Jan/2020:18:49:17 +0800] "GET /apple-touch-icon.png HTTP/1.1" 404 218 "-" "Safari/14607.2.6.1.1 CFNetwork/978.0.7 Darwin/18.6.0 (x86_64)"
110.54.129.248 - - [22/Jan/2020:18:49:18 +0800] "GET /favicon.ico HTTP/1.1" 404 209 "-" "Safari/14607.2.6.1.1 CFNetwork/978.0.7 Darwin/18.6.0 (x86_64)"
110.54.129.248 - - [22/Jan/2020:18:49:18 +0800] "GET /dao2004/dao2004-24.pdf HTTP/1.1" 200 398094 "-" "Mozilla/5.0 (iPhone; CPU iPhone OS 12_1_3 like Mac OS X) AppleWebKit/605.1.15 (KHTML, like Gecko) Version/12.0 Mobile/15E148 Safari/604.1"
110.54.129.248 - - [22/Jan/2020:18:49:20 +0800] "GET /apple-touch-icon-precomposed.png HTTP/1.1" 404 230 "-" "Safari/14607.2.6.1.1 CFNetwork/978.0.7 Darwin/18.6.0 (x86_64)"
110.54.129.248 - - [22/Jan/2020:18:49:20 +0800] "GET /apple-touch-icon.png HTTP/1.1" 404 218 "-" "Safari/14607.2.6.1.1 CFNetwork/978.0.7 Darwin/18.6.0 (x86_64)"
110.54.129.248 - - [22/Jan/2020:18:49:20 +0800] "GET /favicon.ico HTTP/1.1" 404 209 "-" "Safari/14607.2.6.1.1 CFNetwork/978.0.7 Darwin/18.6.0 (x86_64)"
110.54.129.248 - - [22/Jan/2020:18:49:20 +0800] "GET /apple-touch-icon-precomposed.png HTTP/1.1" 404 230 "-" "Safari/14607.2.6.1.1 CFNetwork/978.0.7 Darwin/18.6.0 (x86_64)"
110.54.129.248 - - [22/Jan/2020:18:49:20 +0800] "GET /apple-touch-icon.png HTTP/1.1" 404 218 "-" "Safari/14607.2.6.1.1 CFNetwork/978.0.7 Darwin/18.6.0 (x86_64)"
110.54.129.248 - - [22/Jan/2020:18:49:21 +0800] "GET /favicon.ico HTTP/1.1" 404 209 "-" "Safari/14607.2.6.1.1 CFNetwork/978.0.7 Darwin/18.6.0 (x86_64)"
103.62.155.92 - - [22/Jan/2020:18:49:26 +0800] "GET /favicon.ico HTTP/1.1" 404 209 "-" "Mozilla/5.0 (Macintosh; Intel Mac OS X 10.14; rv:72.0) Gecko/20100101 Firefox/72.0"
103.62.155.92 - - [22/Jan/2020:18:49:26 +0800] "GET /2003/dao2003-30.pdf HTTP/1.1" 206 30592 "https://www.google.com/" "Mozilla/5.0 (Macintosh; Intel Mac OS X 10.14; rv:72.0) Gecko/20100101 Firefox/72.0"
103.62.155.92 - - [22/Jan/2020:18:49:26 +0800] "GET /2003/dao2003-30.pdf HTTP/1.1" 206 65536 "https://www.google.com/" "Mozilla/5.0 (Macintosh; Intel Mac OS X 10.14; rv:72.0) Gecko/20100101 Firefox/72.0"
66.249.79.41 - - [22/Jan/2020:18:49:51 +0800] "GET /1990/FOR_DAO_1990-86.pdf HTTP/1.1" 200 20632 "-" "Mozilla/5.0 (Linux; Android 6.0.1; Nexus 5X Build/MMB29P) AppleWebKit/537.36 (KHTML, like Gecko) Chrome/41.0.2272.96 Mobile Safari/537.36 (compatible; Googlebot/2.1; +http://www.google.com/bot.html)"
66.249.79.41 - - [22/Jan/2020:18:50:15 +0800] "GET /1993/DENR_MC1993-32.pdf HTTP/1.1" 200 12708 "-" "Mozilla/5.0 (Linux; Android 6.0.1; Nexus 5X Build/MMB29P) AppleWebKit/537.36 (KHTML, like Gecko) Chrome/41.0.2272.96 Mobile Safari/537.36 (compatible; Googlebot/2.1; +http://www.google.com/bot.html)"
103.62.155.92 - - [22/Jan/2020:18:49:25 +0800] "GET /2003/dao2003-30.pdf HTTP/1.1" 200 2258816 "https://www.google.com/" "Mozilla/5.0 (Macintosh; Intel Mac OS X 10.14; rv:72.0) Gecko/20100101 Firefox/72.0"
192.168.48.57 - - [22/Jan/2020:18:50:27 +0800] "GET /2000/DENR_DAO_2000-77.pdf HTTP/1.1" 200 19403 "-" "Mozilla/5.0 (Windows NT 10.0; Win64; x64) AppleWebKit/537.36 (KHTML, like Gecko) Chrome/79.0.3945.130 Safari/537.36"
66.249.79.41 - - [22/Jan/2020:18:51:03 +0800] "GET /1999/fordao99-30.pdf HTTP/1.1" 200 18641 "-" "Mozilla/5.0 (Linux; Android 6.0.1; Nexus 5X Build/MMB29P) AppleWebKit/537.36 (KHTML, like Gecko) Chrome/41.0.2272.96 Mobile Safari/537.36 (compatible; Googlebot/2.1; +http://www.google.com/bot.html)"
49.145.7.177 - - [22/Jan/2020:18:51:25 +0800] "GET /1998/dao98-45.pdf HTTP/1.1" 200 27051 "-" "Dalvik/2.1.0 (Linux; U; Android 6.0.1; SM-G610Y Build/MMB29K)"
66.249.79.41 - - [22/Jan/2020:18:51:26 +0800] "GET /1990/FOR_DMO_1990-01.pdf HTTP/1.1" 200 102574 "-" "Mozilla/5.0 (Linux; Android 6.0.1; Nexus 5X Build/MMB29P) AppleWebKit/537.36 (KHTML, like Gecko) Chrome/41.0.2272.96 Mobile Safari/537.36 (compatible; Googlebot/2.1; +http://www.google.com/bot.html)"
66.249.79.36 - - [22/Jan/2020:18:51:50 +0800] "GET /1993/EO_93-117.pdf HTTP/1.1" 200 115817 "-" "Mozilla/5.0 (Linux; Android 6.0.1; Nexus 5X Build/MMB29P) AppleWebKit/537.36 (KHTML, like Gecko) Chrome/41.0.2272.96 Mobile Safari/537.36 (compatible; Googlebot/2.1; +http://www.google.com/bot.html)"
66.249.79.41 - - [22/Jan/2020:18:52:14 +0800] "GET /2000/EO_2000_201.pdf HTTP/1.1" 200 18993 "-" "Mozilla/5.0 (Linux; Android 6.0.1; Nexus 5X Build/MMB29P) AppleWebKit/537.36 (KHTML, like Gecko) Chrome/41.0.2272.96 Mobile Safari/537.36 (compatible; Googlebot/2.1; +http://www.google.com/bot.html)"
66.249.79.36 - - [22/Jan/2020:18:52:38 +0800] "GET /2005/special_order/so-2005-814.pdf HTTP/1.1" 200 57940 "-" "Mozilla/5.0 (Linux; Android 6.0.1; Nexus 5X Build/MMB29P) AppleWebKit/537.36 (KHTML, like Gecko) Chrome/41.0.2272.96 Mobile Safari/537.36 (compatible; Googlebot/2.1; +http://www.google.com/bot.html)"
66.249.79.41 - - [22/Jan/2020:18:53:02 +0800] "GET /1999/denrmc99-02.pdf HTTP/1.1" 200 14598 "-" "Mozilla/5.0 (Linux; Android 6.0.1; Nexus 5X Build/MMB29P) AppleWebKit/537.36 (KHTML, like Gecko) Chrome/41.0.2272.96 Mobile Safari/537.36 (compatible; Googlebot/2.1; +http://www.google.com/bot.html)"
66.249.79.36 - - [22/Jan/2020:18:53:26 +0800] "GET /2005/special_order/so-2005-217.pdf HTTP/1.1" 200 68007 "-" "Mozilla/5.0 (Linux; Android 6.0.1; Nexus 5X Build/MMB29P) AppleWebKit/537.36 (KHTML, like Gecko) Chrome/41.0.2272.96 Mobile Safari/537.36 (compatible; Googlebot/2.1; +http://www.google.com/bot.html)"
66.249.79.36 - - [22/Jan/2020:18:53:49 +0800] "GET /1997/ADM_DMO-97-10.pdf HTTP/1.1" 200 14719 "-" "Mozilla/5.0 (Linux; Android 6.0.1; Nexus 5X Build/MMB29P) AppleWebKit/537.36 (KHTML, like Gecko) Chrome/41.0.2272.96 Mobile Safari/537.36 (compatible; Googlebot/2.1; +http://www.google.com/bot.html)"
66.249.79.36 - - [22/Jan/2020:18:54:14 +0800] "GET /1988/PP_1988-229.pdf HTTP/1.1" 200 14347 "-" "Mozilla/5.0 (Linux; Android 6.0.1; Nexus 5X Build/MMB29P) AppleWebKit/537.36 (KHTML, like Gecko) Chrome/41.0.2272.96 Mobile Safari/537.36 (compatible; Googlebot/2.1; +http://www.google.com/bot.html)"
66.249.79.36 - - [22/Jan/2020:18:54:37 +0800] "GET /pol-1992/admc92.pdf HTTP/1.1" 200 299901 "-" "Mozilla/5.0 (Linux; Android 6.0.1; Nexus 5X Build/MMB29P) AppleWebKit/537.36 (KHTML, like Gecko) Chrome/41.0.2272.96 Mobile Safari/537.36 (compatible; Googlebot/2.1; +http://www.google.com/bot.html)"
66.249.79.44 - - [22/Jan/2020:18:55:01 +0800] "GET /2005/special_order/so-2005-745.pdf HTTP/1.1" 200 128714 "-" "Mozilla/5.0 (Linux; Android 6.0.1; Nexus 5X Build/MMB29P) AppleWebKit/537.36 (KHTML, like Gecko) Chrome/41.0.2272.96 Mobile Safari/537.36 (compatible; Googlebot/2.1; +http://www.google.com/bot.html)"
66.249.79.41 - - [22/Jan/2020:18:55:25 +0800] "GET /2000/DENR_MC_2000-15.pdf HTTP/1.1" 200 16089 "-" "Mozilla/5.0 (Linux; Android 6.0.1; Nexus 5X Build/MMB29P) AppleWebKit/537.36 (KHTML, like Gecko) Chrome/41.0.2272.96 Mobile Safari/537.36 (compatible; Googlebot/2.1; +http://www.google.com/bot.html)"
66.249.79.36 - - [22/Jan/2020:18:55:49 +0800] "GET /1998/denrmo98-16.pdf HTTP/1.1" 200 15285 "-" "Mozilla/5.0 (Linux; Android 6.0.1; Nexus 5X Build/MMB29P) AppleWebKit/537.36 (KHTML, like Gecko) Chrome/41.0.2272.96 Mobile Safari/537.36 (compatible; Googlebot/2.1; +http://www.google.com/bot.html)"
66.249.79.44 - - [22/Jan/2020:18:56:13 +0800] "GET /2005/proclamation/proc_no869.pdf HTTP/1.1" 200 130637 "-" "Mozilla/5.0 (Linux; Android 6.0.1; Nexus 5X Build/MMB29P) AppleWebKit/537.36 (KHTML, like Gecko) Chrome/41.0.2272.96 Mobile Safari/537.36 (compatible; Googlebot/2.1; +http://www.google.com/bot.html)"
66.249.79.36 - - [22/Jan/2020:18:56:38 +0800] "GET /2005/special_order/so-2005-139.pdf HTTP/1.1" 200 32536 "-" "Mozilla/5.0 (Linux; Android 6.0.1; Nexus 5X Build/MMB29P) AppleWebKit/537.36 (KHTML, like Gecko) Chrome/41.0.2272.96 Mobile Safari/537.36 (compatible; Googlebot/2.1; +http://www.google.com/bot.html)"
66.249.79.41 - - [22/Jan/2020:18:57:00 +0800] "GET /2002/dao_2002-10.pdf HTTP/1.1" 200 26050 "-" "Mozilla/5.0 (Linux; Android 6.0.1; Nexus 5X Build/MMB29P) AppleWebKit/537.36 (KHTML, like Gecko) Chrome/41.0.2272.96 Mobile Safari/537.36 (compatible; Googlebot/2.1; +http://www.google.com/bot.html)"
66.249.79.36 - - [22/Jan/2020:18:57:26 +0800] "GET /2001/DENR_DAO2001-10.pdf HTTP/1.1" 200 13723 "-" "Mozilla/5.0 (Linux; Android 6.0.1; Nexus 5X Build/MMB29P) AppleWebKit/537.36 (KHTML, like Gecko) Chrome/41.0.2272.96 Mobile Safari/537.36 (compatible; Googlebot/2.1; +http://www.google.com/bot.html)"
66.249.79.36 - - [22/Jan/2020:18:57:48 +0800] "GET /2005/proclamation/proc_no881.pdf HTTP/1.1" 200 207359 "-" "Mozilla/5.0 (Linux; Android 6.0.1; Nexus 5X Build/MMB29P) AppleWebKit/537.36 (KHTML, like Gecko) Chrome/41.0.2272.96 Mobile Safari/537.36 (compatible; Googlebot/2.1; +http://www.google.com/bot.html)"
66.249.79.41 - - [22/Jan/2020:18:58:12 +0800] "GET /2005/special_order/so-2005-289.pdf HTTP/1.1" 200 33384 "-" "Mozilla/5.0 (Linux; Android 6.0.1; Nexus 5X Build/MMB29P) AppleWebKit/537.36 (KHTML, like Gecko) Chrome/41.0.2272.96 Mobile Safari/537.36 (compatible; Googlebot/2.1; +http://www.google.com/bot.html)"
66.249.79.36 - - [22/Jan/2020:18:58:36 +0800] "GET /1998/denrmc98-07.pdf HTTP/1.1" 200 13740 "-" "Mozilla/5.0 (Linux; Android 6.0.1; Nexus 5X Build/MMB29P) AppleWebKit/537.36 (KHTML, like Gecko) Chrome/41.0.2272.96 Mobile Safari/537.36 (compatible; Googlebot/2.1; +http://www.google.com/bot.html)"
66.249.79.36 - - [22/Jan/2020:18:58:59 +0800] "GET /2005/proclamation/proc-2005-873.pdf HTTP/1.1" 200 147214 "-" "Mozilla/5.0 (Linux; Android 6.0.1; Nexus 5X Build/MMB29P) AppleWebKit/537.36 (KHTML, like Gecko) Chrome/41.0.2272.96 Mobile Safari/537.36 (compatible; Googlebot/2.1; +http://www.google.com/bot.html)"
66.249.79.41 - - [22/Jan/2020:18:59:23 +0800] "GET /1990/FOR_DMC_1990-23.pdf HTTP/1.1" 200 48897 "-" "Mozilla/5.0 (Linux; Android 6.0.1; Nexus 5X Build/MMB29P) AppleWebKit/537.36 (KHTML, like Gecko) Chrome/41.0.2272.96 Mobile Safari/537.36 (compatible; Googlebot/2.1; +http://www.google.com/bot.html)"
66.249.79.36 - - [22/Jan/2020:18:59:47 +0800] "GET /2000/EO_2000_258.pdf HTTP/1.1" 200 22976 "-" "Mozilla/5.0 (Linux; Android 6.0.1; Nexus 5X Build/MMB29P) AppleWebKit/537.36 (KHTML, like Gecko) Chrome/41.0.2272.96 Mobile Safari/537.36 (compatible; Googlebot/2.1; +http://www.google.com/bot.html)"
66.249.79.44 - - [22/Jan/2020:19:00:36 +0800] "GET /1993/DENR_MC1993-14.pdf HTTP/1.1" 200 124240 "-" "Mozilla/5.0 (Linux; Android 6.0.1; Nexus 5X Build/MMB29P) AppleWebKit/537.36 (KHTML, like Gecko) Chrome/41.0.2272.96 Mobile Safari/537.36 (compatible; Googlebot/2.1; +http://www.google.com/bot.html)"
66.249.79.41 - - [22/Jan/2020:19:00:59 +0800] "GET /2005/special_order/so-2005-83.pdf HTTP/1.1" 200 117890 "-" "Mozilla/5.0 (Linux; Android 6.0.1; Nexus 5X Build/MMB29P) AppleWebKit/537.36 (KHTML, like Gecko) Chrome/41.0.2272.96 Mobile Safari/537.36 (compatible; Googlebot/2.1; +http://www.google.com/bot.html)"
66.249.79.36 - - [22/Jan/2020:19:01:22 +0800] "GET /1991/landao91-61.pdf HTTP/1.1" 200 221462 "-" "Mozilla/5.0 (Linux; Android 6.0.1; Nexus 5X Build/MMB29P) AppleWebKit/537.36 (KHTML, like Gecko) Chrome/41.0.2272.96 Mobile Safari/537.36 (compatible; Googlebot/2.1; +http://www.google.com/bot.html)"
66.249.79.36 - - [22/Jan/2020:19:02:10 +0800] "GET /2005/special_order/so-2005-229.pdf HTTP/1.1" 200 32408 "-" "Mozilla/5.0 (Linux; Android 6.0.1; Nexus 5X Build/MMB29P) AppleWebKit/537.36 (KHTML, like Gecko) Chrome/41.0.2272.96 Mobile Safari/537.36 (compatible; Googlebot/2.1; +http://www.google.com/bot.html)"
66.249.79.41 - - [22/Jan/2020:19:02:34 +0800] "GET /1989/DAO1989-105.pdf HTTP/1.1" 200 121265 "-" "Mozilla/5.0 (Linux; Android 6.0.1; Nexus 5X Build/MMB29P) AppleWebKit/537.36 (KHTML, like Gecko) Chrome/41.0.2272.96 Mobile Safari/537.36 (compatible; Googlebot/2.1; +http://www.google.com/bot.html)"
66.249.79.44 - - [22/Jan/2020:19:02:58 +0800] "GET /2005/special_order/so-2005-321.pdf HTTP/1.1" 200 35159 "-" "Mozilla/5.0 (Linux; Android 6.0.1; Nexus 5X Build/MMB29P) AppleWebKit/537.36 (KHTML, like Gecko) Chrome/41.0.2272.96 Mobile Safari/537.36 (compatible; Googlebot/2.1; +http://www.google.com/bot.html)"
124.6.153.98 - - [22/Jan/2020:19:03:00 +0800] "GET /1992/RA_1992_7607.pdf HTTP/1.1" 200 75507 "http://www.google.com/" "Mozilla/5.0 (Linux; Android 5.1; Mate30+ Build/LMY47I; wv) AppleWebKit/537.36 (KHTML, like Gecko) Version/4.0 Chrome/79.0.3945.116 Mobile Safari/537.36"
124.6.153.98 - - [22/Jan/2020:19:03:01 +0800] "GET /1992/RA_1992_7607.pdf HTTP/1.1" 200 75507 "-" "Mozilla/5.0 (Linux; Android 5.1; Mate30+ Build/LMY47I; wv) AppleWebKit/537.36 (KHTML, like Gecko) Version/4.0 Chrome/79.0.3945.116 Mobile Safari/537.36"
66.249.79.41 - - [22/Jan/2020:19:03:22 +0800] "GET /2005/special_order/so-2005-402.pdf HTTP/1.1" 200 26365 "-" "Mozilla/5.0 (Linux; Android 6.0.1; Nexus 5X Build/MMB29P) AppleWebKit/537.36 (KHTML, like Gecko) Chrome/41.0.2272.96 Mobile Safari/537.36 (compatible; Googlebot/2.1; +http://www.google.com/bot.html)"
66.249.79.36 - - [22/Jan/2020:19:03:46 +0800] "GET /2004/proclamation/Proclamation725-2004.pdf HTTP/1.1" 200 51737 "-" "Mozilla/5.0 (Linux; Android 6.0.1; Nexus 5X Build/MMB29P) AppleWebKit/537.36 (KHTML, like Gecko) Chrome/41.0.2272.96 Mobile Safari/537.36 (compatible; Googlebot/2.1; +http://www.google.com/bot.html)"
66.249.79.36 - - [22/Jan/2020:19:04:09 +0800] "GET /1987/FOR_DAO_87_02.pdf HTTP/1.1" 200 25015 "-" "Mozilla/5.0 (Linux; Android 6.0.1; Nexus 5X Build/MMB29P) AppleWebKit/537.36 (KHTML, like Gecko) Chrome/41.0.2272.96 Mobile Safari/537.36 (compatible; Googlebot/2.1; +http://www.google.com/bot.html)"
66.249.79.41 - - [22/Jan/2020:19:04:34 +0800] "GET /memorandum/memo_sept20-03.pdf HTTP/1.1" 200 96475 "-" "Mozilla/5.0 (Linux; Android 6.0.1; Nexus 5X Build/MMB29P) AppleWebKit/537.36 (KHTML, like Gecko) Chrome/41.0.2272.96 Mobile Safari/537.36 (compatible; Googlebot/2.1; +http://www.google.com/bot.html)"
66.249.79.41 - - [22/Jan/2020:19:05:21 +0800] "GET /2005/special_order/so-2005-361.pdf HTTP/1.1" 200 42824 "-" "Mozilla/5.0 (Linux; Android 6.0.1; Nexus 5X Build/MMB29P) AppleWebKit/537.36 (KHTML, like Gecko) Chrome/41.0.2272.96 Mobile Safari/537.36 (compatible; Googlebot/2.1; +http://www.google.com/bot.html)"
66.249.79.41 - - [22/Jan/2020:19:05:46 +0800] "GET /2005/special_order/so-2005-343.pdf HTTP/1.1" 200 223681 "-" "Mozilla/5.0 (Linux; Android 6.0.1; Nexus 5X Build/MMB29P) AppleWebKit/537.36 (KHTML, like Gecko) Chrome/41.0.2272.96 Mobile Safari/537.36 (compatible; Googlebot/2.1; +http://www.google.com/bot.html)"
66.249.79.36 - - [22/Jan/2020:19:06:56 +0800] "GET /1988/PP_1988-278.pdf HTTP/1.1" 200 15037 "-" "Mozilla/5.0 (Linux; Android 6.0.1; Nexus 5X Build/MMB29P) AppleWebKit/537.36 (KHTML, like Gecko) Chrome/41.0.2272.96 Mobile Safari/537.36 (compatible; Googlebot/2.1; +http://www.google.com/bot.html)"
66.249.79.41 - - [22/Jan/2020:19:07:20 +0800] "GET /1990/FOR_DMO_1990-04.pdf HTTP/1.1" 200 16519 "-" "Mozilla/5.0 (Linux; Android 6.0.1; Nexus 5X Build/MMB29P) AppleWebKit/537.36 (KHTML, like Gecko) Chrome/41.0.2272.96 Mobile Safari/537.36 (compatible; Googlebot/2.1; +http://www.google.com/bot.html)"
103.62.154.116 - - [22/Jan/2020:19:07:07 +0800] "GET /2003/dao2003-30.pdf HTTP/1.1" 206 655360 "https://www.google.com/" "Mozilla/5.0 (Macintosh; Intel Mac OS X 10.14; rv:72.0) Gecko/20100101 Firefox/72.0"
103.62.154.116 - - [22/Jan/2020:19:07:11 +0800] "GET /2003/dao2003-30.pdf HTTP/1.1" 206 983040 "https://www.google.com/" "Mozilla/5.0 (Macintosh; Intel Mac OS X 10.14; rv:72.0) Gecko/20100101 Firefox/72.0"
66.249.79.36 - - [22/Jan/2020:19:07:44 +0800] "GET /2005/special_order/so-2005-700.pdf HTTP/1.1" 200 48862 "-" "Mozilla/5.0 (Linux; Android 6.0.1; Nexus 5X Build/MMB29P) AppleWebKit/537.36 (KHTML, like Gecko) Chrome/41.0.2272.96 Mobile Safari/537.36 (compatible; Googlebot/2.1; +http://www.google.com/bot.html)"
103.62.154.116 - - [22/Jan/2020:19:08:02 +0800] "GET /2003/dao2003-30.pdf HTTP/1.1" 206 30592 "https://www.google.com/" "Mozilla/5.0 (Macintosh; Intel Mac OS X 10.14; rv:72.0) Gecko/20100101 Firefox/72.0"
66.249.79.44 - - [22/Jan/2020:19:08:10 +0800] "GET /1993/DENR_MC1993-15.pdf HTTP/1.1" 200 62121 "-" "Mozilla/5.0 (Linux; Android 6.0.1; Nexus 5X Build/MMB29P) AppleWebKit/537.36 (KHTML, like Gecko) Chrome/41.0.2272.96 Mobile Safari/537.36 (compatible; Googlebot/2.1; +http://www.google.com/bot.html)"
66.249.79.41 - - [22/Jan/2020:19:08:32 +0800] "GET /1998/admin98-23.pdf HTTP/1.1" 200 15607 "-" "Mozilla/5.0 (Linux; Android 6.0.1; Nexus 5X Build/MMB29P) AppleWebKit/537.36 (KHTML, like Gecko) Chrome/41.0.2272.96 Mobile Safari/537.36 (compatible; Googlebot/2.1; +http://www.google.com/bot.html)"
66.249.79.41 - - [22/Jan/2020:19:08:56 +0800] "GET /2006/dmo/ HTTP/1.1" 200 903 "-" "Mozilla/5.0 (Linux; Android 6.0.1; Nexus 5X Build/MMB29P) AppleWebKit/537.36 (KHTML, like Gecko) Chrome/41.0.2272.96 Mobile Safari/537.36 (compatible; Googlebot/2.1; +http://www.google.com/bot.html)"
103.62.154.116 - - [22/Jan/2020:19:08:01 +0800] "GET /2003/dao2003-30.pdf HTTP/1.1" 206 1731378 "https://www.google.com/" "Mozilla/5.0 (Macintosh; Intel Mac OS X 10.14; rv:72.0) Gecko/20100101 Firefox/72.0"
66.249.79.36 - - [22/Jan/2020:19:09:19 +0800] "GET /1988/FOR_DAO_1988-40.pdf HTTP/1.1" 200 11111 "-" "Mozilla/5.0 (Linux; Android 6.0.1; Nexus 5X Build/MMB29P) AppleWebKit/537.36 (KHTML, like Gecko) Chrome/41.0.2272.96 Mobile Safari/537.36 (compatible; Googlebot/2.1; +http://www.google.com/bot.html)"
172.16.70.240 - - [22/Jan/2020:19:09:40 +0800] "GET /1989/DAO1989-133.pdf HTTP/1.1" 200 296311 "http://www.denr.gov.ph/section-policies/viewrec.php?id=1420&page=93&sort=&filter=&searchword=" "Mozilla/5.0 (Windows NT 10.0; Win64; x64) AppleWebKit/537.36 (KHTML, like Gecko) Chrome/79.0.3945.117 Safari/537.36"
172.16.70.240 - - [22/Jan/2020:19:09:40 +0800] "GET /favicon.ico HTTP/1.1" 404 209 "http://policy.denr.gov.ph/1989/DAO1989-133.pdf" "Mozilla/5.0 (Windows NT 10.0; Win64; x64) AppleWebKit/537.36 (KHTML, like Gecko) Chrome/79.0.3945.117 Safari/537.36"
66.249.79.36 - - [22/Jan/2020:19:09:43 +0800] "GET /1996/MIN_MO_1996-13.pdf HTTP/1.1" 200 15032 "-" "Mozilla/5.0 (Linux; Android 6.0.1; Nexus 5X Build/MMB29P) AppleWebKit/537.36 (KHTML, like Gecko) Chrome/41.0.2272.96 Mobile Safari/537.36 (compatible; Googlebot/2.1; +http://www.google.com/bot.html)"
66.249.79.36 - - [22/Jan/2020:19:10:07 +0800] "GET /2005/special_order/so-2005-70.pdf HTTP/1.1" 200 201191 "-" "Mozilla/5.0 (Linux; Android 6.0.1; Nexus 5X Build/MMB29P) AppleWebKit/537.36 (KHTML, like Gecko) Chrome/41.0.2272.96 Mobile Safari/537.36 (compatible; Googlebot/2.1; +http://www.google.com/bot.html)"
66.249.79.36 - - [22/Jan/2020:19:10:31 +0800] "GET /1993/DENR_MO1993-05.pdf HTTP/1.1" 200 4505341 "-" "Mozilla/5.0 (Linux; Android 6.0.1; Nexus 5X Build/MMB29P) AppleWebKit/537.36 (KHTML, like Gecko) Chrome/41.0.2272.96 Mobile Safari/537.36 (compatible; Googlebot/2.1; +http://www.google.com/bot.html)"
66.249.79.44 - - [22/Jan/2020:19:10:55 +0800] "GET /1990/DENR_DAO_1990-40.pdf HTTP/1.1" 200 28262 "-" "Mozilla/5.0 (Linux; Android 6.0.1; Nexus 5X Build/MMB29P) AppleWebKit/537.36 (KHTML, like Gecko) Chrome/41.0.2272.96 Mobile Safari/537.36 (compatible; Googlebot/2.1; +http://www.google.com/bot.html)"
66.249.79.36 - - [22/Jan/2020:19:11:18 +0800] "GET /1999/malaca%C3%B1angmo99-55.pdf HTTP/1.1" 404 225 "-" "Mozilla/5.0 (Linux; Android 6.0.1; Nexus 5X Build/MMB29P) AppleWebKit/537.36 (KHTML, like Gecko) Chrome/41.0.2272.96 Mobile Safari/537.36 (compatible; Googlebot/2.1; +http://www.google.com/bot.html)"
66.249.79.36 - - [22/Jan/2020:19:12:30 +0800] "GET /1995/Rep_Act-1995-8041.pdf HTTP/1.1" 200 228822 "-" "Mozilla/5.0 (Linux; Android 6.0.1; Nexus 5X Build/MMB29P) AppleWebKit/537.36 (KHTML, like Gecko) Chrome/41.0.2272.96 Mobile Safari/537.36 (compatible; Googlebot/2.1; +http://www.google.com/bot.html)"
172.16.70.240 - - [22/Jan/2020:19:14:57 +0800] "GET /1999/dao99-09.pdf HTTP/1.1" 200 19490 "-" "Mozilla/5.0 (Windows NT 10.0; Win64; x64) AppleWebKit/537.36 (KHTML, like Gecko) Chrome/79.0.3945.117 Safari/537.36"
119.92.178.214 - - [22/Jan/2020:19:17:16 +0800] "GET /1998/da-admin.order98-03.pdf HTTP/1.1" 200 258131 "https://www.google.com/" "Mozilla/5.0 (Windows NT 6.2; Win64; x64) AppleWebKit/537.36 (KHTML, like Gecko) Chrome/79.0.3945.117 Safari/537.36"
119.92.178.214 - - [22/Jan/2020:19:17:18 +0800] "GET /favicon.ico HTTP/1.1" 404 209 "http://policy.denr.gov.ph/1998/da-admin.order98-03.pdf" "Mozilla/5.0 (Windows NT 6.2; Win64; x64) AppleWebKit/537.36 (KHTML, like Gecko) Chrome/79.0.3945.117 Safari/537.36"
182.18.228.72 - - [22/Jan/2020:19:17:22 +0800] "GET /2001/DENR_MO_2001-11.pdf HTTP/1.1" 200 29820 "https://www.google.com/" "Mozilla/5.0 (Windows NT 10.0; Win64; x64) AppleWebKit/537.36 (KHTML, like Gecko) Chrome/79.0.3945.117 Safari/537.36"
182.18.228.72 - - [22/Jan/2020:19:17:22 +0800] "GET /favicon.ico HTTP/1.1" 404 209 "http://policy.denr.gov.ph/2001/DENR_MO_2001-11.pdf" "Mozilla/5.0 (Windows NT 10.0; Win64; x64) AppleWebKit/537.36 (KHTML, like Gecko) Chrome/79.0.3945.117 Safari/537.36"
49.150.140.121 - - [22/Jan/2020:19:23:23 +0800] "GET /2003/dao2003-26.pdf HTTP/1.1" 200 363436 "http://oldwebsite.denr.gov.ph/section-policies/result.php" "Mozilla/5.0 (iPhone; CPU iPhone OS 13_3 like Mac OS X) AppleWebKit/605.1.15 (KHTML, like Gecko) Version/13.0.4 Mobile/15E148 Safari/604.1"
49.150.140.121 - - [22/Jan/2020:19:23:23 +0800] "GET /favicon.ico HTTP/1.1" 404 209 "http://policy.denr.gov.ph/2003/dao2003-26.pdf" "Mozilla/5.0 (iPhone; CPU iPhone OS 13_3 like Mac OS X) AppleWebKit/605.1.15 (KHTML, like Gecko) Version/13.0.4 Mobile/15E148 Safari/604.1"
110.54.246.144 - - [22/Jan/2020:19:27:10 +0800] "GET /2000/DAO_FMB_2000-63.pdf HTTP/1.1" 200 25688 "https://www.google.com/" "Mozilla/5.0 (Windows NT 10.0; Win64; x64) AppleWebKit/537.36 (KHTML, like Gecko) Chrome/79.0.3945.117 Safari/537.36"
110.54.246.144 - - [22/Jan/2020:19:27:11 +0800] "GET /favicon.ico HTTP/1.1" 404 209 "http://policy.denr.gov.ph/2000/DAO_FMB_2000-63.pdf" "Mozilla/5.0 (Windows NT 10.0; Win64; x64) AppleWebKit/537.36 (KHTML, like Gecko) Chrome/79.0.3945.117 Safari/537.36"
66.249.79.36 - - [22/Jan/2020:19:27:12 +0800] "GET /1996/MemoAgreement_Mun_Alabel-Sarangani.pdf HTTP/1.1" 200 24631 "-" "Mozilla/5.0 (Linux; Android 6.0.1; Nexus 5X Build/MMB29P) AppleWebKit/537.36 (KHTML, like Gecko) Chrome/41.0.2272.96 Mobile Safari/537.36 (compatible; Googlebot/2.1; +http://www.google.com/bot.html)"
110.54.246.144 - - [22/Jan/2020:19:28:23 +0800] "GET /2000/DAO_FMB_2000-21.pdf HTTP/1.1" 200 33721 "https://www.google.com/" "Mozilla/5.0 (Windows NT 10.0; Win64; x64) AppleWebKit/537.36 (KHTML, like Gecko) Chrome/79.0.3945.117 Safari/537.36"
66.249.79.44 - - [22/Jan/2020:19:34:46 +0800] "GET /2005/special_order/so-2005-1038.pdf HTTP/1.1" 200 20729 "-" "Mozilla/5.0 (Linux; Android 6.0.1; Nexus 5X Build/MMB29P) AppleWebKit/537.36 (KHTML, like Gecko) Chrome/41.0.2272.96 Mobile Safari/537.36 (compatible; Googlebot/2.1; +http://www.google.com/bot.html)"
110.54.226.224 - - [22/Jan/2020:19:34:50 +0800] "GET /1992/ENV_DAO_92-21.pdf HTTP/1.1" 200 187281 "https://www.google.com.ph/" "Mozilla/5.0 (iPhone; CPU iPhone OS 13_3 like Mac OS X) AppleWebKit/605.1.15 (KHTML, like Gecko) Version/13.0.4 Mobile/15E148 Safari/604.1"
110.54.226.224 - - [22/Jan/2020:19:35:00 +0800] "GET /favicon.ico HTTP/1.1" 404 209 "http://policy.denr.gov.ph/1992/ENV_DAO_92-21.pdf" "Mozilla/5.0 (iPhone; CPU iPhone OS 13_3 like Mac OS X) AppleWebKit/605.1.15 (KHTML, like Gecko) Version/13.0.4 Mobile/15E148 Safari/604.1"
160.20.42.22 - - [22/Jan/2020:19:35:13 +0800] "GET /1988/FOR_DAO_1988-97.pdf HTTP/1.1" 206 1 "-" "Mozilla/5.0 (Windows NT 10.0; Win64; x64) AppleWebKit/537.36 (KHTML, like Gecko) Chrome/76.0.3809.132 Safari/537.36"
160.20.42.22 - - [22/Jan/2020:19:35:13 +0800] "GET /1988/FOR_DAO_1988-97.pdf HTTP/1.1" 206 47543 "-" "Mozilla/5.0 (Windows NT 10.0; Win64; x64) AppleWebKit/537.36 (KHTML, like Gecko) Chrome/76.0.3809.132 Safari/537.36"
66.249.79.36 - - [22/Jan/2020:19:35:33 +0800] "GET /1991/fordao91-56.pdf HTTP/1.1" 200 32900 "-" "Mozilla/5.0 (Linux; Android 6.0.1; Nexus 5X Build/MMB29P) AppleWebKit/537.36 (KHTML, like Gecko) Chrome/41.0.2272.96 Mobile Safari/537.36 (compatible; Googlebot/2.1; +http://www.google.com/bot.html)"
110.54.226.224 - - [22/Jan/2020:19:35:53 +0800] "GET /favicon.ico HTTP/1.1" 404 209 "-" "Mozilla/5.0 (Macintosh; Intel Mac OS X 10_11_1) AppleWebKit/601.2.4 (KHTML, like Gecko) Version/9.0.1 Safari/601.2.4 facebookexternalhit/1.1 Facebot Twitterbot/1.0"
66.249.79.44 - - [22/Jan/2020:19:35:57 +0800] "GET /1998/admin98-59.pdf HTTP/1.1" 200 14785 "-" "Mozilla/5.0 (Linux; Android 6.0.1; Nexus 5X Build/MMB29P) AppleWebKit/537.36 (KHTML, like Gecko) Chrome/41.0.2272.96 Mobile Safari/537.36 (compatible; Googlebot/2.1; +http://www.google.com/bot.html)"
66.249.79.36 - - [22/Jan/2020:19:36:20 +0800] "GET /2005/special_order/so-2005-156.pdf HTTP/1.1" 200 89429 "-" "Mozilla/5.0 (Linux; Android 6.0.1; Nexus 5X Build/MMB29P) AppleWebKit/537.36 (KHTML, like Gecko) Chrome/41.0.2272.96 Mobile Safari/537.36 (compatible; Googlebot/2.1; +http://www.google.com/bot.html)"
66.249.79.36 - - [22/Jan/2020:19:36:46 +0800] "GET /1999/denrmc99-15.pdf HTTP/1.1" 200 13992 "-" "Mozilla/5.0 (Linux; Android 6.0.1; Nexus 5X Build/MMB29P) AppleWebKit/537.36 (KHTML, like Gecko) Chrome/41.0.2272.96 Mobile Safari/537.36 (compatible; Googlebot/2.1; +http://www.google.com/bot.html)"
66.249.79.41 - - [22/Jan/2020:19:37:32 +0800] "GET /1994/ENVMC_94-27.pdf HTTP/1.1" 200 38975 "-" "Mozilla/5.0 (Linux; Android 6.0.1; Nexus 5X Build/MMB29P) AppleWebKit/537.36 (KHTML, like Gecko) Chrome/41.0.2272.96 Mobile Safari/537.36 (compatible; Googlebot/2.1; +http://www.google.com/bot.html)"
66.249.79.36 - - [22/Jan/2020:19:37:56 +0800] "GET /1987/FOR_DAO_87_66.pdf HTTP/1.1" 200 77976 "-" "Mozilla/5.0 (Linux; Android 6.0.1; Nexus 5X Build/MMB29P) AppleWebKit/537.36 (KHTML, like Gecko) Chrome/41.0.2272.96 Mobile Safari/537.36 (compatible; Googlebot/2.1; +http://www.google.com/bot.html)"
66.249.79.36 - - [22/Jan/2020:19:38:20 +0800] "GET /1994/ForMO_1994-24.pdf HTTP/1.1" 200 25881 "-" "Mozilla/5.0 (Linux; Android 6.0.1; Nexus 5X Build/MMB29P) AppleWebKit/537.36 (KHTML, like Gecko) Chrome/41.0.2272.96 Mobile Safari/537.36 (compatible; Googlebot/2.1; +http://www.google.com/bot.html)"
66.249.79.36 - - [22/Jan/2020:19:38:44 +0800] "GET /2005/special_order/so-2005-983.pdf HTTP/1.1" 200 54851 "-" "Mozilla/5.0 (Linux; Android 6.0.1; Nexus 5X Build/MMB29P) AppleWebKit/537.36 (KHTML, like Gecko) Chrome/41.0.2272.96 Mobile Safari/537.36 (compatible; Googlebot/2.1; +http://www.google.com/bot.html)"
66.249.79.36 - - [22/Jan/2020:19:39:07 +0800] "GET /2005/special_order/so-2005-172.pdf HTTP/1.1" 200 65530 "-" "Mozilla/5.0 (Linux; Android 6.0.1; Nexus 5X Build/MMB29P) AppleWebKit/537.36 (KHTML, like Gecko) Chrome/41.0.2272.96 Mobile Safari/537.36 (compatible; Googlebot/2.1; +http://www.google.com/bot.html)"
66.249.79.36 - - [22/Jan/2020:19:39:33 +0800] "GET /basicpol/forcode/ HTTP/1.1" 200 1978 "-" "Mozilla/5.0 (Linux; Android 6.0.1; Nexus 5X Build/MMB29P) AppleWebKit/537.36 (KHTML, like Gecko) Chrome/41.0.2272.96 Mobile Safari/537.36 (compatible; Googlebot/2.1; +http://www.google.com/bot.html)"
66.249.79.41 - - [22/Jan/2020:19:39:56 +0800] "GET /1988/PAW_DAO_1988-42.pdf HTTP/1.1" 200 13228 "-" "Mozilla/5.0 (Linux; Android 6.0.1; Nexus 5X Build/MMB29P) AppleWebKit/537.36 (KHTML, like Gecko) Chrome/41.0.2272.96 Mobile Safari/537.36 (compatible; Googlebot/2.1; +http://www.google.com/bot.html)"
66.249.79.36 - - [22/Jan/2020:19:40:19 +0800] "GET /1998/admin98-68.pdf HTTP/1.1" 200 14764 "-" "Mozilla/5.0 (Linux; Android 6.0.1; Nexus 5X Build/MMB29P) AppleWebKit/537.36 (KHTML, like Gecko) Chrome/41.0.2272.96 Mobile Safari/537.36 (compatible; Googlebot/2.1; +http://www.google.com/bot.html)"
