216.244.66.245 - - [18/Jan/2020:20:20:53 +0800] "GET /1990/lLAND_DAO_1990-68.pdf HTTP/1.1" 200 63506 "-" "Mozilla/5.0 (compatible; DotBot/1.1; http://www.opensiteexplorer.org/dotbot, help@moz.com)"
216.244.66.245 - - [18/Jan/2020:20:21:06 +0800] "GET /1996/DENR_MC_1996-03.pdf HTTP/1.1" 200 22925 "-" "Mozilla/5.0 (compatible; DotBot/1.1; http://www.opensiteexplorer.org/dotbot, help@moz.com)"
216.244.66.245 - - [18/Jan/2020:20:21:10 +0800] "GET /1999/dao99-06.pdf HTTP/1.1" 200 15003 "-" "Mozilla/5.0 (compatible; DotBot/1.1; http://www.opensiteexplorer.org/dotbot, help@moz.com)"
216.244.66.245 - - [18/Jan/2020:20:22:42 +0800] "GET /1992/DMC_92-13.pdf HTTP/1.1" 200 14430 "-" "Mozilla/5.0 (compatible; DotBot/1.1; http://www.opensiteexplorer.org/dotbot, help@moz.com)"
216.244.66.245 - - [18/Jan/2020:20:22:48 +0800] "GET /1998/dao98-39.pdf HTTP/1.1" 200 16344 "-" "Mozilla/5.0 (compatible; DotBot/1.1; http://www.opensiteexplorer.org/dotbot, help@moz.com)"
216.244.66.245 - - [18/Jan/2020:20:22:50 +0800] "GET /1998/envmc98-20.pdf HTTP/1.1" 200 15039 "-" "Mozilla/5.0 (compatible; DotBot/1.1; http://www.opensiteexplorer.org/dotbot, help@moz.com)"
216.244.66.245 - - [18/Jan/2020:20:22:53 +0800] "GET /1994/PAWMC_94-46.pdf HTTP/1.1" 200 22094 "-" "Mozilla/5.0 (compatible; DotBot/1.1; http://www.opensiteexplorer.org/dotbot, help@moz.com)"
216.244.66.245 - - [18/Jan/2020:20:22:54 +0800] "GET /1999/formc99-09.pdf HTTP/1.1" 200 31496 "-" "Mozilla/5.0 (compatible; DotBot/1.1; http://www.opensiteexplorer.org/dotbot, help@moz.com)"
216.244.66.245 - - [18/Jan/2020:20:22:56 +0800] "GET /2001/DAO_FOR_2001-14.pdf HTTP/1.1" 200 18871 "-" "Mozilla/5.0 (compatible; DotBot/1.1; http://www.opensiteexplorer.org/dotbot, help@moz.com)"
216.244.66.245 - - [18/Jan/2020:20:21:51 +0800] "GET /1989/DAO1989-15.pdf HTTP/1.1" 200 235346 "-" "Mozilla/5.0 (compatible; DotBot/1.1; http://www.opensiteexplorer.org/dotbot, help@moz.com)"
216.244.66.245 - - [18/Jan/2020:20:23:04 +0800] "GET /2001/MC-PAWB2001-11.pdf HTTP/1.1" 200 14774 "-" "Mozilla/5.0 (compatible; DotBot/1.1; http://www.opensiteexplorer.org/dotbot, help@moz.com)"
216.244.66.245 - - [18/Jan/2020:20:22:52 +0800] "GET /1989/DMO1989-11.pdf HTTP/1.1" 200 295702 "-" "Mozilla/5.0 (compatible; DotBot/1.1; http://www.opensiteexplorer.org/dotbot, help@moz.com)"
216.244.66.245 - - [18/Jan/2020:20:23:07 +0800] "GET /2005/dao/dao2005-06.pdf HTTP/1.1" 200 326177 "-" "Mozilla/5.0 (compatible; DotBot/1.1; http://www.opensiteexplorer.org/dotbot, help@moz.com)"
216.244.66.245 - - [18/Jan/2020:20:22:51 +0800] "GET /dao2004/dao2004-19.pdf HTTP/1.1" 200 148625 "-" "Mozilla/5.0 (compatible; DotBot/1.1; http://www.opensiteexplorer.org/dotbot, help@moz.com)"
216.244.66.245 - - [18/Jan/2020:20:25:27 +0800] "GET /2005/dmc/DMC-2005-03.pdf HTTP/1.1" 404 222 "-" "Mozilla/5.0 (compatible; DotBot/1.1; http://www.opensiteexplorer.org/dotbot, help@moz.com)"
40.77.167.0 - - [18/Jan/2020:20:31:11 +0800] "GET /1994/PAWDAO_94-41.pdf HTTP/1.1" 200 23070 "-" "Mozilla/5.0 (compatible; bingbot/2.0; +http://www.bing.com/bingbot.htm)"
66.249.79.41 - - [18/Jan/2020:20:39:58 +0800] "GET /2005/special_order/so-2005-415.pdf HTTP/1.1" 200 26272 "-" "Mozilla/5.0 (Linux; Android 6.0.1; Nexus 5X Build/MMB29P) AppleWebKit/537.36 (KHTML, like Gecko) Chrome/41.0.2272.96 Mobile Safari/537.36 (compatible; Googlebot/2.1; +http://www.google.com/bot.html)"
66.249.82.187 - - [18/Jan/2020:20:40:17 +0800] "GET /1999/fordao99-46.pdf HTTP/1.1" 200 38096 "https://www.google.com/" "Mozilla/5.0 (Linux; Android 8.1.0; SM-J260Y) AppleWebKit/537.36 (KHTML, like Gecko) Chrome/70.0.3538.110 Mobile Safari/537.36"
66.249.82.187 - - [18/Jan/2020:20:40:19 +0800] "GET /1999/fordao99-46.pdf HTTP/1.1" 200 38096 "https://www.google.com/" "Mozilla/5.0 (Linux; Android 8.1.0; SM-J260Y) AppleWebKit/537.36 (KHTML, like Gecko) Chrome/70.0.3538.110 Mobile Safari/537.36"
175.176.71.54 - - [18/Jan/2020:20:41:53 +0800] "GET /1997/ENV_DAO-97-05.pdf HTTP/1.1" 200 35973 "https://www.google.com/" "Mozilla/5.0 (Windows NT 10.0; Win64; x64) AppleWebKit/537.36 (KHTML, like Gecko) Chrome/79.0.3945.117 Safari/537.36"
175.176.71.54 - - [18/Jan/2020:20:41:54 +0800] "GET /favicon.ico HTTP/1.1" 404 209 "http://policy.denr.gov.ph/1997/ENV_DAO-97-05.pdf" "Mozilla/5.0 (Windows NT 10.0; Win64; x64) AppleWebKit/537.36 (KHTML, like Gecko) Chrome/79.0.3945.117 Safari/537.36"
110.54.163.86 - - [18/Jan/2020:20:48:42 +0800] "GET /1997/ENV_DAO-97-05.pdf HTTP/1.1" 200 35973 "https://www.google.com.ph/" "Mozilla/5.0 (iPhone; CPU iPhone OS 11_4 like Mac OS X) AppleWebKit/605.1.15 (KHTML, like Gecko) Version/11.0 Mobile/15E148 Safari/604.1"
210.213.127.95 - - [18/Jan/2020:20:54:35 +0800] "GET /1990/DENR_DAO_1990-87.pdf HTTP/1.1" 200 55064 "https://www.google.com/" "Mozilla/5.0 (Windows NT 6.3; Win64; x64) AppleWebKit/537.36 (KHTML, like Gecko) Chrome/79.0.3945.130 Safari/537.36"
210.213.127.95 - - [18/Jan/2020:20:54:39 +0800] "GET /favicon.ico HTTP/1.1" 404 209 "http://policy.denr.gov.ph/1990/DENR_DAO_1990-87.pdf" "Mozilla/5.0 (Windows NT 6.3; Win64; x64) AppleWebKit/537.36 (KHTML, like Gecko) Chrome/79.0.3945.130 Safari/537.36"
216.244.66.245 - - [18/Jan/2020:21:03:41 +0800] "GET /2000/DAO_FMB_2000-41.pdf HTTP/1.1" 200 21178 "-" "Mozilla/5.0 (compatible; DotBot/1.1; http://www.opensiteexplorer.org/dotbot, help@moz.com)"
216.244.66.245 - - [18/Jan/2020:21:03:45 +0800] "GET /2000/DENR_DAO_2000-94.pdf HTTP/1.1" 200 20616 "-" "Mozilla/5.0 (compatible; DotBot/1.1; http://www.opensiteexplorer.org/dotbot, help@moz.com)"
216.244.66.245 - - [18/Jan/2020:21:03:52 +0800] "GET /2003/dao2003-31.pdf HTTP/1.1" 200 120097 "-" "Mozilla/5.0 (compatible; DotBot/1.1; http://www.opensiteexplorer.org/dotbot, help@moz.com)"
216.244.66.245 - - [18/Jan/2020:21:03:58 +0800] "GET /1987/PAWB_DAO_87_24.pdf HTTP/1.1" 200 46943 "-" "Mozilla/5.0 (compatible; DotBot/1.1; http://www.opensiteexplorer.org/dotbot, help@moz.com)"
216.244.66.245 - - [18/Jan/2020:21:04:00 +0800] "GET /1988/FOR_DAO_1988-75.pdf HTTP/1.1" 200 20184 "-" "Mozilla/5.0 (compatible; DotBot/1.1; http://www.opensiteexplorer.org/dotbot, help@moz.com)"
110.54.202.50 - - [18/Jan/2020:21:04:10 +0800] "GET /pol-2000/pol00v2/mindao00.pdf HTTP/1.1" 200 555363 "https://r.search.yahoo.com/_ylt=AwrPg3QgAiNePzAAezIhdiU5;_ylu=X3oDMTEydTc2YXZiBGNvbG8Dc2czBHBvcwM0BHZ0aWQDQjg4MDJfMQRzZWMDc3I-/RV=2/RE=1579381408/RO=10/RU=http%3a%2f%2fpolicy.denr.gov.ph%2fpol-2000%2fpol00v2%2fmindao00.pdf/RK=2/RS=jQEi6irYr1SM3rEHiCx35.Kh1c8-" "Mozilla/5.0 (Linux; Android 9; Nokia 6.1) AppleWebKit/537.36 (KHTML, like Gecko) Chrome/79.0.3945.116 Mobile Safari/537.36"
216.244.66.245 - - [18/Jan/2020:21:04:02 +0800] "GET /1991/mindao91-20.pdf HTTP/1.1" 200 1247934 "-" "Mozilla/5.0 (compatible; DotBot/1.1; http://www.opensiteexplorer.org/dotbot, help@moz.com)"
216.244.66.245 - - [18/Jan/2020:21:04:03 +0800] "GET /1992/ENV_DAO_92-29.pdf HTTP/1.1" 200 951109 "-" "Mozilla/5.0 (compatible; DotBot/1.1; http://www.opensiteexplorer.org/dotbot, help@moz.com)"
216.244.66.245 - - [18/Jan/2020:21:04:01 +0800] "GET /1989/DAO1989-19.pdf HTTP/1.1" 200 154791 "-" "Mozilla/5.0 (compatible; DotBot/1.1; http://www.opensiteexplorer.org/dotbot, help@moz.com)"
216.244.66.245 - - [18/Jan/2020:21:06:23 +0800] "GET /1992/FOR_DAO_1992_01.pdf HTTP/1.1" 200 18731 "-" "Mozilla/5.0 (compatible; DotBot/1.1; http://www.opensiteexplorer.org/dotbot, help@moz.com)"
216.244.66.245 - - [18/Jan/2020:21:06:26 +0800] "GET /1992/FOR_DAO_1992_49.pdf HTTP/1.1" 200 66872 "-" "Mozilla/5.0 (compatible; DotBot/1.1; http://www.opensiteexplorer.org/dotbot, help@moz.com)"
216.244.66.245 - - [18/Jan/2020:21:06:28 +0800] "GET /1999/envdao99-08.pdf HTTP/1.1" 200 18510 "-" "Mozilla/5.0 (compatible; DotBot/1.1; http://www.opensiteexplorer.org/dotbot, help@moz.com)"
216.244.66.245 - - [18/Jan/2020:21:06:29 +0800] "GET /2000/DENR_MO_2000-07.pdf HTTP/1.1" 200 18532 "-" "Mozilla/5.0 (compatible; DotBot/1.1; http://www.opensiteexplorer.org/dotbot, help@moz.com)"
216.244.66.245 - - [18/Jan/2020:21:06:32 +0800] "GET /2002/dao_2002-09.pdf HTTP/1.1" 200 31964 "-" "Mozilla/5.0 (compatible; DotBot/1.1; http://www.opensiteexplorer.org/dotbot, help@moz.com)"
216.244.66.245 - - [18/Jan/2020:21:06:34 +0800] "GET /dao2004/dao2004-65.pdf HTTP/1.1" 200 103216 "-" "Mozilla/5.0 (compatible; DotBot/1.1; http://www.opensiteexplorer.org/dotbot, help@moz.com)"
216.244.66.245 - - [18/Jan/2020:21:06:35 +0800] "GET /1990/FOR_DMO_1990-09.pdf HTTP/1.1" 200 46147 "-" "Mozilla/5.0 (compatible; DotBot/1.1; http://www.opensiteexplorer.org/dotbot, help@moz.com)"
216.244.66.245 - - [18/Jan/2020:21:06:39 +0800] "GET /1993/DENR_MC1993-02.pdf HTTP/1.1" 200 41362 "-" "Mozilla/5.0 (compatible; DotBot/1.1; http://www.opensiteexplorer.org/dotbot, help@moz.com)"
216.244.66.245 - - [18/Jan/2020:21:06:34 +0800] "GET /2003/dao2003-51.pdf HTTP/1.1" 200 543545 "-" "Mozilla/5.0 (compatible; DotBot/1.1; http://www.opensiteexplorer.org/dotbot, help@moz.com)"
216.244.66.245 - - [18/Jan/2020:21:07:24 +0800] "GET /1994/ForMO_1994-26.pdf HTTP/1.1" 200 115418 "-" "Mozilla/5.0 (compatible; DotBot/1.1; http://www.opensiteexplorer.org/dotbot, help@moz.com)"
216.244.66.245 - - [18/Jan/2020:21:09:10 +0800] "GET /1994/MO_94-18.pdf HTTP/1.1" 200 22917 "-" "Mozilla/5.0 (compatible; DotBot/1.1; http://www.opensiteexplorer.org/dotbot, help@moz.com)"
216.244.66.245 - - [18/Jan/2020:21:09:11 +0800] "GET /1994/Min_MO_1994-21.pdf HTTP/1.1" 200 78645 "-" "Mozilla/5.0 (compatible; DotBot/1.1; http://www.opensiteexplorer.org/dotbot, help@moz.com)"
216.244.66.245 - - [18/Jan/2020:21:09:12 +0800] "GET /1995/DENR_MC-No7.pdf HTTP/1.1" 200 61610 "-" "Mozilla/5.0 (compatible; DotBot/1.1; http://www.opensiteexplorer.org/dotbot, help@moz.com)"
216.244.66.245 - - [18/Jan/2020:21:09:13 +0800] "GET /1996/FOR_MO_1996-08.pdf HTTP/1.1" 200 18658 "-" "Mozilla/5.0 (compatible; DotBot/1.1; http://www.opensiteexplorer.org/dotbot, help@moz.com)"
216.244.66.245 - - [18/Jan/2020:21:09:18 +0800] "GET /1997/PAWB_DAO-97-17.pdf HTTP/1.1" 200 52058 "-" "Mozilla/5.0 (compatible; DotBot/1.1; http://www.opensiteexplorer.org/dotbot, help@moz.com)"
216.244.66.245 - - [18/Jan/2020:21:11:35 +0800] "GET /2001/DENR_MC_2001-12.pdf HTTP/1.1" 200 33360 "-" "Mozilla/5.0 (compatible; DotBot/1.1; http://www.opensiteexplorer.org/dotbot, help@moz.com)"
216.244.66.245 - - [18/Jan/2020:21:11:42 +0800] "GET /2002/dao_2002-14.pdf HTTP/1.1" 200 17954 "-" "Mozilla/5.0 (compatible; DotBot/1.1; http://www.opensiteexplorer.org/dotbot, help@moz.com)"
216.244.66.245 - - [18/Jan/2020:21:11:43 +0800] "GET /dao2004/dao2004-29.pdf HTTP/1.1" 200 2073071 "-" "Mozilla/5.0 (compatible; DotBot/1.1; http://www.opensiteexplorer.org/dotbot, help@moz.com)"
175.176.81.57 - - [18/Jan/2020:21:18:00 +0800] "GET /favicon.ico HTTP/1.1" 404 209 "http://policy.denr.gov.ph/1992/FOR_DAO_1992_46.pdf" "Mozilla/5.0 (Windows NT 10.0; Win64; x64) AppleWebKit/537.36 (KHTML, like Gecko) Chrome/79.0.3945.117 Safari/537.36"
175.176.81.57 - - [18/Jan/2020:21:18:00 +0800] "GET /1992/FOR_DAO_1992_46.pdf HTTP/1.1" 200 1450126 "-" "Mozilla/5.0 (Windows NT 10.0; Win64; x64) AppleWebKit/537.36 (KHTML, like Gecko) Chrome/79.0.3945.117 Safari/537.36"
112.207.98.170 - - [18/Jan/2020:21:21:40 +0800] "GET /1993/FOR_MC_1993-21.pdf HTTP/1.1" 200 176593 "https://www.google.com/" "Mozilla/5.0 (Windows NT 10.0; Win64; x64) AppleWebKit/537.36 (KHTML, like Gecko) Chrome/79.0.3945.117 Safari/537.36"
112.207.98.170 - - [18/Jan/2020:21:21:40 +0800] "GET /favicon.ico HTTP/1.1" 404 209 "http://policy.denr.gov.ph/1993/FOR_MC_1993-21.pdf" "Mozilla/5.0 (Windows NT 10.0; Win64; x64) AppleWebKit/537.36 (KHTML, like Gecko) Chrome/79.0.3945.117 Safari/537.36"
110.54.172.118 - - [18/Jan/2020:21:34:58 +0800] "GET /2000/ENV_DAO_2000-81.pdf HTTP/1.1" 200 299209 "-" "Mozilla/5.0 (iPhone; CPU iPhone OS 12_3_1 like Mac OS X) AppleWebKit/605.1.15 (KHTML, like Gecko) Version/12.1.1 Mobile/15E148 Safari/604.1"
110.54.172.118 - - [18/Jan/2020:21:35:02 +0800] "GET /apple-touch-icon-120x120-precomposed.png HTTP/1.1" 404 238 "-" "MobileSafari/604.1 CFNetwork/978.0.7 Darwin/18.6.0"
110.54.172.118 - - [18/Jan/2020:21:35:02 +0800] "GET /apple-touch-icon-120x120.png HTTP/1.1" 404 226 "-" "MobileSafari/604.1 CFNetwork/978.0.7 Darwin/18.6.0"
110.54.172.118 - - [18/Jan/2020:21:35:02 +0800] "GET /apple-touch-icon-precomposed.png HTTP/1.1" 404 230 "-" "MobileSafari/604.1 CFNetwork/978.0.7 Darwin/18.6.0"
110.54.172.118 - - [18/Jan/2020:21:35:03 +0800] "GET /apple-touch-icon.png HTTP/1.1" 404 218 "-" "MobileSafari/604.1 CFNetwork/978.0.7 Darwin/18.6.0"
110.54.172.118 - - [18/Jan/2020:21:35:03 +0800] "GET /favicon.ico HTTP/1.1" 404 209 "-" "MobileSafari/604.1 CFNetwork/978.0.7 Darwin/18.6.0"
110.54.172.118 - - [18/Jan/2020:21:35:03 +0800] "GET /apple-touch-icon-120x120-precomposed.png HTTP/1.1" 404 238 "-" "MobileSafari/604.1 CFNetwork/978.0.7 Darwin/18.6.0"
110.54.172.118 - - [18/Jan/2020:21:35:03 +0800] "GET /apple-touch-icon-120x120.png HTTP/1.1" 404 226 "-" "MobileSafari/604.1 CFNetwork/978.0.7 Darwin/18.6.0"
110.54.172.118 - - [18/Jan/2020:21:35:03 +0800] "GET /apple-touch-icon-precomposed.png HTTP/1.1" 404 230 "-" "MobileSafari/604.1 CFNetwork/978.0.7 Darwin/18.6.0"
110.54.172.118 - - [18/Jan/2020:21:35:03 +0800] "GET /apple-touch-icon.png HTTP/1.1" 404 218 "-" "MobileSafari/604.1 CFNetwork/978.0.7 Darwin/18.6.0"
110.54.172.118 - - [18/Jan/2020:21:35:03 +0800] "GET /favicon.ico HTTP/1.1" 404 209 "-" "MobileSafari/604.1 CFNetwork/978.0.7 Darwin/18.6.0"
66.249.79.44 - - [18/Jan/2020:21:35:41 +0800] "GET /basicpol/envcode/pd984.pdf HTTP/1.1" 304 - "-" "Mozilla/5.0 (Linux; Android 6.0.1; Nexus 5X Build/MMB29P) AppleWebKit/537.36 (KHTML, like Gecko) Chrome/41.0.2272.96 Mobile Safari/537.36 (compatible; Googlebot/2.1; +http://www.google.com/bot.html)"
66.249.79.44 - - [18/Jan/2020:21:38:55 +0800] "GET /1992/RA_1992_7607.pdf HTTP/1.1" 200 75507 "-" "Mozilla/5.0 (Linux; Android 6.0.1; Nexus 5X Build/MMB29P) AppleWebKit/537.36 (KHTML, like Gecko) Chrome/41.0.2272.96 Mobile Safari/537.36 (compatible; Googlebot/2.1; +http://www.google.com/bot.html)"
66.249.79.41 - - [18/Jan/2020:21:39:28 +0800] "GET / HTTP/1.1" 200 10373 "-" "Mozilla/5.0 (Linux; Android 6.0.1; Nexus 5X Build/MMB29P) AppleWebKit/537.36 (KHTML, like Gecko) Chrome/41.0.2272.96 Mobile Safari/537.36 (compatible; Googlebot/2.1; +http://www.google.com/bot.html)"
66.249.79.44 - - [18/Jan/2020:22:04:07 +0800] "GET /1996/FOR_DAO_1996-24.pdf HTTP/1.1" 200 55397 "-" "Mozilla/5.0 (Linux; Android 6.0.1; Nexus 5X Build/MMB29P) AppleWebKit/537.36 (KHTML, like Gecko) Chrome/41.0.2272.96 Mobile Safari/537.36 (compatible; Googlebot/2.1; +http://www.google.com/bot.html)"
66.249.79.36 - - [18/Jan/2020:22:04:08 +0800] "GET /1996/FOR_DAO_1996-24.pdf HTTP/1.1" 200 55397 "-" "Mozilla/5.0 (compatible; Googlebot/2.1; +http://www.google.com/bot.html)"
66.249.79.44 - - [18/Jan/2020:22:05:39 +0800] "GET /pol-1988/pol88.PDF HTTP/1.1" 304 - "-" "Mozilla/5.0 (Linux; Android 6.0.1; Nexus 5X Build/MMB29P) AppleWebKit/537.36 (KHTML, like Gecko) Chrome/41.0.2272.96 Mobile Safari/537.36 (compatible; Googlebot/2.1; +http://www.google.com/bot.html)"
216.244.66.245 - - [18/Jan/2020:22:28:31 +0800] "GET /1998/dao98-61.pdf HTTP/1.1" 200 21965 "-" "Mozilla/5.0 (compatible; DotBot/1.1; http://www.opensiteexplorer.org/dotbot, help@moz.com)"
216.244.66.245 - - [18/Jan/2020:22:28:33 +0800] "GET /pol-1997/dao04.pdf HTTP/1.1" 404 216 "-" "Mozilla/5.0 (compatible; DotBot/1.1; http://www.opensiteexplorer.org/dotbot, help@moz.com)"
49.151.1.39 - - [18/Jan/2020:22:28:39 +0800] "GET /1999/fordao99-34.pdf HTTP/1.1" 200 36493 "https://www.google.com/" "Mozilla/5.0 (Windows NT 6.1) AppleWebKit/537.36 (KHTML, like Gecko) Chrome/79.0.3945.117 Safari/537.36"
49.151.1.39 - - [18/Jan/2020:22:28:42 +0800] "GET /favicon.ico HTTP/1.1" 404 209 "http://policy.denr.gov.ph/1999/fordao99-34.pdf" "Mozilla/5.0 (Windows NT 6.1) AppleWebKit/537.36 (KHTML, like Gecko) Chrome/79.0.3945.117 Safari/537.36"
216.244.66.245 - - [18/Jan/2020:22:29:28 +0800] "GET /1993/DAO1993-09.pdf HTTP/1.1" 200 26679 "-" "Mozilla/5.0 (compatible; DotBot/1.1; http://www.opensiteexplorer.org/dotbot, help@moz.com)"
216.244.66.245 - - [18/Jan/2020:22:29:29 +0800] "GET /1996/PAW_DAO_1996-22.pdf HTTP/1.1" 200 28170 "-" "Mozilla/5.0 (compatible; DotBot/1.1; http://www.opensiteexplorer.org/dotbot, help@moz.com)"
216.244.66.245 - - [18/Jan/2020:22:29:31 +0800] "GET /2000/FMB_MO_00-05.pdf HTTP/1.1" 200 41000 "-" "Mozilla/5.0 (compatible; DotBot/1.1; http://www.opensiteexplorer.org/dotbot, help@moz.com)"
216.244.66.245 - - [18/Jan/2020:22:29:32 +0800] "GET /dao2004/dao2004-41.pdf HTTP/1.1" 200 269186 "-" "Mozilla/5.0 (compatible; DotBot/1.1; http://www.opensiteexplorer.org/dotbot, help@moz.com)"
66.249.79.44 - - [18/Jan/2020:22:32:26 +0800] "GET /1988/DENR_DMC_1988-07.pdf HTTP/1.1" 200 11934 "-" "Mozilla/5.0 (Linux; Android 6.0.1; Nexus 5X Build/MMB29P) AppleWebKit/537.36 (KHTML, like Gecko) Chrome/41.0.2272.96 Mobile Safari/537.36 (compatible; Googlebot/2.1; +http://www.google.com/bot.html)"
66.249.79.36 - - [18/Jan/2020:22:33:37 +0800] "GET /basicpol/pacode/irr7586.pdf HTTP/1.1" 304 - "-" "Mozilla/5.0 (Linux; Android 6.0.1; Nexus 5X Build/MMB29P) AppleWebKit/537.36 (KHTML, like Gecko) Chrome/41.0.2272.96 Mobile Safari/537.36 (compatible; Googlebot/2.1; +http://www.google.com/bot.html)"
66.249.79.36 - - [18/Jan/2020:22:34:13 +0800] "GET /2005/special_order/so-2005-399.pdf HTTP/1.1" 304 - "-" "Mozilla/5.0 (Linux; Android 6.0.1; Nexus 5X Build/MMB29P) AppleWebKit/537.36 (KHTML, like Gecko) Chrome/41.0.2272.96 Mobile Safari/537.36 (compatible; Googlebot/2.1; +http://www.google.com/bot.html)"
66.249.82.185 - - [18/Jan/2020:22:39:59 +0800] "GET /1997/ENV_DAO-97-05.pdf HTTP/1.1" 200 35973 "https://www.google.com/" "Mozilla/5.0 (Linux; Android 9; SM-J415GN) AppleWebKit/537.36 (KHTML, like Gecko) Chrome/79.0.3945.116 Mobile Safari/537.36"
66.249.79.44 - - [18/Jan/2020:22:48:24 +0800] "GET /favicon.ico HTTP/1.1" 404 209 "-" "Googlebot-Image/1.0"
66.249.79.36 - - [18/Jan/2020:22:53:16 +0800] "GET /1991/pawsmo91-10.pdf HTTP/1.1" 200 299087 "-" "Mozilla/5.0 (Linux; Android 6.0.1; Nexus 5X Build/MMB29P) AppleWebKit/537.36 (KHTML, like Gecko) Chrome/41.0.2272.96 Mobile Safari/537.36 (compatible; Googlebot/2.1; +http://www.google.com/bot.html)"
112.205.214.22 - - [18/Jan/2020:22:58:41 +0800] "GET /2005/dao/joint_dao2005-02.pdf HTTP/1.1" 200 596271 "https://www.google.com/" "Mozilla/5.0 (iPhone; CPU iPhone OS 12_4 like Mac OS X) AppleWebKit/605.1.15 (KHTML, like Gecko) CriOS/79.0.3945.73 Mobile/15E148 Safari/605.1"
66.102.6.187 - - [18/Jan/2020:22:58:49 +0800] "GET /favicon.ico HTTP/1.1" 404 209 "-" "Mozilla/5.0 (X11; Linux x86_64) AppleWebKit/537.36 (KHTML, like Gecko) Chrome/49.0.2623.75 Safari/537.36 Google Favicon"
66.102.6.189 - - [18/Jan/2020:22:58:50 +0800] "GET /favicon.ico HTTP/1.1" 404 209 "-" "Mozilla/5.0 (X11; Linux x86_64) AppleWebKit/537.36 (KHTML, like Gecko) Chrome/49.0.2623.75 Safari/537.36 Google Favicon"
66.102.6.187 - - [18/Jan/2020:22:58:53 +0800] "GET /favicon.ico HTTP/1.1" 404 209 "-" "Mozilla/5.0 (X11; Linux x86_64) AppleWebKit/537.36 (KHTML, like Gecko) Chrome/49.0.2623.75 Safari/537.36 Google Favicon"
216.244.66.245 - - [18/Jan/2020:23:11:37 +0800] "GET /1994/ForDao_1994-34.pdf HTTP/1.1" 200 24561 "-" "Mozilla/5.0 (compatible; DotBot/1.1; http://www.opensiteexplorer.org/dotbot, help@moz.com)"
216.244.66.245 - - [18/Jan/2020:23:12:23 +0800] "GET /1994/MC_1994-13.pdf HTTP/1.1" 200 62936 "-" "Mozilla/5.0 (compatible; DotBot/1.1; http://www.opensiteexplorer.org/dotbot, help@moz.com)"
216.244.66.245 - - [18/Jan/2020:23:12:25 +0800] "GET /1998/dao1998-13.pdf HTTP/1.1" 200 14392 "-" "Mozilla/5.0 (compatible; DotBot/1.1; http://www.opensiteexplorer.org/dotbot, help@moz.com)"
216.244.66.245 - - [18/Jan/2020:23:12:32 +0800] "GET /1995/PAW_MO1995-08.pdf HTTP/1.1" 200 20406 "-" "Mozilla/5.0 (compatible; DotBot/1.1; http://www.opensiteexplorer.org/dotbot, help@moz.com)"
216.244.66.245 - - [18/Jan/2020:23:12:33 +0800] "GET /1996/DENR_MO_1996-03.pdf HTTP/1.1" 200 19318 "-" "Mozilla/5.0 (compatible; DotBot/1.1; http://www.opensiteexplorer.org/dotbot, help@moz.com)"
216.244.66.245 - - [18/Jan/2020:23:11:32 +0800] "GET /1992/DENR_DAO_92-26.pdf HTTP/1.1" 200 322915 "-" "Mozilla/5.0 (compatible; DotBot/1.1; http://www.opensiteexplorer.org/dotbot, help@moz.com)"
112.205.214.22 - - [18/Jan/2020:23:24:37 +0800] "GET /2005/dao/joint_dao2005-02.pdf HTTP/1.1" 200 596271 "-" "Mozilla/5.0 (iPhone; CPU iPhone OS 12_4_4 like Mac OS X) AppleWebKit/605.1.15 (KHTML, like Gecko) Version/12.1.2 Mobile/15E148 Safari/604.1"
112.205.214.22 - - [18/Jan/2020:23:24:37 +0800] "GET /favicon.ico HTTP/1.1" 404 209 "http://policy.denr.gov.ph/2005/dao/joint_dao2005-02.pdf" "Mozilla/5.0 (iPhone; CPU iPhone OS 12_4_4 like Mac OS X) AppleWebKit/605.1.15 (KHTML, like Gecko) Version/12.1.2 Mobile/15E148 Safari/604.1"
110.54.164.17 - - [18/Jan/2020:23:29:50 +0800] "GET /2000/DAO_FMB_2000-83.pdf HTTP/1.1" 200 43307 "https://www.google.com/" "Mozilla/5.0 (Linux; Android 9; MRD-LX2) AppleWebKit/537.36 (KHTML, like Gecko) Chrome/76.0.3809.111 Mobile Safari/537.36"
112.205.214.22 - - [18/Jan/2020:23:34:47 +0800] "GET /2005/dao/joint_dao2005-02.pdf HTTP/1.1" 200 596271 "-" "Mozilla/5.0 (iPhone; CPU iPhone OS 12_4_4 like Mac OS X) AppleWebKit/605.1.15 (KHTML, like Gecko) Version/12.1.2 Mobile/15E148 Safari/604.1"
110.54.212.223 - - [18/Jan/2020:23:48:48 +0800] "GET /2001/DENR_MO_2001-11.pdf HTTP/1.1" 200 29820 "https://www.google.com.ph/" "Mozilla/5.0 (iPhone; CPU iPhone OS 13_3 like Mac OS X) AppleWebKit/605.1.15 (KHTML, like Gecko) Version/13.0.4 Mobile/15E148 Safari/604.1"
110.54.212.223 - - [18/Jan/2020:23:48:48 +0800] "GET /favicon.ico HTTP/1.1" 404 209 "http://policy.denr.gov.ph/2001/DENR_MO_2001-11.pdf" "Mozilla/5.0 (iPhone; CPU iPhone OS 13_3 like Mac OS X) AppleWebKit/605.1.15 (KHTML, like Gecko) Version/13.0.4 Mobile/15E148 Safari/604.1"
68.254.248.107 - - [18/Jan/2020:23:52:02 +0800] "GET /1998/dao98-45.pdf HTTP/1.1" 200 27051 "-" "Mozilla/5.0 (iPad; CPU OS 10_3_3 like Mac OS X) AppleWebKit/603.3.8 (KHTML, like Gecko) Version/10.0 Mobile/14G60 Safari/602.1"
68.254.248.107 - - [18/Jan/2020:23:52:04 +0800] "GET /apple-touch-icon-152x152-precomposed.png HTTP/1.1" 404 238 "-" "MobileSafari/602.1 CFNetwork/811.5.4 Darwin/16.7.0"
68.254.248.107 - - [18/Jan/2020:23:52:04 +0800] "GET /apple-touch-icon-152x152.png HTTP/1.1" 404 226 "-" "MobileSafari/602.1 CFNetwork/811.5.4 Darwin/16.7.0"
68.254.248.107 - - [18/Jan/2020:23:52:04 +0800] "GET /apple-touch-icon-precomposed.png HTTP/1.1" 404 230 "-" "MobileSafari/602.1 CFNetwork/811.5.4 Darwin/16.7.0"
68.254.248.107 - - [18/Jan/2020:23:52:05 +0800] "GET /apple-touch-icon.png HTTP/1.1" 404 218 "-" "MobileSafari/602.1 CFNetwork/811.5.4 Darwin/16.7.0"
68.254.248.107 - - [18/Jan/2020:23:52:05 +0800] "GET /favicon.ico HTTP/1.1" 404 209 "-" "MobileSafari/602.1 CFNetwork/811.5.4 Darwin/16.7.0"
68.254.248.107 - - [18/Jan/2020:23:52:05 +0800] "GET /apple-touch-icon-152x152-precomposed.png HTTP/1.1" 404 238 "-" "MobileSafari/602.1 CFNetwork/811.5.4 Darwin/16.7.0"
68.254.248.107 - - [18/Jan/2020:23:52:05 +0800] "GET /apple-touch-icon-152x152.png HTTP/1.1" 404 226 "-" "MobileSafari/602.1 CFNetwork/811.5.4 Darwin/16.7.0"
68.254.248.107 - - [18/Jan/2020:23:52:05 +0800] "GET /apple-touch-icon-precomposed.png HTTP/1.1" 404 230 "-" "MobileSafari/602.1 CFNetwork/811.5.4 Darwin/16.7.0"
68.254.248.107 - - [18/Jan/2020:23:52:06 +0800] "GET /apple-touch-icon.png HTTP/1.1" 404 218 "-" "MobileSafari/602.1 CFNetwork/811.5.4 Darwin/16.7.0"
68.254.248.107 - - [18/Jan/2020:23:52:06 +0800] "GET /favicon.ico HTTP/1.1" 404 209 "-" "MobileSafari/602.1 CFNetwork/811.5.4 Darwin/16.7.0"
216.244.66.245 - - [18/Jan/2020:23:54:30 +0800] "GET /1993/DAO1993-08.pdf HTTP/1.1" 200 23605 "-" "Mozilla/5.0 (compatible; DotBot/1.1; http://www.opensiteexplorer.org/dotbot, help@moz.com)"
216.244.66.245 - - [18/Jan/2020:23:54:32 +0800] "GET /1999/dao99-55.pdf HTTP/1.1" 200 26699 "-" "Mozilla/5.0 (compatible; DotBot/1.1; http://www.opensiteexplorer.org/dotbot, help@moz.com)"
216.244.66.245 - - [18/Jan/2020:23:54:39 +0800] "GET /2001/DAO_FOR_2001_29.pdf HTTP/1.1" 200 38038 "-" "Mozilla/5.0 (compatible; DotBot/1.1; http://www.opensiteexplorer.org/dotbot, help@moz.com)"
216.244.66.245 - - [18/Jan/2020:23:54:39 +0800] "GET /2001/DENR_MO_2001-01.pdf HTTP/1.1" 200 16817 "-" "Mozilla/5.0 (compatible; DotBot/1.1; http://www.opensiteexplorer.org/dotbot, help@moz.com)"
216.244.66.245 - - [18/Jan/2020:23:54:39 +0800] "GET /2002/dao_2002-05.pdf HTTP/1.1" 200 72640 "-" "Mozilla/5.0 (compatible; DotBot/1.1; http://www.opensiteexplorer.org/dotbot, help@moz.com)"
216.244.66.245 - - [18/Jan/2020:23:55:12 +0800] "GET /pol-1996/dao02.pdf HTTP/1.1" 404 216 "-" "Mozilla/5.0 (compatible; DotBot/1.1; http://www.opensiteexplorer.org/dotbot, help@moz.com)"
216.244.66.245 - - [18/Jan/2020:23:55:13 +0800] "GET /1987/PAWB_DAO_87_50.pdf HTTP/1.1" 200 40218 "-" "Mozilla/5.0 (compatible; DotBot/1.1; http://www.opensiteexplorer.org/dotbot, help@moz.com)"
216.244.66.245 - - [18/Jan/2020:23:55:14 +0800] "GET /1988/PAW_DAO_1988-52.pdf HTTP/1.1" 200 12771 "-" "Mozilla/5.0 (compatible; DotBot/1.1; http://www.opensiteexplorer.org/dotbot, help@moz.com)"
216.244.66.245 - - [18/Jan/2020:23:55:17 +0800] "GET /1990/DENR_DMO_1990-08.pdf HTTP/1.1" 200 54965 "-" "Mozilla/5.0 (compatible; DotBot/1.1; http://www.opensiteexplorer.org/dotbot, help@moz.com)"
216.244.66.245 - - [18/Jan/2020:23:55:19 +0800] "GET /1990/FOR_DMO_1990-12.pdf HTTP/1.1" 200 98373 "-" "Mozilla/5.0 (compatible; DotBot/1.1; http://www.opensiteexplorer.org/dotbot, help@moz.com)"
216.244.66.245 - - [18/Jan/2020:23:55:30 +0800] "GET /1992/FOR_DMC_92-02.pdf HTTP/1.1" 200 61700 "-" "Mozilla/5.0 (compatible; DotBot/1.1; http://www.opensiteexplorer.org/dotbot, help@moz.com)"
216.244.66.245 - - [18/Jan/2020:23:55:16 +0800] "GET /1989/DAO1989-62.pdf HTTP/1.1" 200 284077 "-" "Mozilla/5.0 (compatible; DotBot/1.1; http://www.opensiteexplorer.org/dotbot, help@moz.com)"
216.244.66.245 - - [18/Jan/2020:23:57:39 +0800] "GET /1993/DENR_MC1993-15.pdf HTTP/1.1" 200 62121 "-" "Mozilla/5.0 (compatible; DotBot/1.1; http://www.opensiteexplorer.org/dotbot, help@moz.com)"
216.244.66.245 - - [18/Jan/2020:23:59:59 +0800] "GET /1998/admin98-22.pdf HTTP/1.1" 200 14286 "-" "Mozilla/5.0 (compatible; DotBot/1.1; http://www.opensiteexplorer.org/dotbot, help@moz.com)"
216.244.66.245 - - [19/Jan/2020:00:02:19 +0800] "GET /1996/FOR_MO_1996-17.pdf HTTP/1.1" 200 16801 "-" "Mozilla/5.0 (compatible; DotBot/1.1; http://www.opensiteexplorer.org/dotbot, help@moz.com)"
110.54.156.42 - - [19/Jan/2020:00:14:20 +0800] "GET /1998/admin98-28.pdf HTTP/1.1" 200 20926 "http://www.google.com/" "Mozilla/5.0 (Linux; Android 9; CPH1969) AppleWebKit/537.36 (KHTML, like Gecko) Chrome/79.0.3945.116 Mobile Safari/537.36"
66.249.79.36 - - [19/Jan/2020:00:27:52 +0800] "GET /pol-1988/toc88.PDF HTTP/1.1" 304 - "-" "Mozilla/5.0 (Linux; Android 6.0.1; Nexus 5X Build/MMB29P) AppleWebKit/537.36 (KHTML, like Gecko) Chrome/41.0.2272.96 Mobile Safari/537.36 (compatible; Googlebot/2.1; +http://www.google.com/bot.html)"
66.249.79.41 - - [19/Jan/2020:00:35:00 +0800] "GET /1996/ENV_DAO_1996-37.pdf HTTP/1.1" 200 100433 "-" "Mozilla/5.0 (Linux; Android 6.0.1; Nexus 5X Build/MMB29P) AppleWebKit/537.36 (KHTML, like Gecko) Chrome/41.0.2272.96 Mobile Safari/537.36 (compatible; Googlebot/2.1; +http://www.google.com/bot.html)"
66.249.79.41 - - [19/Jan/2020:00:47:30 +0800] "GET /1997/FOR_DAO-97-32.pdf HTTP/1.1" 200 85020 "-" "Mozilla/5.0 (Linux; Android 6.0.1; Nexus 5X Build/MMB29P) AppleWebKit/537.36 (KHTML, like Gecko) Chrome/41.0.2272.96 Mobile Safari/537.36 (compatible; Googlebot/2.1; +http://www.google.com/bot.html)"
157.55.39.142 - - [19/Jan/2020:00:50:12 +0800] "GET /1998/denrmo98-16.pdf HTTP/1.1" 200 15285 "-" "Mozilla/5.0 (compatible; bingbot/2.0; +http://www.bing.com/bingbot.htm)"
157.55.39.142 - - [19/Jan/2020:00:50:12 +0800] "GET /2001/DAO_Env_2001-13.pdf HTTP/1.1" 200 28369 "-" "Mozilla/5.0 (compatible; bingbot/2.0; +http://www.bing.com/bingbot.htm)"
157.55.39.142 - - [19/Jan/2020:00:58:47 +0800] "GET /1996/FOR_MO_1996-17.pdf HTTP/1.1" 200 16801 "-" "Mozilla/5.0 (compatible; bingbot/2.0; +http://www.bing.com/bingbot.htm)"
157.55.39.142 - - [19/Jan/2020:00:58:46 +0800] "GET /2003/dao2003-24.pdf HTTP/1.1" 200 2996975 "-" "Mozilla/5.0 (compatible; bingbot/2.0; +http://www.bing.com/bingbot.htm)"
66.249.79.44 - - [19/Jan/2020:01:04:10 +0800] "GET /2005/special_order/so-2005-191.pdf HTTP/1.1" 200 57413 "-" "Mozilla/5.0 (Linux; Android 6.0.1; Nexus 5X Build/MMB29P) AppleWebKit/537.36 (KHTML, like Gecko) Chrome/41.0.2272.96 Mobile Safari/537.36 (compatible; Googlebot/2.1; +http://www.google.com/bot.html)"
66.249.79.44 - - [19/Jan/2020:01:05:57 +0800] "GET /1988/FOR_DAO_1988-97.pdf HTTP/1.1" 200 55558 "-" "Mozilla/5.0 (Linux; Android 6.0.1; Nexus 5X Build/MMB29P) AppleWebKit/537.36 (KHTML, like Gecko) Chrome/41.0.2272.96 Mobile Safari/537.36 (compatible; Googlebot/2.1; +http://www.google.com/bot.html)"
91.121.150.229 - - [19/Jan/2020:01:06:03 +0800] "GET /1999/fordao99-36.pdf HTTP/1.1" 200 72387 "-" "Mozilla/4.0 (compatible; MSIE 6.0; Windows NT 5.1; SV1)"
216.244.66.245 - - [19/Jan/2020:01:18:22 +0800] "GET /robots.txt HTTP/1.1" 404 208 "-" "Mozilla/5.0 (compatible; DotBot/1.1; http://www.opensiteexplorer.org/dotbot, help@moz.com)"
66.249.79.36 - - [19/Jan/2020:01:19:02 +0800] "GET /2000/DAO_FMB_2000-21.pdf HTTP/1.1" 200 33721 "-" "Mozilla/5.0 (Linux; Android 6.0.1; Nexus 5X Build/MMB29P) AppleWebKit/537.36 (KHTML, like Gecko) Chrome/41.0.2272.96 Mobile Safari/537.36 (compatible; Googlebot/2.1; +http://www.google.com/bot.html)"
216.244.66.245 - - [19/Jan/2020:01:20:36 +0800] "GET /2001/DAO_PAWB2001-02.pdf HTTP/1.1" 200 21844 "-" "Mozilla/5.0 (compatible; DotBot/1.1; http://www.opensiteexplorer.org/dotbot, help@moz.com)"
216.244.66.245 - - [19/Jan/2020:01:21:07 +0800] "GET /1987/ENV_DAO_87_75.pdf HTTP/1.1" 200 32585 "-" "Mozilla/5.0 (compatible; DotBot/1.1; http://www.opensiteexplorer.org/dotbot, help@moz.com)"
216.244.66.245 - - [19/Jan/2020:01:21:10 +0800] "GET /1988/FOR_DAO_1988-63.pdf HTTP/1.1" 200 16390 "-" "Mozilla/5.0 (compatible; DotBot/1.1; http://www.opensiteexplorer.org/dotbot, help@moz.com)"
216.244.66.245 - - [19/Jan/2020:01:21:18 +0800] "GET /1999/formo99-09.pdf HTTP/1.1" 200 16905 "-" "Mozilla/5.0 (compatible; DotBot/1.1; http://www.opensiteexplorer.org/dotbot, help@moz.com)"
216.244.66.245 - - [19/Jan/2020:01:21:20 +0800] "GET /2001/DENR_DAO2001-28.pdf HTTP/1.1" 200 21525 "-" "Mozilla/5.0 (compatible; DotBot/1.1; http://www.opensiteexplorer.org/dotbot, help@moz.com)"
216.244.66.245 - - [19/Jan/2020:01:21:24 +0800] "GET /1988/FOR_DAO_1988-10.pdf HTTP/1.1" 200 19418 "-" "Mozilla/5.0 (compatible; DotBot/1.1; http://www.opensiteexplorer.org/dotbot, help@moz.com)"
216.244.66.245 - - [19/Jan/2020:01:21:27 +0800] "GET /1998/denrmc98-03.pdf HTTP/1.1" 200 14727 "-" "Mozilla/5.0 (compatible; DotBot/1.1; http://www.opensiteexplorer.org/dotbot, help@moz.com)"
216.244.66.245 - - [19/Jan/2020:01:21:26 +0800] "GET /1994/ForMC_1994-24.pdf HTTP/1.1" 200 171899 "-" "Mozilla/5.0 (compatible; DotBot/1.1; http://www.opensiteexplorer.org/dotbot, help@moz.com)"
66.249.79.36 - - [19/Jan/2020:01:24:59 +0800] "GET /pol-1991/lanmco91.pdf HTTP/1.1" 200 244936 "-" "Mozilla/5.0 (Linux; Android 6.0.1; Nexus 5X Build/MMB29P) AppleWebKit/537.36 (KHTML, like Gecko) Chrome/41.0.2272.96 Mobile Safari/537.36 (compatible; Googlebot/2.1; +http://www.google.com/bot.html)"
104.227.246.106 - - [19/Jan/2020:01:25:47 +0800] "GET / HTTP/1.1" 200 10373 "-" "Mozilla/5.0 (Windows NT 6.1; WOW64) AppleWebKit/537.36 (KHTML, like Gecko) Chrome/34.0.1847.131 Safari/537.36"
66.249.79.41 - - [19/Jan/2020:01:27:58 +0800] "GET /1987/FOR_DAO_87_43.pdf HTTP/1.1" 200 22077 "-" "Mozilla/5.0 (Linux; Android 6.0.1; Nexus 5X Build/MMB29P) AppleWebKit/537.36 (KHTML, like Gecko) Chrome/41.0.2272.96 Mobile Safari/537.36 (compatible; Googlebot/2.1; +http://www.google.com/bot.html)"
66.249.79.44 - - [19/Jan/2020:01:44:38 +0800] "GET /1994/Lan_MC_1994-37.pdf HTTP/1.1" 200 29776 "-" "Mozilla/5.0 (Linux; Android 6.0.1; Nexus 5X Build/MMB29P) AppleWebKit/537.36 (KHTML, like Gecko) Chrome/41.0.2272.96 Mobile Safari/537.36 (compatible; Googlebot/2.1; +http://www.google.com/bot.html)"
188.213.49.210 - - [19/Jan/2020:01:46:20 +0800] "GET /wp-login.php HTTP/1.1" 404 210 "-" "Mozilla/5.0 (compatible; MSIE 9.0; Windows NT 6.1; Trident/5.0)"
188.213.49.210 - - [19/Jan/2020:01:46:21 +0800] "GET /1999/wp-login.php HTTP/1.1" 404 215 "-" "Mozilla/5.0 (compatible; MSIE 9.0; Windows NT 6.1; Trident/5.0)"
66.249.79.41 - - [19/Jan/2020:01:54:49 +0800] "GET /pol-1998/srvymnl.pdf HTTP/1.1" 404 218 "-" "Mozilla/5.0 (Linux; Android 6.0.1; Nexus 5X Build/MMB29P) AppleWebKit/537.36 (KHTML, like Gecko) Chrome/41.0.2272.96 Mobile Safari/537.36 (compatible; Googlebot/2.1; +http://www.google.com/bot.html)"
66.249.79.44 - - [19/Jan/2020:02:03:04 +0800] "GET /1996/MemoAgreement_Mun_Alabel-Sarangani.pdf HTTP/1.1" 200 24631 "-" "Mozilla/5.0 (Linux; Android 6.0.1; Nexus 5X Build/MMB29P) AppleWebKit/537.36 (KHTML, like Gecko) Chrome/41.0.2272.96 Mobile Safari/537.36 (compatible; Googlebot/2.1; +http://www.google.com/bot.html)"
216.244.66.245 - - [19/Jan/2020:02:04:04 +0800] "GET /1994/ForDao_1994-31.pdf HTTP/1.1" 200 38830 "-" "Mozilla/5.0 (compatible; DotBot/1.1; http://www.opensiteexplorer.org/dotbot, help@moz.com)"
216.244.66.245 - - [19/Jan/2020:02:04:07 +0800] "GET /1994/PAWDAO_94-14.pdf HTTP/1.1" 200 174664 "-" "Mozilla/5.0 (compatible; DotBot/1.1; http://www.opensiteexplorer.org/dotbot, help@moz.com)"
216.244.66.245 - - [19/Jan/2020:02:04:10 +0800] "GET /1999/dao99-41.pdf HTTP/1.1" 200 17804 "-" "Mozilla/5.0 (compatible; DotBot/1.1; http://www.opensiteexplorer.org/dotbot, help@moz.com)"
66.249.79.36 - - [19/Jan/2020:02:04:16 +0800] "GET /1994/ForDao_1994-07.pdf HTTP/1.1" 200 339222 "-" "Mozilla/5.0 (Linux; Android 6.0.1; Nexus 5X Build/MMB29P) AppleWebKit/537.36 (KHTML, like Gecko) Chrome/41.0.2272.96 Mobile Safari/537.36 (compatible; Googlebot/2.1; +http://www.google.com/bot.html)"
216.244.66.245 - - [19/Jan/2020:02:04:22 +0800] "GET /2000/Lands_MC_2000-06.pdf HTTP/1.1" 200 25630 "-" "Mozilla/5.0 (compatible; DotBot/1.1; http://www.opensiteexplorer.org/dotbot, help@moz.com)"
216.244.66.245 - - [19/Jan/2020:02:04:25 +0800] "GET /2001/DENR_DAO2001-10.pdf HTTP/1.1" 200 13723 "-" "Mozilla/5.0 (compatible; DotBot/1.1; http://www.opensiteexplorer.org/dotbot, help@moz.com)"
216.244.66.245 - - [19/Jan/2020:02:05:15 +0800] "GET /1989/DAO1989-07.pdf HTTP/1.1" 200 61102 "-" "Mozilla/5.0 (compatible; DotBot/1.1; http://www.opensiteexplorer.org/dotbot, help@moz.com)"
216.244.66.245 - - [19/Jan/2020:02:04:25 +0800] "GET /1989/DMC1989-11.pdf HTTP/1.1" 200 1162526 "-" "Mozilla/5.0 (compatible; DotBot/1.1; http://www.opensiteexplorer.org/dotbot, help@moz.com)"
216.244.66.245 - - [19/Jan/2020:02:05:48 +0800] "GET /1997/MIN_DAO-97-07.pdf HTTP/1.1" 200 14174 "-" "Mozilla/5.0 (compatible; DotBot/1.1; http://www.opensiteexplorer.org/dotbot, help@moz.com)"
216.244.66.245 - - [19/Jan/2020:02:06:38 +0800] "GET /1998/dao98-38.pdf HTTP/1.1" 200 16269 "-" "Mozilla/5.0 (compatible; DotBot/1.1; http://www.opensiteexplorer.org/dotbot, help@moz.com)"
216.244.66.245 - - [19/Jan/2020:02:06:42 +0800] "GET /1998/denr-darjointadminorder98-03.pdf HTTP/1.1" 200 24027 "-" "Mozilla/5.0 (compatible; DotBot/1.1; http://www.opensiteexplorer.org/dotbot, help@moz.com)"
216.244.66.245 - - [19/Jan/2020:02:06:45 +0800] "GET /1999/denrmc99-26.pdf HTTP/1.1" 200 14396 "-" "Mozilla/5.0 (compatible; DotBot/1.1; http://www.opensiteexplorer.org/dotbot, help@moz.com)"
216.244.66.245 - - [19/Jan/2020:02:06:49 +0800] "GET /2001/DAO_PAWB2001-16.pdf HTTP/1.1" 200 35031 "-" "Mozilla/5.0 (compatible; DotBot/1.1; http://www.opensiteexplorer.org/dotbot, help@moz.com)"
216.244.66.245 - - [19/Jan/2020:02:06:54 +0800] "GET /2002/MC_2002-10.pdf HTTP/1.1" 200 17350 "-" "Mozilla/5.0 (compatible; DotBot/1.1; http://www.opensiteexplorer.org/dotbot, help@moz.com)"
216.244.66.245 - - [19/Jan/2020:02:06:55 +0800] "GET /pol-1997/dao07.pdf HTTP/1.1" 404 216 "-" "Mozilla/5.0 (compatible; DotBot/1.1; http://www.opensiteexplorer.org/dotbot, help@moz.com)"
216.244.66.245 - - [19/Jan/2020:02:06:56 +0800] "GET /pol-1997/dao13.pdf HTTP/1.1" 404 216 "-" "Mozilla/5.0 (compatible; DotBot/1.1; http://www.opensiteexplorer.org/dotbot, help@moz.com)"
216.244.66.245 - - [19/Jan/2020:02:06:58 +0800] "GET /2004/DMC/DMC-2004-03.pdf HTTP/1.1" 404 222 "-" "Mozilla/5.0 (compatible; DotBot/1.1; http://www.opensiteexplorer.org/dotbot, help@moz.com)"
216.244.66.245 - - [19/Jan/2020:02:06:59 +0800] "GET /2005/dao/joint-mc-001.pdf HTTP/1.1" 200 448075 "-" "Mozilla/5.0 (compatible; DotBot/1.1; http://www.opensiteexplorer.org/dotbot, help@moz.com)"
66.249.79.41 - - [19/Jan/2020:02:19:44 +0800] "GET /1997/FOR_DMC-97-12.pdf HTTP/1.1" 200 36286 "-" "Mozilla/5.0 (Linux; Android 6.0.1; Nexus 5X Build/MMB29P) AppleWebKit/537.36 (KHTML, like Gecko) Chrome/41.0.2272.96 Mobile Safari/537.36 (compatible; Googlebot/2.1; +http://www.google.com/bot.html)"
66.249.79.44 - - [19/Jan/2020:02:19:44 +0800] "GET /robots.txt HTTP/1.1" 404 208 "-" "Mozilla/5.0 (compatible; Googlebot/2.1; +http://www.google.com/bot.html)"
66.249.79.41 - - [19/Jan/2020:02:20:55 +0800] "GET /1990/FOR_DAO_1990-79.pdf HTTP/1.1" 200 37273 "-" "Mozilla/5.0 (Linux; Android 6.0.1; Nexus 5X Build/MMB29P) AppleWebKit/537.36 (KHTML, like Gecko) Chrome/41.0.2272.96 Mobile Safari/537.36 (compatible; Googlebot/2.1; +http://www.google.com/bot.html)"
66.249.79.41 - - [19/Jan/2020:02:30:27 +0800] "GET /1991/fordao91-19.pdf HTTP/1.1" 200 15395 "-" "Mozilla/5.0 (Linux; Android 6.0.1; Nexus 5X Build/MMB29P) AppleWebKit/537.36 (KHTML, like Gecko) Chrome/41.0.2272.96 Mobile Safari/537.36 (compatible; Googlebot/2.1; +http://www.google.com/bot.html)"
216.244.66.245 - - [19/Jan/2020:02:47:53 +0800] "GET /1987/PAWB_DAO_87_19.pdf HTTP/1.1" 200 32620 "-" "Mozilla/5.0 (compatible; DotBot/1.1; http://www.opensiteexplorer.org/dotbot, help@moz.com)"
216.244.66.245 - - [19/Jan/2020:02:47:56 +0800] "GET /1989/DMC1989-12.pdf HTTP/1.1" 200 88811 "-" "Mozilla/5.0 (compatible; DotBot/1.1; http://www.opensiteexplorer.org/dotbot, help@moz.com)"
216.244.66.245 - - [19/Jan/2020:02:48:00 +0800] "GET /1997/ADM_DAO-97-03.pdf HTTP/1.1" 200 17825 "-" "Mozilla/5.0 (compatible; DotBot/1.1; http://www.opensiteexplorer.org/dotbot, help@moz.com)"
216.244.66.245 - - [19/Jan/2020:02:47:58 +0800] "GET /1990/DENR_DAO_1990-49.pdf HTTP/1.1" 200 131729 "-" "Mozilla/5.0 (compatible; DotBot/1.1; http://www.opensiteexplorer.org/dotbot, help@moz.com)"
66.249.79.44 - - [19/Jan/2020:02:48:25 +0800] "GET /pol-2002/RA2002.pdf HTTP/1.1" 200 3075523 "-" "Mozilla/5.0 (Linux; Android 6.0.1; Nexus 5X Build/MMB29P) AppleWebKit/537.36 (KHTML, like Gecko) Chrome/41.0.2272.96 Mobile Safari/537.36 (compatible; Googlebot/2.1; +http://www.google.com/bot.html)"
216.244.66.245 - - [19/Jan/2020:02:48:48 +0800] "GET /1988/FOR_DMO_1988-07.pdf HTTP/1.1" 200 9748 "-" "Mozilla/5.0 (compatible; DotBot/1.1; http://www.opensiteexplorer.org/dotbot, help@moz.com)"
216.244.66.245 - - [19/Jan/2020:02:48:50 +0800] "GET /1990/FOR_DMC_1990-07.pdf HTTP/1.1" 200 65208 "-" "Mozilla/5.0 (compatible; DotBot/1.1; http://www.opensiteexplorer.org/dotbot, help@moz.com)"
216.244.66.245 - - [19/Jan/2020:02:48:50 +0800] "GET /1990/FOR_DMC_1990-19.pdf HTTP/1.1" 200 80809 "-" "Mozilla/5.0 (compatible; DotBot/1.1; http://www.opensiteexplorer.org/dotbot, help@moz.com)"
216.244.66.245 - - [19/Jan/2020:02:48:51 +0800] "GET /1994/ForDao_1994-49.pdf HTTP/1.1" 200 149414 "-" "Mozilla/5.0 (compatible; DotBot/1.1; http://www.opensiteexplorer.org/dotbot, help@moz.com)"
216.244.66.245 - - [19/Jan/2020:02:48:59 +0800] "GET /1997/ENV_DAO-97-39.pdf HTTP/1.1" 200 44970 "-" "Mozilla/5.0 (compatible; DotBot/1.1; http://www.opensiteexplorer.org/dotbot, help@moz.com)"
216.244.66.245 - - [19/Jan/2020:02:49:51 +0800] "GET /1998/dao98-33.pdf HTTP/1.1" 200 16089 "-" "Mozilla/5.0 (compatible; DotBot/1.1; http://www.opensiteexplorer.org/dotbot, help@moz.com)"
68.254.248.107 - - [19/Jan/2020:02:50:57 +0800] "GET /1998/dao98-45.pdf HTTP/1.1" 200 27051 "-" "Mozilla/5.0 (iPad; CPU OS 10_3_3 like Mac OS X) AppleWebKit/603.3.8 (KHTML, like Gecko) Version/10.0 Mobile/14G60 Safari/602.1"
68.254.248.107 - - [19/Jan/2020:02:50:58 +0800] "GET /apple-touch-icon-152x152-precomposed.png HTTP/1.1" 404 238 "-" "MobileSafari/602.1 CFNetwork/811.5.4 Darwin/16.7.0"
68.254.248.107 - - [19/Jan/2020:02:50:58 +0800] "GET /apple-touch-icon-152x152.png HTTP/1.1" 404 226 "-" "MobileSafari/602.1 CFNetwork/811.5.4 Darwin/16.7.0"
68.254.248.107 - - [19/Jan/2020:02:50:58 +0800] "GET /apple-touch-icon-precomposed.png HTTP/1.1" 404 230 "-" "MobileSafari/602.1 CFNetwork/811.5.4 Darwin/16.7.0"
68.254.248.107 - - [19/Jan/2020:02:50:58 +0800] "GET /apple-touch-icon.png HTTP/1.1" 404 218 "-" "MobileSafari/602.1 CFNetwork/811.5.4 Darwin/16.7.0"
68.254.248.107 - - [19/Jan/2020:02:50:59 +0800] "GET /favicon.ico HTTP/1.1" 404 209 "-" "MobileSafari/602.1 CFNetwork/811.5.4 Darwin/16.7.0"
68.254.248.107 - - [19/Jan/2020:02:50:59 +0800] "GET /apple-touch-icon-152x152-precomposed.png HTTP/1.1" 404 238 "-" "MobileSafari/602.1 CFNetwork/811.5.4 Darwin/16.7.0"
68.254.248.107 - - [19/Jan/2020:02:50:59 +0800] "GET /apple-touch-icon-152x152.png HTTP/1.1" 404 226 "-" "MobileSafari/602.1 CFNetwork/811.5.4 Darwin/16.7.0"
68.254.248.107 - - [19/Jan/2020:02:51:00 +0800] "GET /apple-touch-icon-precomposed.png HTTP/1.1" 404 230 "-" "MobileSafari/602.1 CFNetwork/811.5.4 Darwin/16.7.0"
68.254.248.107 - - [19/Jan/2020:02:51:00 +0800] "GET /apple-touch-icon.png HTTP/1.1" 404 218 "-" "MobileSafari/602.1 CFNetwork/811.5.4 Darwin/16.7.0"
68.254.248.107 - - [19/Jan/2020:02:51:00 +0800] "GET /favicon.ico HTTP/1.1" 404 209 "-" "MobileSafari/602.1 CFNetwork/811.5.4 Darwin/16.7.0"
216.244.66.245 - - [19/Jan/2020:02:52:11 +0800] "GET /dao2004/dao2004-13.pdf HTTP/1.1" 200 80814 "-" "Mozilla/5.0 (compatible; DotBot/1.1; http://www.opensiteexplorer.org/dotbot, help@moz.com)"
216.244.66.245 - - [19/Jan/2020:02:52:15 +0800] "GET /2004/DMC/DMC-2004-08.pdf HTTP/1.1" 404 222 "-" "Mozilla/5.0 (compatible; DotBot/1.1; http://www.opensiteexplorer.org/dotbot, help@moz.com)"
216.244.66.245 - - [19/Jan/2020:02:52:16 +0800] "GET /2005/Memorandum_Orders/DMO-2005-20.pdf HTTP/1.1" 404 236 "-" "Mozilla/5.0 (compatible; DotBot/1.1; http://www.opensiteexplorer.org/dotbot, help@moz.com)"
66.249.79.36 - - [19/Jan/2020:02:56:52 +0800] "GET /pol-1992/formc92.pdf HTTP/1.1" 200 1734382 "-" "Mozilla/5.0 (Linux; Android 6.0.1; Nexus 5X Build/MMB29P) AppleWebKit/537.36 (KHTML, like Gecko) Chrome/41.0.2272.96 Mobile Safari/537.36 (compatible; Googlebot/2.1; +http://www.google.com/bot.html)"
66.249.79.44 - - [19/Jan/2020:03:03:56 +0800] "GET /1992/ENV_DAO_92-21.pdf HTTP/1.1" 200 187281 "-" "Mozilla/5.0 (Linux; Android 6.0.1; Nexus 5X Build/MMB29P) AppleWebKit/537.36 (KHTML, like Gecko) Chrome/41.0.2272.96 Mobile Safari/537.36 (compatible; Googlebot/2.1; +http://www.google.com/bot.html)"
58.71.30.68 - - [19/Jan/2020:03:08:25 +0800] "GET /1998/dao98-45.pdf HTTP/1.1" 200 27051 "http://www.google.com.ph/url?sa=t&rct=j&q=&esrc=s&source=web&cd=2&ved=2ahUKEwjUharB7I3nAhVXw4sBHc7_ABoQFjABegQICRAB&url=http%3A%2F%2Fpolicy.denr.gov.ph%2F1998%2Fdao98-45.pdf&usg=AOvVaw3EnITgj9VClUPekYgn9ibd" "Mozilla/5.0 (Windows NT 6.1; Trident/7.0; rv:11.0) like Gecko"
66.249.79.41 - - [19/Jan/2020:03:09:19 +0800] "GET /2005/dmc/dmc-2005-009.pdf HTTP/1.1" 200 3542839 "-" "Mozilla/5.0 (Linux; Android 6.0.1; Nexus 5X Build/MMB29P) AppleWebKit/537.36 (KHTML, like Gecko) Chrome/41.0.2272.96 Mobile Safari/537.36 (compatible; Googlebot/2.1; +http://www.google.com/bot.html)"
220.72.97.120 - - [19/Jan/2020:03:17:29 +0800] "GET / HTTP/1.1" 200 10373 "http://policy.denr.gov.ph" "Mozilla/5.0 (Windows NT 6.1; Win64; x64) AppleWebKit/537.36 (KHTML, like Gecko) Chrome/60.0.3112.101 Safari/537.36"
220.72.97.120 - - [19/Jan/2020:03:17:30 +0800] "GET / HTTP/1.1" 200 10373 "http://policy.denr.gov.ph" "Mozilla/5.0 (Windows NT 6.1; Win64; x64) AppleWebKit/537.36 (KHTML, like Gecko) Chrome/60.0.3112.101 Safari/537.36"
66.249.79.41 - - [19/Jan/2020:03:17:06 +0800] "GET /2005/dmc/dmc-2005-009.pdf HTTP/1.1" 200 3542839 "-" "Mozilla/5.0 (Linux; Android 6.0.1; Nexus 5X Build/MMB29P) AppleWebKit/537.36 (KHTML, like Gecko) Chrome/41.0.2272.96 Mobile Safari/537.36 (compatible; Googlebot/2.1; +http://www.google.com/bot.html)"
66.249.79.36 - - [19/Jan/2020:03:20:06 +0800] "GET /1999/fordao99-46.pdf HTTP/1.1" 200 38096 "-" "Mozilla/5.0 (Linux; Android 6.0.1; Nexus 5X Build/MMB29P) AppleWebKit/537.36 (KHTML, like Gecko) Chrome/41.0.2272.96 Mobile Safari/537.36 (compatible; Googlebot/2.1; +http://www.google.com/bot.html)"
66.249.79.44 - - [19/Jan/2020:03:25:24 +0800] "GET /2005/dmc/dmc-2005-009.pdf HTTP/1.1" 200 3542839 "-" "Mozilla/5.0 (Linux; Android 6.0.1; Nexus 5X Build/MMB29P) AppleWebKit/537.36 (KHTML, like Gecko) Chrome/41.0.2272.96 Mobile Safari/537.36 (compatible; Googlebot/2.1; +http://www.google.com/bot.html)"
66.249.79.36 - - [19/Jan/2020:03:26:36 +0800] "GET /2006/dao/dao2006-01.pdf HTTP/1.1" 200 52547 "-" "Googlebot/2.1 (+http://www.google.com/bot.html)"
216.244.66.245 - - [19/Jan/2020:03:31:10 +0800] "GET /1990/lLAND_DAO_1990-55.pdf HTTP/1.1" 200 88813 "-" "Mozilla/5.0 (compatible; DotBot/1.1; http://www.opensiteexplorer.org/dotbot, help@moz.com)"
175.176.1.122 - - [19/Jan/2020:03:32:48 +0800] "GET /1994/ForDao_1994-07.pdf HTTP/1.1" 200 339222 "http://www.google.com/" "Mozilla/5.0 (Linux; Android 8.1.0; CPH1909) AppleWebKit/537.36 (KHTML, like Gecko) Chrome/79.0.3945.116 Mobile Safari/537.36"
216.244.66.245 - - [19/Jan/2020:03:33:30 +0800] "GET /1999/fordao99-46.pdf HTTP/1.1" 200 38096 "-" "Mozilla/5.0 (compatible; DotBot/1.1; http://www.opensiteexplorer.org/dotbot, help@moz.com)"
66.249.79.44 - - [19/Jan/2020:03:33:34 +0800] "GET /2005/Memorandum_Orders/dmo-2005-021.pdf HTTP/1.1" 200 1288744 "-" "Mozilla/5.0 (Linux; Android 6.0.1; Nexus 5X Build/MMB29P) AppleWebKit/537.36 (KHTML, like Gecko) Chrome/41.0.2272.96 Mobile Safari/537.36 (compatible; Googlebot/2.1; +http://www.google.com/bot.html)"
216.244.66.245 - - [19/Jan/2020:03:34:26 +0800] "GET /2000/DAO_FMB_2000-93.pdf HTTP/1.1" 200 17213 "-" "Mozilla/5.0 (compatible; DotBot/1.1; http://www.opensiteexplorer.org/dotbot, help@moz.com)"
216.244.66.245 - - [19/Jan/2020:03:34:32 +0800] "GET /2003/dao2003-40.pdf HTTP/1.1" 200 34865 "-" "Mozilla/5.0 (compatible; DotBot/1.1; http://www.opensiteexplorer.org/dotbot, help@moz.com)"
216.244.66.245 - - [19/Jan/2020:03:34:38 +0800] "GET /1989/DAO1989-37.pdf HTTP/1.1" 200 67698 "-" "Mozilla/5.0 (compatible; DotBot/1.1; http://www.opensiteexplorer.org/dotbot, help@moz.com)"
216.244.66.245 - - [19/Jan/2020:03:34:40 +0800] "GET /1990/lLAND_DAO_1990-60.pdf HTTP/1.1" 200 53421 "-" "Mozilla/5.0 (compatible; DotBot/1.1; http://www.opensiteexplorer.org/dotbot, help@moz.com)"
216.244.66.245 - - [19/Jan/2020:03:37:00 +0800] "GET /1994/DAO_94-38-A.pdf HTTP/1.1" 200 20032 "-" "Mozilla/5.0 (compatible; DotBot/1.1; http://www.opensiteexplorer.org/dotbot, help@moz.com)"
216.244.66.245 - - [19/Jan/2020:03:37:02 +0800] "GET /2000/DENR_DAO_2000-59.pdf HTTP/1.1" 200 26082 "-" "Mozilla/5.0 (compatible; DotBot/1.1; http://www.opensiteexplorer.org/dotbot, help@moz.com)"
216.244.66.245 - - [19/Jan/2020:03:37:03 +0800] "GET /2000/DENR_MC_2000-02.pdf HTTP/1.1" 200 15751 "-" "Mozilla/5.0 (compatible; DotBot/1.1; http://www.opensiteexplorer.org/dotbot, help@moz.com)"
216.244.66.245 - - [19/Jan/2020:03:37:04 +0800] "GET /2001/MC_FOR_2001-03.pdf HTTP/1.1" 200 30183 "-" "Mozilla/5.0 (compatible; DotBot/1.1; http://www.opensiteexplorer.org/dotbot, help@moz.com)"
216.244.66.245 - - [19/Jan/2020:03:37:05 +0800] "GET /dao2004/dao2004-48.pdf HTTP/1.1" 200 187267 "-" "Mozilla/5.0 (compatible; DotBot/1.1; http://www.opensiteexplorer.org/dotbot, help@moz.com)"
216.244.66.245 - - [19/Jan/2020:03:37:01 +0800] "GET /1994/ForDao_1994-43.pdf HTTP/1.1" 200 1339930 "-" "Mozilla/5.0 (compatible; DotBot/1.1; http://www.opensiteexplorer.org/dotbot, help@moz.com)"
216.244.66.245 - - [19/Jan/2020:03:39:25 +0800] "GET /1988/PAW_DAO_1988-47.pdf HTTP/1.1" 200 12716 "-" "Mozilla/5.0 (compatible; DotBot/1.1; http://www.opensiteexplorer.org/dotbot, help@moz.com)"
216.244.66.245 - - [19/Jan/2020:03:39:40 +0800] "GET /1992/DMC_92-21.pdf HTTP/1.1" 200 23992 "-" "Mozilla/5.0 (compatible; DotBot/1.1; http://www.opensiteexplorer.org/dotbot, help@moz.com)"
216.244.66.245 - - [19/Jan/2020:03:39:41 +0800] "GET /1993/FOR_DAO-93-42.pdf HTTP/1.1" 200 46185 "-" "Mozilla/5.0 (compatible; DotBot/1.1; http://www.opensiteexplorer.org/dotbot, help@moz.com)"
216.244.66.245 - - [19/Jan/2020:03:39:42 +0800] "GET /1993/FOR_MO93-11.pdf HTTP/1.1" 200 28213 "-" "Mozilla/5.0 (compatible; DotBot/1.1; http://www.opensiteexplorer.org/dotbot, help@moz.com)"
216.244.66.245 - - [19/Jan/2020:03:39:43 +0800] "GET /2006/dao/dao2006-005.pdf HTTP/1.1" 200 49324 "-" "Mozilla/5.0 (compatible; DotBot/1.1; http://www.opensiteexplorer.org/dotbot, help@moz.com)"
216.244.66.245 - - [19/Jan/2020:03:39:46 +0800] "GET /2005/Memorandum_Orders/DMO-2005-21.pdf HTTP/1.1" 404 236 "-" "Mozilla/5.0 (compatible; DotBot/1.1; http://www.opensiteexplorer.org/dotbot, help@moz.com)"
216.244.66.245 - - [19/Jan/2020:03:39:45 +0800] "GET /2003/memorandum_circular/memo_circular2003-09.pdf HTTP/1.1" 200 81042 "-" "Mozilla/5.0 (compatible; DotBot/1.1; http://www.opensiteexplorer.org/dotbot, help@moz.com)"
66.249.79.41 - - [19/Jan/2020:03:42:50 +0800] "GET /2005/special_order/so-2005-241.pdf HTTP/1.1" 200 25350 "-" "Googlebot/2.1 (+http://www.google.com/bot.html)"
