66.249.66.216 - - [18/Jan/2020:09:14:01 +0800] "GET /2000/DENR_DAO_2000-15.pdf HTTP/1.1" 200 15078 "-" "Mozilla/5.0 (compatible; Googlebot/2.1; +http://www.google.com/bot.html)"
66.249.66.216 - - [18/Jan/2020:09:14:02 +0800] "GET /2003/dao2003-48.pdf HTTP/1.1" 200 1186777 "-" "Mozilla/5.0 (compatible; Googlebot/2.1; +http://www.google.com/bot.html)"
66.249.66.216 - - [18/Jan/2020:09:14:31 +0800] "GET /2000/DENR_DAO_2000-47.pdf HTTP/1.1" 200 17772 "-" "Mozilla/5.0 (compatible; Googlebot/2.1; +http://www.google.com/bot.html)"
66.249.66.216 - - [18/Jan/2020:09:14:32 +0800] "GET /2003/dao2003-52.pdf HTTP/1.1" 200 308513 "-" "Mozilla/5.0 (compatible; Googlebot/2.1; +http://www.google.com/bot.html)"
66.249.66.216 - - [18/Jan/2020:09:14:34 +0800] "GET /2000/ENV_DAO_2000-82.pdf HTTP/1.1" 200 15707 "-" "Mozilla/5.0 (compatible; Googlebot/2.1; +http://www.google.com/bot.html)"
66.249.66.216 - - [18/Jan/2020:09:14:35 +0800] "GET /2001/DAO_PAWB2001-18.pdf HTTP/1.1" 200 20145 "-" "Mozilla/5.0 (compatible; Googlebot/2.1; +http://www.google.com/bot.html)"
66.249.66.218 - - [18/Jan/2020:09:14:36 +0800] "GET /2003/dao2003-54.pdf HTTP/1.1" 200 124759 "-" "Mozilla/5.0 (compatible; Googlebot/2.1; +http://www.google.com/bot.html)"
66.249.66.216 - - [18/Jan/2020:09:14:39 +0800] "GET /dao2004/dao2004-20.pdf HTTP/1.1" 200 79718 "-" "Mozilla/5.0 (compatible; Googlebot/2.1; +http://www.google.com/bot.html)"
66.249.66.216 - - [18/Jan/2020:09:14:41 +0800] "GET /dao2004/dao2004-26.pdf HTTP/1.1" 200 316178 "-" "Mozilla/5.0 (compatible; Googlebot/2.1; +http://www.google.com/bot.html)"
66.249.66.218 - - [18/Jan/2020:09:14:44 +0800] "GET /dao2004/dao2004-42.pdf HTTP/1.1" 200 238527 "-" "Mozilla/5.0 (compatible; Googlebot/2.1; +http://www.google.com/bot.html)"
66.249.66.218 - - [18/Jan/2020:09:14:46 +0800] "GET /dao2004/dao2004-48.pdf HTTP/1.1" 200 187267 "-" "Mozilla/5.0 (compatible; Googlebot/2.1; +http://www.google.com/bot.html)"
66.249.66.218 - - [18/Jan/2020:09:14:48 +0800] "GET /dao2004/dao2004-51.pdf HTTP/1.1" 200 87176 "-" "Mozilla/5.0 (compatible; Googlebot/2.1; +http://www.google.com/bot.html)"
66.249.66.216 - - [18/Jan/2020:09:14:51 +0800] "GET /dao2004/dao2004-54.pdf HTTP/1.1" 200 2098541 "-" "Mozilla/5.0 (compatible; Googlebot/2.1; +http://www.google.com/bot.html)"
66.249.66.220 - - [18/Jan/2020:09:15:20 +0800] "GET /pol-1994/FORDAO94.pdf HTTP/1.1" 200 6020883 "-" "Mozilla/5.0 (compatible; Googlebot/2.1; +http://www.google.com/bot.html)"
66.249.66.216 - - [18/Jan/2020:09:15:51 +0800] "GET /pol-1997/toc97.pdf HTTP/1.1" 200 74300 "-" "Mozilla/5.0 (compatible; Googlebot/2.1; +http://www.google.com/bot.html)"
66.249.66.216 - - [18/Jan/2020:09:15:51 +0800] "GET /pol-1992/proc92.pdf HTTP/1.1" 200 179164 "-" "Mozilla/5.0 (compatible; Googlebot/2.1; +http://www.google.com/bot.html)"
66.249.66.216 - - [18/Jan/2020:09:15:53 +0800] "GET /pol-1995/formo95.pdf HTTP/1.1" 200 157346 "-" "Mozilla/5.0 (compatible; Googlebot/2.1; +http://www.google.com/bot.html)"
66.249.66.216 - - [18/Jan/2020:09:15:55 +0800] "GET /pol-1994/PAWDAO94.pdf HTTP/1.1" 200 554486 "-" "Mozilla/5.0 (compatible; Googlebot/2.1; +http://www.google.com/bot.html)"
66.249.66.216 - - [18/Jan/2020:09:16:12 +0800] "GET /dao2004/dao2004-66.pdf HTTP/1.1" 200 38730 "-" "Mozilla/5.0 (compatible; Googlebot/2.1; +http://www.google.com/bot.html)"
66.249.66.216 - - [18/Jan/2020:09:16:12 +0800] "GET /pol-1993/proc93.pdf HTTP/1.1" 200 128394 "-" "Mozilla/5.0 (compatible; Googlebot/2.1; +http://www.google.com/bot.html)"
66.249.66.216 - - [18/Jan/2020:09:16:14 +0800] "GET /pol-2001/tanx17.pdf HTTP/1.1" 200 180049 "-" "Mozilla/5.0 (compatible; Googlebot/2.1; +http://www.google.com/bot.html)"
66.249.66.216 - - [18/Jan/2020:09:16:16 +0800] "GET /pol-1993/lanmco93.pdf HTTP/1.1" 200 419836 "-" "Mozilla/5.0 (compatible; Googlebot/2.1; +http://www.google.com/bot.html)"
66.249.66.216 - - [18/Jan/2020:09:16:18 +0800] "GET /pol-1995/min95.pdf HTTP/1.1" 200 6541014 "-" "Mozilla/5.0 (compatible; Googlebot/2.1; +http://www.google.com/bot.html)"
66.249.66.216 - - [18/Jan/2020:09:16:26 +0800] "GET /pol-1989/envdmco89.pdf HTTP/1.1" 200 190335 "-" "Mozilla/5.0 (compatible; Googlebot/2.1; +http://www.google.com/bot.html)"
66.249.66.216 - - [18/Jan/2020:09:16:27 +0800] "GET /pol-1993/mindao93.pdf HTTP/1.1" 200 1325028 "-" "Mozilla/5.0 (compatible; Googlebot/2.1; +http://www.google.com/bot.html)"
66.249.66.216 - - [18/Jan/2020:09:16:41 +0800] "GET /memo_order2004/memo_order2004-04.pdf HTTP/1.1" 200 61867 "-" "Mozilla/5.0 (compatible; Googlebot/2.1; +http://www.google.com/bot.html)"
66.249.66.216 - - [18/Jan/2020:09:16:40 +0800] "GET /pol-1994/ENVDAO94.pdf HTTP/1.1" 200 1169236 "-" "Mozilla/5.0 (compatible; Googlebot/2.1; +http://www.google.com/bot.html)"
66.249.66.216 - - [18/Jan/2020:09:16:42 +0800] "GET /memo_circular2004/dmc2004-15.pdf HTTP/1.1" 200 57345 "-" "Mozilla/5.0 (compatible; Googlebot/2.1; +http://www.google.com/bot.html)"
66.249.66.218 - - [18/Jan/2020:09:15:41 +0800] "GET /dao2004/dao2004-59.pdf HTTP/1.1" 200 1293457 "-" "Mozilla/5.0 (compatible; Googlebot/2.1; +http://www.google.com/bot.html)"
66.249.66.216 - - [18/Jan/2020:09:16:47 +0800] "GET /pol-1989/LANDAO89.pdf HTTP/1.1" 200 193618 "-" "Mozilla/5.0 (compatible; Googlebot/2.1; +http://www.google.com/bot.html)"
66.249.66.216 - - [18/Jan/2020:09:16:49 +0800] "GET /pol-1989/pawDAO89.pdf HTTP/1.1" 200 309798 "-" "Mozilla/5.0 (compatible; Googlebot/2.1; +http://www.google.com/bot.html)"
66.249.66.216 - - [18/Jan/2020:09:16:44 +0800] "GET /pol-1989/mindao89.pdf HTTP/1.1" 200 2348409 "-" "Mozilla/5.0 (compatible; Googlebot/2.1; +http://www.google.com/bot.html)"
66.249.66.216 - - [18/Jan/2020:09:16:24 +0800] "GET /pol-1995/admin95.pdf HTTP/1.1" 200 8945536 "-" "Mozilla/5.0 (compatible; Googlebot/2.1; +http://www.google.com/bot.html)"
66.249.82.187 - - [18/Jan/2020:09:26:15 +0800] "GET /1988/DENR_DAO_1988-01.pdf HTTP/1.1" 200 133850 "https://www.google.com/" "Mozilla/5.0 (Linux; Android 6.0.1; SM-G610Y) AppleWebKit/537.36 (KHTML, like Gecko) Chrome/79.0.3945.116 Mobile Safari/537.36"
66.249.66.220 - - [18/Jan/2020:09:29:23 +0800] "GET /pol-1991/lanmco91.pdf HTTP/1.1" 200 244936 "-" "Mozilla/5.0 (Linux; Android 6.0.1; Nexus 5X Build/MMB29P) AppleWebKit/537.36 (KHTML, like Gecko) Chrome/41.0.2272.96 Mobile Safari/537.36 (compatible; Googlebot/2.1; +http://www.google.com/bot.html)"
66.249.66.218 - - [18/Jan/2020:09:39:17 +0800] "GET /1995/Rep_Act-1995-8041.pdf HTTP/1.1" 200 228822 "-" "Mozilla/5.0 (Linux; Android 6.0.1; Nexus 5X Build/MMB29P) AppleWebKit/537.36 (KHTML, like Gecko) Chrome/41.0.2272.96 Mobile Safari/537.36 (compatible; Googlebot/2.1; +http://www.google.com/bot.html)"
119.94.10.144 - - [18/Jan/2020:09:39:32 +0800] "GET /favicon.ico HTTP/1.1" 404 209 "http://policy.denr.gov.ph/2005/dao/JointDAO-2005-002.pdf" "Mozilla/5.0 (Windows NT 6.1; Win64; x64) AppleWebKit/537.36 (KHTML, like Gecko) Chrome/79.0.3945.117 Safari/537.36"
119.94.10.144 - - [18/Jan/2020:09:39:32 +0800] "GET /2005/dao/JointDAO-2005-002.pdf HTTP/1.1" 200 888300 "https://www.google.com/" "Mozilla/5.0 (Windows NT 6.1; Win64; x64) AppleWebKit/537.36 (KHTML, like Gecko) Chrome/79.0.3945.117 Safari/537.36"
119.94.10.144 - - [18/Jan/2020:09:41:03 +0800] "GET /2005/dao/joint_dao2005-02.pdf HTTP/1.1" 200 596271 "https://www.google.com/" "Mozilla/5.0 (Windows NT 6.1; Win64; x64) AppleWebKit/537.36 (KHTML, like Gecko) Chrome/79.0.3945.117 Safari/537.36"
122.53.147.178 - - [18/Jan/2020:09:47:04 +0800] "GET /2000/DAO_FMB_2000-83.pdf HTTP/1.1" 200 43307 "https://www.google.com/" "Mozilla/5.0 (Windows NT 10.0; Win64; x64) AppleWebKit/537.36 (KHTML, like Gecko) Chrome/79.0.3945.117 Safari/537.36"
202.90.136.82 - - [18/Jan/2020:09:47:04 +0800] "GET /favicon.ico HTTP/1.1" 404 209 "http://policy.denr.gov.ph/2000/DAO_FMB_2000-83.pdf" "Mozilla/5.0 (Windows NT 10.0; Win64; x64) AppleWebKit/537.36 (KHTML, like Gecko) Chrome/79.0.3945.117 Safari/537.36"
66.249.66.220 - - [18/Jan/2020:09:49:06 +0800] "GET /1999/fordao99-34.pdf HTTP/1.1" 200 36493 "-" "Mozilla/5.0 (Linux; Android 6.0.1; Nexus 5X Build/MMB29P) AppleWebKit/537.36 (KHTML, like Gecko) Chrome/41.0.2272.96 Mobile Safari/537.36 (compatible; Googlebot/2.1; +http://www.google.com/bot.html)"
216.244.66.245 - - [18/Jan/2020:09:51:08 +0800] "GET /1989/DAO1989-04.pdf HTTP/1.1" 200 2820383 "-" "Mozilla/5.0 (compatible; DotBot/1.1; http://www.opensiteexplorer.org/dotbot, help@moz.com)"
216.244.66.245 - - [18/Jan/2020:09:53:28 +0800] "GET /1990/FOR_DAO_1990-15.pdf HTTP/1.1" 200 1778846 "-" "Mozilla/5.0 (compatible; DotBot/1.1; http://www.opensiteexplorer.org/dotbot, help@moz.com)"
216.244.66.245 - - [18/Jan/2020:09:55:48 +0800] "GET /1991/landao91-58.pdf HTTP/1.1" 200 517487 "-" "Mozilla/5.0 (compatible; DotBot/1.1; http://www.opensiteexplorer.org/dotbot, help@moz.com)"
216.244.66.245 - - [18/Jan/2020:09:58:09 +0800] "GET /1993/FOR_DAO-93-15.pdf HTTP/1.1" 200 89293 "-" "Mozilla/5.0 (compatible; DotBot/1.1; http://www.opensiteexplorer.org/dotbot, help@moz.com)"
66.249.66.218 - - [18/Jan/2020:09:59:21 +0800] "GET /1997/PP_97-1062.log HTTP/1.1" 200 30 "-" "Mozilla/5.0 (Linux; Android 6.0.1; Nexus 5X Build/MMB29P) AppleWebKit/537.36 (KHTML, like Gecko) Chrome/41.0.2272.96 Mobile Safari/537.36 (compatible; Googlebot/2.1; +http://www.google.com/bot.html)"
216.244.66.245 - - [18/Jan/2020:10:00:29 +0800] "GET /1994/MO_94-13.pdf HTTP/1.1" 200 26751 "-" "Mozilla/5.0 (compatible; DotBot/1.1; http://www.opensiteexplorer.org/dotbot, help@moz.com)"
216.244.66.245 - - [18/Jan/2020:10:01:57 +0800] "GET /1990/lLAND_DAO_1990-51.pdf HTTP/1.1" 200 114619 "-" "Mozilla/5.0 (compatible; DotBot/1.1; http://www.opensiteexplorer.org/dotbot, help@moz.com)"
216.244.66.245 - - [18/Jan/2020:10:04:17 +0800] "GET /1993/DAO1993-24.pdf HTTP/1.1" 200 329706 "-" "Mozilla/5.0 (compatible; DotBot/1.1; http://www.opensiteexplorer.org/dotbot, help@moz.com)"
216.244.66.245 - - [18/Jan/2020:10:06:37 +0800] "GET /1993/DENR_MC1993-10.pdf HTTP/1.1" 200 48284 "-" "Mozilla/5.0 (compatible; DotBot/1.1; http://www.opensiteexplorer.org/dotbot, help@moz.com)"
216.244.66.245 - - [18/Jan/2020:10:08:57 +0800] "GET /1993/DENR_MC1993-32.pdf HTTP/1.1" 200 12708 "-" "Mozilla/5.0 (compatible; DotBot/1.1; http://www.opensiteexplorer.org/dotbot, help@moz.com)"
216.244.66.245 - - [18/Jan/2020:10:09:11 +0800] "GET /1993/Land_dao93-38.pdf HTTP/1.1" 200 63491 "-" "Mozilla/5.0 (compatible; DotBot/1.1; http://www.opensiteexplorer.org/dotbot, help@moz.com)"
66.249.66.218 - - [18/Jan/2020:10:09:12 +0800] "GET /2000/ENV_DAO_2000-81.pdf HTTP/1.1" 200 299209 "-" "Mozilla/5.0 (Linux; Android 6.0.1; Nexus 5X Build/MMB29P) AppleWebKit/537.36 (KHTML, like Gecko) Chrome/41.0.2272.96 Mobile Safari/537.36 (compatible; Googlebot/2.1; +http://www.google.com/bot.html)"
216.244.66.245 - - [18/Jan/2020:10:09:28 +0800] "GET /1995/DENR_DAO1995-07.pdf HTTP/1.1" 200 4993780 "-" "Mozilla/5.0 (compatible; DotBot/1.1; http://www.opensiteexplorer.org/dotbot, help@moz.com)"
216.244.66.245 - - [18/Jan/2020:10:09:19 +0800] "GET /1994/DAO_94-10.pdf HTTP/1.1" 200 131112 "-" "Mozilla/5.0 (compatible; DotBot/1.1; http://www.opensiteexplorer.org/dotbot, help@moz.com)"
216.244.66.245 - - [18/Jan/2020:10:11:48 +0800] "GET /1993/FOR_DAO-93-68.pdf HTTP/1.1" 200 1967820 "-" "Mozilla/5.0 (compatible; DotBot/1.1; http://www.opensiteexplorer.org/dotbot, help@moz.com)"
66.249.66.218 - - [18/Jan/2020:10:19:28 +0800] "GET /1997/FOR_DMC-97-22.pdf HTTP/1.1" 200 14266 "-" "Mozilla/5.0 (Linux; Android 6.0.1; Nexus 5X Build/MMB29P) AppleWebKit/537.36 (KHTML, like Gecko) Chrome/41.0.2272.96 Mobile Safari/537.36 (compatible; Googlebot/2.1; +http://www.google.com/bot.html)"
192.0.113.12 - - [18/Jan/2020:10:27:32 +0800] "HEAD /1990/ENV_DAO_1990-34.pdf HTTP/1.1" 200 - "http://policy.denr.gov.ph/1990/ENV_DAO_1990-34.pdf" "WordPress.com; https://upoucwts.wordpress.com"
192.0.113.12 - - [18/Jan/2020:10:27:32 +0800] "GET /1990/ENV_DAO_1990-34.pdf HTTP/1.1" 200 387213 "http://policy.denr.gov.ph/1990/ENV_DAO_1990-34.pdf" "WordPress.com; https://upoucwts.wordpress.com"
192.0.113.12 - - [18/Jan/2020:10:27:41 +0800] "HEAD /1990/ENV_DAO_1990-34.pdf HTTP/1.1" 200 - "http://policy.denr.gov.ph/1990/ENV_DAO_1990-34.pdf" "WordPress.com; https://upoucwts.wordpress.com"
66.249.66.216 - - [18/Jan/2020:10:33:29 +0800] "GET /1999/mo99-26.pdf HTTP/1.1" 200 19266 "-" "Mozilla/5.0 (Linux; Android 6.0.1; Nexus 5X Build/MMB29P) AppleWebKit/537.36 (KHTML, like Gecko) Chrome/41.0.2272.96 Mobile Safari/537.36 (compatible; Googlebot/2.1; +http://www.google.com/bot.html)"
180.190.194.60 - - [18/Jan/2020:10:39:21 +0800] "GET /1987/FOR_DAO_87_04.pdf HTTP/1.1" 200 19604 "https://denr.gov.ph/" "Mozilla/5.0 (Windows NT 10.0; Win64; x64) AppleWebKit/537.36 (KHTML, like Gecko) Chrome/79.0.3945.130 Safari/537.36"
180.190.194.60 - - [18/Jan/2020:10:39:21 +0800] "GET /favicon.ico HTTP/1.1" 404 209 "http://policy.denr.gov.ph/1987/FOR_DAO_87_04.pdf" "Mozilla/5.0 (Windows NT 10.0; Win64; x64) AppleWebKit/537.36 (KHTML, like Gecko) Chrome/79.0.3945.130 Safari/537.36"
180.190.194.60 - - [18/Jan/2020:10:42:54 +0800] "GET /1990/FOR_DAO_1990-75.pdf HTTP/1.1" 200 33192 "https://denr.gov.ph/" "Mozilla/5.0 (Windows NT 10.0; Win64; x64) AppleWebKit/537.36 (KHTML, like Gecko) Chrome/79.0.3945.130 Safari/537.36"
66.249.66.220 - - [18/Jan/2020:10:43:29 +0800] "GET /1992/RA_1992_7607.pdf HTTP/1.1" 200 75507 "-" "Mozilla/5.0 (Linux; Android 6.0.1; Nexus 5X Build/MMB29P) AppleWebKit/537.36 (KHTML, like Gecko) Chrome/41.0.2272.96 Mobile Safari/537.36 (compatible; Googlebot/2.1; +http://www.google.com/bot.html)"
180.190.194.60 - - [18/Jan/2020:10:43:34 +0800] "GET /1990/FOR_DAO_1990-79.pdf HTTP/1.1" 200 37273 "https://denr.gov.ph/" "Mozilla/5.0 (Windows NT 10.0; Win64; x64) AppleWebKit/537.36 (KHTML, like Gecko) Chrome/79.0.3945.130 Safari/537.36"
180.190.194.60 - - [18/Jan/2020:10:46:44 +0800] "GET /1991/pawsdao91-36.pdf HTTP/1.1" 200 230273 "https://denr.gov.ph/" "Mozilla/5.0 (Windows NT 10.0; Win64; x64) AppleWebKit/537.36 (KHTML, like Gecko) Chrome/79.0.3945.130 Safari/537.36"
54.227.55.244 - - [18/Jan/2020:10:49:50 +0800] "GET /1996/FOR_MC_1996-10.pdf HTTP/1.1" 200 22674 "google.com" "Mozilla/5.0 (Windows NT 6.1; WOW64; rv:40.0) Gecko/20100101 Firefox/40.0"
180.190.194.60 - - [18/Jan/2020:10:51:25 +0800] "GET /1987/FOR_DAO_87_38.pdf HTTP/1.1" 200 16084 "https://denr.gov.ph/" "Mozilla/5.0 (Windows NT 10.0; Win64; x64) AppleWebKit/537.36 (KHTML, like Gecko) Chrome/79.0.3945.130 Safari/537.36"
23.100.232.233 - - [18/Jan/2020:10:52:57 +0800] "GET /1997/FOR_DAO-97-32.pdf HTTP/1.1" 200 85020 "http://www.bing.com/search?q=denr+administrative+order+97-32&form=MSNH14&sc=8-4&sp=-1&qs=n&sk=" "Mozilla/5.0 (compatible; MSIE 9.0; Windows NT 6.0; Trident/5.0; Trident/5.0)"
49.149.77.224 - - [18/Jan/2020:10:59:04 +0800] "GET /1996/ENV_DAO_1996-37.pdf HTTP/1.1" 200 100433 "https://www.google.com/" "Mozilla/5.0 (iPhone; CPU iPhone OS 13_3 like Mac OS X) AppleWebKit/605.1.15 (KHTML, like Gecko) CriOS/79.0.3945.73 Mobile/15E148 Safari/604.1"
216.244.66.245 - - [18/Jan/2020:11:01:15 +0800] "GET /1990/FOR_DMC_1990-24.pdf HTTP/1.1" 200 59782 "-" "Mozilla/5.0 (compatible; DotBot/1.1; http://www.opensiteexplorer.org/dotbot, help@moz.com)"
216.244.66.245 - - [18/Jan/2020:11:01:18 +0800] "GET /1990/lLAND_DAO_1990-72-1.pdf HTTP/1.1" 200 46101 "-" "Mozilla/5.0 (compatible; DotBot/1.1; http://www.opensiteexplorer.org/dotbot, help@moz.com)"
216.244.66.245 - - [18/Jan/2020:11:01:29 +0800] "GET /2001/DAO_Env_2001-13.pdf HTTP/1.1" 200 28369 "-" "Mozilla/5.0 (compatible; DotBot/1.1; http://www.opensiteexplorer.org/dotbot, help@moz.com)"
216.244.66.245 - - [18/Jan/2020:11:01:30 +0800] "GET /1989/DAO1989-17.pdf HTTP/1.1" 200 173892 "-" "Mozilla/5.0 (compatible; DotBot/1.1; http://www.opensiteexplorer.org/dotbot, help@moz.com)"
216.244.66.245 - - [18/Jan/2020:11:01:31 +0800] "GET /1989/DAO1989-45.pdf HTTP/1.1" 200 155873 "-" "Mozilla/5.0 (compatible; DotBot/1.1; http://www.opensiteexplorer.org/dotbot, help@moz.com)"
216.244.66.245 - - [18/Jan/2020:11:01:36 +0800] "GET /1990/FOR_DAO_1990-59-A.pdf HTTP/1.1" 200 22008 "-" "Mozilla/5.0 (compatible; DotBot/1.1; http://www.opensiteexplorer.org/dotbot, help@moz.com)"
216.244.66.245 - - [18/Jan/2020:11:01:37 +0800] "GET /1991/fordao91-37.pdf HTTP/1.1" 200 22441 "-" "Mozilla/5.0 (compatible; DotBot/1.1; http://www.opensiteexplorer.org/dotbot, help@moz.com)"
216.244.66.245 - - [18/Jan/2020:11:01:39 +0800] "GET /1994/DAO_94-38.pdf HTTP/1.1" 200 35523 "-" "Mozilla/5.0 (compatible; DotBot/1.1; http://www.opensiteexplorer.org/dotbot, help@moz.com)"
216.244.66.245 - - [18/Jan/2020:11:01:40 +0800] "GET /1998/minesmo98-11.pdf HTTP/1.1" 200 22703 "-" "Mozilla/5.0 (compatible; DotBot/1.1; http://www.opensiteexplorer.org/dotbot, help@moz.com)"
216.244.66.245 - - [18/Jan/2020:11:01:43 +0800] "GET /2002/mo2002-12.pdf HTTP/1.1" 200 68238 "-" "Mozilla/5.0 (compatible; DotBot/1.1; http://www.opensiteexplorer.org/dotbot, help@moz.com)"
216.244.66.245 - - [18/Jan/2020:11:01:44 +0800] "GET /2003/dao2003-13.pdf HTTP/1.1" 200 20514 "-" "Mozilla/5.0 (compatible; DotBot/1.1; http://www.opensiteexplorer.org/dotbot, help@moz.com)"
216.244.66.245 - - [18/Jan/2020:11:01:45 +0800] "GET /1994/DAO_94-44.pdf HTTP/1.1" 200 18155 "-" "Mozilla/5.0 (compatible; DotBot/1.1; http://www.opensiteexplorer.org/dotbot, help@moz.com)"
216.244.66.245 - - [18/Jan/2020:11:01:46 +0800] "GET /1994/ForMC_1994-23.pdf HTTP/1.1" 200 74981 "-" "Mozilla/5.0 (compatible; DotBot/1.1; http://www.opensiteexplorer.org/dotbot, help@moz.com)"
216.244.66.245 - - [18/Jan/2020:11:01:50 +0800] "GET /2002/dao_2002-23.pdf HTTP/1.1" 200 144352 "-" "Mozilla/5.0 (compatible; DotBot/1.1; http://www.opensiteexplorer.org/dotbot, help@moz.com)"
216.244.66.245 - - [18/Jan/2020:11:01:57 +0800] "GET /2005/dmc/JointMC-2005-001.pdf HTTP/1.1" 404 227 "-" "Mozilla/5.0 (compatible; DotBot/1.1; http://www.opensiteexplorer.org/dotbot, help@moz.com)"
216.244.66.245 - - [18/Jan/2020:11:01:42 +0800] "GET /2002/dao_2002-35.pdf HTTP/1.1" 200 683838 "-" "Mozilla/5.0 (compatible; DotBot/1.1; http://www.opensiteexplorer.org/dotbot, help@moz.com)"
180.190.194.60 - - [18/Jan/2020:11:03:13 +0800] "GET /1992/FOR_DAO_1992_50.pdf HTTP/1.1" 200 78424 "https://denr.gov.ph/" "Mozilla/5.0 (Windows NT 10.0; Win64; x64) AppleWebKit/537.36 (KHTML, like Gecko) Chrome/79.0.3945.130 Safari/537.36"
54.227.55.244 - - [18/Jan/2020:11:04:34 +0800] "GET /1996/FOR_MC_1996-10.pdf HTTP/1.1" 200 22674 "google.com" "Mozilla/5.0 (Windows NT 6.1; WOW64; rv:40.0) Gecko/20100101 Firefox/40.0"
66.249.81.187 - - [18/Jan/2020:11:11:30 +0800] "GET /1998/dao98-45.pdf HTTP/1.1" 200 27051 "https://www.google.com.ph/" "Mozilla/5.0 (Linux; Android 7.0; SM-T719) AppleWebKit/537.36 (KHTML, like Gecko) Chrome/79.0.3945.116 Mobile Safari/537.36"
66.249.81.187 - - [18/Jan/2020:11:11:31 +0800] "GET /1998/dao98-45.pdf HTTP/1.1" 200 27051 "https://www.google.com.ph/" "Mozilla/5.0 (Linux; Android 7.0; SM-T719) AppleWebKit/537.36 (KHTML, like Gecko) Chrome/79.0.3945.116 Mobile Safari/537.36"
66.249.66.218 - - [18/Jan/2020:11:13:12 +0800] "GET /2005/dao/joint_dao2005-02.pdf HTTP/1.1" 304 - "-" "Mozilla/5.0 (Linux; Android 6.0.1; Nexus 5X Build/MMB29P) AppleWebKit/537.36 (KHTML, like Gecko) Chrome/41.0.2272.96 Mobile Safari/537.36 (compatible; Googlebot/2.1; +http://www.google.com/bot.html)"
23.100.232.233 - - [18/Jan/2020:11:15:58 +0800] "GET /2000/ENV_DAO_2000-81.pdf HTTP/1.1" 200 299209 "http://www.bing.com/search?q=air+quality+denr&form=MSNH14&sc=8-4&sp=-1&qs=n&sk=" "Mozilla/5.0 (compatible; MSIE 9.0; Windows NT 6.0; Trident/5.0; Trident/5.0)"
112.201.167.168 - - [18/Jan/2020:11:17:25 +0800] "GET /2000/ENV_DAO_2000-81.pdf HTTP/1.1" 200 299209 "https://www.google.com.ph/" "Mozilla/5.0 (Windows NT 10.0) AppleWebKit/537.36 (KHTML, like Gecko) Chrome/72.0.3626.119 Safari/537.36"
112.201.167.168 - - [18/Jan/2020:11:17:26 +0800] "GET /favicon.ico HTTP/1.1" 404 209 "http://policy.denr.gov.ph/2000/ENV_DAO_2000-81.pdf" "Mozilla/5.0 (Windows NT 10.0) AppleWebKit/537.36 (KHTML, like Gecko) Chrome/72.0.3626.119 Safari/537.36"
66.249.66.216 - - [18/Jan/2020:11:23:15 +0800] "GET / HTTP/1.1" 200 10373 "-" "Mozilla/5.0 (Linux; Android 6.0.1; Nexus 5X Build/MMB29P) AppleWebKit/537.36 (KHTML, like Gecko) Chrome/41.0.2272.96 Mobile Safari/537.36 (compatible; Googlebot/2.1; +http://www.google.com/bot.html)"
49.150.183.201 - - [18/Jan/2020:11:26:09 +0800] "GET /basicpol/mincode/ra7076.pdf HTTP/1.1" 200 27945 "-" "Mozilla/5.0 (iPhone; CPU iPhone OS 13_3 like Mac OS X) AppleWebKit/605.1.15 (KHTML, like Gecko) Version/13.0.4 Mobile/15E148 Safari/604.1"
66.249.66.220 - - [18/Jan/2020:11:33:11 +0800] "GET /icons/folder.gif HTTP/1.1" 200 225 "-" "Googlebot-Image/1.0"
66.249.66.218 - - [18/Jan/2020:11:33:15 +0800] "GET /1998/admin98-28.pdf HTTP/1.1" 304 - "-" "Mozilla/5.0 (Linux; Android 6.0.1; Nexus 5X Build/MMB29P) AppleWebKit/537.36 (KHTML, like Gecko) Chrome/41.0.2272.96 Mobile Safari/537.36 (compatible; Googlebot/2.1; +http://www.google.com/bot.html)"
66.249.66.218 - - [18/Jan/2020:11:36:40 +0800] "GET /icons/blank.gif HTTP/1.1" 200 148 "-" "Googlebot-Image/1.0"
23.100.232.233 - - [18/Jan/2020:11:38:15 +0800] "GET /1997/FOR_DAO-97-32.pdf HTTP/1.1" 200 85020 "http://www.bing.com/search?q=denr+administrative+order+97-32&form=MSNH14&sc=8-4&sp=-1&qs=n&sk=" "Mozilla/5.0 (compatible; MSIE 9.0; Windows NT 6.0; Trident/5.0; Trident/5.0)"
66.249.66.216 - - [18/Jan/2020:11:42:46 +0800] "GET /pol-1992/formc92.pdf HTTP/1.1" 200 1734382 "-" "Mozilla/5.0 (Linux; Android 6.0.1; Nexus 5X Build/MMB29P) AppleWebKit/537.36 (KHTML, like Gecko) Chrome/41.0.2272.96 Mobile Safari/537.36 (compatible; Googlebot/2.1; +http://www.google.com/bot.html)"
66.249.66.218 - - [18/Jan/2020:11:44:50 +0800] "GET /2005/special_order/so-2005-723.pdf HTTP/1.1" 200 31231 "-" "Mozilla/5.0 (Linux; Android 6.0.1; Nexus 5X Build/MMB29P) AppleWebKit/537.36 (KHTML, like Gecko) Chrome/41.0.2272.96 Mobile Safari/537.36 (compatible; Googlebot/2.1; +http://www.google.com/bot.html)"
66.249.66.216 - - [18/Jan/2020:11:44:51 +0800] "GET /1993/FOR_MC_1993-21.pdf HTTP/1.1" 304 - "-" "Mozilla/5.0 (Linux; Android 6.0.1; Nexus 5X Build/MMB29P) AppleWebKit/537.36 (KHTML, like Gecko) Chrome/41.0.2272.96 Mobile Safari/537.36 (compatible; Googlebot/2.1; +http://www.google.com/bot.html)"
216.244.66.245 - - [18/Jan/2020:11:52:53 +0800] "GET /1991/landao91-52.pdf HTTP/1.1" 200 45071 "-" "Mozilla/5.0 (compatible; DotBot/1.1; http://www.opensiteexplorer.org/dotbot, help@moz.com)"
216.244.66.245 - - [18/Jan/2020:11:52:58 +0800] "GET /1992/FOR_DMO_92-01.pdf HTTP/1.1" 200 14321 "-" "Mozilla/5.0 (compatible; DotBot/1.1; http://www.opensiteexplorer.org/dotbot, help@moz.com)"
216.244.66.245 - - [18/Jan/2020:11:53:00 +0800] "GET /1993/DAO1993-56.pdf HTTP/1.1" 200 29825 "-" "Mozilla/5.0 (compatible; DotBot/1.1; http://www.opensiteexplorer.org/dotbot, help@moz.com)"
66.249.66.216 - - [18/Jan/2020:11:53:28 +0800] "GET /pol-1988/pol88.PDF HTTP/1.1" 200 1169932 "-" "Mozilla/5.0 (Linux; Android 6.0.1; Nexus 5X Build/MMB29P) AppleWebKit/537.36 (KHTML, like Gecko) Chrome/41.0.2272.96 Mobile Safari/537.36 (compatible; Googlebot/2.1; +http://www.google.com/bot.html)"
216.244.66.245 - - [18/Jan/2020:11:52:48 +0800] "GET /1987/FOR_DAO_87_77.pdf HTTP/1.1" 200 510358 "-" "Mozilla/5.0 (compatible; DotBot/1.1; http://www.opensiteexplorer.org/dotbot, help@moz.com)"
216.244.66.245 - - [18/Jan/2020:11:55:13 +0800] "GET /1993/DENR_MO1993-10.pdf HTTP/1.1" 200 31682 "-" "Mozilla/5.0 (compatible; DotBot/1.1; http://www.opensiteexplorer.org/dotbot, help@moz.com)"
216.244.66.245 - - [18/Jan/2020:11:55:15 +0800] "GET /1999/fordao99-40.pdf HTTP/1.1" 200 25859 "-" "Mozilla/5.0 (compatible; DotBot/1.1; http://www.opensiteexplorer.org/dotbot, help@moz.com)"
216.244.66.245 - - [18/Jan/2020:11:55:15 +0800] "GET /1999/mo99-27.pdf HTTP/1.1" 200 18313 "-" "Mozilla/5.0 (compatible; DotBot/1.1; http://www.opensiteexplorer.org/dotbot, help@moz.com)"
216.244.66.245 - - [18/Jan/2020:11:55:16 +0800] "GET /2000/DENR_MC_2000-15.pdf HTTP/1.1" 200 16089 "-" "Mozilla/5.0 (compatible; DotBot/1.1; http://www.opensiteexplorer.org/dotbot, help@moz.com)"
216.244.66.245 - - [18/Jan/2020:11:55:17 +0800] "GET /2001/DENR_DAO2001-11.pdf HTTP/1.1" 200 15695 "-" "Mozilla/5.0 (compatible; DotBot/1.1; http://www.opensiteexplorer.org/dotbot, help@moz.com)"
216.244.66.245 - - [18/Jan/2020:11:55:18 +0800] "GET /2001/DENR_DAO2001-33.pdf HTTP/1.1" 200 16426 "-" "Mozilla/5.0 (compatible; DotBot/1.1; http://www.opensiteexplorer.org/dotbot, help@moz.com)"
216.244.66.245 - - [18/Jan/2020:11:55:42 +0800] "GET /2003/dao2003-49.pdf HTTP/1.1" 200 197601 "-" "Mozilla/5.0 (compatible; DotBot/1.1; http://www.opensiteexplorer.org/dotbot, help@moz.com)"
216.244.66.245 - - [18/Jan/2020:11:55:31 +0800] "GET /2002/dao_2002-04.pdf HTTP/1.1" 200 276689 "-" "Mozilla/5.0 (compatible; DotBot/1.1; http://www.opensiteexplorer.org/dotbot, help@moz.com)"
216.244.66.245 - - [18/Jan/2020:11:58:02 +0800] "GET /pol-1996/dao26.pdf HTTP/1.1" 404 216 "-" "Mozilla/5.0 (compatible; DotBot/1.1; http://www.opensiteexplorer.org/dotbot, help@moz.com)"
216.244.66.245 - - [18/Jan/2020:11:58:04 +0800] "GET /1991/formc91-11.pdf HTTP/1.1" 200 67063 "-" "Mozilla/5.0 (compatible; DotBot/1.1; http://www.opensiteexplorer.org/dotbot, help@moz.com)"
216.244.66.245 - - [18/Jan/2020:11:58:16 +0800] "GET /2001/DENR_MC_2001-10.pdf HTTP/1.1" 200 24831 "-" "Mozilla/5.0 (compatible; DotBot/1.1; http://www.opensiteexplorer.org/dotbot, help@moz.com)"
216.244.66.245 - - [18/Jan/2020:11:58:04 +0800] "GET /1993/DENR_MC1993-14.pdf HTTP/1.1" 200 124240 "-" "Mozilla/5.0 (compatible; DotBot/1.1; http://www.opensiteexplorer.org/dotbot, help@moz.com)"
216.244.66.245 - - [18/Jan/2020:11:58:03 +0800] "GET /1989/DMC1989-20.pdf HTTP/1.1" 200 1789425 "-" "Mozilla/5.0 (compatible; DotBot/1.1; http://www.opensiteexplorer.org/dotbot, help@moz.com)"
87.233.209.58 - - [18/Jan/2020:12:00:04 +0800] "GET /2003/dao2003-30.pdf HTTP/1.1" 200 2258816 "-" "-"
87.233.209.58 - - [18/Jan/2020:12:00:04 +0800] "GET /2003/dao2003-30.pdf HTTP/1.1" 200 2258816 "-" "-"
216.244.66.245 - - [18/Jan/2020:12:00:24 +0800] "GET /dao2004/dao2004-23.pdf HTTP/1.1" 200 1021347 "-" "Mozilla/5.0 (compatible; DotBot/1.1; http://www.opensiteexplorer.org/dotbot, help@moz.com)"
85.204.246.240 - - [18/Jan/2020:12:01:47 +0800] "GET /2001/wp-login.php HTTP/1.1" 404 215 "-" "Mozilla/5.0 (compatible; MSIE 9.0; Windows NT 6.1; Trident/5.0)"
216.244.66.245 - - [18/Jan/2020:12:02:45 +0800] "GET /dao2004/dao2004-60.pdf HTTP/1.1" 200 48687 "-" "Mozilla/5.0 (compatible; DotBot/1.1; http://www.opensiteexplorer.org/dotbot, help@moz.com)"
216.244.66.245 - - [18/Jan/2020:12:03:20 +0800] "GET /pol-1997/dao11.pdf HTTP/1.1" 404 216 "-" "Mozilla/5.0 (compatible; DotBot/1.1; http://www.opensiteexplorer.org/dotbot, help@moz.com)"
216.244.66.245 - - [18/Jan/2020:12:03:21 +0800] "GET /2003/memo_order2003/DMO2003-02.pdf HTTP/1.1" 200 70211 "-" "Mozilla/5.0 (compatible; DotBot/1.1; http://www.opensiteexplorer.org/dotbot, help@moz.com)"
216.244.66.245 - - [18/Jan/2020:12:03:21 +0800] "GET /2005/Memorandum_Orders/DMO-2005-06.pdf HTTP/1.1" 404 236 "-" "Mozilla/5.0 (compatible; DotBot/1.1; http://www.opensiteexplorer.org/dotbot, help@moz.com)"
66.249.66.218 - - [18/Jan/2020:12:03:30 +0800] "GET /1993/DENR_MO1993-06.pdf HTTP/1.1" 200 66522 "-" "Mozilla/5.0 (Linux; Android 6.0.1; Nexus 5X Build/MMB29P) AppleWebKit/537.36 (KHTML, like Gecko) Chrome/41.0.2272.96 Mobile Safari/537.36 (compatible; Googlebot/2.1; +http://www.google.com/bot.html)"
66.249.66.220 - - [18/Jan/2020:12:03:33 +0800] "GET /1993/FOR_DAO-93-58.pdf HTTP/1.1" 200 334127 "-" "Mozilla/5.0 (Linux; Android 6.0.1; Nexus 5X Build/MMB29P) AppleWebKit/537.36 (KHTML, like Gecko) Chrome/41.0.2272.96 Mobile Safari/537.36 (compatible; Googlebot/2.1; +http://www.google.com/bot.html)"
54.227.55.244 - - [18/Jan/2020:12:04:22 +0800] "GET /1996/FOR_MC_1996-10.pdf HTTP/1.1" 200 22674 "google.com" "Mozilla/5.0 (Windows NT 6.1; WOW64; rv:40.0) Gecko/20100101 Firefox/40.0"
23.100.232.233 - - [18/Jan/2020:12:11:31 +0800] "GET /1997/FOR_DAO-97-32.pdf HTTP/1.1" 200 85020 "http://www.bing.com/search?q=denr+administrative+order+97-32&form=MSNH14&sc=8-4&sp=-1&qs=n&sk=" "Mozilla/5.0 (compatible; MSIE 9.0; Windows NT 6.1; Trident/5.0; Trident/5.0)"
3.232.96.155 - - [18/Jan/2020:12:13:07 +0800] "GET /1996/FOR_MC_1996-10.pdf HTTP/1.1" 200 22674 "google.com" "Mozilla/5.0 (Windows NT 6.1; WOW64; rv:40.0) Gecko/20100101 Firefox/40.0"
66.249.66.218 - - [18/Jan/2020:12:13:40 +0800] "GET /basicpol/pacode/irr7586.pdf HTTP/1.1" 200 65014 "-" "Mozilla/5.0 (Linux; Android 6.0.1; Nexus 5X Build/MMB29P) AppleWebKit/537.36 (KHTML, like Gecko) Chrome/41.0.2272.96 Mobile Safari/537.36 (compatible; Googlebot/2.1; +http://www.google.com/bot.html)"
54.226.70.28 - - [18/Jan/2020:12:16:40 +0800] "GET /1996/FOR_MC_1996-10.pdf HTTP/1.1" 200 22674 "google.com" "Mozilla/5.0 (Windows NT 6.1; WOW64; rv:40.0) Gecko/20100101 Firefox/40.0"
66.249.66.218 - - [18/Jan/2020:12:23:39 +0800] "GET /2005/special_order/so-2005-276.pdf HTTP/1.1" 200 24025 "-" "Mozilla/5.0 (Linux; Android 6.0.1; Nexus 5X Build/MMB29P) AppleWebKit/537.36 (KHTML, like Gecko) Chrome/41.0.2272.96 Mobile Safari/537.36 (compatible; Googlebot/2.1; +http://www.google.com/bot.html)"
58.69.102.201 - - [18/Jan/2020:12:23:51 +0800] "GET /1997/ENV_DAO-97-05.pdf HTTP/1.1" 200 35973 "https://www.google.com.ph/" "Mozilla/5.0 (Windows NT 6.1; WOW64) AppleWebKit/537.36 (KHTML, like Gecko) Chrome/30.0.1599.69 Safari/537.36"
58.69.102.201 - - [18/Jan/2020:12:23:51 +0800] "GET /favicon.ico HTTP/1.1" 404 209 "-" "Mozilla/5.0 (Windows NT 6.1; WOW64) AppleWebKit/537.36 (KHTML, like Gecko) Chrome/30.0.1599.69 Safari/537.36"
3.234.139.229 - - [18/Jan/2020:12:23:54 +0800] "GET /1996/FOR_MC_1996-10.pdf HTTP/1.1" 200 22674 "google.com" "Mozilla/5.0 (Windows NT 6.1; WOW64; rv:40.0) Gecko/20100101 Firefox/40.0"
216.244.66.245 - - [18/Jan/2020:12:35:35 +0800] "GET /1992/DENR_DAO_92-31.pdf HTTP/1.1" 200 333920 "-" "Mozilla/5.0 (compatible; DotBot/1.1; http://www.opensiteexplorer.org/dotbot, help@moz.com)"
216.244.66.245 - - [18/Jan/2020:12:36:25 +0800] "GET /1987/PAWB_DAO_87_46.pdf HTTP/1.1" 200 36644 "-" "Mozilla/5.0 (compatible; DotBot/1.1; http://www.opensiteexplorer.org/dotbot, help@moz.com)"
216.244.66.245 - - [18/Jan/2020:12:36:38 +0800] "GET /1991/fordao91-44.pdf HTTP/1.1" 200 61415 "-" "Mozilla/5.0 (compatible; DotBot/1.1; http://www.opensiteexplorer.org/dotbot, help@moz.com)"
216.244.66.245 - - [18/Jan/2020:12:36:41 +0800] "GET /1991/pawsdao91-55.pdf HTTP/1.1" 200 61475 "-" "Mozilla/5.0 (compatible; DotBot/1.1; http://www.opensiteexplorer.org/dotbot, help@moz.com)"
216.244.66.245 - - [18/Jan/2020:12:36:42 +0800] "GET /1998/admin98-69.pdf HTTP/1.1" 200 15564 "-" "Mozilla/5.0 (compatible; DotBot/1.1; http://www.opensiteexplorer.org/dotbot, help@moz.com)"
216.244.66.245 - - [18/Jan/2020:12:36:44 +0800] "GET /2000/DENR_MO_2000-02.pdf HTTP/1.1" 200 17178 "-" "Mozilla/5.0 (compatible; DotBot/1.1; http://www.opensiteexplorer.org/dotbot, help@moz.com)"
216.244.66.245 - - [18/Jan/2020:12:36:54 +0800] "GET /pol-1997/dao30.pdf HTTP/1.1" 404 216 "-" "Mozilla/5.0 (compatible; DotBot/1.1; http://www.opensiteexplorer.org/dotbot, help@moz.com)"
216.244.66.245 - - [18/Jan/2020:12:36:55 +0800] "GET /2002/dao_2002-12.pdf HTTP/1.1" 200 24677 "-" "Mozilla/5.0 (compatible; DotBot/1.1; http://www.opensiteexplorer.org/dotbot, help@moz.com)"
178.197.225.107 - - [18/Jan/2020:12:37:08 +0800] "GET /1999/fordao99-34.pdf HTTP/1.1" 200 36493 "-" "Mozilla/5.0 (iPhone; CPU iPhone OS 12_1_4 like Mac OS X) AppleWebKit/605.1.15 (KHTML, like Gecko) Version/12.0 Mobile/15E148 Safari/604.1"
178.197.225.107 - - [18/Jan/2020:12:37:09 +0800] "GET /apple-touch-icon-120x120-precomposed.png HTTP/1.1" 404 238 "-" "MobileSafari/604.1 CFNetwork/976 Darwin/18.2.0"
178.197.225.107 - - [18/Jan/2020:12:37:09 +0800] "GET /apple-touch-icon-120x120.png HTTP/1.1" 404 226 "-" "MobileSafari/604.1 CFNetwork/976 Darwin/18.2.0"
178.197.225.107 - - [18/Jan/2020:12:37:09 +0800] "GET /apple-touch-icon-precomposed.png HTTP/1.1" 404 230 "-" "MobileSafari/604.1 CFNetwork/976 Darwin/18.2.0"
178.197.225.107 - - [18/Jan/2020:12:37:10 +0800] "GET /apple-touch-icon.png HTTP/1.1" 404 218 "-" "MobileSafari/604.1 CFNetwork/976 Darwin/18.2.0"
178.197.225.107 - - [18/Jan/2020:12:37:10 +0800] "GET /favicon.ico HTTP/1.1" 404 209 "-" "MobileSafari/604.1 CFNetwork/976 Darwin/18.2.0"
178.197.225.107 - - [18/Jan/2020:12:37:10 +0800] "GET /apple-touch-icon-120x120-precomposed.png HTTP/1.1" 404 238 "-" "MobileSafari/604.1 CFNetwork/976 Darwin/18.2.0"
178.197.225.107 - - [18/Jan/2020:12:37:10 +0800] "GET /apple-touch-icon-120x120.png HTTP/1.1" 404 226 "-" "MobileSafari/604.1 CFNetwork/976 Darwin/18.2.0"
178.197.225.107 - - [18/Jan/2020:12:37:11 +0800] "GET /apple-touch-icon-precomposed.png HTTP/1.1" 404 230 "-" "MobileSafari/604.1 CFNetwork/976 Darwin/18.2.0"
178.197.225.107 - - [18/Jan/2020:12:37:11 +0800] "GET /apple-touch-icon.png HTTP/1.1" 404 218 "-" "MobileSafari/604.1 CFNetwork/976 Darwin/18.2.0"
178.197.225.107 - - [18/Jan/2020:12:37:11 +0800] "GET /favicon.ico HTTP/1.1" 404 209 "-" "MobileSafari/604.1 CFNetwork/976 Darwin/18.2.0"
66.249.66.218 - - [18/Jan/2020:12:43:50 +0800] "GET /pol-1998/srvymnl.pdf HTTP/1.1" 404 218 "-" "Mozilla/5.0 (Linux; Android 6.0.1; Nexus 5X Build/MMB29P) AppleWebKit/537.36 (KHTML, like Gecko) Chrome/41.0.2272.96 Mobile Safari/537.36 (compatible; Googlebot/2.1; +http://www.google.com/bot.html)"
66.249.66.216 - - [18/Jan/2020:12:43:53 +0800] "GET /1999/denrmc99-01.pdf HTTP/1.1" 304 - "-" "Mozilla/5.0 (Linux; Android 6.0.1; Nexus 5X Build/MMB29P) AppleWebKit/537.36 (KHTML, like Gecko) Chrome/41.0.2272.96 Mobile Safari/537.36 (compatible; Googlebot/2.1; +http://www.google.com/bot.html)"
112.198.74.63 - - [18/Jan/2020:12:47:30 +0800] "GET /1997/FOR_DAO-97-32.pdf HTTP/1.1" 200 85020 "-" "Mozilla/5.0 (iPhone; CPU iPhone OS 10_2_1 like Mac OS X) AppleWebKit/602.4.6 (KHTML, like Gecko) Version/10.0 Mobile/14D27 Safari/602.1"
112.198.74.63 - - [18/Jan/2020:12:47:30 +0800] "GET /apple-touch-icon-120x120-precomposed.png HTTP/1.1" 404 238 "-" "MobileSafari/602.1 CFNetwork/808.3 Darwin/16.3.0"
112.198.74.63 - - [18/Jan/2020:12:47:31 +0800] "GET /apple-touch-icon-120x120.png HTTP/1.1" 404 226 "-" "MobileSafari/602.1 CFNetwork/808.3 Darwin/16.3.0"
112.198.74.63 - - [18/Jan/2020:12:47:31 +0800] "GET /apple-touch-icon-precomposed.png HTTP/1.1" 404 230 "-" "MobileSafari/602.1 CFNetwork/808.3 Darwin/16.3.0"
112.198.74.63 - - [18/Jan/2020:12:47:31 +0800] "GET /apple-touch-icon.png HTTP/1.1" 404 218 "-" "MobileSafari/602.1 CFNetwork/808.3 Darwin/16.3.0"
112.198.74.63 - - [18/Jan/2020:12:47:31 +0800] "GET /favicon.ico HTTP/1.1" 404 209 "-" "MobileSafari/602.1 CFNetwork/808.3 Darwin/16.3.0"
112.198.74.63 - - [18/Jan/2020:12:47:31 +0800] "GET /apple-touch-icon-120x120-precomposed.png HTTP/1.1" 404 238 "-" "MobileSafari/602.1 CFNetwork/808.3 Darwin/16.3.0"
112.198.74.63 - - [18/Jan/2020:12:47:32 +0800] "GET /apple-touch-icon-120x120.png HTTP/1.1" 404 226 "-" "MobileSafari/602.1 CFNetwork/808.3 Darwin/16.3.0"
112.198.74.63 - - [18/Jan/2020:12:47:32 +0800] "GET /apple-touch-icon-precomposed.png HTTP/1.1" 404 230 "-" "MobileSafari/602.1 CFNetwork/808.3 Darwin/16.3.0"
112.198.74.63 - - [18/Jan/2020:12:47:32 +0800] "GET /apple-touch-icon.png HTTP/1.1" 404 218 "-" "MobileSafari/602.1 CFNetwork/808.3 Darwin/16.3.0"
112.198.74.63 - - [18/Jan/2020:12:47:32 +0800] "GET /favicon.ico HTTP/1.1" 404 209 "-" "MobileSafari/602.1 CFNetwork/808.3 Darwin/16.3.0"
23.100.232.233 - - [18/Jan/2020:12:51:33 +0800] "GET /2000/ENV_DAO_2000-81.pdf HTTP/1.1" 200 299209 "http://www.bing.com/search?q=air+quality+denr&form=MSNH14&sc=8-4&sp=-1&qs=n&sk=" "Mozilla/5.0 (compatible; MSIE 9.0; Windows NT 6.1; Trident/5.0; Trident/5.0)"
66.249.66.220 - - [18/Jan/2020:12:54:00 +0800] "GET /2005/special_order/so-2005-399.pdf HTTP/1.1" 200 24956 "-" "Mozilla/5.0 (Linux; Android 6.0.1; Nexus 5X Build/MMB29P) AppleWebKit/537.36 (KHTML, like Gecko) Chrome/41.0.2272.96 Mobile Safari/537.36 (compatible; Googlebot/2.1; +http://www.google.com/bot.html)"
66.249.66.218 - - [18/Jan/2020:13:03:51 +0800] "GET /2005/Memorandum_Orders/mo-2005-11.pdf HTTP/1.1" 200 127224 "-" "Mozilla/5.0 (Linux; Android 6.0.1; Nexus 5X Build/MMB29P) AppleWebKit/537.36 (KHTML, like Gecko) Chrome/41.0.2272.96 Mobile Safari/537.36 (compatible; Googlebot/2.1; +http://www.google.com/bot.html)"
112.201.167.103 - - [18/Jan/2020:13:05:44 +0800] "GET /1998/dao98-45.pdf HTTP/1.1" 200 27051 "-" "Dalvik/2.1.0 (Linux; U; Android 5.1.1; SM-N910C Build/LMY47X)"
23.100.232.233 - - [18/Jan/2020:13:11:30 +0800] "GET /1997/FOR_DAO-97-32.pdf HTTP/1.1" 200 85020 "http://www.bing.com/search?q=denr+administrative+order+97-32&form=MSNH14&sc=8-4&sp=-1&qs=n&sk=" "Mozilla/5.0 (compatible; MSIE 9.0; Windows NT 6.0; Trident/5.0; Trident/5.0)"
216.244.66.245 - - [18/Jan/2020:13:17:16 +0800] "GET /1992/ENV_DAO_92-48.pdf HTTP/1.1" 200 91618 "-" "Mozilla/5.0 (compatible; DotBot/1.1; http://www.opensiteexplorer.org/dotbot, help@moz.com)"
216.244.66.245 - - [18/Jan/2020:13:17:22 +0800] "GET /1997/ENV_DAO-97-05.pdf HTTP/1.1" 200 35973 "-" "Mozilla/5.0 (compatible; DotBot/1.1; http://www.opensiteexplorer.org/dotbot, help@moz.com)"
216.244.66.245 - - [18/Jan/2020:13:17:23 +0800] "GET /1999/dao99-16.pdf HTTP/1.1" 200 32964 "-" "Mozilla/5.0 (compatible; DotBot/1.1; http://www.opensiteexplorer.org/dotbot, help@moz.com)"
216.244.66.245 - - [18/Jan/2020:13:17:20 +0800] "GET /1992/FOR_DAO_1992_35.pdf HTTP/1.1" 200 527199 "-" "Mozilla/5.0 (compatible; DotBot/1.1; http://www.opensiteexplorer.org/dotbot, help@moz.com)"
216.244.66.245 - - [18/Jan/2020:13:17:53 +0800] "GET /1991/dao1991-2.pdf HTTP/1.1" 200 41178 "-" "Mozilla/5.0 (compatible; DotBot/1.1; http://www.opensiteexplorer.org/dotbot, help@moz.com)"
216.244.66.245 - - [18/Jan/2020:13:17:56 +0800] "GET /1991/dmo1991-12.pdf HTTP/1.1" 200 31722 "-" "Mozilla/5.0 (compatible; DotBot/1.1; http://www.opensiteexplorer.org/dotbot, help@moz.com)"
216.244.66.245 - - [18/Jan/2020:13:17:58 +0800] "GET /1996/DENR_DAO_1996-09.pdf HTTP/1.1" 200 15198 "-" "Mozilla/5.0 (compatible; DotBot/1.1; http://www.opensiteexplorer.org/dotbot, help@moz.com)"
216.244.66.245 - - [18/Jan/2020:13:17:39 +0800] "GET /1990/DENR_DAO_1990-44.pdf HTTP/1.1" 200 400568 "-" "Mozilla/5.0 (compatible; DotBot/1.1; http://www.opensiteexplorer.org/dotbot, help@moz.com)"
216.244.66.245 - - [18/Jan/2020:13:17:57 +0800] "GET /1994/ENDAO_94-20.pdf HTTP/1.1" 200 179426 "-" "Mozilla/5.0 (compatible; DotBot/1.1; http://www.opensiteexplorer.org/dotbot, help@moz.com)"
216.244.66.245 - - [18/Jan/2020:13:20:18 +0800] "GET /1999/dao99-48.pdf HTTP/1.1" 200 18620 "-" "Mozilla/5.0 (compatible; DotBot/1.1; http://www.opensiteexplorer.org/dotbot, help@moz.com)"
216.244.66.245 - - [18/Jan/2020:13:22:38 +0800] "GET /2001/DAO_PAWB2001-15.pdf HTTP/1.1" 200 15633 "-" "Mozilla/5.0 (compatible; DotBot/1.1; http://www.opensiteexplorer.org/dotbot, help@moz.com)"
216.244.66.245 - - [18/Jan/2020:13:22:53 +0800] "GET /1988/DENR_DMC_1988-09.pdf HTTP/1.1" 200 15632 "-" "Mozilla/5.0 (compatible; DotBot/1.1; http://www.opensiteexplorer.org/dotbot, help@moz.com)"
216.244.66.245 - - [18/Jan/2020:13:22:56 +0800] "GET /1988/FOR_DMO_1988-05.pdf HTTP/1.1" 200 11574 "-" "Mozilla/5.0 (compatible; DotBot/1.1; http://www.opensiteexplorer.org/dotbot, help@moz.com)"
216.244.66.245 - - [18/Jan/2020:13:22:44 +0800] "GET /2003/dao2003-53.pdf HTTP/1.1" 200 391623 "-" "Mozilla/5.0 (compatible; DotBot/1.1; http://www.opensiteexplorer.org/dotbot, help@moz.com)"
216.244.66.245 - - [18/Jan/2020:13:22:49 +0800] "GET /dao2004/dao2004-44.pdf HTTP/1.1" 200 140422 "-" "Mozilla/5.0 (compatible; DotBot/1.1; http://www.opensiteexplorer.org/dotbot, help@moz.com)"
66.249.66.216 - - [18/Jan/2020:13:24:20 +0800] "GET /1992/DENR_DAO_92-05.pdf HTTP/1.1" 200 64173 "-" "Mozilla/5.0 (Linux; Android 6.0.1; Nexus 5X Build/MMB29P) AppleWebKit/537.36 (KHTML, like Gecko) Chrome/41.0.2272.96 Mobile Safari/537.36 (compatible; Googlebot/2.1; +http://www.google.com/bot.html)"
216.244.66.245 - - [18/Jan/2020:13:25:09 +0800] "GET /1990/lLAND_DMC_1990-12.pdf HTTP/1.1" 200 53856 "-" "Mozilla/5.0 (compatible; DotBot/1.1; http://www.opensiteexplorer.org/dotbot, help@moz.com)"
216.244.66.245 - - [18/Jan/2020:13:25:52 +0800] "GET /1993/FOR_MC_1993-33.pdf HTTP/1.1" 200 52813 "-" "Mozilla/5.0 (compatible; DotBot/1.1; http://www.opensiteexplorer.org/dotbot, help@moz.com)"
216.244.66.245 - - [18/Jan/2020:13:26:54 +0800] "GET /1993/Mines_DAO1993-34.pdf HTTP/1.1" 200 24182 "-" "Mozilla/5.0 (compatible; DotBot/1.1; http://www.opensiteexplorer.org/dotbot, help@moz.com)"
216.244.66.245 - - [18/Jan/2020:13:27:24 +0800] "GET /1994/ForMC_1994-26.pdf HTTP/1.1" 200 78258 "-" "Mozilla/5.0 (compatible; DotBot/1.1; http://www.opensiteexplorer.org/dotbot, help@moz.com)"
216.244.66.245 - - [18/Jan/2020:13:29:39 +0800] "GET /1994/MO_94-19.pdf HTTP/1.1" 200 26520 "-" "Mozilla/5.0 (compatible; DotBot/1.1; http://www.opensiteexplorer.org/dotbot, help@moz.com)"
216.244.66.245 - - [18/Jan/2020:13:29:42 +0800] "GET /1997/ADM_DMO-97-04.pdf HTTP/1.1" 200 18505 "-" "Mozilla/5.0 (compatible; DotBot/1.1; http://www.opensiteexplorer.org/dotbot, help@moz.com)"
216.244.66.245 - - [18/Jan/2020:13:29:43 +0800] "GET /1997/FOR_DMO-97-02.pdf HTTP/1.1" 200 18756 "-" "Mozilla/5.0 (compatible; DotBot/1.1; http://www.opensiteexplorer.org/dotbot, help@moz.com)"
216.244.66.245 - - [18/Jan/2020:13:29:44 +0800] "GET /1998/dao98-34.pdf HTTP/1.1" 200 16792 "-" "Mozilla/5.0 (compatible; DotBot/1.1; http://www.opensiteexplorer.org/dotbot, help@moz.com)"
216.244.66.245 - - [18/Jan/2020:13:29:45 +0800] "GET /1998/envmc98-05.pdf HTTP/1.1" 200 24045 "-" "Mozilla/5.0 (compatible; DotBot/1.1; http://www.opensiteexplorer.org/dotbot, help@moz.com)"
216.244.66.245 - - [18/Jan/2020:13:29:59 +0800] "GET /2003/memorandum_circular/DMC2003-06.pdf HTTP/1.1" 200 79513 "-" "Mozilla/5.0 (compatible; DotBot/1.1; http://www.opensiteexplorer.org/dotbot, help@moz.com)"
216.244.66.245 - - [18/Jan/2020:13:29:48 +0800] "GET /dao2004/dao2004-11.pdf HTTP/1.1" 200 88693 "-" "Mozilla/5.0 (compatible; DotBot/1.1; http://www.opensiteexplorer.org/dotbot, help@moz.com)"
66.102.6.189 - - [18/Jan/2020:13:31:21 +0800] "GET /favicon.ico HTTP/1.1" 404 209 "-" "Mozilla/5.0 (X11; Linux x86_64) AppleWebKit/537.36 (KHTML, like Gecko) Chrome/49.0.2623.75 Safari/537.36 Google Favicon"
216.244.66.245 - - [18/Jan/2020:13:32:19 +0800] "GET /2004/DMO/DMO-2004-08.pdf HTTP/1.1" 404 222 "-" "Mozilla/5.0 (compatible; DotBot/1.1; http://www.opensiteexplorer.org/dotbot, help@moz.com)"
216.244.66.245 - - [18/Jan/2020:13:32:22 +0800] "GET /2004/DMO/DMO-2004-04.pdf HTTP/1.1" 404 222 "-" "Mozilla/5.0 (compatible; DotBot/1.1; http://www.opensiteexplorer.org/dotbot, help@moz.com)"
216.244.66.245 - - [18/Jan/2020:13:32:22 +0800] "GET /pol-1996/dao33.pdf HTTP/1.1" 404 216 "-" "Mozilla/5.0 (compatible; DotBot/1.1; http://www.opensiteexplorer.org/dotbot, help@moz.com)"
66.249.66.216 - - [18/Jan/2020:13:34:22 +0800] "GET /pol-1988/toc88.PDF HTTP/1.1" 200 109764 "-" "Mozilla/5.0 (Linux; Android 6.0.1; Nexus 5X Build/MMB29P) AppleWebKit/537.36 (KHTML, like Gecko) Chrome/41.0.2272.96 Mobile Safari/537.36 (compatible; Googlebot/2.1; +http://www.google.com/bot.html)"
66.249.66.218 - - [18/Jan/2020:13:41:44 +0800] "GET /2005/special_order/so-2005-215.pdf HTTP/1.1" 200 22914 "-" "Googlebot/2.1 (+http://www.google.com/bot.html)"
66.249.66.218 - - [18/Jan/2020:13:44:21 +0800] "GET /2000/DAO_FMB_2000-74.pdf HTTP/1.1" 200 18101 "-" "Mozilla/5.0 (Linux; Android 6.0.1; Nexus 5X Build/MMB29P) AppleWebKit/537.36 (KHTML, like Gecko) Chrome/41.0.2272.96 Mobile Safari/537.36 (compatible; Googlebot/2.1; +http://www.google.com/bot.html)"
110.54.176.242 - - [18/Jan/2020:13:45:40 +0800] "GET /1993/FOR_DAO-93-23.pdf HTTP/1.1" 200 494367 "http://oldwebsite.denr.gov.ph/section-policies/viewrec.php?id=1546&page=28&sort=tl&filter=type&filterID=1&searchword=&fromyear=&frommonth=&fromdate=&toyear=&tomonth=&todate=&dateval=true" "Mozilla/5.0 (Linux; Android 9; YAL-L21 Build/HUAWEIYAL-L61) AppleWebKit/537.36 (KHTML, like Gecko) Version/4.0 Chrome/70.0.3538.64 HuaweiBrowser/10.0.2.301 Mobile Safari/537.36"
110.54.176.242 - - [18/Jan/2020:13:45:45 +0800] "GET /1993/FOR_DAO-93-23.pdf HTTP/1.1" 200 494367 "http://oldwebsite.denr.gov.ph/section-policies/viewrec.php?id=1546&page=28&sort=tl&filter=type&filterID=1&searchword=&fromyear=&frommonth=&fromdate=&toyear=&tomonth=&todate=&dateval=true" "Mozilla/5.0 (Linux; Android 9; YAL-L21 Build/HUAWEIYAL-L61) AppleWebKit/537.36 (KHTML, like Gecko) Version/4.0 Chrome/70.0.3538.64 HuaweiBrowser/10.0.2.301 Mobile Safari/537.36"
58.69.24.2 - - [18/Jan/2020:13:49:27 +0800] "GET /1998/dao98-45.pdf HTTP/1.1" 200 27051 "https://www.google.com.ph/" "Mozilla/5.0 (Windows NT 10.0; Win64; x64) AppleWebKit/537.36 (KHTML, like Gecko) Chrome/70.0.3538.102 Safari/537.36 Edge/18.18362"
66.249.66.216 - - [18/Jan/2020:13:54:27 +0800] "GET /1999/formc99-24.pdf HTTP/1.1" 200 36474 "-" "Mozilla/5.0 (Linux; Android 6.0.1; Nexus 5X Build/MMB29P) AppleWebKit/537.36 (KHTML, like Gecko) Chrome/41.0.2272.96 Mobile Safari/537.36 (compatible; Googlebot/2.1; +http://www.google.com/bot.html)"
66.249.66.220 - - [18/Jan/2020:13:54:29 +0800] "GET /2002/dao_2002-36.pdf HTTP/1.1" 200 40900 "-" "Mozilla/5.0 (Linux; Android 6.0.1; Nexus 5X Build/MMB29P) AppleWebKit/537.36 (KHTML, like Gecko) Chrome/41.0.2272.96 Mobile Safari/537.36 (compatible; Googlebot/2.1; +http://www.google.com/bot.html)"
49.150.209.170 - - [18/Jan/2020:13:55:14 +0800] "GET /2000/DENR_MO_2000-04.pdf HTTP/1.1" 200 20594 "https://denr.gov.ph/" "Mozilla/5.0 (Linux; Android 9; INE-LX2) AppleWebKit/537.36 (KHTML, like Gecko) Chrome/79.0.3945.116 Mobile Safari/537.36"
110.54.139.83 - - [18/Jan/2020:13:59:00 +0800] "GET /1991/landao91-9.pdf HTTP/1.1" 200 23701 "https://denr.gov.ph/" "Mozilla/5.0 (Windows NT 10.0; Win64; x64) AppleWebKit/537.36 (KHTML, like Gecko) Chrome/79.0.3945.130 Safari/537.36"
110.54.139.83 - - [18/Jan/2020:13:59:02 +0800] "GET /favicon.ico HTTP/1.1" 404 209 "http://policy.denr.gov.ph/1991/landao91-9.pdf" "Mozilla/5.0 (Windows NT 10.0; Win64; x64) AppleWebKit/537.36 (KHTML, like Gecko) Chrome/79.0.3945.130 Safari/537.36"
216.244.66.245 - - [18/Jan/2020:14:00:22 +0800] "GET /1992/LAN_DAO_1992_34.pdf HTTP/1.1" 200 102119 "-" "Mozilla/5.0 (compatible; DotBot/1.1; http://www.opensiteexplorer.org/dotbot, help@moz.com)"
216.244.66.245 - - [18/Jan/2020:14:00:29 +0800] "GET /2000/DAO_FMB_2000-32.pdf HTTP/1.1" 200 31586 "-" "Mozilla/5.0 (compatible; DotBot/1.1; http://www.opensiteexplorer.org/dotbot, help@moz.com)"
216.244.66.245 - - [18/Jan/2020:14:01:13 +0800] "GET /1987/PAWB_DAO_87_29.pdf HTTP/1.1" 200 35531 "-" "Mozilla/5.0 (compatible; DotBot/1.1; http://www.opensiteexplorer.org/dotbot, help@moz.com)"
216.244.66.245 - - [18/Jan/2020:14:03:33 +0800] "GET /1987/PAWB_DAO_87_47.pdf HTTP/1.1" 200 40086 "-" "Mozilla/5.0 (compatible; DotBot/1.1; http://www.opensiteexplorer.org/dotbot, help@moz.com)"
216.244.66.245 - - [18/Jan/2020:14:03:44 +0800] "GET /1989/DAO1989-25.pdf HTTP/1.1" 200 157869 "-" "Mozilla/5.0 (compatible; DotBot/1.1; http://www.opensiteexplorer.org/dotbot, help@moz.com)"
216.244.66.245 - - [18/Jan/2020:14:03:59 +0800] "GET /1996/PAW_MO_1996-02.pdf HTTP/1.1" 200 14357 "-" "Mozilla/5.0 (compatible; DotBot/1.1; http://www.opensiteexplorer.org/dotbot, help@moz.com)"
216.244.66.245 - - [18/Jan/2020:14:04:02 +0800] "GET /1998/admin98-15.pdf HTTP/1.1" 200 31916 "-" "Mozilla/5.0 (compatible; DotBot/1.1; http://www.opensiteexplorer.org/dotbot, help@moz.com)"
216.244.66.245 - - [18/Jan/2020:14:03:51 +0800] "GET /1989/DAO1989-49.pdf HTTP/1.1" 200 148817 "-" "Mozilla/5.0 (compatible; DotBot/1.1; http://www.opensiteexplorer.org/dotbot, help@moz.com)"
216.244.66.245 - - [18/Jan/2020:14:04:42 +0800] "GET /1998/admin98-26.pdf HTTP/1.1" 200 13288 "-" "Mozilla/5.0 (compatible; DotBot/1.1; http://www.opensiteexplorer.org/dotbot, help@moz.com)"
216.244.66.245 - - [18/Jan/2020:14:04:44 +0800] "GET /2000/DAO_FMB_2000-34.pdf HTTP/1.1" 200 19446 "-" "Mozilla/5.0 (compatible; DotBot/1.1; http://www.opensiteexplorer.org/dotbot, help@moz.com)"
216.244.66.245 - - [18/Jan/2020:14:04:49 +0800] "GET /pol-1999/poli-dao-37.pdf HTTP/1.1" 404 222 "-" "Mozilla/5.0 (compatible; DotBot/1.1; http://www.opensiteexplorer.org/dotbot, help@moz.com)"
216.244.66.245 - - [18/Jan/2020:14:04:51 +0800] "GET /1993/DENR_MC1993-31.pdf HTTP/1.1" 200 32579 "-" "Mozilla/5.0 (compatible; DotBot/1.1; http://www.opensiteexplorer.org/dotbot, help@moz.com)"
124.104.5.117 - - [18/Jan/2020:14:04:51 +0800] "GET /2005/dao/dao2005-01.pdf HTTP/1.1" 200 184918 "-" "Mozilla/5.0 (Macintosh; Intel Mac OS X 10_13_6) AppleWebKit/605.1.15 (KHTML, like Gecko) Version/11.1.2 Safari/605.1.15"
124.104.5.117 - - [18/Jan/2020:14:04:51 +0800] "GET /favicon.ico HTTP/1.1" 404 209 "http://policy.denr.gov.ph/2005/dao/dao2005-01.pdf" "Mozilla/5.0 (Macintosh; Intel Mac OS X 10_13_6) AppleWebKit/605.1.15 (KHTML, like Gecko) Version/11.1.2 Safari/605.1.15"
216.244.66.245 - - [18/Jan/2020:14:04:50 +0800] "GET /1992/FOR_DMC_92-17.pdf HTTP/1.1" 200 150840 "-" "Mozilla/5.0 (compatible; DotBot/1.1; http://www.opensiteexplorer.org/dotbot, help@moz.com)"
216.244.66.245 - - [18/Jan/2020:14:04:55 +0800] "GET /1993/ENV_MO1993-25.pdf HTTP/1.1" 200 42113 "-" "Mozilla/5.0 (compatible; DotBot/1.1; http://www.opensiteexplorer.org/dotbot, help@moz.com)"
216.244.66.245 - - [18/Jan/2020:14:04:47 +0800] "GET /dao2004/dao2004-53.pdf HTTP/1.1" 200 284879 "-" "Mozilla/5.0 (compatible; DotBot/1.1; http://www.opensiteexplorer.org/dotbot, help@moz.com)"
66.249.66.218 - - [18/Jan/2020:14:05:15 +0800] "GET /1996/FOR_DAO_1996-24.pdf HTTP/1.1" 200 55397 "-" "Mozilla/5.0 (compatible; Googlebot/2.1; +http://www.google.com/bot.html)"
