120.29.77.107 - - [20/Jan/2020:22:06:33 +0800] "GET /pol-2000/pol00v1/fordao00.pdf HTTP/1.1" 200 392267 "https://www.google.com.ph/" "Mozilla/5.0 (iPhone; CPU iPhone OS 13_3 like Mac OS X) AppleWebKit/605.1.15 (KHTML, like Gecko) Version/13.0.4 Mobile/15E148 Safari/604.1"
120.29.77.107 - - [20/Jan/2020:22:06:40 +0800] "GET /favicon.ico HTTP/1.1" 404 209 "http://policy.denr.gov.ph/pol-2000/pol00v1/fordao00.pdf" "Mozilla/5.0 (iPhone; CPU iPhone OS 13_3 like Mac OS X) AppleWebKit/605.1.15 (KHTML, like Gecko) Version/13.0.4 Mobile/15E148 Safari/604.1"
66.249.79.41 - - [20/Jan/2020:22:07:26 +0800] "GET /favicon.ico HTTP/1.1" 404 209 "-" "Googlebot-Image/1.0"
110.54.214.36 - - [20/Jan/2020:22:20:22 +0800] "GET /1990/DENR_DAO_1990-87.pdf HTTP/1.1" 200 55064 "https://denr.gov.ph/" "Mozilla/5.0 (Linux; Android 6.0; Thrill Plus 16GB) AppleWebKit/537.36 (KHTML, like Gecko) Chrome/75.0.3770.101 Mobile Safari/537.36"
66.249.82.185 - - [20/Jan/2020:22:22:37 +0800] "GET /1995/Rep_Act-1995-8041.pdf HTTP/1.1" 200 228822 "http://www.google.com/" "Mozilla/5.0 (Linux; Android 9; CPH1989) AppleWebKit/537.36 (KHTML, like Gecko) Chrome/79.0.3945.116 Mobile Safari/537.36"
152.32.99.138 - - [20/Jan/2020:22:35:32 +0800] "GET /2000/ENV_DAO_2000-05.pdf HTTP/1.1" 200 89266 "https://www.google.com/" "Mozilla/5.0 (Windows NT 6.1; Win64; x64) AppleWebKit/537.36 (KHTML, like Gecko) Chrome/79.0.3945.117 Safari/537.36"
152.32.99.138 - - [20/Jan/2020:22:35:33 +0800] "GET /favicon.ico HTTP/1.1" 404 209 "http://policy.denr.gov.ph/2000/ENV_DAO_2000-05.pdf" "Mozilla/5.0 (Windows NT 6.1; Win64; x64) AppleWebKit/537.36 (KHTML, like Gecko) Chrome/79.0.3945.117 Safari/537.36"
216.244.66.245 - - [20/Jan/2020:22:51:04 +0800] "GET /pol-1996/dao29.pdf HTTP/1.1" 404 216 "-" "Mozilla/5.0 (compatible; DotBot/1.1; http://www.opensiteexplorer.org/dotbot, help@moz.com)"
216.244.66.245 - - [20/Jan/2020:22:51:17 +0800] "GET /1989/DAO1989-58.pdf HTTP/1.1" 200 52241 "-" "Mozilla/5.0 (compatible; DotBot/1.1; http://www.opensiteexplorer.org/dotbot, help@moz.com)"
216.244.66.245 - - [20/Jan/2020:22:51:21 +0800] "GET /1990/FOR_DMC_1990-23.pdf HTTP/1.1" 200 48897 "-" "Mozilla/5.0 (compatible; DotBot/1.1; http://www.opensiteexplorer.org/dotbot, help@moz.com)"
216.244.66.245 - - [20/Jan/2020:22:51:25 +0800] "GET /1994/DAO_94-02.pdf HTTP/1.1" 200 24773 "-" "Mozilla/5.0 (compatible; DotBot/1.1; http://www.opensiteexplorer.org/dotbot, help@moz.com)"
216.244.66.245 - - [20/Jan/2020:22:51:28 +0800] "GET /pol-1996/dao24.pdf HTTP/1.1" 404 216 "-" "Mozilla/5.0 (compatible; DotBot/1.1; http://www.opensiteexplorer.org/dotbot, help@moz.com)"
66.249.79.44 - - [20/Jan/2020:22:51:51 +0800] "GET /1989/DAO1989-57.pdf HTTP/1.1" 200 2029526 "-" "Mozilla/5.0 (Linux; Android 6.0.1; Nexus 5X Build/MMB29P) AppleWebKit/537.36 (KHTML, like Gecko) Chrome/41.0.2272.96 Mobile Safari/537.36 (compatible; Googlebot/2.1; +http://www.google.com/bot.html)"
216.244.66.245 - - [20/Jan/2020:22:52:23 +0800] "GET /1993/DENR_MC1993-35.pdf HTTP/1.1" 200 97886 "-" "Mozilla/5.0 (compatible; DotBot/1.1; http://www.opensiteexplorer.org/dotbot, help@moz.com)"
216.244.66.245 - - [20/Jan/2020:22:54:43 +0800] "GET /1995/FOR_DAO1995-17.pdf HTTP/1.1" 200 9572830 "-" "Mozilla/5.0 (compatible; DotBot/1.1; http://www.opensiteexplorer.org/dotbot, help@moz.com)"
216.244.66.245 - - [20/Jan/2020:22:57:04 +0800] "GET /1996/DENR_DAO_1996-11.pdf HTTP/1.1" 200 16058 "-" "Mozilla/5.0 (compatible; DotBot/1.1; http://www.opensiteexplorer.org/dotbot, help@moz.com)"
216.244.66.245 - - [20/Jan/2020:22:57:22 +0800] "GET /1992/DENR_DAO_92-14.pdf HTTP/1.1" 200 55297 "-" "Mozilla/5.0 (compatible; DotBot/1.1; http://www.opensiteexplorer.org/dotbot, help@moz.com)"
216.244.66.245 - - [20/Jan/2020:22:57:26 +0800] "GET /2003/memo_order2003/DMO2003-07.pdf HTTP/1.1" 200 76918 "-" "Mozilla/5.0 (compatible; DotBot/1.1; http://www.opensiteexplorer.org/dotbot, help@moz.com)"
89.35.39.60 - - [20/Jan/2020:23:03:06 +0800] "GET /wp-login.php HTTP/1.1" 404 210 "-" "Mozilla/5.0 (compatible; MSIE 9.0; Windows NT 6.1; Trident/5.0)"
89.35.39.60 - - [20/Jan/2020:23:03:06 +0800] "GET /2001/wp-login.php HTTP/1.1" 404 215 "-" "Mozilla/5.0 (compatible; MSIE 9.0; Windows NT 6.1; Trident/5.0)"
66.249.79.36 - - [20/Jan/2020:23:07:01 +0800] "GET /2000/PP_2000_274.pdf HTTP/1.1" 200 18139 "-" "Mozilla/5.0 (Linux; Android 6.0.1; Nexus 5X Build/MMB29P) AppleWebKit/537.36 (KHTML, like Gecko) Chrome/41.0.2272.96 Mobile Safari/537.36 (compatible; Googlebot/2.1; +http://www.google.com/bot.html)"
216.244.66.245 - - [20/Jan/2020:23:07:18 +0800] "GET /2004/DMO/DMO-2004-06.pdf HTTP/1.1" 404 222 "-" "Mozilla/5.0 (compatible; DotBot/1.1; http://www.opensiteexplorer.org/dotbot, help@moz.com)"
110.54.193.91 - - [20/Jan/2020:23:19:48 +0800] "GET / HTTP/1.1" 200 10373 "-" "Mozilla/5.0 (Macintosh; Intel Mac OS X 10_15) AppleWebKit/605.1.15 (KHTML, like Gecko) Version/13.0.4 Safari/605.1.15"
110.54.193.91 - - [20/Jan/2020:23:19:49 +0800] "GET /icons/folder.gif HTTP/1.1" 200 225 "http://policy.denr.gov.ph/" "Mozilla/5.0 (Macintosh; Intel Mac OS X 10_15) AppleWebKit/605.1.15 (KHTML, like Gecko) Version/13.0.4 Safari/605.1.15"
110.54.193.91 - - [20/Jan/2020:23:19:49 +0800] "GET /icons/blank.gif HTTP/1.1" 200 148 "http://policy.denr.gov.ph/" "Mozilla/5.0 (Macintosh; Intel Mac OS X 10_15) AppleWebKit/605.1.15 (KHTML, like Gecko) Version/13.0.4 Safari/605.1.15"
110.54.193.91 - - [20/Jan/2020:23:19:49 +0800] "GET /favicon.ico HTTP/1.1" 404 209 "http://policy.denr.gov.ph/" "Mozilla/5.0 (Macintosh; Intel Mac OS X 10_15) AppleWebKit/605.1.15 (KHTML, like Gecko) Version/13.0.4 Safari/605.1.15"
110.54.193.91 - - [20/Jan/2020:23:20:05 +0800] "GET / HTTP/1.1" 200 10373 "-" "Mozilla/5.0 (Macintosh; Intel Mac OS X 10_15) AppleWebKit/605.1.15 (KHTML, like Gecko) Version/13.0.4 Safari/605.1.15"
110.54.193.91 - - [20/Jan/2020:23:22:01 +0800] "GET / HTTP/1.1" 200 10373 "-" "Mozilla/5.0 (Macintosh; Intel Mac OS X 10_15) AppleWebKit/605.1.15 (KHTML, like Gecko) Version/13.0.4 Safari/605.1.15"
120.28.246.18 - - [20/Jan/2020:23:23:42 +0800] "GET /favicon.ico HTTP/1.1" 404 209 "http://policy.denr.gov.ph/1992/DENR_DAO_92-26.pdf" "Mozilla/5.0 (Windows NT 10.0; Win64; x64) AppleWebKit/537.36 (KHTML, like Gecko) Chrome/79.0.3945.117 Safari/537.36"
120.28.246.18 - - [20/Jan/2020:23:23:41 +0800] "GET /1992/DENR_DAO_92-26.pdf HTTP/1.1" 200 322915 "https://www.google.com/" "Mozilla/5.0 (Windows NT 10.0; Win64; x64) AppleWebKit/537.36 (KHTML, like Gecko) Chrome/79.0.3945.117 Safari/537.36"
66.249.79.36 - - [20/Jan/2020:23:24:46 +0800] "GET /2005/special_order/so-2005-367.pdf HTTP/1.1" 200 104377 "-" "Mozilla/5.0 (Linux; Android 6.0.1; Nexus 5X Build/MMB29P) AppleWebKit/537.36 (KHTML, like Gecko) Chrome/41.0.2272.96 Mobile Safari/537.36 (compatible; Googlebot/2.1; +http://www.google.com/bot.html)"
66.249.79.41 - - [20/Jan/2020:23:27:19 +0800] "GET /1993/Land_dao93-35.pdf HTTP/1.1" 200 85323 "-" "Mozilla/5.0 (Linux; Android 6.0.1; Nexus 5X Build/MMB29P) AppleWebKit/537.36 (KHTML, like Gecko) Chrome/41.0.2272.96 Mobile Safari/537.36 (compatible; Googlebot/2.1; +http://www.google.com/bot.html)"
216.244.66.245 - - [20/Jan/2020:23:34:03 +0800] "GET /1996/DENR_DAO_1996-12.pdf HTTP/1.1" 200 24577 "-" "Mozilla/5.0 (compatible; DotBot/1.1; http://www.opensiteexplorer.org/dotbot, help@moz.com)"
216.244.66.245 - - [20/Jan/2020:23:34:04 +0800] "GET /1996/FOR_DAO_1996-39.pdf HTTP/1.1" 200 39264 "-" "Mozilla/5.0 (compatible; DotBot/1.1; http://www.opensiteexplorer.org/dotbot, help@moz.com)"
216.244.66.245 - - [20/Jan/2020:23:34:06 +0800] "GET /1997/FOR_DAO-97-32.pdf HTTP/1.1" 200 85020 "-" "Mozilla/5.0 (compatible; DotBot/1.1; http://www.opensiteexplorer.org/dotbot, help@moz.com)"
216.244.66.245 - - [20/Jan/2020:23:34:00 +0800] "GET /1990/FOR_DMC_1990-15.pdf HTTP/1.1" 200 175898 "-" "Mozilla/5.0 (compatible; DotBot/1.1; http://www.opensiteexplorer.org/dotbot, help@moz.com)"
216.244.66.245 - - [20/Jan/2020:23:36:27 +0800] "GET /1998/admin98-54.pdf HTTP/1.1" 200 14350 "-" "Mozilla/5.0 (compatible; DotBot/1.1; http://www.opensiteexplorer.org/dotbot, help@moz.com)"
216.244.66.245 - - [20/Jan/2020:23:36:31 +0800] "GET /1999/minesdao99-57.pdf HTTP/1.1" 200 60614 "-" "Mozilla/5.0 (compatible; DotBot/1.1; http://www.opensiteexplorer.org/dotbot, help@moz.com)"
216.244.66.245 - - [20/Jan/2020:23:36:38 +0800] "GET /2000/DENR_DAO_2000-100.pdf HTTP/1.1" 200 21559 "-" "Mozilla/5.0 (compatible; DotBot/1.1; http://www.opensiteexplorer.org/dotbot, help@moz.com)"
216.244.66.245 - - [20/Jan/2020:23:36:40 +0800] "GET /2000/DENR_DAO_2000-69.pdf HTTP/1.1" 200 31162 "-" "Mozilla/5.0 (compatible; DotBot/1.1; http://www.opensiteexplorer.org/dotbot, help@moz.com)"
216.244.66.245 - - [20/Jan/2020:23:36:42 +0800] "GET /2000/MIN_DAO_2000_98.pdf HTTP/1.1" 200 421322 "-" "Mozilla/5.0 (compatible; DotBot/1.1; http://www.opensiteexplorer.org/dotbot, help@moz.com)"
216.244.66.245 - - [20/Jan/2020:23:36:43 +0800] "GET /2003/dao2003-24.pdf HTTP/1.1" 200 2996975 "-" "Mozilla/5.0 (compatible; DotBot/1.1; http://www.opensiteexplorer.org/dotbot, help@moz.com)"
216.244.66.245 - - [20/Jan/2020:23:39:04 +0800] "GET /1988/FOR_DAO_1988-32.pdf HTTP/1.1" 200 19237 "-" "Mozilla/5.0 (compatible; DotBot/1.1; http://www.opensiteexplorer.org/dotbot, help@moz.com)"
216.244.66.245 - - [20/Jan/2020:23:41:24 +0800] "GET /1990/PWB_DAO_1990-46.pdf HTTP/1.1" 200 91782 "-" "Mozilla/5.0 (compatible; DotBot/1.1; http://www.opensiteexplorer.org/dotbot, help@moz.com)"
216.244.66.245 - - [20/Jan/2020:23:41:27 +0800] "GET /1991/fordao91-25.pdf HTTP/1.1" 200 61899 "-" "Mozilla/5.0 (compatible; DotBot/1.1; http://www.opensiteexplorer.org/dotbot, help@moz.com)"
216.244.66.245 - - [20/Jan/2020:23:41:28 +0800] "GET /1994/ENVMC_94-29.pdf HTTP/1.1" 200 42445 "-" "Mozilla/5.0 (compatible; DotBot/1.1; http://www.opensiteexplorer.org/dotbot, help@moz.com)"
216.244.66.245 - - [20/Jan/2020:23:41:29 +0800] "GET /1997/FOR_DMO-97-05.pdf HTTP/1.1" 200 18779 "-" "Mozilla/5.0 (compatible; DotBot/1.1; http://www.opensiteexplorer.org/dotbot, help@moz.com)"
216.244.66.245 - - [20/Jan/2020:23:41:30 +0800] "GET /2000/DAO_FMB_2000-30.pdf HTTP/1.1" 200 15547 "-" "Mozilla/5.0 (compatible; DotBot/1.1; http://www.opensiteexplorer.org/dotbot, help@moz.com)"
216.244.66.245 - - [20/Jan/2020:23:41:31 +0800] "GET /2000/DENR_MC_2000-08.pdf HTTP/1.1" 200 16315 "-" "Mozilla/5.0 (compatible; DotBot/1.1; http://www.opensiteexplorer.org/dotbot, help@moz.com)"
216.244.66.245 - - [20/Jan/2020:23:41:33 +0800] "GET /2003/dao2003-44.pdf HTTP/1.1" 200 221003 "-" "Mozilla/5.0 (compatible; DotBot/1.1; http://www.opensiteexplorer.org/dotbot, help@moz.com)"
66.249.79.36 - - [20/Jan/2020:23:42:31 +0800] "GET /2000/DAO_FMB_2000-78.pdf HTTP/1.1" 200 41107 "-" "Mozilla/5.0 (compatible; Googlebot/2.1; +http://www.google.com/bot.html)"
216.244.66.245 - - [20/Jan/2020:23:42:24 +0800] "GET /dao2004/dao2004-49.pdf HTTP/1.1" 200 261096 "-" "Mozilla/5.0 (compatible; DotBot/1.1; http://www.opensiteexplorer.org/dotbot, help@moz.com)"
66.102.6.189 - - [20/Jan/2020:23:44:58 +0800] "GET / HTTP/1.1" 200 10373 "-" "Mozilla/5.0 (X11; Linux x86_64) AppleWebKit/537.36 (KHTML, like Gecko) Chrome/49.0.2623.75 Safari/537.36 Google Favicon"
66.102.6.185 - - [20/Jan/2020:23:44:59 +0800] "GET /favicon.ico HTTP/1.1" 404 209 "-" "Mozilla/5.0 (X11; Linux x86_64) AppleWebKit/537.36 (KHTML, like Gecko) Chrome/49.0.2623.75 Safari/537.36 Google Favicon"
216.244.66.245 - - [20/Jan/2020:23:44:46 +0800] "GET /pol-1987/formo87.pdf HTTP/1.1" 200 845718 "-" "Mozilla/5.0 (compatible; DotBot/1.1; http://www.opensiteexplorer.org/dotbot, help@moz.com)"
216.244.66.245 - - [20/Jan/2020:23:47:14 +0800] "GET /1988/DENR_DMO_1988-08.pdf HTTP/1.1" 200 16602 "-" "Mozilla/5.0 (compatible; DotBot/1.1; http://www.opensiteexplorer.org/dotbot, help@moz.com)"
216.244.66.245 - - [20/Jan/2020:23:47:15 +0800] "GET /1989/DAO1989-95.pdf HTTP/1.1" 200 75933 "-" "Mozilla/5.0 (compatible; DotBot/1.1; http://www.opensiteexplorer.org/dotbot, help@moz.com)"
216.244.66.245 - - [20/Jan/2020:23:47:15 +0800] "GET /1994/ForMC_1994-21.pdf HTTP/1.1" 200 51711 "-" "Mozilla/5.0 (compatible; DotBot/1.1; http://www.opensiteexplorer.org/dotbot, help@moz.com)"
216.244.66.245 - - [20/Jan/2020:23:47:17 +0800] "GET /1995/DENR_MC-No8.pdf HTTP/1.1" 200 22830 "-" "Mozilla/5.0 (compatible; DotBot/1.1; http://www.opensiteexplorer.org/dotbot, help@moz.com)"
216.244.66.245 - - [20/Jan/2020:23:47:18 +0800] "GET /1996/DENR_MC_1996-01.pdf HTTP/1.1" 200 20515 "-" "Mozilla/5.0 (compatible; DotBot/1.1; http://www.opensiteexplorer.org/dotbot, help@moz.com)"
216.244.66.245 - - [20/Jan/2020:23:47:19 +0800] "GET /pol-1997/dao33.pdf HTTP/1.1" 404 216 "-" "Mozilla/5.0 (compatible; DotBot/1.1; http://www.opensiteexplorer.org/dotbot, help@moz.com)"
89.35.39.180 - - [20/Jan/2020:23:49:58 +0800] "GET /wp-login.php HTTP/1.1" 404 210 "-" "Mozilla/5.0 (compatible; MSIE 9.0; Windows NT 6.1; Trident/5.0)"
89.35.39.180 - - [20/Jan/2020:23:49:58 +0800] "GET /2001/wp-login.php HTTP/1.1" 404 215 "-" "Mozilla/5.0 (compatible; MSIE 9.0; Windows NT 6.1; Trident/5.0)"
216.244.66.245 - - [20/Jan/2020:23:50:32 +0800] "GET /2003/memorandum_circular/memo_circular2003-18.pdf HTTP/1.1" 200 86628 "-" "Mozilla/5.0 (compatible; DotBot/1.1; http://www.opensiteexplorer.org/dotbot, help@moz.com)"
175.176.3.166 - - [20/Jan/2020:23:53:40 +0800] "GET /2001/DENR_MO_2001-11.pdf HTTP/1.1" 200 29820 "https://www.google.com/" "Mozilla/5.0 (Linux; Android 8.1.0; CPH1909) AppleWebKit/537.36 (KHTML, like Gecko) Chrome/77.0.3865.92 Mobile Safari/537.36"
216.244.66.245 - - [20/Jan/2020:23:54:24 +0800] "GET /2005/dmc/DMC-2005-07.pdf HTTP/1.1" 404 222 "-" "Mozilla/5.0 (compatible; DotBot/1.1; http://www.opensiteexplorer.org/dotbot, help@moz.com)"
66.102.6.187 - - [20/Jan/2020:23:57:12 +0800] "GET /1990/ENV_DAO_1990-35.pdf HTTP/1.1" 200 476801 "-" "Mozilla/5.0 (X11; Linux x86_64) AppleWebKit/537.36 (KHTML, like Gecko) Chrome/49.0.2623.75 Safari/537.36 Google Favicon"
66.102.6.189 - - [20/Jan/2020:23:57:14 +0800] "GET /favicon.ico HTTP/1.1" 404 209 "-" "Mozilla/5.0 (X11; Linux x86_64) AppleWebKit/537.36 (KHTML, like Gecko) Chrome/49.0.2623.75 Safari/537.36 Google Favicon"
66.249.79.44 - - [20/Jan/2020:23:57:44 +0800] "GET /2005/special_order/so-2005-01.pdf HTTP/1.1" 200 63706 "-" "Mozilla/5.0 (Linux; Android 6.0.1; Nexus 5X Build/MMB29P) AppleWebKit/537.36 (KHTML, like Gecko) Chrome/41.0.2272.96 Mobile Safari/537.36 (compatible; Googlebot/2.1; +http://www.google.com/bot.html)"
66.249.79.36 - - [21/Jan/2020:00:00:16 +0800] "GET /1995/DENR_MC-No3.pdf HTTP/1.1" 200 23117 "-" "Mozilla/5.0 (Linux; Android 6.0.1; Nexus 5X Build/MMB29P) AppleWebKit/537.36 (KHTML, like Gecko) Chrome/41.0.2272.96 Mobile Safari/537.36 (compatible; Googlebot/2.1; +http://www.google.com/bot.html)"
66.249.79.36 - - [21/Jan/2020:00:02:48 +0800] "GET /2005/proclamation/proc-2005-900.pdf HTTP/1.1" 200 66353 "-" "Mozilla/5.0 (Linux; Android 6.0.1; Nexus 5X Build/MMB29P) AppleWebKit/537.36 (KHTML, like Gecko) Chrome/41.0.2272.96 Mobile Safari/537.36 (compatible; Googlebot/2.1; +http://www.google.com/bot.html)"
216.244.66.245 - - [21/Jan/2020:00:16:42 +0800] "GET /1991/fordao91-24.pdf HTTP/1.1" 200 63326 "-" "Mozilla/5.0 (compatible; DotBot/1.1; http://www.opensiteexplorer.org/dotbot, help@moz.com)"
216.244.66.245 - - [21/Jan/2020:00:16:46 +0800] "GET /1999/dao99-14.pdf HTTP/1.1" 200 29657 "-" "Mozilla/5.0 (compatible; DotBot/1.1; http://www.opensiteexplorer.org/dotbot, help@moz.com)"
216.244.66.245 - - [21/Jan/2020:00:16:48 +0800] "GET /2000/DAO_FMB_2000-42.pdf HTTP/1.1" 200 17471 "-" "Mozilla/5.0 (compatible; DotBot/1.1; http://www.opensiteexplorer.org/dotbot, help@moz.com)"
216.244.66.245 - - [21/Jan/2020:00:16:49 +0800] "GET /2003/dao2003-18.pdf HTTP/1.1" 200 65424 "-" "Mozilla/5.0 (compatible; DotBot/1.1; http://www.opensiteexplorer.org/dotbot, help@moz.com)"
216.244.66.245 - - [21/Jan/2020:00:19:08 +0800] "GET /1987/PAWB_DAO_87_21.pdf HTTP/1.1" 200 33323 "-" "Mozilla/5.0 (compatible; DotBot/1.1; http://www.opensiteexplorer.org/dotbot, help@moz.com)"
216.244.66.245 - - [21/Jan/2020:00:19:59 +0800] "GET /1991/formo91-8.pdf HTTP/1.1" 200 225538 "-" "Mozilla/5.0 (compatible; DotBot/1.1; http://www.opensiteexplorer.org/dotbot, help@moz.com)"
66.249.79.44 - - [21/Jan/2020:00:20:33 +0800] "GET /pol-1998/srvymnl.pdf HTTP/1.1" 404 218 "-" "Mozilla/5.0 (compatible; Googlebot/2.1; +http://www.google.com/bot.html)"
216.244.66.245 - - [21/Jan/2020:00:22:19 +0800] "GET /1992/FOR_DAO_1992_56.pdf HTTP/1.1" 200 57876 "-" "Mozilla/5.0 (compatible; DotBot/1.1; http://www.opensiteexplorer.org/dotbot, help@moz.com)"
216.244.66.245 - - [21/Jan/2020:00:22:58 +0800] "GET /1993/DAO1993-31.pdf HTTP/1.1" 200 26831 "-" "Mozilla/5.0 (compatible; DotBot/1.1; http://www.opensiteexplorer.org/dotbot, help@moz.com)"
216.244.66.245 - - [21/Jan/2020:00:23:40 +0800] "GET /1998/dao98-43.pdf HTTP/1.1" 200 18279 "-" "Mozilla/5.0 (compatible; DotBot/1.1; http://www.opensiteexplorer.org/dotbot, help@moz.com)"
216.244.66.245 - - [21/Jan/2020:00:23:42 +0800] "GET /1995/PAW_DAO1995-28.pdf HTTP/1.1" 200 39342 "-" "Mozilla/5.0 (compatible; DotBot/1.1; http://www.opensiteexplorer.org/dotbot, help@moz.com)"
216.244.66.245 - - [21/Jan/2020:00:23:42 +0800] "GET /1997/ENV_DAO-97-28.pdf HTTP/1.1" 200 15157 "-" "Mozilla/5.0 (compatible; DotBot/1.1; http://www.opensiteexplorer.org/dotbot, help@moz.com)"
216.244.66.245 - - [21/Jan/2020:00:23:43 +0800] "GET /pol-1996/dao34.pdf HTTP/1.1" 404 216 "-" "Mozilla/5.0 (compatible; DotBot/1.1; http://www.opensiteexplorer.org/dotbot, help@moz.com)"
216.244.66.245 - - [21/Jan/2020:00:23:45 +0800] "GET /pol-1997/dao15.pdf HTTP/1.1" 404 216 "-" "Mozilla/5.0 (compatible; DotBot/1.1; http://www.opensiteexplorer.org/dotbot, help@moz.com)"
216.244.66.245 - - [21/Jan/2020:00:23:47 +0800] "GET /1997/dao_admin1997-31pdf.pdf HTTP/1.1" 404 226 "-" "Mozilla/5.0 (compatible; DotBot/1.1; http://www.opensiteexplorer.org/dotbot, help@moz.com)"
49.149.103.103 - - [21/Jan/2020:00:23:52 +0800] "GET /1997/FOR_DAO-97-04.pdf HTTP/1.1" 200 80137 "-" "Dalvik/2.1.0 (Linux; U; Android 10; LYA-L29 Build/HUAWEILYA-L29)"
66.249.79.41 - - [21/Jan/2020:00:43:22 +0800] "GET /basicpol/ipcode/ HTTP/1.1" 200 916 "-" "Mozilla/5.0 (Linux; Android 6.0.1; Nexus 5X Build/MMB29P) AppleWebKit/537.36 (KHTML, like Gecko) Chrome/41.0.2272.96 Mobile Safari/537.36 (compatible; Googlebot/2.1; +http://www.google.com/bot.html)"
68.254.248.107 - - [21/Jan/2020:00:43:29 +0800] "GET /1998/dao98-45.pdf HTTP/1.1" 200 27051 "-" "Mozilla/5.0 (iPad; CPU OS 10_3_3 like Mac OS X) AppleWebKit/603.3.8 (KHTML, like Gecko) Version/10.0 Mobile/14G60 Safari/602.1"
68.254.248.107 - - [21/Jan/2020:00:43:29 +0800] "GET /apple-touch-icon-152x152-precomposed.png HTTP/1.1" 404 238 "-" "MobileSafari/602.1 CFNetwork/811.5.4 Darwin/16.7.0"
68.254.248.107 - - [21/Jan/2020:00:43:29 +0800] "GET /apple-touch-icon-152x152.png HTTP/1.1" 404 226 "-" "MobileSafari/602.1 CFNetwork/811.5.4 Darwin/16.7.0"
68.254.248.107 - - [21/Jan/2020:00:43:30 +0800] "GET /apple-touch-icon-precomposed.png HTTP/1.1" 404 230 "-" "MobileSafari/602.1 CFNetwork/811.5.4 Darwin/16.7.0"
68.254.248.107 - - [21/Jan/2020:00:43:30 +0800] "GET /apple-touch-icon.png HTTP/1.1" 404 218 "-" "MobileSafari/602.1 CFNetwork/811.5.4 Darwin/16.7.0"
68.254.248.107 - - [21/Jan/2020:00:43:30 +0800] "GET /favicon.ico HTTP/1.1" 404 209 "-" "MobileSafari/602.1 CFNetwork/811.5.4 Darwin/16.7.0"
68.254.248.107 - - [21/Jan/2020:00:43:30 +0800] "GET /apple-touch-icon-152x152-precomposed.png HTTP/1.1" 404 238 "-" "MobileSafari/602.1 CFNetwork/811.5.4 Darwin/16.7.0"
68.254.248.107 - - [21/Jan/2020:00:43:30 +0800] "GET /apple-touch-icon-152x152.png HTTP/1.1" 404 226 "-" "MobileSafari/602.1 CFNetwork/811.5.4 Darwin/16.7.0"
68.254.248.107 - - [21/Jan/2020:00:43:31 +0800] "GET /apple-touch-icon-precomposed.png HTTP/1.1" 404 230 "-" "MobileSafari/602.1 CFNetwork/811.5.4 Darwin/16.7.0"
68.254.248.107 - - [21/Jan/2020:00:43:31 +0800] "GET /apple-touch-icon.png HTTP/1.1" 404 218 "-" "MobileSafari/602.1 CFNetwork/811.5.4 Darwin/16.7.0"
68.254.248.107 - - [21/Jan/2020:00:43:31 +0800] "GET /favicon.ico HTTP/1.1" 404 209 "-" "MobileSafari/602.1 CFNetwork/811.5.4 Darwin/16.7.0"
178.197.227.171 - - [21/Jan/2020:00:45:25 +0800] "GET /1999/fordao99-34.pdf HTTP/1.1" 200 36493 "-" "Mozilla/5.0 (iPhone; CPU iPhone OS 12_1_4 like Mac OS X) AppleWebKit/605.1.15 (KHTML, like Gecko) Version/12.0 Mobile/15E148 Safari/604.1"
178.197.227.171 - - [21/Jan/2020:00:45:26 +0800] "GET /apple-touch-icon-120x120-precomposed.png HTTP/1.1" 404 238 "-" "MobileSafari/604.1 CFNetwork/976 Darwin/18.2.0"
178.197.227.171 - - [21/Jan/2020:00:45:26 +0800] "GET /apple-touch-icon-120x120.png HTTP/1.1" 404 226 "-" "MobileSafari/604.1 CFNetwork/976 Darwin/18.2.0"
178.197.227.171 - - [21/Jan/2020:00:45:26 +0800] "GET /apple-touch-icon-precomposed.png HTTP/1.1" 404 230 "-" "MobileSafari/604.1 CFNetwork/976 Darwin/18.2.0"
178.197.227.171 - - [21/Jan/2020:00:45:27 +0800] "GET /apple-touch-icon.png HTTP/1.1" 404 218 "-" "MobileSafari/604.1 CFNetwork/976 Darwin/18.2.0"
178.197.227.171 - - [21/Jan/2020:00:45:27 +0800] "GET /favicon.ico HTTP/1.1" 404 209 "-" "MobileSafari/604.1 CFNetwork/976 Darwin/18.2.0"
178.197.227.171 - - [21/Jan/2020:00:45:27 +0800] "GET /apple-touch-icon-120x120-precomposed.png HTTP/1.1" 404 238 "-" "MobileSafari/604.1 CFNetwork/976 Darwin/18.2.0"
178.197.227.171 - - [21/Jan/2020:00:45:27 +0800] "GET /apple-touch-icon-120x120.png HTTP/1.1" 404 226 "-" "MobileSafari/604.1 CFNetwork/976 Darwin/18.2.0"
178.197.227.171 - - [21/Jan/2020:00:45:28 +0800] "GET /apple-touch-icon-precomposed.png HTTP/1.1" 404 230 "-" "MobileSafari/604.1 CFNetwork/976 Darwin/18.2.0"
178.197.227.171 - - [21/Jan/2020:00:45:28 +0800] "GET /apple-touch-icon.png HTTP/1.1" 404 218 "-" "MobileSafari/604.1 CFNetwork/976 Darwin/18.2.0"
178.197.227.171 - - [21/Jan/2020:00:45:28 +0800] "GET /favicon.ico HTTP/1.1" 404 209 "-" "MobileSafari/604.1 CFNetwork/976 Darwin/18.2.0"
66.249.79.44 - - [21/Jan/2020:00:45:54 +0800] "GET /1998/dao98-33.pdf HTTP/1.1" 200 16089 "-" "Mozilla/5.0 (Linux; Android 6.0.1; Nexus 5X Build/MMB29P) AppleWebKit/537.36 (KHTML, like Gecko) Chrome/41.0.2272.96 Mobile Safari/537.36 (compatible; Googlebot/2.1; +http://www.google.com/bot.html)"
66.249.79.44 - - [21/Jan/2020:00:48:26 +0800] "GET /1994/ForDao_1994-16.pdf HTTP/1.1" 200 47222 "-" "Mozilla/5.0 (Linux; Android 6.0.1; Nexus 5X Build/MMB29P) AppleWebKit/537.36 (KHTML, like Gecko) Chrome/41.0.2272.96 Mobile Safari/537.36 (compatible; Googlebot/2.1; +http://www.google.com/bot.html)"
66.249.79.44 - - [21/Jan/2020:00:56:02 +0800] "GET /1988/DENR_DAO_1988-21.pdf HTTP/1.1" 200 28600 "-" "Mozilla/5.0 (compatible; Googlebot/2.1; +http://www.google.com/bot.html)"
112.203.87.47 - - [21/Jan/2020:00:57:13 +0800] "GET /1998/dao98-45.pdf HTTP/1.1" 200 27051 "https://www.google.com.ph/" "Mozilla/5.0 (iPhone; CPU iPhone OS 13_3 like Mac OS X) AppleWebKit/605.1.15 (KHTML, like Gecko) Version/13.0.4 Mobile/15E148 Safari/604.1"
112.203.87.47 - - [21/Jan/2020:00:57:13 +0800] "GET /favicon.ico HTTP/1.1" 404 209 "http://policy.denr.gov.ph/1998/dao98-45.pdf" "Mozilla/5.0 (iPhone; CPU iPhone OS 13_3 like Mac OS X) AppleWebKit/605.1.15 (KHTML, like Gecko) Version/13.0.4 Mobile/15E148 Safari/604.1"
216.244.66.245 - - [21/Jan/2020:00:58:05 +0800] "GET /1997/ADM_DAO-97-21.pdf HTTP/1.1" 200 28167 "-" "Mozilla/5.0 (compatible; DotBot/1.1; http://www.opensiteexplorer.org/dotbot, help@moz.com)"
216.244.66.245 - - [21/Jan/2020:00:58:17 +0800] "GET /2002/MC_2002-06.pdf HTTP/1.1" 200 21553 "-" "Mozilla/5.0 (compatible; DotBot/1.1; http://www.opensiteexplorer.org/dotbot, help@moz.com)"
216.244.66.245 - - [21/Jan/2020:00:58:20 +0800] "GET /2002/dao_2002-01.pdf HTTP/1.1" 200 60094 "-" "Mozilla/5.0 (compatible; DotBot/1.1; http://www.opensiteexplorer.org/dotbot, help@moz.com)"
216.244.66.245 - - [21/Jan/2020:00:58:21 +0800] "GET /dao2004/dao2004-04.pdf HTTP/1.1" 200 342239 "-" "Mozilla/5.0 (compatible; DotBot/1.1; http://www.opensiteexplorer.org/dotbot, help@moz.com)"
216.244.66.245 - - [21/Jan/2020:00:58:23 +0800] "GET /dao2004/dao2004-34.pdf HTTP/1.1" 200 284705 "-" "Mozilla/5.0 (compatible; DotBot/1.1; http://www.opensiteexplorer.org/dotbot, help@moz.com)"
216.244.66.245 - - [21/Jan/2020:01:00:43 +0800] "GET /1993/FOR_DAO-93-66.pdf HTTP/1.1" 200 32862 "-" "Mozilla/5.0 (compatible; DotBot/1.1; http://www.opensiteexplorer.org/dotbot, help@moz.com)"
216.244.66.245 - - [21/Jan/2020:01:03:03 +0800] "GET /1998/dao98-35.pdf HTTP/1.1" 200 16525 "-" "Mozilla/5.0 (compatible; DotBot/1.1; http://www.opensiteexplorer.org/dotbot, help@moz.com)"
216.244.66.245 - - [21/Jan/2020:01:03:13 +0800] "GET /1998/minesmo98-03.pdf HTTP/1.1" 200 42724 "-" "Mozilla/5.0 (compatible; DotBot/1.1; http://www.opensiteexplorer.org/dotbot, help@moz.com)"
216.244.66.245 - - [21/Jan/2020:01:03:15 +0800] "GET /2001/DAO_FOR_2001_22.pdf HTTP/1.1" 200 15119 "-" "Mozilla/5.0 (compatible; DotBot/1.1; http://www.opensiteexplorer.org/dotbot, help@moz.com)"
216.244.66.245 - - [21/Jan/2020:01:03:16 +0800] "GET /2002/dao_2002-21.pdf HTTP/1.1" 200 394850 "-" "Mozilla/5.0 (compatible; DotBot/1.1; http://www.opensiteexplorer.org/dotbot, help@moz.com)"
216.244.66.245 - - [21/Jan/2020:01:03:19 +0800] "GET /2005/dao/dao2005-15.pdf HTTP/1.1" 200 937380 "-" "Mozilla/5.0 (compatible; DotBot/1.1; http://www.opensiteexplorer.org/dotbot, help@moz.com)"
216.244.66.245 - - [21/Jan/2020:01:03:22 +0800] "GET /2005/dao/dao2005-24.pdf HTTP/1.1" 200 250090 "-" "Mozilla/5.0 (compatible; DotBot/1.1; http://www.opensiteexplorer.org/dotbot, help@moz.com)"
216.244.66.245 - - [21/Jan/2020:01:05:44 +0800] "GET /pol-1997/dao37.pdf HTTP/1.1" 404 216 "-" "Mozilla/5.0 (compatible; DotBot/1.1; http://www.opensiteexplorer.org/dotbot, help@moz.com)"
216.244.66.245 - - [21/Jan/2020:01:05:51 +0800] "GET /dao2004/dao2004-01.pdf HTTP/1.1" 200 89521 "-" "Mozilla/5.0 (compatible; DotBot/1.1; http://www.opensiteexplorer.org/dotbot, help@moz.com)"
66.249.79.41 - - [21/Jan/2020:01:08:45 +0800] "GET /1999/formo99-29.pdf HTTP/1.1" 200 25542 "-" "Mozilla/5.0 (Linux; Android 6.0.1; Nexus 5X Build/MMB29P) AppleWebKit/537.36 (KHTML, like Gecko) Chrome/41.0.2272.96 Mobile Safari/537.36 (compatible; Googlebot/2.1; +http://www.google.com/bot.html)"
66.249.79.36 - - [21/Jan/2020:01:11:15 +0800] "GET /1996/DENR_DAO_1996-32.pdf HTTP/1.1" 200 24212 "-" "Mozilla/5.0 (Linux; Android 6.0.1; Nexus 5X Build/MMB29P) AppleWebKit/537.36 (KHTML, like Gecko) Chrome/41.0.2272.96 Mobile Safari/537.36 (compatible; Googlebot/2.1; +http://www.google.com/bot.html)"
66.249.79.36 - - [21/Jan/2020:01:21:24 +0800] "GET /1998/envdao98-49.pdf HTTP/1.1" 200 25877 "-" "Mozilla/5.0 (compatible; Googlebot/2.1; +http://www.google.com/bot.html)"
110.54.224.165 - - [21/Jan/2020:01:25:24 +0800] "GET /basicpol/lancode/ca141.pdf HTTP/1.1" 200 84831 "https://www.google.com/" "Mozilla/5.0 (Linux; Android 9; vivo 1904) AppleWebKit/537.36 (KHTML, like Gecko) Chrome/74.0.3729.136 Mobile Safari/537.36"
66.249.79.36 - - [21/Jan/2020:01:31:32 +0800] "GET /1998/envdao98-49.pdf HTTP/1.1" 200 25877 "-" "Mozilla/5.0 (Linux; Android 6.0.1; Nexus 5X Build/MMB29P) AppleWebKit/537.36 (KHTML, like Gecko) Chrome/41.0.2272.96 Mobile Safari/537.36 (compatible; Googlebot/2.1; +http://www.google.com/bot.html)"
66.249.79.44 - - [21/Jan/2020:01:32:51 +0800] "GET /1993/DAO1993-63.pdf HTTP/1.1" 200 1104499 "-" "Mozilla/5.0 (compatible; Googlebot/2.1; +http://www.google.com/bot.html)"
66.249.79.36 - - [21/Jan/2020:01:32:52 +0800] "GET /1993/DAO1993-63.pdf HTTP/1.1" 200 1104499 "-" "Mozilla/5.0 (Linux; Android 6.0.1; Nexus 5X Build/MMB29P) AppleWebKit/537.36 (KHTML, like Gecko) Chrome/41.0.2272.96 Mobile Safari/537.36 (compatible; Googlebot/2.1; +http://www.google.com/bot.html)"
66.249.79.41 - - [21/Jan/2020:01:34:04 +0800] "GET /1994/ForDao_1994-18.pdf HTTP/1.1" 200 78593 "-" "Mozilla/5.0 (compatible; Googlebot/2.1; +http://www.google.com/bot.html)"
66.249.79.41 - - [21/Jan/2020:01:36:36 +0800] "GET /1994/ForDao_1994-18.pdf HTTP/1.1" 200 78593 "-" "Mozilla/5.0 (Linux; Android 6.0.1; Nexus 5X Build/MMB29P) AppleWebKit/537.36 (KHTML, like Gecko) Chrome/41.0.2272.96 Mobile Safari/537.36 (compatible; Googlebot/2.1; +http://www.google.com/bot.html)"
66.249.79.36 - - [21/Jan/2020:01:39:08 +0800] "GET /1997/ADM_DAO-97-26.pdf HTTP/1.1" 200 13666 "-" "Mozilla/5.0 (Linux; Android 6.0.1; Nexus 5X Build/MMB29P) AppleWebKit/537.36 (KHTML, like Gecko) Chrome/41.0.2272.96 Mobile Safari/537.36 (compatible; Googlebot/2.1; +http://www.google.com/bot.html)"
216.244.66.245 - - [21/Jan/2020:01:40:44 +0800] "GET /1992/FOR_DAO_1992_40.pdf HTTP/1.1" 200 8377 "-" "Mozilla/5.0 (compatible; DotBot/1.1; http://www.opensiteexplorer.org/dotbot, help@moz.com)"
216.244.66.245 - - [21/Jan/2020:01:41:34 +0800] "GET /1987/FOR_DAO_87_02.pdf HTTP/1.1" 200 25015 "-" "Mozilla/5.0 (compatible; DotBot/1.1; http://www.opensiteexplorer.org/dotbot, help@moz.com)"
66.249.79.36 - - [21/Jan/2020:01:41:40 +0800] "GET /1993/FOR_DAO-93-66.pdf HTTP/1.1" 200 32862 "-" "Mozilla/5.0 (Linux; Android 6.0.1; Nexus 5X Build/MMB29P) AppleWebKit/537.36 (KHTML, like Gecko) Chrome/41.0.2272.96 Mobile Safari/537.36 (compatible; Googlebot/2.1; +http://www.google.com/bot.html)"
216.244.66.245 - - [21/Jan/2020:01:41:43 +0800] "GET /1989/DAO1989-124.pdf HTTP/1.1" 200 93592 "-" "Mozilla/5.0 (compatible; DotBot/1.1; http://www.opensiteexplorer.org/dotbot, help@moz.com)"
216.244.66.245 - - [21/Jan/2020:01:41:48 +0800] "GET /1996/DENR_DAO_1996-07.pdf HTTP/1.1" 200 14556 "-" "Mozilla/5.0 (compatible; DotBot/1.1; http://www.opensiteexplorer.org/dotbot, help@moz.com)"
216.244.66.245 - - [21/Jan/2020:01:41:52 +0800] "GET /1996/PAW_DAO_1996-31.pdf HTTP/1.1" 200 19003 "-" "Mozilla/5.0 (compatible; DotBot/1.1; http://www.opensiteexplorer.org/dotbot, help@moz.com)"
216.244.66.245 - - [21/Jan/2020:01:41:55 +0800] "GET /1999/envmc99-10.pdf HTTP/1.1" 200 21618 "-" "Mozilla/5.0 (compatible; DotBot/1.1; http://www.opensiteexplorer.org/dotbot, help@moz.com)"
216.244.66.245 - - [21/Jan/2020:01:42:04 +0800] "GET /2000/DENR_MC_2000-20.pdf HTTP/1.1" 200 20381 "-" "Mozilla/5.0 (compatible; DotBot/1.1; http://www.opensiteexplorer.org/dotbot, help@moz.com)"
216.244.66.245 - - [21/Jan/2020:01:42:13 +0800] "GET /2003/dao2003-03.pdf HTTP/1.1" 200 34513 "-" "Mozilla/5.0 (compatible; DotBot/1.1; http://www.opensiteexplorer.org/dotbot, help@moz.com)"
216.244.66.245 - - [21/Jan/2020:01:42:26 +0800] "GET /1988/DENR_DMC_1988-05.pdf HTTP/1.1" 200 15757 "-" "Mozilla/5.0 (compatible; DotBot/1.1; http://www.opensiteexplorer.org/dotbot, help@moz.com)"
216.244.66.245 - - [21/Jan/2020:01:42:31 +0800] "GET /1988/FOR_DAO_1988-40.pdf HTTP/1.1" 200 11111 "-" "Mozilla/5.0 (compatible; DotBot/1.1; http://www.opensiteexplorer.org/dotbot, help@moz.com)"
216.244.66.245 - - [21/Jan/2020:01:42:32 +0800] "GET /1988/FOR_DAO_1988-95.pdf HTTP/1.1" 200 10751 "-" "Mozilla/5.0 (compatible; DotBot/1.1; http://www.opensiteexplorer.org/dotbot, help@moz.com)"
216.244.66.245 - - [21/Jan/2020:01:42:34 +0800] "GET /1990/FOR_DMO_1990-11.pdf HTTP/1.1" 200 28241 "-" "Mozilla/5.0 (compatible; DotBot/1.1; http://www.opensiteexplorer.org/dotbot, help@moz.com)"
216.244.66.245 - - [21/Jan/2020:01:42:33 +0800] "GET /1988/FOR_DMC_1988-11.pdf HTTP/1.1" 200 113449 "-" "Mozilla/5.0 (compatible; DotBot/1.1; http://www.opensiteexplorer.org/dotbot, help@moz.com)"
216.244.66.245 - - [21/Jan/2020:01:42:21 +0800] "GET /2005/dao/joint_dao2005-02.pdf HTTP/1.1" 200 596271 "-" "Mozilla/5.0 (compatible; DotBot/1.1; http://www.opensiteexplorer.org/dotbot, help@moz.com)"
216.244.66.245 - - [21/Jan/2020:01:42:37 +0800] "GET /1993/FOR_DAO-93-23.pdf HTTP/1.1" 200 494367 "-" "Mozilla/5.0 (compatible; DotBot/1.1; http://www.opensiteexplorer.org/dotbot, help@moz.com)"
66.249.79.36 - - [21/Jan/2020:01:44:24 +0800] "GET /pol-1992/formc92.pdf HTTP/1.1" 200 1734382 "-" "Mozilla/5.0 (Linux; Android 6.0.1; Nexus 5X Build/MMB29P) AppleWebKit/537.36 (KHTML, like Gecko) Chrome/41.0.2272.96 Mobile Safari/537.36 (compatible; Googlebot/2.1; +http://www.google.com/bot.html)"
216.244.66.245 - - [21/Jan/2020:01:44:57 +0800] "GET /1995/FOR_MC1995-05.pdf HTTP/1.1" 200 12648 "-" "Mozilla/5.0 (compatible; DotBot/1.1; http://www.opensiteexplorer.org/dotbot, help@moz.com)"
216.244.66.245 - - [21/Jan/2020:01:44:58 +0800] "GET /1998/denrmc98-09.pdf HTTP/1.1" 200 23386 "-" "Mozilla/5.0 (compatible; DotBot/1.1; http://www.opensiteexplorer.org/dotbot, help@moz.com)"
216.244.66.245 - - [21/Jan/2020:01:44:59 +0800] "GET /pol-1997/dao10.pdf HTTP/1.1" 404 216 "-" "Mozilla/5.0 (compatible; DotBot/1.1; http://www.opensiteexplorer.org/dotbot, help@moz.com)"
216.244.66.245 - - [21/Jan/2020:01:45:04 +0800] "GET /2005/dmc/DMC-2005-08.pdf HTTP/1.1" 404 222 "-" "Mozilla/5.0 (compatible; DotBot/1.1; http://www.opensiteexplorer.org/dotbot, help@moz.com)"
66.249.79.41 - - [21/Jan/2020:01:48:50 +0800] "GET /1999/fordao99-46.pdf HTTP/1.1" 200 38096 "-" "Mozilla/5.0 (Linux; Android 6.0.1; Nexus 5X Build/MMB29P) AppleWebKit/537.36 (KHTML, like Gecko) Chrome/41.0.2272.96 Mobile Safari/537.36 (compatible; Googlebot/2.1; +http://www.google.com/bot.html)"
71.47.50.57 - - [21/Jan/2020:01:52:40 +0800] "GET /1999/fordao99-34.pdf HTTP/1.1" 200 36493 "https://www.google.com/" "Mozilla/5.0 (iPhone; CPU iPhone OS 12_4_4 like Mac OS X) AppleWebKit/605.1.15 (KHTML, like Gecko) Version/12.1.2 Mobile/15E148 Safari/604.1"
71.47.50.57 - - [21/Jan/2020:01:52:42 +0800] "GET /favicon.ico HTTP/1.1" 404 209 "http://policy.denr.gov.ph/1999/fordao99-34.pdf" "Mozilla/5.0 (iPhone; CPU iPhone OS 12_4_4 like Mac OS X) AppleWebKit/605.1.15 (KHTML, like Gecko) Version/12.1.2 Mobile/15E148 Safari/604.1"
66.249.79.41 - - [21/Jan/2020:01:59:25 +0800] "GET /2000/DAO_FMB_2000-21.pdf HTTP/1.1" 200 33721 "-" "Mozilla/5.0 (compatible; Googlebot/2.1; +http://www.google.com/bot.html)"
66.249.79.41 - - [21/Jan/2020:02:01:57 +0800] "GET /1996/ENV_DAO_1996-37.pdf HTTP/1.1" 200 100433 "-" "Mozilla/5.0 (compatible; Googlebot/2.1; +http://www.google.com/bot.html)"
66.249.79.41 - - [21/Jan/2020:02:07:24 +0800] "GET /1996/ENV_DAO_1996-37.pdf HTTP/1.1" 200 100433 "-" "Mozilla/5.0 (Linux; Android 6.0.1; Nexus 5X Build/MMB29P) AppleWebKit/537.36 (KHTML, like Gecko) Chrome/41.0.2272.96 Mobile Safari/537.36 (compatible; Googlebot/2.1; +http://www.google.com/bot.html)"
50.70.236.187 - - [21/Jan/2020:02:09:18 +0800] "GET /favicon.ico HTTP/1.1" 404 209 "http://policy.denr.gov.ph/pol-2000/pol00v1/fordao00.pdf" "Mozilla/5.0 (Windows NT 10.0; Win64; x64) AppleWebKit/537.36 (KHTML, like Gecko) Chrome/79.0.3945.117 Safari/537.36"
50.70.236.187 - - [21/Jan/2020:02:09:17 +0800] "GET /pol-2000/pol00v1/fordao00.pdf HTTP/1.1" 200 392267 "https://www.google.com/" "Mozilla/5.0 (Windows NT 10.0; Win64; x64) AppleWebKit/537.36 (KHTML, like Gecko) Chrome/79.0.3945.117 Safari/537.36"
66.249.79.36 - - [21/Jan/2020:02:14:38 +0800] "GET /2005/special_order/so-2005-251.pdf HTTP/1.1" 200 23688 "-" "Mozilla/5.0 (Linux; Android 6.0.1; Nexus 5X Build/MMB29P) AppleWebKit/537.36 (KHTML, like Gecko) Chrome/41.0.2272.96 Mobile Safari/537.36 (compatible; Googlebot/2.1; +http://www.google.com/bot.html)"
66.249.79.41 - - [21/Jan/2020:02:17:10 +0800] "GET /2003/dao2003-13.pdf HTTP/1.1" 200 20514 "-" "Mozilla/5.0 (Linux; Android 6.0.1; Nexus 5X Build/MMB29P) AppleWebKit/537.36 (KHTML, like Gecko) Chrome/41.0.2272.96 Mobile Safari/537.36 (compatible; Googlebot/2.1; +http://www.google.com/bot.html)"
66.249.79.36 - - [21/Jan/2020:02:22:14 +0800] "GET /1995/DENR_MC-No14.pdf HTTP/1.1" 200 33347 "-" "Mozilla/5.0 (Linux; Android 6.0.1; Nexus 5X Build/MMB29P) AppleWebKit/537.36 (KHTML, like Gecko) Chrome/41.0.2272.96 Mobile Safari/537.36 (compatible; Googlebot/2.1; +http://www.google.com/bot.html)"
66.249.79.36 - - [21/Jan/2020:02:29:55 +0800] "GET / HTTP/1.1" 200 10373 "-" "Mozilla/5.0 (compatible; Googlebot/2.1; +http://www.google.com/bot.html)"
66.249.79.36 - - [21/Jan/2020:02:29:55 +0800] "GET /robots.txt HTTP/1.1" 404 208 "-" "Mozilla/5.0 (compatible; Googlebot/2.1; +http://www.google.com/bot.html)"
66.249.79.41 - - [21/Jan/2020:02:32:22 +0800] "GET /1995/FOR_DAO1995-19.pdf HTTP/1.1" 200 59444 "-" "Mozilla/5.0 (compatible; Googlebot/2.1; +http://www.google.com/bot.html)"
178.197.227.171 - - [21/Jan/2020:02:37:33 +0800] "GET /1999/fordao99-34.pdf HTTP/1.1" 200 36493 "-" "Mozilla/5.0 (iPhone; CPU iPhone OS 12_1_4 like Mac OS X) AppleWebKit/605.1.15 (KHTML, like Gecko) Version/12.0 Mobile/15E148 Safari/604.1"
178.197.227.171 - - [21/Jan/2020:02:37:34 +0800] "GET /apple-touch-icon-120x120-precomposed.png HTTP/1.1" 404 238 "-" "MobileSafari/604.1 CFNetwork/976 Darwin/18.2.0"
178.197.227.171 - - [21/Jan/2020:02:37:34 +0800] "GET /apple-touch-icon-120x120.png HTTP/1.1" 404 226 "-" "MobileSafari/604.1 CFNetwork/976 Darwin/18.2.0"
178.197.227.171 - - [21/Jan/2020:02:37:34 +0800] "GET /apple-touch-icon-precomposed.png HTTP/1.1" 404 230 "-" "MobileSafari/604.1 CFNetwork/976 Darwin/18.2.0"
178.197.227.171 - - [21/Jan/2020:02:37:35 +0800] "GET /apple-touch-icon.png HTTP/1.1" 404 218 "-" "MobileSafari/604.1 CFNetwork/976 Darwin/18.2.0"
178.197.227.171 - - [21/Jan/2020:02:37:35 +0800] "GET /favicon.ico HTTP/1.1" 404 209 "-" "MobileSafari/604.1 CFNetwork/976 Darwin/18.2.0"
178.197.227.171 - - [21/Jan/2020:02:37:35 +0800] "GET /apple-touch-icon-120x120-precomposed.png HTTP/1.1" 404 238 "-" "MobileSafari/604.1 CFNetwork/976 Darwin/18.2.0"
178.197.227.171 - - [21/Jan/2020:02:37:36 +0800] "GET /apple-touch-icon-120x120.png HTTP/1.1" 404 226 "-" "MobileSafari/604.1 CFNetwork/976 Darwin/18.2.0"
178.197.227.171 - - [21/Jan/2020:02:37:36 +0800] "GET /apple-touch-icon-precomposed.png HTTP/1.1" 404 230 "-" "MobileSafari/604.1 CFNetwork/976 Darwin/18.2.0"
178.197.227.171 - - [21/Jan/2020:02:37:36 +0800] "GET /apple-touch-icon.png HTTP/1.1" 404 218 "-" "MobileSafari/604.1 CFNetwork/976 Darwin/18.2.0"
178.197.227.171 - - [21/Jan/2020:02:37:37 +0800] "GET /favicon.ico HTTP/1.1" 404 209 "-" "MobileSafari/604.1 CFNetwork/976 Darwin/18.2.0"
66.249.79.36 - - [21/Jan/2020:02:42:31 +0800] "GET /2005/special_order/so-2005-707.pdf HTTP/1.1" 200 24068 "-" "Mozilla/5.0 (Linux; Android 6.0.1; Nexus 5X Build/MMB29P) AppleWebKit/537.36 (KHTML, like Gecko) Chrome/41.0.2272.96 Mobile Safari/537.36 (compatible; Googlebot/2.1; +http://www.google.com/bot.html)"
66.249.79.41 - - [21/Jan/2020:02:45:03 +0800] "GET /pol-1995/TOC95.pdf HTTP/1.1" 200 103337 "-" "Mozilla/5.0 (Linux; Android 6.0.1; Nexus 5X Build/MMB29P) AppleWebKit/537.36 (KHTML, like Gecko) Chrome/41.0.2272.96 Mobile Safari/537.36 (compatible; Googlebot/2.1; +http://www.google.com/bot.html)"
66.249.79.44 - - [21/Jan/2020:02:47:35 +0800] "GET /1996/DENR_MC_1996-07.pdf HTTP/1.1" 200 30481 "-" "Mozilla/5.0 (Linux; Android 6.0.1; Nexus 5X Build/MMB29P) AppleWebKit/537.36 (KHTML, like Gecko) Chrome/41.0.2272.96 Mobile Safari/537.36 (compatible; Googlebot/2.1; +http://www.google.com/bot.html)"
157.55.39.221 - - [21/Jan/2020:02:58:00 +0800] "GET /1992/FOR_DMO_92-04.pdf HTTP/1.1" 200 14969 "-" "Mozilla/5.0 (compatible; bingbot/2.0; +http://www.bing.com/bingbot.htm)"
66.249.79.41 - - [21/Jan/2020:03:05:20 +0800] "GET /pol-1998/SrvyMnl.pdf HTTP/1.1" 200 8138333 "-" "Mozilla/5.0 (Linux; Android 6.0.1; Nexus 5X Build/MMB29P) AppleWebKit/537.36 (KHTML, like Gecko) Chrome/41.0.2272.96 Mobile Safari/537.36 (compatible; Googlebot/2.1; +http://www.google.com/bot.html)"
66.249.79.41 - - [21/Jan/2020:03:08:23 +0800] "GET /1995/Rep_Act-1995-8041.pdf HTTP/1.1" 200 228822 "-" "Mozilla/5.0 (compatible; Googlebot/2.1; +http://www.google.com/bot.html)"
66.249.79.36 - - [21/Jan/2020:03:10:24 +0800] "GET /1999/fordao99-34.pdf HTTP/1.1" 200 36493 "-" "Mozilla/5.0 (compatible; Googlebot/2.1; +http://www.google.com/bot.html)"
66.249.79.44 - - [21/Jan/2020:03:11:37 +0800] "GET /pol-1998/SrvyMnl.pdf HTTP/1.1" 200 8138333 "-" "Mozilla/5.0 (Linux; Android 6.0.1; Nexus 5X Build/MMB29P) AppleWebKit/537.36 (KHTML, like Gecko) Chrome/41.0.2272.96 Mobile Safari/537.36 (compatible; Googlebot/2.1; +http://www.google.com/bot.html)"
66.249.79.41 - - [21/Jan/2020:03:12:56 +0800] "GET /pol-1990/pawdao90.pdf HTTP/1.1" 200 523728 "-" "Mozilla/5.0 (Linux; Android 6.0.1; Nexus 5X Build/MMB29P) AppleWebKit/537.36 (KHTML, like Gecko) Chrome/41.0.2272.96 Mobile Safari/537.36 (compatible; Googlebot/2.1; +http://www.google.com/bot.html)"
66.249.79.41 - - [21/Jan/2020:03:15:29 +0800] "GET /1997/ENV_DMC-97-20.pdf HTTP/1.1" 200 19239 "-" "Mozilla/5.0 (Linux; Android 6.0.1; Nexus 5X Build/MMB29P) AppleWebKit/537.36 (KHTML, like Gecko) Chrome/41.0.2272.96 Mobile Safari/537.36 (compatible; Googlebot/2.1; +http://www.google.com/bot.html)"
49.150.101.123 - - [21/Jan/2020:03:32:52 +0800] "GET /basicpol/lancode/ca141.pdf HTTP/1.1" 200 84831 "https://www.google.com/" "Mozilla/5.0 (Windows NT 10.0; Win64; x64) AppleWebKit/537.36 (KHTML, like Gecko) Chrome/79.0.3945.117 Safari/537.36"
49.150.101.123 - - [21/Jan/2020:03:32:53 +0800] "GET /favicon.ico HTTP/1.1" 404 209 "http://policy.denr.gov.ph/basicpol/lancode/ca141.pdf" "Mozilla/5.0 (Windows NT 10.0; Win64; x64) AppleWebKit/537.36 (KHTML, like Gecko) Chrome/79.0.3945.117 Safari/537.36"
66.249.79.41 - - [21/Jan/2020:03:40:23 +0800] "GET /1999/fordao99-34.pdf HTTP/1.1" 200 36493 "-" "Mozilla/5.0 (Linux; Android 6.0.1; Nexus 5X Build/MMB29P) AppleWebKit/537.36 (KHTML, like Gecko) Chrome/41.0.2272.96 Mobile Safari/537.36 (compatible; Googlebot/2.1; +http://www.google.com/bot.html)"
66.249.79.41 - - [21/Jan/2020:03:40:37 +0800] "GET /2005/dao/dao2005-22.pdf HTTP/1.1" 200 27254 "-" "Mozilla/5.0 (Linux; Android 6.0.1; Nexus 5X Build/MMB29P) AppleWebKit/537.36 (KHTML, like Gecko) Chrome/41.0.2272.96 Mobile Safari/537.36 (compatible; Googlebot/2.1; +http://www.google.com/bot.html)"
66.249.79.44 - - [21/Jan/2020:03:40:58 +0800] "GET /basicpol/forcode/pd1559.pdf HTTP/1.1" 200 45841 "-" "Mozilla/5.0 (Linux; Android 6.0.1; Nexus 5X Build/MMB29P) AppleWebKit/537.36 (KHTML, like Gecko) Chrome/41.0.2272.96 Mobile Safari/537.36 (compatible; Googlebot/2.1; +http://www.google.com/bot.html)"
66.249.79.44 - - [21/Jan/2020:03:43:22 +0800] "GET /1989/DAO1989-37.pdf HTTP/1.1" 200 67698 "-" "Mozilla/5.0 (Linux; Android 6.0.1; Nexus 5X Build/MMB29P) AppleWebKit/537.36 (KHTML, like Gecko) Chrome/41.0.2272.96 Mobile Safari/537.36 (compatible; Googlebot/2.1; +http://www.google.com/bot.html)"
112.200.107.123 - - [21/Jan/2020:03:43:24 +0800] "GET /favicon.ico HTTP/1.1" 404 209 "http://policy.denr.gov.ph/pol-1992/formc92.pdf" "Mozilla/5.0 (Windows NT 10.0; Win64; x64) AppleWebKit/537.36 (KHTML, like Gecko) Chrome/79.0.3945.117 Safari/537.36"
112.200.107.123 - - [21/Jan/2020:03:43:29 +0800] "GET /pol-1992/formc92.pdf HTTP/1.1" 206 620270 "http://policy.denr.gov.ph/pol-1992/formc92.pdf" "Mozilla/5.0 (Windows NT 10.0; Win64; x64) AppleWebKit/537.36 (KHTML, like Gecko) Chrome/79.0.3945.117 Safari/537.36"
112.200.107.123 - - [21/Jan/2020:03:43:24 +0800] "GET /pol-1992/formc92.pdf HTTP/1.1" 200 1734382 "https://www.google.com/" "Mozilla/5.0 (Windows NT 10.0; Win64; x64) AppleWebKit/537.36 (KHTML, like Gecko) Chrome/79.0.3945.117 Safari/537.36"
40.77.167.152 - - [21/Jan/2020:03:46:24 +0800] "GET /1999/denrmc99-19.pdf HTTP/1.1" 304 - "-" "Mozilla/5.0 (compatible; bingbot/2.0; +http://www.bing.com/bingbot.htm)"
40.77.167.152 - - [21/Jan/2020:03:46:24 +0800] "GET /1993/ HTTP/1.1" 200 31601 "-" "Mozilla/5.0 (compatible; bingbot/2.0; +http://www.bing.com/bingbot.htm)"
207.46.13.167 - - [21/Jan/2020:03:54:38 +0800] "GET /pol-1989/ HTTP/1.1" 200 3251 "-" "Mozilla/5.0 (compatible; bingbot/2.0; +http://www.bing.com/bingbot.htm)"
207.46.13.167 - - [21/Jan/2020:03:54:44 +0800] "GET /1987/PAWB_DAO_87_14.pdf HTTP/1.1" 200 33438 "-" "Mozilla/5.0 (compatible; bingbot/2.0; +http://www.bing.com/bingbot.htm)"
66.220.149.50 - - [21/Jan/2020:03:58:17 +0800] "GET /1995/Rep_Act-1995-8041.pdf HTTP/1.1" 200 228822 "https://www.google.com.ph/" "Mozilla/5.0 (Linux; Android 8.1.0; CPH1909 Build/O11019) AppleWebKit/537.36 (KHTML, like Gecko) Chrome/69.0.3497.100 Mobile Safari/537.36"
66.220.149.43 - - [21/Jan/2020:03:58:23 +0800] "GET /1995/Rep_Act-1995-8041.pdf HTTP/1.1" 200 228822 "https://www.google.com.ph/" "Mozilla/5.0 (Linux; Android 8.1.0; CPH1909 Build/O11019) AppleWebKit/537.36 (KHTML, like Gecko) Chrome/69.0.3497.100 Mobile Safari/537.36"
66.249.79.44 - - [21/Jan/2020:04:03:39 +0800] "GET /1987/FOR_DMO_87_04.pdf HTTP/1.1" 200 69446 "-" "Mozilla/5.0 (Linux; Android 6.0.1; Nexus 5X Build/MMB29P) AppleWebKit/537.36 (KHTML, like Gecko) Chrome/41.0.2272.96 Mobile Safari/537.36 (compatible; Googlebot/2.1; +http://www.google.com/bot.html)"
110.54.212.80 - - [21/Jan/2020:04:05:22 +0800] "GET /2003/dao2003-30.pdf HTTP/1.1" 200 2258816 "-" "Dalvik/2.1.0 (Linux; U; Android 7.0; vivo 1713 Build/NRD90M)"
66.249.79.41 - - [21/Jan/2020:04:06:11 +0800] "GET /2005/special_order/so-2005-764.pdf HTTP/1.1" 200 32146 "-" "Mozilla/5.0 (Linux; Android 6.0.1; Nexus 5X Build/MMB29P) AppleWebKit/537.36 (KHTML, like Gecko) Chrome/41.0.2272.96 Mobile Safari/537.36 (compatible; Googlebot/2.1; +http://www.google.com/bot.html)"
40.77.167.162 - - [21/Jan/2020:04:06:21 +0800] "GET /pol-1989/?C=S;O=A HTTP/1.1" 200 3251 "-" "Mozilla/5.0 (compatible; bingbot/2.0; +http://www.bing.com/bingbot.htm)"
40.77.167.162 - - [21/Jan/2020:04:06:21 +0800] "GET /pol-1989/formc89.pdf HTTP/1.1" 200 3535861 "-" "Mozilla/5.0 (compatible; bingbot/2.0; +http://www.bing.com/bingbot.htm)"
207.46.13.253 - - [21/Jan/2020:04:12:02 +0800] "GET /pol-1989/envdmco89.pdf HTTP/1.1" 200 190335 "-" "Mozilla/5.0 (compatible; bingbot/2.0; +http://www.bing.com/bingbot.htm)"
66.249.79.36 - - [21/Jan/2020:04:18:32 +0800] "GET /1998/dao98-43.pdf HTTP/1.1" 200 18279 "-" "Mozilla/5.0 (Linux; Android 6.0.1; Nexus 5X Build/MMB29P) AppleWebKit/537.36 (KHTML, like Gecko) Chrome/41.0.2272.96 Mobile Safari/537.36 (compatible; Googlebot/2.1; +http://www.google.com/bot.html)"
66.249.79.41 - - [21/Jan/2020:04:18:43 +0800] "GET /2005/dao/dao2005-18.pdf HTTP/1.1" 200 216490 "-" "Googlebot/2.1 (+http://www.google.com/bot.html)"
66.249.79.36 - - [21/Jan/2020:04:18:44 +0800] "GET /1993/FOR_MC_1993-33.pdf HTTP/1.1" 200 52813 "-" "Googlebot/2.1 (+http://www.google.com/bot.html)"
209.146.17.142 - - [21/Jan/2020:04:20:25 +0800] "GET /1988/FOR_DMO_1988-36.pdf HTTP/1.1" 200 52261 "-" "Dalvik/2.1.0 (Linux; U; Android 9; SM-A750GN Build/PPR1.180610.011)"
66.249.79.32 - - [21/Jan/2020:04:26:45 +0800] "GET /2004/DMO/DMO-2004-10.pdf HTTP/1.1" 404 222 "-" "Mozilla/5.0 (Linux; Android 6.0.1; Nexus 5X Build/MMB29P) AppleWebKit/537.36 (KHTML, like Gecko) Chrome/41.0.2272.96 Mobile Safari/537.36 (compatible; Googlebot/2.1; +http://www.google.com/bot.html)"
66.249.79.41 - - [21/Jan/2020:04:29:50 +0800] "GET /1990/DENR_DAO_1990-38.pdf HTTP/1.1" 200 884228 "-" "Mozilla/5.0 (Linux; Android 6.0.1; Nexus 5X Build/MMB29P) AppleWebKit/537.36 (KHTML, like Gecko) Chrome/41.0.2272.96 Mobile Safari/537.36 (compatible; Googlebot/2.1; +http://www.google.com/bot.html)"
209.146.17.142 - - [21/Jan/2020:04:32:06 +0800] "GET /1997/FOR_DAO-97-32.pdf HTTP/1.1" 200 85020 "-" "Dalvik/2.1.0 (Linux; U; Android 9; SM-A750GN Build/PPR1.180610.011)"
157.55.39.49 - - [21/Jan/2020:04:37:10 +0800] "GET /1999/minesdao99-56.pdf HTTP/1.1" 200 56128 "-" "Mozilla/5.0 (compatible; bingbot/2.0; +http://www.bing.com/bingbot.htm)"
66.102.6.187 - - [21/Jan/2020:04:55:16 +0800] "GET /favicon.ico HTTP/1.1" 404 209 "-" "Mozilla/5.0 (X11; Linux x86_64) AppleWebKit/537.36 (KHTML, like Gecko) Chrome/49.0.2623.75 Safari/537.36 Google Favicon"
40.77.167.162 - - [21/Jan/2020:04:56:19 +0800] "GET /1993/DAO1993-13.pdf HTTP/1.1" 200 143865 "-" "Mozilla/5.0 (compatible; bingbot/2.0; +http://www.bing.com/bingbot.htm)"
40.77.167.162 - - [21/Jan/2020:04:56:20 +0800] "GET /1993/FOR_DAO93-52.pdf HTTP/1.1" 200 105925 "-" "Mozilla/5.0 (compatible; bingbot/2.0; +http://www.bing.com/bingbot.htm)"
40.77.167.162 - - [21/Jan/2020:04:56:20 +0800] "GET /1993/FOR_MO93-09.pdf HTTP/1.1" 200 35501 "-" "Mozilla/5.0 (compatible; bingbot/2.0; +http://www.bing.com/bingbot.htm)"
40.77.167.162 - - [21/Jan/2020:04:56:21 +0800] "GET /1993/FOR_DAO-93-23.pdf HTTP/1.1" 200 494367 "-" "Mozilla/5.0 (compatible; bingbot/2.0; +http://www.bing.com/bingbot.htm)"
40.77.167.162 - - [21/Jan/2020:04:56:22 +0800] "GET /1993/MMO1993-162.pdf HTTP/1.1" 200 87275 "-" "Mozilla/5.0 (compatible; bingbot/2.0; +http://www.bing.com/bingbot.htm)"
40.77.167.162 - - [21/Jan/2020:04:56:23 +0800] "GET /1993/FOR_MC_1993-03.pdf HTTP/1.1" 200 199954 "-" "Mozilla/5.0 (compatible; bingbot/2.0; +http://www.bing.com/bingbot.htm)"
40.77.167.162 - - [21/Jan/2020:04:56:24 +0800] "GET /1993/?C=S;O=A HTTP/1.1" 200 31601 "-" "Mozilla/5.0 (compatible; bingbot/2.0; +http://www.bing.com/bingbot.htm)"
40.77.167.162 - - [21/Jan/2020:04:56:24 +0800] "GET /1993/FOR_DAO93-43.pdf HTTP/1.1" 200 56931 "-" "Mozilla/5.0 (compatible; bingbot/2.0; +http://www.bing.com/bingbot.htm)"
40.77.167.162 - - [21/Jan/2020:04:56:25 +0800] "GET /1993/DAO1993-08.pdf HTTP/1.1" 200 23605 "-" "Mozilla/5.0 (compatible; bingbot/2.0; +http://www.bing.com/bingbot.htm)"
40.77.167.162 - - [21/Jan/2020:04:56:25 +0800] "GET /1993/DAO1993-117.pdf HTTP/1.1" 200 115817 "-" "Mozilla/5.0 (compatible; bingbot/2.0; +http://www.bing.com/bingbot.htm)"
40.77.167.162 - - [21/Jan/2020:04:56:25 +0800] "GET /1993/FOR_MC_1993-18.pdf HTTP/1.1" 200 19119 "-" "Mozilla/5.0 (compatible; bingbot/2.0; +http://www.bing.com/bingbot.htm)"
40.77.167.223 - - [21/Jan/2020:04:56:40 +0800] "GET /1993/PP1993-156.pdf HTTP/1.1" 200 52044 "-" "Mozilla/5.0 (compatible; bingbot/2.0; +http://www.bing.com/bingbot.htm)"
40.77.167.223 - - [21/Jan/2020:04:56:41 +0800] "GET /1993/DENR_MC1993-17.pdf HTTP/1.1" 200 90831 "-" "Mozilla/5.0 (compatible; bingbot/2.0; +http://www.bing.com/bingbot.htm)"
40.77.167.223 - - [21/Jan/2020:04:56:40 +0800] "GET /1993/DENR_DC1993-03.pdf HTTP/1.1" 200 378344 "-" "Mozilla/5.0 (compatible; bingbot/2.0; +http://www.bing.com/bingbot.htm)"
