110.54.136.41 - - [22/Jan/2020:15:56:07 +0800] "GET /1997/FOR_DAO-97-32.pdf HTTP/1.1" 200 85020 "-" "Dalvik/2.1.0 (Linux; U; Android 5.1; A1601 Build/LMY47I)"
110.54.244.104 - - [22/Jan/2020:15:59:24 +0800] "GET /1997/FOR_DAO-97-32.pdf HTTP/1.1" 200 85020 "https://www.google.com/" "Mozilla/5.0 (Linux; Android 5.1.1; SM-J700H Build/LMY48B) AppleWebKit/537.36 (KHTML, like Gecko) Chrome/53.0.2785.124 Mobile Safari/537.36"
103.54.84.162 - - [22/Jan/2020:16:00:48 +0800] "GET /1999/fordao99-46.pdf HTTP/1.1" 200 38096 "https://www.google.com/" "Mozilla/5.0 (Windows NT 10.0; Win64; x64; rv:72.0) Gecko/20100101 Firefox/72.0"
103.54.84.162 - - [22/Jan/2020:16:00:52 +0800] "GET /favicon.ico HTTP/1.1" 404 209 "-" "Mozilla/5.0 (Windows NT 10.0; Win64; x64; rv:72.0) Gecko/20100101 Firefox/72.0"
216.244.66.245 - - [22/Jan/2020:16:01:38 +0800] "GET /pol-1997/dao34.pdf HTTP/1.1" 404 216 "-" "Mozilla/5.0 (compatible; DotBot/1.1; http://www.opensiteexplorer.org/dotbot, help@moz.com)"
124.107.208.162 - - [22/Jan/2020:16:02:57 +0800] "GET /2000/Lands_MC_2000-06.pdf HTTP/1.1" 200 25630 "https://www.google.com/" "Mozilla/5.0 (Windows NT 10.0; Win64; x64) AppleWebKit/537.36 (KHTML, like Gecko) Chrome/81.0.4033.2 Safari/537.36"
124.107.208.162 - - [22/Jan/2020:16:02:58 +0800] "GET /favicon.ico HTTP/1.1" 404 209 "http://policy.denr.gov.ph/2000/Lands_MC_2000-06.pdf" "Mozilla/5.0 (Windows NT 10.0; Win64; x64) AppleWebKit/537.36 (KHTML, like Gecko) Chrome/81.0.4033.2 Safari/537.36"
66.249.82.187 - - [22/Jan/2020:16:05:07 +0800] "GET /2005/dao/joint_dao2005-02.pdf HTTP/1.1" 200 596271 "https://www.google.com/" "Mozilla/5.0 (Linux; Android 7.0; HUAWEI NXT-L29) AppleWebKit/537.36 (KHTML, like Gecko) Chrome/72.0.3626.121 Mobile Safari/537.36"
110.54.155.170 - - [22/Jan/2020:16:05:32 +0800] "GET /basicpol/forcode/RA7161.pdf HTTP/1.1" 200 13604 "https://www.google.com/" "Mozilla/5.0 (Linux; Android 8.0.0; SM-G935F) AppleWebKit/537.36 (KHTML, like Gecko) Chrome/79.0.3945.116 Mobile Safari/537.36"
122.53.185.179 - - [22/Jan/2020:16:05:34 +0800] "GET /2000/ENV_DMC_2000_21.pdf HTTP/1.1" 200 19713 "https://www.google.com/" "Mozilla/5.0 (Windows NT 10.0; Win64; x64) AppleWebKit/537.36 (KHTML, like Gecko) Chrome/79.0.3945.130 Safari/537.36"
122.53.185.179 - - [22/Jan/2020:16:05:34 +0800] "GET /favicon.ico HTTP/1.1" 404 209 "http://policy.denr.gov.ph/2000/ENV_DMC_2000_21.pdf" "Mozilla/5.0 (Windows NT 10.0; Win64; x64) AppleWebKit/537.36 (KHTML, like Gecko) Chrome/79.0.3945.130 Safari/537.36"
49.149.108.233 - - [22/Jan/2020:16:06:28 +0800] "GET /1998/admin98-28.pdf HTTP/1.1" 200 20926 "https://www.google.com/" "Mozilla/5.0 (Windows NT 10.0; Win64; x64) AppleWebKit/537.36 (KHTML, like Gecko) Chrome/79.0.3945.117 Safari/537.36"
49.149.108.233 - - [22/Jan/2020:16:06:29 +0800] "GET /favicon.ico HTTP/1.1" 404 209 "http://policy.denr.gov.ph/1998/admin98-28.pdf" "Mozilla/5.0 (Windows NT 10.0; Win64; x64) AppleWebKit/537.36 (KHTML, like Gecko) Chrome/79.0.3945.117 Safari/537.36"
66.249.79.41 - - [22/Jan/2020:16:06:35 +0800] "GET /2002/MC_2002-12.pdf HTTP/1.1" 200 27479 "-" "Mozilla/5.0 (Linux; Android 6.0.1; Nexus 5X Build/MMB29P) AppleWebKit/537.36 (KHTML, like Gecko) Chrome/41.0.2272.96 Mobile Safari/537.36 (compatible; Googlebot/2.1; +http://www.google.com/bot.html)"
66.249.79.36 - - [22/Jan/2020:16:06:53 +0800] "GET /1988/FOR_DAO_1988-25.pdf HTTP/1.1" 200 15952 "-" "Mozilla/5.0 (Linux; Android 6.0.1; Nexus 5X Build/MMB29P) AppleWebKit/537.36 (KHTML, like Gecko) Chrome/41.0.2272.96 Mobile Safari/537.36 (compatible; Googlebot/2.1; +http://www.google.com/bot.html)"
66.249.79.41 - - [22/Jan/2020:16:07:17 +0800] "GET /2006/special_order/so-2006-51.pdf HTTP/1.1" 200 74550 "-" "Mozilla/5.0 (Linux; Android 6.0.1; Nexus 5X Build/MMB29P) AppleWebKit/537.36 (KHTML, like Gecko) Chrome/41.0.2272.96 Mobile Safari/537.36 (compatible; Googlebot/2.1; +http://www.google.com/bot.html)"
66.249.79.36 - - [22/Jan/2020:16:07:39 +0800] "GET /1990/FOR_DMC_1990-06.pdf HTTP/1.1" 200 129943 "-" "Mozilla/5.0 (Linux; Android 6.0.1; Nexus 5X Build/MMB29P) AppleWebKit/537.36 (KHTML, like Gecko) Chrome/41.0.2272.96 Mobile Safari/537.36 (compatible; Googlebot/2.1; +http://www.google.com/bot.html)"
66.249.79.41 - - [22/Jan/2020:16:08:03 +0800] "GET /1987/EO_1987_223.pdf HTTP/1.1" 200 75377 "-" "Mozilla/5.0 (Linux; Android 6.0.1; Nexus 5X Build/MMB29P) AppleWebKit/537.36 (KHTML, like Gecko) Chrome/41.0.2272.96 Mobile Safari/537.36 (compatible; Googlebot/2.1; +http://www.google.com/bot.html)"
124.83.49.164 - - [22/Jan/2020:16:08:14 +0800] "GET /1990/DENR_DAO_1990-87.pdf HTTP/1.1" 200 55064 "https://denr.gov.ph/" "Mozilla/5.0 (Windows NT 10.0; Win64; x64) AppleWebKit/537.36 (KHTML, like Gecko) Chrome/79.0.3945.117 Safari/537.36"
124.83.49.164 - - [22/Jan/2020:16:08:14 +0800] "GET /favicon.ico HTTP/1.1" 404 209 "http://policy.denr.gov.ph/1990/DENR_DAO_1990-87.pdf" "Mozilla/5.0 (Windows NT 10.0; Win64; x64) AppleWebKit/537.36 (KHTML, like Gecko) Chrome/79.0.3945.117 Safari/537.36"
66.249.79.41 - - [22/Jan/2020:16:08:26 +0800] "GET /1997/ADM_DMO-97-08.pdf HTTP/1.1" 200 16901 "-" "Mozilla/5.0 (Linux; Android 6.0.1; Nexus 5X Build/MMB29P) AppleWebKit/537.36 (KHTML, like Gecko) Chrome/41.0.2272.96 Mobile Safari/537.36 (compatible; Googlebot/2.1; +http://www.google.com/bot.html)"
66.249.79.36 - - [22/Jan/2020:16:08:50 +0800] "GET /1999/pawdao99-02.pdf HTTP/1.1" 200 15747 "-" "Mozilla/5.0 (Linux; Android 6.0.1; Nexus 5X Build/MMB29P) AppleWebKit/537.36 (KHTML, like Gecko) Chrome/41.0.2272.96 Mobile Safari/537.36 (compatible; Googlebot/2.1; +http://www.google.com/bot.html)"
124.106.166.176 - - [22/Jan/2020:16:08:56 +0800] "GET /favicon.ico HTTP/1.1" 404 209 "-" "Mozilla/5.0 (Windows NT 10.0; WOW64) AppleWebKit/537.36 (KHTML, like Gecko) Chrome/78.0.3904.108 Safari/537.36 OPR/65.0.3467.78"
58.69.162.215 - - [22/Jan/2020:16:09:14 +0800] "GET /1992/DENR_DAO_92-26.pdf HTTP/1.1" 200 322915 "-" "Mozilla/5.0 (Windows NT 10.0; Win64; x64) AppleWebKit/537.36 (KHTML, like Gecko) Chrome/79.0.3945.130 Safari/537.36"
66.249.79.41 - - [22/Jan/2020:16:10:26 +0800] "GET /2000/PP_2000_292.pdf HTTP/1.1" 200 19022 "-" "Mozilla/5.0 (Linux; Android 6.0.1; Nexus 5X Build/MMB29P) AppleWebKit/537.36 (KHTML, like Gecko) Chrome/41.0.2272.96 Mobile Safari/537.36 (compatible; Googlebot/2.1; +http://www.google.com/bot.html)"
66.249.79.36 - - [22/Jan/2020:16:10:50 +0800] "GET /1988/PAW_DAO_1988-61.pdf HTTP/1.1" 200 13290 "-" "Mozilla/5.0 (Linux; Android 6.0.1; Nexus 5X Build/MMB29P) AppleWebKit/537.36 (KHTML, like Gecko) Chrome/41.0.2272.96 Mobile Safari/537.36 (compatible; Googlebot/2.1; +http://www.google.com/bot.html)"
192.168.18.150 - - [22/Jan/2020:16:10:59 +0800] "GET /1999/fordao99-34.pdf HTTP/1.1" 200 36493 "https://www.google.com/" "Mozilla/5.0 (Windows NT 10.0; Win64; x64) AppleWebKit/537.36 (KHTML, like Gecko) Chrome/79.0.3945.117 Safari/537.36"
192.168.18.150 - - [22/Jan/2020:16:10:59 +0800] "GET /favicon.ico HTTP/1.1" 404 209 "http://policy.denr.gov.ph/1999/fordao99-34.pdf" "Mozilla/5.0 (Windows NT 10.0; Win64; x64) AppleWebKit/537.36 (KHTML, like Gecko) Chrome/79.0.3945.117 Safari/537.36"
66.249.79.41 - - [22/Jan/2020:16:11:13 +0800] "GET /1990/lLAND_DAO_1990-56.pdf HTTP/1.1" 200 43205 "-" "Mozilla/5.0 (Linux; Android 6.0.1; Nexus 5X Build/MMB29P) AppleWebKit/537.36 (KHTML, like Gecko) Chrome/41.0.2272.96 Mobile Safari/537.36 (compatible; Googlebot/2.1; +http://www.google.com/bot.html)"
66.249.79.36 - - [22/Jan/2020:16:12:25 +0800] "GET /1990/FOR_DAO_1990-77.pdf HTTP/1.1" 200 23724 "-" "Mozilla/5.0 (Linux; Android 6.0.1; Nexus 5X Build/MMB29P) AppleWebKit/537.36 (KHTML, like Gecko) Chrome/41.0.2272.96 Mobile Safari/537.36 (compatible; Googlebot/2.1; +http://www.google.com/bot.html)"
58.69.162.215 - - [22/Jan/2020:16:12:34 +0800] "GET /favicon.ico HTTP/1.1" 404 209 "http://policy.denr.gov.ph/1992/DENR_DAO_92-26.pdf" "Mozilla/5.0 (Windows NT 10.0; Win64; x64) AppleWebKit/537.36 (KHTML, like Gecko) Chrome/79.0.3945.130 Safari/537.36"
203.177.76.12 - - [22/Jan/2020:16:12:41 +0800] "GET /pol-1991/lanmco91.pdf HTTP/1.1" 200 244936 "-" "Dalvik/2.1.0 (Linux; U; Android 7.0; SM-G610F Build/NRD90M)"
66.249.79.36 - - [22/Jan/2020:16:12:49 +0800] "GET /2005/Memorandum_Orders/mo-2005-16.pdf HTTP/1.1" 200 50555 "-" "Mozilla/5.0 (Linux; Android 6.0.1; Nexus 5X Build/MMB29P) AppleWebKit/537.36 (KHTML, like Gecko) Chrome/41.0.2272.96 Mobile Safari/537.36 (compatible; Googlebot/2.1; +http://www.google.com/bot.html)"
66.249.79.36 - - [22/Jan/2020:16:14:25 +0800] "GET /1999/formo99-16.pdf HTTP/1.1" 200 22097 "-" "Mozilla/5.0 (Linux; Android 6.0.1; Nexus 5X Build/MMB29P) AppleWebKit/537.36 (KHTML, like Gecko) Chrome/41.0.2272.96 Mobile Safari/537.36 (compatible; Googlebot/2.1; +http://www.google.com/bot.html)"
66.249.79.41 - - [22/Jan/2020:16:14:48 +0800] "GET /1992/FOR_DMC_92-19.pdf HTTP/1.1" 200 50781 "-" "Mozilla/5.0 (Linux; Android 6.0.1; Nexus 5X Build/MMB29P) AppleWebKit/537.36 (KHTML, like Gecko) Chrome/41.0.2272.96 Mobile Safari/537.36 (compatible; Googlebot/2.1; +http://www.google.com/bot.html)"
66.249.79.41 - - [22/Jan/2020:16:15:36 +0800] "GET /2000/DENR_MC_2000-17.pdf HTTP/1.1" 200 32860 "-" "Mozilla/5.0 (Linux; Android 6.0.1; Nexus 5X Build/MMB29P) AppleWebKit/537.36 (KHTML, like Gecko) Chrome/41.0.2272.96 Mobile Safari/537.36 (compatible; Googlebot/2.1; +http://www.google.com/bot.html)"
122.53.222.251 - - [22/Jan/2020:16:17:56 +0800] "GET /2001/DENR_MO_2001-11.pdf HTTP/1.1" 200 29820 "-" "Dalvik/2.1.0 (Linux; U; Android 9; SM-G960F Build/PPR1.180610.011)"
122.53.219.26 - - [22/Jan/2020:16:20:54 +0800] "GET /favicon.ico HTTP/1.1" 404 209 "http://policy.denr.gov.ph/2005/dao/joint_dao2005-02.pdf" "Mozilla/5.0 (Windows NT 10.0; Win64; x64) AppleWebKit/537.36 (KHTML, like Gecko) Chrome/79.0.3945.117 Safari/537.36"
122.53.219.26 - - [22/Jan/2020:16:20:54 +0800] "GET /2005/dao/joint_dao2005-02.pdf HTTP/1.1" 200 596271 "https://www.google.com/" "Mozilla/5.0 (Windows NT 10.0; Win64; x64) AppleWebKit/537.36 (KHTML, like Gecko) Chrome/79.0.3945.117 Safari/537.36"
49.145.6.134 - - [22/Jan/2020:16:22:56 +0800] "GET /1991/fordao91-3.pdf HTTP/1.1" 200 736734 "https://denr.gov.ph/" "Mozilla/5.0 (Linux; Android 9; CPH1969) AppleWebKit/537.36 (KHTML, like Gecko) Chrome/79.0.3945.116 Mobile Safari/537.36"
180.190.174.11 - - [22/Jan/2020:16:23:26 +0800] "GET /2000/DENR_DAO_2000-46.pdf HTTP/1.1" 200 30046 "-" "Mozilla/5.0 (Windows NT 10.0; Win64; x64) AppleWebKit/537.36 (KHTML, like Gecko) Chrome/79.0.3945.130 Safari/537.36"
180.190.174.11 - - [22/Jan/2020:16:23:27 +0800] "GET /favicon.ico HTTP/1.1" 404 209 "http://policy.denr.gov.ph/2000/DENR_DAO_2000-46.pdf" "Mozilla/5.0 (Windows NT 10.0; Win64; x64) AppleWebKit/537.36 (KHTML, like Gecko) Chrome/79.0.3945.130 Safari/537.36"
112.198.73.245 - - [22/Jan/2020:16:26:45 +0800] "GET /favicon.ico HTTP/1.1" 404 209 "http://policy.denr.gov.ph/dao2004/dao2004-24.pdf" "Mozilla/5.0 (Windows NT 10.0; Win64; x64) AppleWebKit/537.36 (KHTML, like Gecko) Chrome/79.0.3945.130 Safari/537.36"
112.198.73.245 - - [22/Jan/2020:16:26:44 +0800] "GET /dao2004/dao2004-24.pdf HTTP/1.1" 200 398094 "https://denr.gov.ph/" "Mozilla/5.0 (Windows NT 10.0; Win64; x64) AppleWebKit/537.36 (KHTML, like Gecko) Chrome/79.0.3945.130 Safari/537.36"
119.92.157.208 - - [22/Jan/2020:16:31:12 +0800] "GET /2000/ENV_DAO_2000-81.pdf HTTP/1.1" 200 299209 "https://search.yahoo.com/" "Mozilla/5.0 (Windows NT 10.0; Win64; x64) AppleWebKit/537.36 (KHTML, like Gecko) Chrome/79.0.3945.130 Safari/537.36"
119.92.157.208 - - [22/Jan/2020:16:31:12 +0800] "GET /favicon.ico HTTP/1.1" 404 209 "http://policy.denr.gov.ph/2000/ENV_DAO_2000-81.pdf" "Mozilla/5.0 (Windows NT 10.0; Win64; x64) AppleWebKit/537.36 (KHTML, like Gecko) Chrome/79.0.3945.130 Safari/537.36"
49.145.132.65 - - [22/Jan/2020:16:32:41 +0800] "GET /1990/FOR_DAO_1990-79.pdf HTTP/1.1" 200 37273 "https://denr.gov.ph/" "Mozilla/5.0 (Windows NT 6.1) AppleWebKit/537.36 (KHTML, like Gecko) Chrome/79.0.3945.117 Safari/537.36"
49.145.132.65 - - [22/Jan/2020:16:32:42 +0800] "GET /favicon.ico HTTP/1.1" 404 209 "http://policy.denr.gov.ph/1990/FOR_DAO_1990-79.pdf" "Mozilla/5.0 (Windows NT 6.1) AppleWebKit/537.36 (KHTML, like Gecko) Chrome/79.0.3945.117 Safari/537.36"
66.249.79.41 - - [22/Jan/2020:16:34:16 +0800] "GET /1992/DENR_DAO_92-26.pdf HTTP/1.1" 304 - "-" "Mozilla/5.0 (Linux; Android 6.0.1; Nexus 5X Build/MMB29P) AppleWebKit/537.36 (KHTML, like Gecko) Chrome/41.0.2272.96 Mobile Safari/537.36 (compatible; Googlebot/2.1; +http://www.google.com/bot.html)"
180.191.234.58 - - [22/Jan/2020:16:34:54 +0800] "GET /2005/dao/joint_dao2005-02.pdf HTTP/1.1" 200 596271 "https://www.google.com/" "Mozilla/5.0 (Windows NT 6.1; Win64; x64) AppleWebKit/537.36 (KHTML, like Gecko) Chrome/79.0.3945.130 Safari/537.36"
180.191.234.58 - - [22/Jan/2020:16:34:55 +0800] "GET /favicon.ico HTTP/1.1" 404 209 "http://policy.denr.gov.ph/2005/dao/joint_dao2005-02.pdf" "Mozilla/5.0 (Windows NT 6.1; Win64; x64) AppleWebKit/537.36 (KHTML, like Gecko) Chrome/79.0.3945.130 Safari/537.36"
66.249.79.41 - - [22/Jan/2020:16:35:04 +0800] "GET /1994/ForDao_1994-07.pdf HTTP/1.1" 200 339222 "-" "Mozilla/5.0 (Linux; Android 6.0.1; Nexus 5X Build/MMB29P) AppleWebKit/537.36 (KHTML, like Gecko) Chrome/41.0.2272.96 Mobile Safari/537.36 (compatible; Googlebot/2.1; +http://www.google.com/bot.html)"
103.29.21.70 - - [22/Jan/2020:16:35:37 +0800] "GET /2000/ENV_DAO_2000-05.pdf HTTP/1.1" 200 89266 "https://www.google.com/" "Mozilla/5.0 (Windows NT 6.1) AppleWebKit/537.36 (KHTML, like Gecko) Chrome/79.0.3945.117 Safari/537.36"
103.29.21.70 - - [22/Jan/2020:16:35:43 +0800] "GET /favicon.ico HTTP/1.1" 404 209 "http://policy.denr.gov.ph/2000/ENV_DAO_2000-05.pdf" "Mozilla/5.0 (Windows NT 6.1) AppleWebKit/537.36 (KHTML, like Gecko) Chrome/79.0.3945.117 Safari/537.36"
111.68.47.82 - - [22/Jan/2020:16:37:52 +0800] "GET /basicpol/lancode/ca141.pdf HTTP/1.1" 200 84831 "https://www.google.com/" "Mozilla/5.0 (Windows NT 10.0; Win64; x64) AppleWebKit/537.36 (KHTML, like Gecko) Chrome/79.0.3945.117 Safari/537.36"
111.68.47.82 - - [22/Jan/2020:16:37:53 +0800] "GET /favicon.ico HTTP/1.1" 404 209 "http://policy.denr.gov.ph/basicpol/lancode/ca141.pdf" "Mozilla/5.0 (Windows NT 10.0; Win64; x64) AppleWebKit/537.36 (KHTML, like Gecko) Chrome/79.0.3945.117 Safari/537.36"
66.249.82.189 - - [22/Jan/2020:16:38:56 +0800] "GET /1995/PAW_DAO1995-22.pdf HTTP/1.1" 200 220628 "https://www.google.com/" "Mozilla/5.0 (Linux; Android 7.1.1; CPH1725) AppleWebKit/537.36 (KHTML, like Gecko) Chrome/79.0.3945.116 Mobile Safari/537.36"
58.69.68.221 - - [22/Jan/2020:16:39:01 +0800] "GET /2000/ENV_DAO_2000-81.pdf HTTP/1.1" 200 299209 "https://www.google.com/" "Mozilla/5.0 (Windows NT 6.1; Win64; x64) AppleWebKit/537.36 (KHTML, like Gecko) Chrome/79.0.3945.130 Safari/537.36"
58.69.68.221 - - [22/Jan/2020:16:39:03 +0800] "GET /favicon.ico HTTP/1.1" 404 209 "http://policy.denr.gov.ph/2000/ENV_DAO_2000-81.pdf" "Mozilla/5.0 (Windows NT 6.1; Win64; x64) AppleWebKit/537.36 (KHTML, like Gecko) Chrome/79.0.3945.130 Safari/537.36"
49.145.132.65 - - [22/Jan/2020:16:39:17 +0800] "GET /1987/FOR_DAO_87_78.pdf HTTP/1.1" 200 52013 "https://denr.gov.ph/" "Mozilla/5.0 (Windows NT 6.1) AppleWebKit/537.36 (KHTML, like Gecko) Chrome/79.0.3945.117 Safari/537.36"
157.55.39.228 - - [22/Jan/2020:16:39:23 +0800] "GET /dao2004/dao2004-55.pdf HTTP/1.1" 304 - "-" "Mozilla/5.0 (compatible; bingbot/2.0; +http://www.bing.com/bingbot.htm)"
66.249.82.185 - - [22/Jan/2020:16:45:33 +0800] "GET /1997/FOR_DAO-97-32.pdf HTTP/1.1" 200 85020 "https://www.google.com/" "Mozilla/5.0 (Linux; Android 7.0; BLL-L22) AppleWebKit/537.36 (KHTML, like Gecko) Chrome/79.0.3945.116 Mobile Safari/537.36"
66.249.79.36 - - [22/Jan/2020:16:46:26 +0800] "GET /2005/special_order/so-2005-34.pdf HTTP/1.1" 200 140262 "-" "Mozilla/5.0 (Linux; Android 6.0.1; Nexus 5X Build/MMB29P) AppleWebKit/537.36 (KHTML, like Gecko) Chrome/41.0.2272.96 Mobile Safari/537.36 (compatible; Googlebot/2.1; +http://www.google.com/bot.html)"
66.249.82.185 - - [22/Jan/2020:16:46:34 +0800] "GET /1997/FOR_DAO-97-32.pdf HTTP/1.1" 200 85020 "https://www.google.com/" "Mozilla/5.0 (Linux; Android 9; MRD-LX2) AppleWebKit/537.36 (KHTML, like Gecko) Chrome/79.0.3945.116 Mobile Safari/537.36"
66.249.79.41 - - [22/Jan/2020:16:46:48 +0800] "GET /2005/special_order/so-2005-522.pdf HTTP/1.1" 200 127359 "-" "Mozilla/5.0 (Linux; Android 6.0.1; Nexus 5X Build/MMB29P) AppleWebKit/537.36 (KHTML, like Gecko) Chrome/41.0.2272.96 Mobile Safari/537.36 (compatible; Googlebot/2.1; +http://www.google.com/bot.html)"
66.249.79.44 - - [22/Jan/2020:16:47:12 +0800] "GET /1996/DENR_MO_1996-04.pdf HTTP/1.1" 200 17926 "-" "Mozilla/5.0 (Linux; Android 6.0.1; Nexus 5X Build/MMB29P) AppleWebKit/537.36 (KHTML, like Gecko) Chrome/41.0.2272.96 Mobile Safari/537.36 (compatible; Googlebot/2.1; +http://www.google.com/bot.html)"
66.249.79.41 - - [22/Jan/2020:16:47:37 +0800] "GET /1995/LAN_DAO1995-08.pdf HTTP/1.1" 200 41552 "-" "Mozilla/5.0 (Linux; Android 6.0.1; Nexus 5X Build/MMB29P) AppleWebKit/537.36 (KHTML, like Gecko) Chrome/41.0.2272.96 Mobile Safari/537.36 (compatible; Googlebot/2.1; +http://www.google.com/bot.html)"
66.249.79.41 - - [22/Jan/2020:16:48:00 +0800] "GET /2005/special_order/so-2005-260.pdf HTTP/1.1" 200 26261 "-" "Mozilla/5.0 (Linux; Android 6.0.1; Nexus 5X Build/MMB29P) AppleWebKit/537.36 (KHTML, like Gecko) Chrome/41.0.2272.96 Mobile Safari/537.36 (compatible; Googlebot/2.1; +http://www.google.com/bot.html)"
66.249.79.36 - - [22/Jan/2020:16:48:24 +0800] "GET /dao2004/dao2004-11.pdf HTTP/1.1" 200 88693 "-" "Mozilla/5.0 (Linux; Android 6.0.1; Nexus 5X Build/MMB29P) AppleWebKit/537.36 (KHTML, like Gecko) Chrome/41.0.2272.96 Mobile Safari/537.36 (compatible; Googlebot/2.1; +http://www.google.com/bot.html)"
66.249.79.36 - - [22/Jan/2020:16:48:48 +0800] "GET /2005/special_order/so-2005-261.pdf HTTP/1.1" 200 31513 "-" "Mozilla/5.0 (Linux; Android 6.0.1; Nexus 5X Build/MMB29P) AppleWebKit/537.36 (KHTML, like Gecko) Chrome/41.0.2272.96 Mobile Safari/537.36 (compatible; Googlebot/2.1; +http://www.google.com/bot.html)"
66.249.79.41 - - [22/Jan/2020:16:49:11 +0800] "GET /1989/DAO1989-27.pdf HTTP/1.1" 200 63193 "-" "Mozilla/5.0 (Linux; Android 6.0.1; Nexus 5X Build/MMB29P) AppleWebKit/537.36 (KHTML, like Gecko) Chrome/41.0.2272.96 Mobile Safari/537.36 (compatible; Googlebot/2.1; +http://www.google.com/bot.html)"
66.249.79.41 - - [22/Jan/2020:16:49:36 +0800] "GET /pol-1994/LANDAO94.pdf HTTP/1.1" 200 122175 "-" "Mozilla/5.0 (Linux; Android 6.0.1; Nexus 5X Build/MMB29P) AppleWebKit/537.36 (KHTML, like Gecko) Chrome/41.0.2272.96 Mobile Safari/537.36 (compatible; Googlebot/2.1; +http://www.google.com/bot.html)"
66.249.79.44 - - [22/Jan/2020:16:49:59 +0800] "GET /2005/special_order/so-2005-765.pdf HTTP/1.1" 200 75728 "-" "Mozilla/5.0 (Linux; Android 6.0.1; Nexus 5X Build/MMB29P) AppleWebKit/537.36 (KHTML, like Gecko) Chrome/41.0.2272.96 Mobile Safari/537.36 (compatible; Googlebot/2.1; +http://www.google.com/bot.html)"
112.209.17.250 - - [22/Jan/2020:16:50:14 +0800] "GET /2001/DENR_MC_2001-10.pdf HTTP/1.1" 200 24831 "https://www.google.com/" "Mozilla/5.0 (Windows NT 10.0; Win64; x64) AppleWebKit/537.36 (KHTML, like Gecko) Chrome/79.0.3945.117 Safari/537.36"
112.209.17.250 - - [22/Jan/2020:16:50:15 +0800] "GET /favicon.ico HTTP/1.1" 404 209 "http://policy.denr.gov.ph/2001/DENR_MC_2001-10.pdf" "Mozilla/5.0 (Windows NT 10.0; Win64; x64) AppleWebKit/537.36 (KHTML, like Gecko) Chrome/79.0.3945.117 Safari/537.36"
66.249.79.41 - - [22/Jan/2020:16:50:23 +0800] "GET /2002/MC_2002-08.pdf HTTP/1.1" 200 91457 "-" "Mozilla/5.0 (Linux; Android 6.0.1; Nexus 5X Build/MMB29P) AppleWebKit/537.36 (KHTML, like Gecko) Chrome/41.0.2272.96 Mobile Safari/537.36 (compatible; Googlebot/2.1; +http://www.google.com/bot.html)"
66.249.79.44 - - [22/Jan/2020:16:51:58 +0800] "GET /1992/DENR_DAO_92-51.pdf HTTP/1.1" 200 61331 "-" "Mozilla/5.0 (Linux; Android 6.0.1; Nexus 5X Build/MMB29P) AppleWebKit/537.36 (KHTML, like Gecko) Chrome/41.0.2272.96 Mobile Safari/537.36 (compatible; Googlebot/2.1; +http://www.google.com/bot.html)"
207.46.13.113 - - [22/Jan/2020:16:53:20 +0800] "GET /2004/proclamation/Proclamation723-2004.pdf HTTP/1.1" 304 - "-" "Mozilla/5.0 (compatible; bingbot/2.0; +http://www.bing.com/bingbot.htm)"
66.249.79.36 - - [22/Jan/2020:16:53:34 +0800] "GET /1990/PWB_DAO_1990-30.pdf HTTP/1.1" 200 83745 "-" "Mozilla/5.0 (Linux; Android 6.0.1; Nexus 5X Build/MMB29P) AppleWebKit/537.36 (KHTML, like Gecko) Chrome/41.0.2272.96 Mobile Safari/537.36 (compatible; Googlebot/2.1; +http://www.google.com/bot.html)"
66.249.82.185 - - [22/Jan/2020:16:53:56 +0800] "GET /1991/formc91-7.pdf HTTP/1.1" 200 28389 "https://denr.gov.ph/" "Mozilla/5.0 (Linux; Android 9; SM-A207F) AppleWebKit/537.36 (KHTML, like Gecko) Chrome/74.0.3729.136 Mobile Safari/537.36"
66.249.79.41 - - [22/Jan/2020:16:53:58 +0800] "GET /2005/special_order/so-2005-729.pdf HTTP/1.1" 200 206389 "-" "Mozilla/5.0 (Linux; Android 6.0.1; Nexus 5X Build/MMB29P) AppleWebKit/537.36 (KHTML, like Gecko) Chrome/41.0.2272.96 Mobile Safari/537.36 (compatible; Googlebot/2.1; +http://www.google.com/bot.html)"
66.249.79.41 - - [22/Jan/2020:16:54:21 +0800] "GET /1992/FOR_DMC_92-16.pdf HTTP/1.1" 200 14171 "-" "Mozilla/5.0 (Linux; Android 6.0.1; Nexus 5X Build/MMB29P) AppleWebKit/537.36 (KHTML, like Gecko) Chrome/41.0.2272.96 Mobile Safari/537.36 (compatible; Googlebot/2.1; +http://www.google.com/bot.html)"
66.249.79.36 - - [22/Jan/2020:16:54:45 +0800] "GET /1987/PAWB_DAO_87_29.pdf HTTP/1.1" 200 35531 "-" "Mozilla/5.0 (Linux; Android 6.0.1; Nexus 5X Build/MMB29P) AppleWebKit/537.36 (KHTML, like Gecko) Chrome/41.0.2272.96 Mobile Safari/537.36 (compatible; Googlebot/2.1; +http://www.google.com/bot.html)"
66.249.79.41 - - [22/Jan/2020:16:55:33 +0800] "GET /1994/ForMO_1994-15.pdf HTTP/1.1" 200 177384 "-" "Mozilla/5.0 (Linux; Android 6.0.1; Nexus 5X Build/MMB29P) AppleWebKit/537.36 (KHTML, like Gecko) Chrome/41.0.2272.96 Mobile Safari/537.36 (compatible; Googlebot/2.1; +http://www.google.com/bot.html)"
122.54.50.12 - - [22/Jan/2020:16:55:57 +0800] "GET /dao2004/dao2004-35.pdf HTTP/1.1" 200 366238 "https://denr.gov.ph/" "Mozilla/5.0 (Windows NT 10.0; Win64; x64) AppleWebKit/537.36 (KHTML, like Gecko) Chrome/79.0.3945.117 Safari/537.36"
66.249.79.36 - - [22/Jan/2020:16:55:57 +0800] "GET /pol-1994/FORMC94.pdf HTTP/1.1" 200 2264390 "-" "Mozilla/5.0 (Linux; Android 6.0.1; Nexus 5X Build/MMB29P) AppleWebKit/537.36 (KHTML, like Gecko) Chrome/41.0.2272.96 Mobile Safari/537.36 (compatible; Googlebot/2.1; +http://www.google.com/bot.html)"
66.249.82.185 - - [22/Jan/2020:16:57:22 +0800] "GET /2006/dao/dao2006-01.pdf HTTP/1.1" 200 52547 "https://denr.gov.ph/" "Mozilla/5.0 (Linux; Android 9; SM-A207F) AppleWebKit/537.36 (KHTML, like Gecko) Chrome/74.0.3729.136 Mobile Safari/537.36"
111.125.113.34 - - [22/Jan/2020:16:58:05 +0800] "GET /favicon.ico HTTP/1.1" 404 209 "http://policy.denr.gov.ph/dao2004/dao2004-29.pdf" "Mozilla/5.0 (Windows NT 10.0; Win64; x64) AppleWebKit/537.36 (KHTML, like Gecko) Chrome/79.0.3945.117 Safari/537.36"
192.168.18.199 - - [22/Jan/2020:16:58:19 +0800] "GET /dao2004/dao2004-33.pdf HTTP/1.1" 200 642485 "-" "Mozilla/5.0 (Windows NT 10.0; Win64; x64) AppleWebKit/537.36 (KHTML, like Gecko) Chrome/79.0.3945.117 Safari/537.36"
66.249.82.187 - - [22/Jan/2020:16:58:19 +0800] "GET /2005/dao/dao2005-12.pdf HTTP/1.1" 200 248223 "https://denr.gov.ph/" "Mozilla/5.0 (Linux; Android 9; SM-A207F) AppleWebKit/537.36 (KHTML, like Gecko) Chrome/74.0.3729.136 Mobile Safari/537.36"
192.168.18.199 - - [22/Jan/2020:16:58:19 +0800] "GET /favicon.ico HTTP/1.1" 404 209 "http://policy.denr.gov.ph/dao2004/dao2004-33.pdf" "Mozilla/5.0 (Windows NT 10.0; Win64; x64) AppleWebKit/537.36 (KHTML, like Gecko) Chrome/79.0.3945.117 Safari/537.36"
111.125.113.34 - - [22/Jan/2020:16:58:02 +0800] "GET /dao2004/dao2004-29.pdf HTTP/1.1" 200 2073071 "https://denr.gov.ph/" "Mozilla/5.0 (Windows NT 10.0; Win64; x64) AppleWebKit/537.36 (KHTML, like Gecko) Chrome/79.0.3945.117 Safari/537.36"
192.168.13.90 - - [22/Jan/2020:17:02:30 +0800] "GET /1990/DENR_DAO_1990-87.pdf HTTP/1.1" 200 55064 "https://www.google.com/" "Mozilla/5.0 (Windows NT 10.0; Win64; x64) AppleWebKit/537.36 (KHTML, like Gecko) Chrome/79.0.3945.130 Safari/537.36"
192.168.13.90 - - [22/Jan/2020:17:02:31 +0800] "GET /favicon.ico HTTP/1.1" 404 209 "http://policy.denr.gov.ph/1990/DENR_DAO_1990-87.pdf" "Mozilla/5.0 (Windows NT 10.0; Win64; x64) AppleWebKit/537.36 (KHTML, like Gecko) Chrome/79.0.3945.130 Safari/537.36"
66.249.82.189 - - [22/Jan/2020:17:04:13 +0800] "GET /1991/envdao91-8.pdf HTTP/1.1" 200 251625 "https://denr.gov.ph/" "Mozilla/5.0 (Linux; Android 9; SM-A207F) AppleWebKit/537.36 (KHTML, like Gecko) Chrome/74.0.3729.136 Mobile Safari/537.36"
49.150.135.251 - - [22/Jan/2020:17:04:41 +0800] "GET /favicon.ico HTTP/1.1" 404 209 "http://policy.denr.gov.ph/1989/DAO1989-57.pdf" "Mozilla/5.0 (Windows NT 6.1; Win64; x64) AppleWebKit/537.36 (KHTML, like Gecko) Chrome/77.0.3865.90 Safari/537.36"
49.150.135.251 - - [22/Jan/2020:17:04:41 +0800] "GET /1989/DAO1989-57.pdf HTTP/1.1" 200 2029526 "https://www.google.com/" "Mozilla/5.0 (Windows NT 6.1; Win64; x64) AppleWebKit/537.36 (KHTML, like Gecko) Chrome/77.0.3865.90 Safari/537.36"
110.54.184.9 - - [22/Jan/2020:17:05:28 +0800] "GET /pol-1997/pol97.pdf HTTP/1.1" 200 921522 "https://www.google.com/" "Mozilla/5.0 (Linux; Android 9; CPH1937) AppleWebKit/537.36 (KHTML, like Gecko) Chrome/74.0.3729.136 Mobile Safari/537.36"
182.239.83.191 - - [22/Jan/2020:17:05:32 +0800] "GET /2000/DAO_FMB_2000-83.pdf HTTP/1.1" 200 43307 "-" "Dalvik/2.1.0 (Linux; U; Android 8.1.0; vivo 1726 Build/O11019)"
120.72.18.180 - - [22/Jan/2020:17:06:20 +0800] "GET /pol-1997/pol97.pdf HTTP/1.1" 206 921522 "http://policy.denr.gov.ph/pol-1997/pol97.pdf" "Mozilla/5.0 (Windows NT 10.0; Win64; x64) AppleWebKit/537.36 (KHTML, like Gecko) Chrome/64.0.3282.140 Safari/537.36 Edge/18.17763"
120.72.18.180 - - [22/Jan/2020:17:06:22 +0800] "GET /pol-1997/pol97.pdf HTTP/1.1" 206 40882 "http://policy.denr.gov.ph/pol-1997/pol97.pdf" "Mozilla/5.0 (Windows NT 10.0; Win64; x64) AppleWebKit/537.36 (KHTML, like Gecko) Chrome/64.0.3282.140 Safari/537.36 Edge/18.17763"
120.72.18.180 - - [22/Jan/2020:17:06:23 +0800] "GET /pol-1997/pol97.pdf HTTP/1.1" 206 831488 "http://policy.denr.gov.ph/pol-1997/pol97.pdf" "Mozilla/5.0 (Windows NT 10.0; Win64; x64) AppleWebKit/537.36 (KHTML, like Gecko) Chrome/64.0.3282.140 Safari/537.36 Edge/18.17763"
120.72.18.180 - - [22/Jan/2020:17:06:18 +0800] "GET /pol-1997/pol97.pdf HTTP/1.1" 200 921522 "-" "Mozilla/5.0 (Windows NT 10.0; Win64; x64) AppleWebKit/537.36 (KHTML, like Gecko) Chrome/64.0.3282.140 Safari/537.36 Edge/18.17763"
120.72.18.180 - - [22/Jan/2020:17:06:24 +0800] "GET /pol-1997/pol97.pdf HTTP/1.1" 206 921522 "http://policy.denr.gov.ph/pol-1997/pol97.pdf" "Mozilla/5.0 (Windows NT 10.0; Win64; x64) AppleWebKit/537.36 (KHTML, like Gecko) Chrome/64.0.3282.140 Safari/537.36 Edge/18.17763"
120.72.18.180 - - [22/Jan/2020:17:06:25 +0800] "GET /pol-1997/pol97.pdf HTTP/1.1" 206 40882 "http://policy.denr.gov.ph/pol-1997/pol97.pdf" "Mozilla/5.0 (Windows NT 10.0; Win64; x64) AppleWebKit/537.36 (KHTML, like Gecko) Chrome/64.0.3282.140 Safari/537.36 Edge/18.17763"
120.72.18.180 - - [22/Jan/2020:17:06:23 +0800] "GET /pol-1997/pol97.pdf HTTP/1.1" 206 815104 "http://policy.denr.gov.ph/pol-1997/pol97.pdf" "Mozilla/5.0 (Windows NT 10.0; Win64; x64) AppleWebKit/537.36 (KHTML, like Gecko) Chrome/64.0.3282.140 Safari/537.36 Edge/18.17763"
120.72.18.180 - - [22/Jan/2020:17:06:26 +0800] "GET /pol-1997/pol97.pdf HTTP/1.1" 206 16384 "http://policy.denr.gov.ph/pol-1997/pol97.pdf" "Mozilla/5.0 (Windows NT 10.0; Win64; x64) AppleWebKit/537.36 (KHTML, like Gecko) Chrome/64.0.3282.140 Safari/537.36 Edge/18.17763"
120.72.18.180 - - [22/Jan/2020:17:06:27 +0800] "GET /pol-1997/pol97.pdf HTTP/1.1" 206 684032 "http://policy.denr.gov.ph/pol-1997/pol97.pdf" "Mozilla/5.0 (Windows NT 10.0; Win64; x64) AppleWebKit/537.36 (KHTML, like Gecko) Chrome/64.0.3282.140 Safari/537.36 Edge/18.17763"
66.249.82.187 - - [22/Jan/2020:17:07:46 +0800] "GET /1997/FOR_DAO-97-04.pdf HTTP/1.1" 200 80137 "https://www.google.com/" "Mozilla/5.0 (Linux; Android 10; SM-N975F) AppleWebKit/537.36 (KHTML, like Gecko) Chrome/79.0.3945.116 Mobile Safari/537.36"
110.54.169.164 - - [22/Jan/2020:17:09:03 +0800] "GET /2003/dao2003-30.pdf HTTP/1.1" 200 2258816 "-" "Dalvik/2.1.0 (Linux; U; Android 6.0.1; SM-G610Y Build/MMB29K)"
66.102.6.185 - - [22/Jan/2020:17:12:12 +0800] "GET / HTTP/1.1" 200 10373 "-" "Mozilla/5.0 (X11; Linux x86_64) AppleWebKit/537.36 (KHTML, like Gecko) Chrome/49.0.2623.75 Safari/537.36 Google Favicon"
66.102.6.185 - - [22/Jan/2020:17:12:13 +0800] "GET /favicon.ico HTTP/1.1" 404 209 "-" "Mozilla/5.0 (X11; Linux x86_64) AppleWebKit/537.36 (KHTML, like Gecko) Chrome/49.0.2623.75 Safari/537.36 Google Favicon"
120.72.18.180 - - [22/Jan/2020:17:14:37 +0800] "GET /favicon.ico HTTP/1.1" 404 209 "-" "Mozilla/5.0 (Windows NT 10.0; Win64; x64) AppleWebKit/537.36 (KHTML, like Gecko) Chrome/64.0.3282.140 Safari/537.36 Edge/18.17763"
120.72.18.180 - - [22/Jan/2020:17:14:37 +0800] "GET /pol-1997/pol97.pdf HTTP/1.1" 206 921522 "http://policy.denr.gov.ph/pol-1997/pol97.pdf" "Mozilla/5.0 (Windows NT 10.0; Win64; x64) AppleWebKit/537.36 (KHTML, like Gecko) Chrome/64.0.3282.140 Safari/537.36 Edge/18.17763"
120.72.18.180 - - [22/Jan/2020:17:14:39 +0800] "GET /pol-1997/pol97.pdf HTTP/1.1" 206 40882 "http://policy.denr.gov.ph/pol-1997/pol97.pdf" "Mozilla/5.0 (Windows NT 10.0; Win64; x64) AppleWebKit/537.36 (KHTML, like Gecko) Chrome/64.0.3282.140 Safari/537.36 Edge/18.17763"
120.72.18.180 - - [22/Jan/2020:17:14:36 +0800] "GET /pol-1997/pol97.pdf HTTP/1.1" 200 921522 "-" "Mozilla/5.0 (Windows NT 10.0; Win64; x64) AppleWebKit/537.36 (KHTML, like Gecko) Chrome/64.0.3282.140 Safari/537.36 Edge/18.17763"
66.249.79.36 - - [22/Jan/2020:17:17:01 +0800] "GET /1992/FOR_DAO_1992_46.pdf HTTP/1.1" 200 1450126 "-" "Mozilla/5.0 (Linux; Android 6.0.1; Nexus 5X Build/MMB29P) AppleWebKit/537.36 (KHTML, like Gecko) Chrome/41.0.2272.96 Mobile Safari/537.36 (compatible; Googlebot/2.1; +http://www.google.com/bot.html)"
66.249.79.44 - - [22/Jan/2020:17:19:22 +0800] "GET /2005/special_order/so-2005-715.pdf HTTP/1.1" 200 58310 "-" "Mozilla/5.0 (Linux; Android 6.0.1; Nexus 5X Build/MMB29P) AppleWebKit/537.36 (KHTML, like Gecko) Chrome/41.0.2272.96 Mobile Safari/537.36 (compatible; Googlebot/2.1; +http://www.google.com/bot.html)"
66.249.79.36 - - [22/Jan/2020:17:19:30 +0800] "GET /2000/DAO_FMB_2000-01.pdf HTTP/1.1" 200 21038 "-" "Mozilla/5.0 (Linux; Android 6.0.1; Nexus 5X Build/MMB29P) AppleWebKit/537.36 (KHTML, like Gecko) Chrome/41.0.2272.96 Mobile Safari/537.36 (compatible; Googlebot/2.1; +http://www.google.com/bot.html)"
66.249.79.36 - - [22/Jan/2020:17:19:36 +0800] "GET /memo_order2004/memo_order2004-09.pdf HTTP/1.1" 200 524413 "-" "Mozilla/5.0 (Linux; Android 6.0.1; Nexus 5X Build/MMB29P) AppleWebKit/537.36 (KHTML, like Gecko) Chrome/41.0.2272.96 Mobile Safari/537.36 (compatible; Googlebot/2.1; +http://www.google.com/bot.html)"
66.249.79.36 - - [22/Jan/2020:17:19:47 +0800] "GET /1993/MMO1993-142.pdf HTTP/1.1" 200 125811 "-" "Mozilla/5.0 (Linux; Android 6.0.1; Nexus 5X Build/MMB29P) AppleWebKit/537.36 (KHTML, like Gecko) Chrome/41.0.2272.96 Mobile Safari/537.36 (compatible; Googlebot/2.1; +http://www.google.com/bot.html)"
66.249.79.36 - - [22/Jan/2020:17:20:11 +0800] "GET /1996/DENR_MO_1996-01.pdf HTTP/1.1" 200 13490 "-" "Mozilla/5.0 (Linux; Android 6.0.1; Nexus 5X Build/MMB29P) AppleWebKit/537.36 (KHTML, like Gecko) Chrome/41.0.2272.96 Mobile Safari/537.36 (compatible; Googlebot/2.1; +http://www.google.com/bot.html)"
192.168.19.113 - - [22/Jan/2020:17:20:42 +0800] "GET /favicon.ico HTTP/1.1" 404 209 "http://policy.denr.gov.ph/dao2004/dao2004-55.pdf" "Mozilla/5.0 (Windows NT 10.0; Win64; x64) AppleWebKit/537.36 (KHTML, like Gecko) Chrome/79.0.3945.117 Safari/537.36"
192.168.19.113 - - [22/Jan/2020:17:20:41 +0800] "GET /dao2004/dao2004-55.pdf HTTP/1.1" 200 7603645 "-" "Mozilla/5.0 (Windows NT 10.0; Win64; x64) AppleWebKit/537.36 (KHTML, like Gecko) Chrome/79.0.3945.117 Safari/537.36"
192.168.19.113 - - [22/Jan/2020:17:20:45 +0800] "GET /dao2004/dao2004-55.pdf HTTP/1.1" 200 7603645 "http://policy.denr.gov.ph/dao2004/dao2004-55.pdf" "Mozilla/5.0 (Windows NT 10.0; Win64; x64) AppleWebKit/537.36 (KHTML, like Gecko) Chrome/79.0.3945.117 Safari/537.36"
66.249.79.44 - - [22/Jan/2020:17:20:59 +0800] "GET /pol-2000/pol00v2/envmc00.pdf HTTP/1.1" 200 34733 "-" "Mozilla/5.0 (Linux; Android 6.0.1; Nexus 5X Build/MMB29P) AppleWebKit/537.36 (KHTML, like Gecko) Chrome/41.0.2272.96 Mobile Safari/537.36 (compatible; Googlebot/2.1; +http://www.google.com/bot.html)"
192.168.19.113 - - [22/Jan/2020:17:21:06 +0800] "GET /dao2004/dao2004-60.pdf HTTP/1.1" 200 48687 "http://oldwebsite.denr.gov.ph/section-policies/viewrec.php?id=1294&page=55&sort=tl&filter=type&filterID=1&searchword=&fromyear=&frommonth=&fromdate=&toyear=&tomonth=&todate=&dateval=true" "Mozilla/5.0 (Windows NT 10.0; Win64; x64) AppleWebKit/537.36 (KHTML, like Gecko) Chrome/79.0.3945.117 Safari/537.36"
66.249.79.41 - - [22/Jan/2020:17:21:46 +0800] "GET /1990/FOR_DMC_1990-16.pdf HTTP/1.1" 200 161107 "-" "Mozilla/5.0 (Linux; Android 6.0.1; Nexus 5X Build/MMB29P) AppleWebKit/537.36 (KHTML, like Gecko) Chrome/41.0.2272.96 Mobile Safari/537.36 (compatible; Googlebot/2.1; +http://www.google.com/bot.html)"
66.249.79.44 - - [22/Jan/2020:17:21:54 +0800] "GET /1988/PAW_DAO_1988-41.pdf HTTP/1.1" 200 13092 "-" "Mozilla/5.0 (Linux; Android 6.0.1; Nexus 5X Build/MMB29P) AppleWebKit/537.36 (KHTML, like Gecko) Chrome/41.0.2272.96 Mobile Safari/537.36 (compatible; Googlebot/2.1; +http://www.google.com/bot.html)"
66.249.79.36 - - [22/Jan/2020:17:22:10 +0800] "GET /2005/special_order/so-2005-364.pdf HTTP/1.1" 200 30531 "-" "Mozilla/5.0 (Linux; Android 6.0.1; Nexus 5X Build/MMB29P) AppleWebKit/537.36 (KHTML, like Gecko) Chrome/41.0.2272.96 Mobile Safari/537.36 (compatible; Googlebot/2.1; +http://www.google.com/bot.html)"
66.249.79.36 - - [22/Jan/2020:17:22:36 +0800] "GET /1991/landao91-9.pdf HTTP/1.1" 200 23701 "-" "Mozilla/5.0 (Linux; Android 6.0.1; Nexus 5X Build/MMB29P) AppleWebKit/537.36 (KHTML, like Gecko) Chrome/41.0.2272.96 Mobile Safari/537.36 (compatible; Googlebot/2.1; +http://www.google.com/bot.html)"
66.249.79.36 - - [22/Jan/2020:17:23:22 +0800] "GET /1997/PP_97-1028.pdf HTTP/1.1" 200 31288 "-" "Mozilla/5.0 (Linux; Android 6.0.1; Nexus 5X Build/MMB29P) AppleWebKit/537.36 (KHTML, like Gecko) Chrome/41.0.2272.96 Mobile Safari/537.36 (compatible; Googlebot/2.1; +http://www.google.com/bot.html)"
66.249.79.36 - - [22/Jan/2020:17:23:47 +0800] "GET /1991/fordao91-1.pdf HTTP/1.1" 200 115885 "-" "Mozilla/5.0 (Linux; Android 6.0.1; Nexus 5X Build/MMB29P) AppleWebKit/537.36 (KHTML, like Gecko) Chrome/41.0.2272.96 Mobile Safari/537.36 (compatible; Googlebot/2.1; +http://www.google.com/bot.html)"
66.249.79.44 - - [22/Jan/2020:17:24:09 +0800] "GET /1988/PAW_DAO_1988-55.pdf HTTP/1.1" 200 13158 "-" "Mozilla/5.0 (Linux; Android 6.0.1; Nexus 5X Build/MMB29P) AppleWebKit/537.36 (KHTML, like Gecko) Chrome/41.0.2272.96 Mobile Safari/537.36 (compatible; Googlebot/2.1; +http://www.google.com/bot.html)"
66.249.79.36 - - [22/Jan/2020:17:24:57 +0800] "GET /2005/special_order/so-2005-391.pdf HTTP/1.1" 200 45164 "-" "Mozilla/5.0 (Linux; Android 6.0.1; Nexus 5X Build/MMB29P) AppleWebKit/537.36 (KHTML, like Gecko) Chrome/41.0.2272.96 Mobile Safari/537.36 (compatible; Googlebot/2.1; +http://www.google.com/bot.html)"
66.249.79.36 - - [22/Jan/2020:17:25:21 +0800] "GET /2005/special_order/so-2005-750.pdf HTTP/1.1" 200 376363 "-" "Mozilla/5.0 (Linux; Android 6.0.1; Nexus 5X Build/MMB29P) AppleWebKit/537.36 (KHTML, like Gecko) Chrome/41.0.2272.96 Mobile Safari/537.36 (compatible; Googlebot/2.1; +http://www.google.com/bot.html)"
66.249.79.36 - - [22/Jan/2020:17:25:45 +0800] "GET /1990/FOR_DAO_1990-59-A.pdf HTTP/1.1" 200 22008 "-" "Mozilla/5.0 (Linux; Android 6.0.1; Nexus 5X Build/MMB29P) AppleWebKit/537.36 (KHTML, like Gecko) Chrome/41.0.2272.96 Mobile Safari/537.36 (compatible; Googlebot/2.1; +http://www.google.com/bot.html)"
66.249.79.36 - - [22/Jan/2020:17:25:51 +0800] "GET /1993/DAO1993-63.pdf HTTP/1.1" 304 - "-" "Mozilla/5.0 (Linux; Android 6.0.1; Nexus 5X Build/MMB29P) AppleWebKit/537.36 (KHTML, like Gecko) Chrome/41.0.2272.96 Mobile Safari/537.36 (compatible; Googlebot/2.1; +http://www.google.com/bot.html)"
66.249.79.36 - - [22/Jan/2020:17:25:52 +0800] "GET /1993/DAO1993-63.pdf HTTP/1.1" 200 1104499 "-" "Mozilla/5.0 (compatible; Googlebot/2.1; +http://www.google.com/bot.html)"
66.249.79.36 - - [22/Jan/2020:17:26:09 +0800] "GET /1999/malaca%C3%B1angadminorder99-90.pdf HTTP/1.1" 404 233 "-" "Mozilla/5.0 (Linux; Android 6.0.1; Nexus 5X Build/MMB29P) AppleWebKit/537.36 (KHTML, like Gecko) Chrome/41.0.2272.96 Mobile Safari/537.36 (compatible; Googlebot/2.1; +http://www.google.com/bot.html)"
66.249.79.36 - - [22/Jan/2020:17:26:33 +0800] "GET /2005/Memorandum_Orders/mo-2005-08.pdf HTTP/1.1" 200 172537 "-" "Mozilla/5.0 (Linux; Android 6.0.1; Nexus 5X Build/MMB29P) AppleWebKit/537.36 (KHTML, like Gecko) Chrome/41.0.2272.96 Mobile Safari/537.36 (compatible; Googlebot/2.1; +http://www.google.com/bot.html)"
66.249.79.41 - - [22/Jan/2020:17:26:56 +0800] "GET /2001/DENR_MC_2001-02.pdf HTTP/1.1" 200 14082 "-" "Mozilla/5.0 (Linux; Android 6.0.1; Nexus 5X Build/MMB29P) AppleWebKit/537.36 (KHTML, like Gecko) Chrome/41.0.2272.96 Mobile Safari/537.36 (compatible; Googlebot/2.1; +http://www.google.com/bot.html)"
66.249.79.36 - - [22/Jan/2020:17:27:20 +0800] "GET /1994/MO_94-18.pdf HTTP/1.1" 200 22917 "-" "Mozilla/5.0 (Linux; Android 6.0.1; Nexus 5X Build/MMB29P) AppleWebKit/537.36 (KHTML, like Gecko) Chrome/41.0.2272.96 Mobile Safari/537.36 (compatible; Googlebot/2.1; +http://www.google.com/bot.html)"
66.249.79.36 - - [22/Jan/2020:17:27:44 +0800] "GET /1998/admin98-05.pdf HTTP/1.1" 200 15071 "-" "Mozilla/5.0 (Linux; Android 6.0.1; Nexus 5X Build/MMB29P) AppleWebKit/537.36 (KHTML, like Gecko) Chrome/41.0.2272.96 Mobile Safari/537.36 (compatible; Googlebot/2.1; +http://www.google.com/bot.html)"
66.249.79.44 - - [22/Jan/2020:17:28:08 +0800] "GET /2001/FMB_Annex-C_2001.pdf HTTP/1.1" 200 46401 "-" "Mozilla/5.0 (Linux; Android 6.0.1; Nexus 5X Build/MMB29P) AppleWebKit/537.36 (KHTML, like Gecko) Chrome/41.0.2272.96 Mobile Safari/537.36 (compatible; Googlebot/2.1; +http://www.google.com/bot.html)"
66.249.79.44 - - [22/Jan/2020:17:28:56 +0800] "GET /2000/PP_2000_316.pdf HTTP/1.1" 200 18390 "-" "Mozilla/5.0 (Linux; Android 6.0.1; Nexus 5X Build/MMB29P) AppleWebKit/537.36 (KHTML, like Gecko) Chrome/41.0.2272.96 Mobile Safari/537.36 (compatible; Googlebot/2.1; +http://www.google.com/bot.html)"
112.202.205.159 - - [22/Jan/2020:17:29:18 +0800] "GET /favicon.ico HTTP/1.1" 404 209 "http://policy.denr.gov.ph/2003/dao2003-30.pdf" "Mozilla/5.0 (Windows NT 10.0; Win64; x64) AppleWebKit/537.36 (KHTML, like Gecko) Chrome/79.0.3945.130 Safari/537.36"
112.202.205.159 - - [22/Jan/2020:17:29:16 +0800] "GET /2003/dao2003-30.pdf HTTP/1.1" 200 2258816 "https://www.google.com/" "Mozilla/5.0 (Windows NT 10.0; Win64; x64) AppleWebKit/537.36 (KHTML, like Gecko) Chrome/79.0.3945.130 Safari/537.36"
66.249.79.41 - - [22/Jan/2020:17:29:43 +0800] "GET /1999/eo1999-69.pdf HTTP/1.1" 200 17933 "-" "Mozilla/5.0 (Linux; Android 6.0.1; Nexus 5X Build/MMB29P) AppleWebKit/537.36 (KHTML, like Gecko) Chrome/41.0.2272.96 Mobile Safari/537.36 (compatible; Googlebot/2.1; +http://www.google.com/bot.html)"
66.249.79.36 - - [22/Jan/2020:17:30:07 +0800] "GET /2000/PP_2000_227.pdf HTTP/1.1" 200 13648 "-" "Mozilla/5.0 (Linux; Android 6.0.1; Nexus 5X Build/MMB29P) AppleWebKit/537.36 (KHTML, like Gecko) Chrome/41.0.2272.96 Mobile Safari/537.36 (compatible; Googlebot/2.1; +http://www.google.com/bot.html)"
111.119.177.32 - - [22/Jan/2020:17:31:46 +0800] "GET /2003/dao2003-30.pdf HTTP/1.1" 200 2258816 "https://www.google.com/" "Mozilla/5.0 (Linux; Android 9; SAMSUNG SM-A205F) AppleWebKit/537.36 (KHTML, like Gecko) SamsungBrowser/10.2 Chrome/71.0.3578.99 Mobile Safari/537.36"
119.95.78.212 - - [22/Jan/2020:17:34:44 +0800] "GET /1999/fordao99-46.pdf HTTP/1.1" 200 38096 "https://www.google.com/" "Mozilla/5.0 (Windows NT 6.1; Win64; x64) AppleWebKit/537.36 (KHTML, like Gecko) Chrome/79.0.3945.117 Safari/537.36"
119.95.78.212 - - [22/Jan/2020:17:34:44 +0800] "GET /favicon.ico HTTP/1.1" 404 209 "http://policy.denr.gov.ph/1999/fordao99-46.pdf" "Mozilla/5.0 (Windows NT 6.1; Win64; x64) AppleWebKit/537.36 (KHTML, like Gecko) Chrome/79.0.3945.117 Safari/537.36"
207.46.13.115 - - [22/Jan/2020:17:35:32 +0800] "GET /1991/ra91-7190.pdf HTTP/1.1" 304 - "-" "Mozilla/5.0 (compatible; bingbot/2.0; +http://www.bing.com/bingbot.htm)"
66.249.82.187 - - [22/Jan/2020:17:35:55 +0800] "GET /2000/DAO_FMB_2000-21.pdf HTTP/1.1" 200 33721 "https://www.google.com/" "Mozilla/5.0 (Linux; Android 9; SM-A505GN) AppleWebKit/537.36 (KHTML, like Gecko) Chrome/79.0.3945.93 Mobile Safari/537.36"
49.150.255.190 - - [22/Jan/2020:17:36:57 +0800] "GET /2003/dao2003-30.pdf HTTP/1.1" 206 30592 "https://www.google.com/" "Mozilla/5.0 (Windows NT 10.0; Win64; x64; rv:71.0) Gecko/20100101 Firefox/71.0"
49.150.255.190 - - [22/Jan/2020:17:36:57 +0800] "GET /favicon.ico HTTP/1.1" 404 209 "-" "Mozilla/5.0 (Windows NT 10.0; Win64; x64; rv:71.0) Gecko/20100101 Firefox/71.0"
49.150.255.190 - - [22/Jan/2020:17:37:08 +0800] "GET /2003/dao2003-30.pdf HTTP/1.1" 206 65536 "https://www.google.com/" "Mozilla/5.0 (Windows NT 10.0; Win64; x64; rv:71.0) Gecko/20100101 Firefox/71.0"
49.150.255.190 - - [22/Jan/2020:17:36:56 +0800] "GET /2003/dao2003-30.pdf HTTP/1.1" 200 2258816 "https://www.google.com/" "Mozilla/5.0 (Windows NT 10.0; Win64; x64; rv:71.0) Gecko/20100101 Firefox/71.0"
49.145.108.158 - - [22/Jan/2020:17:38:29 +0800] "GET /1998/dao98-42.pdf HTTP/1.1" 200 24016 "https://www.google.com/" "Mozilla/5.0 (Windows NT 10.0; Win64; x64) AppleWebKit/537.36 (KHTML, like Gecko) Chrome/67.0.3396.99 Safari/537.36"
49.145.108.158 - - [22/Jan/2020:17:38:29 +0800] "GET /favicon.ico HTTP/1.1" 404 209 "http://policy.denr.gov.ph/1998/dao98-42.pdf" "Mozilla/5.0 (Windows NT 10.0; Win64; x64) AppleWebKit/537.36 (KHTML, like Gecko) Chrome/67.0.3396.99 Safari/537.36"
202.90.133.242 - - [22/Jan/2020:17:42:24 +0800] "GET /2000/PP_2000_271.pdf HTTP/1.1" 200 19690 "https://www.google.com/" "Mozilla/5.0 (Windows NT 6.1; WOW64) AppleWebKit/537.36 (KHTML, like Gecko) Chrome/79.0.3945.117 Safari/537.36"
202.90.133.242 - - [22/Jan/2020:17:42:24 +0800] "GET /favicon.ico HTTP/1.1" 404 209 "http://policy.denr.gov.ph/2000/PP_2000_271.pdf" "Mozilla/5.0 (Windows NT 6.1; WOW64) AppleWebKit/537.36 (KHTML, like Gecko) Chrome/79.0.3945.117 Safari/537.36"
180.232.120.12 - - [22/Jan/2020:17:42:27 +0800] "GET /2005/dao/dao2005-02.pdf HTTP/1.1" 200 47762 "-" "Mozilla/5.0 (Windows NT 6.1; rv:45.0) Gecko/20100101 Firefox/45.0"
178.197.224.148 - - [22/Jan/2020:17:44:17 +0800] "GET /1999/fordao99-34.pdf HTTP/1.1" 200 36493 "-" "Mozilla/5.0 (iPhone; CPU iPhone OS 12_1_4 like Mac OS X) AppleWebKit/605.1.15 (KHTML, like Gecko) Version/12.0 Mobile/15E148 Safari/604.1"
178.197.224.148 - - [22/Jan/2020:17:44:18 +0800] "GET /apple-touch-icon-120x120-precomposed.png HTTP/1.1" 404 238 "-" "MobileSafari/604.1 CFNetwork/976 Darwin/18.2.0"
178.197.224.148 - - [22/Jan/2020:17:44:18 +0800] "GET /apple-touch-icon-120x120.png HTTP/1.1" 404 226 "-" "MobileSafari/604.1 CFNetwork/976 Darwin/18.2.0"
178.197.224.148 - - [22/Jan/2020:17:44:18 +0800] "GET /apple-touch-icon-precomposed.png HTTP/1.1" 404 230 "-" "MobileSafari/604.1 CFNetwork/976 Darwin/18.2.0"
178.197.224.148 - - [22/Jan/2020:17:44:19 +0800] "GET /apple-touch-icon.png HTTP/1.1" 404 218 "-" "MobileSafari/604.1 CFNetwork/976 Darwin/18.2.0"
178.197.224.148 - - [22/Jan/2020:17:44:19 +0800] "GET /favicon.ico HTTP/1.1" 404 209 "-" "MobileSafari/604.1 CFNetwork/976 Darwin/18.2.0"
178.197.224.148 - - [22/Jan/2020:17:44:19 +0800] "GET /apple-touch-icon-120x120-precomposed.png HTTP/1.1" 404 238 "-" "MobileSafari/604.1 CFNetwork/976 Darwin/18.2.0"
178.197.224.148 - - [22/Jan/2020:17:44:20 +0800] "GET /apple-touch-icon-120x120.png HTTP/1.1" 404 226 "-" "MobileSafari/604.1 CFNetwork/976 Darwin/18.2.0"
178.197.224.148 - - [22/Jan/2020:17:44:20 +0800] "GET /apple-touch-icon-precomposed.png HTTP/1.1" 404 230 "-" "MobileSafari/604.1 CFNetwork/976 Darwin/18.2.0"
178.197.224.148 - - [22/Jan/2020:17:44:20 +0800] "GET /apple-touch-icon.png HTTP/1.1" 404 218 "-" "MobileSafari/604.1 CFNetwork/976 Darwin/18.2.0"
178.197.224.148 - - [22/Jan/2020:17:44:21 +0800] "GET /favicon.ico HTTP/1.1" 404 209 "-" "MobileSafari/604.1 CFNetwork/976 Darwin/18.2.0"
66.249.79.36 - - [22/Jan/2020:17:47:15 +0800] "GET /2000/ENV_DMC_2000_21.pdf HTTP/1.1" 304 - "-" "Mozilla/5.0 (Linux; Android 6.0.1; Nexus 5X Build/MMB29P) AppleWebKit/537.36 (KHTML, like Gecko) Chrome/41.0.2272.96 Mobile Safari/537.36 (compatible; Googlebot/2.1; +http://www.google.com/bot.html)"
66.249.79.41 - - [22/Jan/2020:17:47:39 +0800] "GET /1998/minesmo98-06.pdf HTTP/1.1" 200 21863 "-" "Mozilla/5.0 (Linux; Android 6.0.1; Nexus 5X Build/MMB29P) AppleWebKit/537.36 (KHTML, like Gecko) Chrome/41.0.2272.96 Mobile Safari/537.36 (compatible; Googlebot/2.1; +http://www.google.com/bot.html)"
49.150.255.190 - - [22/Jan/2020:17:48:00 +0800] "GET /2003/dao2003-30.pdf HTTP/1.1" 206 1468238 "-" "Mozilla/5.0 (Windows NT 10.0; Win64; x64; rv:71.0) Gecko/20100101 Firefox/71.0"
66.249.79.44 - - [22/Jan/2020:17:48:03 +0800] "GET /1987/EO_1987_279.pdf HTTP/1.1" 200 135176 "-" "Mozilla/5.0 (Linux; Android 6.0.1; Nexus 5X Build/MMB29P) AppleWebKit/537.36 (KHTML, like Gecko) Chrome/41.0.2272.96 Mobile Safari/537.36 (compatible; Googlebot/2.1; +http://www.google.com/bot.html)"
66.249.79.41 - - [22/Jan/2020:17:48:26 +0800] "GET /2005/special_order/so-2005-16.pdf HTTP/1.1" 200 118617 "-" "Mozilla/5.0 (Linux; Android 6.0.1; Nexus 5X Build/MMB29P) AppleWebKit/537.36 (KHTML, like Gecko) Chrome/41.0.2272.96 Mobile Safari/537.36 (compatible; Googlebot/2.1; +http://www.google.com/bot.html)"
66.249.79.36 - - [22/Jan/2020:17:48:50 +0800] "GET /1988/PP_1988-240.pdf HTTP/1.1" 200 13003 "-" "Mozilla/5.0 (Linux; Android 6.0.1; Nexus 5X Build/MMB29P) AppleWebKit/537.36 (KHTML, like Gecko) Chrome/41.0.2272.96 Mobile Safari/537.36 (compatible; Googlebot/2.1; +http://www.google.com/bot.html)"
66.249.82.185 - - [22/Jan/2020:17:49:11 +0800] "GET /dao2004/dao2004-08.pdf HTTP/1.1" 200 262300 "https://denr.gov.ph/" "Mozilla/5.0 (Linux; Android 9; ASUS_I001DE) AppleWebKit/537.36 (KHTML, like Gecko) Chrome/79.0.3945.116 Mobile Safari/537.36"
66.249.79.36 - - [22/Jan/2020:17:49:16 +0800] "GET /2005/special_order/so-2005-212.pdf HTTP/1.1" 200 24140 "-" "Mozilla/5.0 (Linux; Android 6.0.1; Nexus 5X Build/MMB29P) AppleWebKit/537.36 (KHTML, like Gecko) Chrome/41.0.2272.96 Mobile Safari/537.36 (compatible; Googlebot/2.1; +http://www.google.com/bot.html)"
66.249.79.36 - - [22/Jan/2020:17:49:38 +0800] "GET /pol-1989/envdmco89.pdf HTTP/1.1" 200 190335 "-" "Mozilla/5.0 (Linux; Android 6.0.1; Nexus 5X Build/MMB29P) AppleWebKit/537.36 (KHTML, like Gecko) Chrome/41.0.2272.96 Mobile Safari/537.36 (compatible; Googlebot/2.1; +http://www.google.com/bot.html)"
110.54.209.132 - - [22/Jan/2020:17:50:19 +0800] "GET /1997/FOR_DAO-97-32.pdf HTTP/1.1" 200 85020 "https://www.google.com/" "Mozilla/5.0 (Windows NT 10.0; Win64; x64) AppleWebKit/537.36 (KHTML, like Gecko) Chrome/79.0.3945.117 Safari/537.36"
110.54.209.132 - - [22/Jan/2020:17:50:19 +0800] "GET /favicon.ico HTTP/1.1" 404 209 "http://policy.denr.gov.ph/1997/FOR_DAO-97-32.pdf" "Mozilla/5.0 (Windows NT 10.0; Win64; x64) AppleWebKit/537.36 (KHTML, like Gecko) Chrome/79.0.3945.117 Safari/537.36"
66.249.79.44 - - [22/Jan/2020:17:50:26 +0800] "GET /1994/PAWDAO_94-45.pdf HTTP/1.1" 200 44757 "-" "Mozilla/5.0 (Linux; Android 6.0.1; Nexus 5X Build/MMB29P) AppleWebKit/537.36 (KHTML, like Gecko) Chrome/41.0.2272.96 Mobile Safari/537.36 (compatible; Googlebot/2.1; +http://www.google.com/bot.html)"
66.249.79.36 - - [22/Jan/2020:17:50:49 +0800] "GET /2002/mo2002-05.pdf HTTP/1.1" 200 13456 "-" "Mozilla/5.0 (Linux; Android 6.0.1; Nexus 5X Build/MMB29P) AppleWebKit/537.36 (KHTML, like Gecko) Chrome/41.0.2272.96 Mobile Safari/537.36 (compatible; Googlebot/2.1; +http://www.google.com/bot.html)"
180.232.120.12 - - [22/Jan/2020:17:51:08 +0800] "GET /2005/dao/joint_dao2005-02.pdf HTTP/1.1" 200 596271 "-" "Mozilla/5.0 (Windows NT 6.1; rv:45.0) Gecko/20100101 Firefox/45.0"
66.249.79.36 - - [22/Jan/2020:17:51:13 +0800] "GET /1997/FOR_DMC-97-03.pdf HTTP/1.1" 200 32874 "-" "Mozilla/5.0 (Linux; Android 6.0.1; Nexus 5X Build/MMB29P) AppleWebKit/537.36 (KHTML, like Gecko) Chrome/41.0.2272.96 Mobile Safari/537.36 (compatible; Googlebot/2.1; +http://www.google.com/bot.html)"
66.249.79.36 - - [22/Jan/2020:17:51:37 +0800] "GET /1989/DAO1989-96.pdf HTTP/1.1" 200 93941 "-" "Mozilla/5.0 (Linux; Android 6.0.1; Nexus 5X Build/MMB29P) AppleWebKit/537.36 (KHTML, like Gecko) Chrome/41.0.2272.96 Mobile Safari/537.36 (compatible; Googlebot/2.1; +http://www.google.com/bot.html)"
180.232.120.12 - - [22/Jan/2020:17:51:58 +0800] "GET /dao2004/dao2004-36.pdf HTTP/1.1" 200 199096 "-" "Mozilla/5.0 (Windows NT 6.1; rv:45.0) Gecko/20100101 Firefox/45.0"
66.249.79.44 - - [22/Jan/2020:17:52:01 +0800] "GET /1994/ForMO_1994-12.pdf HTTP/1.1" 200 29536 "-" "Mozilla/5.0 (Linux; Android 6.0.1; Nexus 5X Build/MMB29P) AppleWebKit/537.36 (KHTML, like Gecko) Chrome/41.0.2272.96 Mobile Safari/537.36 (compatible; Googlebot/2.1; +http://www.google.com/bot.html)"
66.249.79.36 - - [22/Jan/2020:17:52:26 +0800] "GET /1999/dao99-04.pdf HTTP/1.1" 200 15456 "-" "Mozilla/5.0 (Linux; Android 6.0.1; Nexus 5X Build/MMB29P) AppleWebKit/537.36 (KHTML, like Gecko) Chrome/41.0.2272.96 Mobile Safari/537.36 (compatible; Googlebot/2.1; +http://www.google.com/bot.html)"
