66.249.79.41 - - [22/Jan/2020:11:03:19 +0800] "GET /2000/EO_2000_197.pdf HTTP/1.1" 200 18959 "-" "Mozilla/5.0 (Linux; Android 6.0.1; Nexus 5X Build/MMB29P) AppleWebKit/537.36 (KHTML, like Gecko) Chrome/41.0.2272.96 Mobile Safari/537.36 (compatible; Googlebot/2.1; +http://www.google.com/bot.html)"
66.249.79.36 - - [22/Jan/2020:11:03:28 +0800] "GET /1991/pawsdao91-5.pdf HTTP/1.1" 200 164030 "-" "Mozilla/5.0 (Linux; Android 6.0.1; Nexus 5X Build/MMB29P) AppleWebKit/537.36 (KHTML, like Gecko) Chrome/41.0.2272.96 Mobile Safari/537.36 (compatible; Googlebot/2.1; +http://www.google.com/bot.html)"
66.249.79.36 - - [22/Jan/2020:11:03:52 +0800] "GET /1991/pawsmo91-3.pdf HTTP/1.1" 200 64731 "-" "Mozilla/5.0 (Linux; Android 6.0.1; Nexus 5X Build/MMB29P) AppleWebKit/537.36 (KHTML, like Gecko) Chrome/41.0.2272.96 Mobile Safari/537.36 (compatible; Googlebot/2.1; +http://www.google.com/bot.html)"
66.249.79.36 - - [22/Jan/2020:11:04:15 +0800] "GET /1999/proclamation%20132.pdf HTTP/1.1" 200 19442 "-" "Mozilla/5.0 (Linux; Android 6.0.1; Nexus 5X Build/MMB29P) AppleWebKit/537.36 (KHTML, like Gecko) Chrome/41.0.2272.96 Mobile Safari/537.36 (compatible; Googlebot/2.1; +http://www.google.com/bot.html)"
66.249.79.41 - - [22/Jan/2020:11:06:39 +0800] "GET /2005/dao/joint_dao2005-02.pdf HTTP/1.1" 200 596271 "-" "Mozilla/5.0 (Linux; Android 6.0.1; Nexus 5X Build/MMB29P) AppleWebKit/537.36 (KHTML, like Gecko) Chrome/41.0.2272.96 Mobile Safari/537.36 (compatible; Googlebot/2.1; +http://www.google.com/bot.html)"
130.105.53.77 - - [22/Jan/2020:11:08:12 +0800] "GET /favicon.ico HTTP/1.1" 404 209 "http://policy.denr.gov.ph/1993/FOR_DAO-93-58.pdf" "Mozilla/5.0 (Windows NT 10.0) AppleWebKit/537.36 (KHTML, like Gecko) Chrome/79.0.3945.130 Safari/537.36"
130.105.53.77 - - [22/Jan/2020:11:08:11 +0800] "GET /1993/FOR_DAO-93-58.pdf HTTP/1.1" 200 334127 "https://denr.gov.ph/" "Mozilla/5.0 (Windows NT 10.0) AppleWebKit/537.36 (KHTML, like Gecko) Chrome/79.0.3945.130 Safari/537.36"
130.105.53.77 - - [22/Jan/2020:11:09:20 +0800] "GET /1993/FOR_DAO-93-58.pdf HTTP/1.1" 200 334127 "-" "Mozilla/5.0 (Windows NT 10.0) AppleWebKit/537.36 (KHTML, like Gecko) Chrome/79.0.3945.130 Safari/537.36"
120.28.235.41 - - [22/Jan/2020:11:12:06 +0800] "GET /favicon.ico HTTP/1.1" 404 209 "http://policy.denr.gov.ph/1992/ENV_DAO_92-21.pdf" "Mozilla/5.0 (Windows NT 10.0; Win64; x64) AppleWebKit/537.36 (KHTML, like Gecko) Chrome/79.0.3945.117 Safari/537.36"
120.28.235.41 - - [22/Jan/2020:11:12:05 +0800] "GET /1992/ENV_DAO_92-21.pdf HTTP/1.1" 200 187281 "https://www.google.com/" "Mozilla/5.0 (Windows NT 10.0; Win64; x64) AppleWebKit/537.36 (KHTML, like Gecko) Chrome/79.0.3945.117 Safari/537.36"
66.249.79.44 - - [22/Jan/2020:11:13:00 +0800] "GET /1993/FOR_DAO-93-27.pdf HTTP/1.1" 200 544293 "-" "Mozilla/5.0 (Linux; Android 6.0.1; Nexus 5X Build/MMB29P) AppleWebKit/537.36 (KHTML, like Gecko) Chrome/41.0.2272.96 Mobile Safari/537.36 (compatible; Googlebot/2.1; +http://www.google.com/bot.html)"
66.249.79.36 - - [22/Jan/2020:11:14:37 +0800] "GET /2000/EO_2000_202.pdf HTTP/1.1" 200 24520 "-" "Mozilla/5.0 (Linux; Android 6.0.1; Nexus 5X Build/MMB29P) AppleWebKit/537.36 (KHTML, like Gecko) Chrome/41.0.2272.96 Mobile Safari/537.36 (compatible; Googlebot/2.1; +http://www.google.com/bot.html)"
66.249.79.44 - - [22/Jan/2020:11:14:59 +0800] "GET /1990/FOR_DMC_1990-21.pdf HTTP/1.1" 200 290028 "-" "Mozilla/5.0 (Linux; Android 6.0.1; Nexus 5X Build/MMB29P) AppleWebKit/537.36 (KHTML, like Gecko) Chrome/41.0.2272.96 Mobile Safari/537.36 (compatible; Googlebot/2.1; +http://www.google.com/bot.html)"
112.199.65.155 - - [22/Jan/2020:11:15:07 +0800] "GET /favicon.ico HTTP/1.1" 404 209 "http://policy.denr.gov.ph/dao2004/dao2004-23.pdf" "Mozilla/5.0 (Windows NT 10.0; Win64; x64) AppleWebKit/537.36 (KHTML, like Gecko) Chrome/79.0.3945.117 Safari/537.36"
112.199.65.155 - - [22/Jan/2020:11:15:07 +0800] "GET /dao2004/dao2004-23.pdf HTTP/1.1" 200 1021347 "https://www.google.com/" "Mozilla/5.0 (Windows NT 10.0; Win64; x64) AppleWebKit/537.36 (KHTML, like Gecko) Chrome/79.0.3945.117 Safari/537.36"
66.249.79.41 - - [22/Jan/2020:11:15:23 +0800] "GET /2000/DENR_MC_2000-02.pdf HTTP/1.1" 200 15751 "-" "Mozilla/5.0 (Linux; Android 6.0.1; Nexus 5X Build/MMB29P) AppleWebKit/537.36 (KHTML, like Gecko) Chrome/41.0.2272.96 Mobile Safari/537.36 (compatible; Googlebot/2.1; +http://www.google.com/bot.html)"
202.90.133.195 - - [22/Jan/2020:11:18:30 +0800] "GET /2000/MIN_DAO_2000_61.pdf HTTP/1.1" 200 24329 "https://denr.gov.ph/" "Mozilla/5.0 (Windows NT 10.0; Win64; x64) AppleWebKit/537.36 (KHTML, like Gecko) Chrome/79.0.3945.117 Safari/537.36"
202.90.133.195 - - [22/Jan/2020:11:18:30 +0800] "GET /favicon.ico HTTP/1.1" 404 209 "http://policy.denr.gov.ph/2000/MIN_DAO_2000_61.pdf" "Mozilla/5.0 (Windows NT 10.0; Win64; x64) AppleWebKit/537.36 (KHTML, like Gecko) Chrome/79.0.3945.117 Safari/537.36"
202.90.133.195 - - [22/Jan/2020:11:19:08 +0800] "GET /2003/dao2003-46.pdf HTTP/1.1" 200 11596336 "https://denr.gov.ph/" "Mozilla/5.0 (Windows NT 10.0; Win64; x64) AppleWebKit/537.36 (KHTML, like Gecko) Chrome/79.0.3945.117 Safari/537.36"
202.90.133.195 - - [22/Jan/2020:11:19:14 +0800] "GET /2003/dao2003-46.pdf HTTP/1.1" 206 651824 "http://policy.denr.gov.ph/2003/dao2003-46.pdf" "Mozilla/5.0 (Windows NT 10.0; Win64; x64) AppleWebKit/537.36 (KHTML, like Gecko) Chrome/79.0.3945.117 Safari/537.36"
110.54.235.180 - - [22/Jan/2020:11:19:29 +0800] "GET /dao2004/dao2004-15.pdf HTTP/1.1" 200 401129 "https://denr.gov.ph/" "Mozilla/5.0 (Windows NT 10.0; Win64; x64) AppleWebKit/537.36 (KHTML, like Gecko) Chrome/79.0.3945.117 Safari/537.36"
110.54.131.209 - - [22/Jan/2020:11:19:30 +0800] "GET /2001/DENR_MO_2001-11.pdf HTTP/1.1" 200 29820 "https://www.google.com.ph/" "Mozilla/5.0 (iPhone; CPU iPhone OS 12_4_4 like Mac OS X) AppleWebKit/605.1.15 (KHTML, like Gecko) Version/12.1.2 Mobile/15E148 Safari/604.1"
175.176.63.43 - - [22/Jan/2020:11:19:32 +0800] "GET /1997/FOR_DAO-97-32.pdf HTTP/1.1" 200 85020 "https://www.google.com.ph/" "Mozilla/5.0 (Windows NT 6.3; Win64; x64) AppleWebKit/537.36 (KHTML, like Gecko) Chrome/74.0.3729.169 Safari/537.36"
175.176.63.43 - - [22/Jan/2020:11:19:32 +0800] "GET /favicon.ico HTTP/1.1" 404 209 "http://policy.denr.gov.ph/1997/FOR_DAO-97-32.pdf" "Mozilla/5.0 (Windows NT 6.3; Win64; x64) AppleWebKit/537.36 (KHTML, like Gecko) Chrome/74.0.3729.169 Safari/537.36"
202.90.133.195 - - [22/Jan/2020:11:20:25 +0800] "GET /2003/dao2003-46.pdf HTTP/1.1" 206 30287 "http://policy.denr.gov.ph/2003/dao2003-46.pdf" "Mozilla/5.0 (Windows NT 10.0; Win64; x64) AppleWebKit/537.36 (KHTML, like Gecko) Chrome/79.0.3945.117 Safari/537.36"
202.90.133.195 - - [22/Jan/2020:11:20:23 +0800] "GET /2003/dao2003-46.pdf HTTP/1.1" 206 10944512 "https://denr.gov.ph/" "Mozilla/5.0 (Windows NT 10.0; Win64; x64) AppleWebKit/537.36 (KHTML, like Gecko) Chrome/79.0.3945.117 Safari/537.36"
110.54.235.180 - - [22/Jan/2020:11:20:48 +0800] "GET /dao2004/dao2004-15.pdf HTTP/1.1" 200 401129 "http://policy.denr.gov.ph/dao2004/dao2004-15.pdf" "Mozilla/5.0 (Windows NT 10.0; Win64; x64) AppleWebKit/537.36 (KHTML, like Gecko) Chrome/79.0.3945.117 Safari/537.36"
202.90.133.195 - - [22/Jan/2020:11:20:25 +0800] "GET /2003/dao2003-46.pdf HTTP/1.1" 206 9759410 "http://policy.denr.gov.ph/2003/dao2003-46.pdf" "Mozilla/5.0 (Windows NT 10.0; Win64; x64) AppleWebKit/537.36 (KHTML, like Gecko) Chrome/79.0.3945.117 Safari/537.36"
66.249.82.187 - - [22/Jan/2020:11:21:27 +0800] "GET /2001/DENR_MO_2001-11.pdf HTTP/1.1" 200 29820 "-" "Mozilla/5.0 (Linux; Android 5.1; A1601) AppleWebKit/537.36 (KHTML, like Gecko) Chrome/75.0.3770.143 Mobile Safari/537.36"
202.90.133.195 - - [22/Jan/2020:11:21:32 +0800] "GET /2003/dao2003-46.pdf HTTP/1.1" 304 - "https://denr.gov.ph/" "Mozilla/5.0 (Windows NT 10.0; Win64; x64) AppleWebKit/537.36 (KHTML, like Gecko) Chrome/79.0.3945.117 Safari/537.36"
66.249.82.189 - - [22/Jan/2020:11:22:32 +0800] "GET /2003/dao2003-30.pdf HTTP/1.1" 200 2258816 "https://www.google.com/" "Mozilla/5.0 (Linux; Android 9; Redmi Note 7) AppleWebKit/537.36 (KHTML, like Gecko) Chrome/79.0.3945.116 Mobile Safari/537.36"
202.90.133.195 - - [22/Jan/2020:11:21:33 +0800] "GET /2003/dao2003-46.pdf HTTP/1.1" 206 9542270 "https://denr.gov.ph/" "Mozilla/5.0 (Windows NT 10.0; Win64; x64) AppleWebKit/537.36 (KHTML, like Gecko) Chrome/79.0.3945.117 Safari/537.36"
49.145.205.27 - - [22/Jan/2020:11:23:29 +0800] "GET /1999/fordao99-34.pdf HTTP/1.1" 200 36493 "https://www.google.com/" "Mozilla/5.0 (Windows NT 10.0; Win64; x64) AppleWebKit/537.36 (KHTML, like Gecko) Chrome/79.0.3945.130 Safari/537.36"
49.145.205.27 - - [22/Jan/2020:11:23:31 +0800] "GET /1999/fordao99-34.pdf HTTP/1.1" 206 12014 "https://www.google.com/" "Mozilla/5.0 (Windows NT 10.0; Win64; x64) AppleWebKit/537.36 (KHTML, like Gecko) Chrome/79.0.3945.130 Safari/537.36"
180.191.122.189 - - [22/Jan/2020:11:23:31 +0800] "GET /1997/FOR_DAO-97-04.pdf HTTP/1.1" 200 80137 "https://www.google.com/" "Mozilla/5.0 (Linux; Android 8.0.0; RNE-L22) AppleWebKit/537.36 (KHTML, like Gecko) Chrome/79.0.3945.116 Mobile Safari/537.36"
49.145.205.27 - - [22/Jan/2020:11:23:39 +0800] "GET /1999/fordao99-34.pdf HTTP/1.1" 206 9541 "https://www.google.com/" "Mozilla/5.0 (Windows NT 10.0; Win64; x64) AppleWebKit/537.36 (KHTML, like Gecko) Chrome/79.0.3945.130 Safari/537.36"
49.145.205.27 - - [22/Jan/2020:11:23:43 +0800] "GET /1999/fordao99-34.pdf HTTP/1.1" 206 5647 "https://www.google.com/" "Mozilla/5.0 (Windows NT 10.0; Win64; x64) AppleWebKit/537.36 (KHTML, like Gecko) Chrome/79.0.3945.130 Safari/537.36"
180.232.80.69 - - [22/Jan/2020:11:26:08 +0800] "GET /1999/fordao99-53.pdf HTTP/1.1" 200 82407 "https://www.google.com/" "Mozilla/5.0 (Windows NT 10.0; Win64; x64) AppleWebKit/537.36 (KHTML, like Gecko) Chrome/79.0.3945.117 Safari/537.36"
121.127.5.103 - - [22/Jan/2020:11:27:30 +0800] "GET /1998/envdao98-49.pdf HTTP/1.1" 200 25877 "http://www.google.com/url?sa=t&rct=j&q=&esrc=s&source=web&cd=2&ved=2ahUKEwiglK_NoZbnAhXbfd4KHft7Dz4QFjABegQIBRAB&url=http%3A%2F%2Fpolicy.denr.gov.ph%2F1998%2Fenvdao98-49.pdf&usg=AOvVaw13mc6O-99VKTNQ2GGzWFrp" "Mozilla/5.0 (Windows NT 6.1; Trident/7.0; rv:11.0) like Gecko"
66.249.79.44 - - [22/Jan/2020:11:28:32 +0800] "GET /1995/Rep_Act-1995-7901.pdf HTTP/1.1" 200 29491 "-" "Mozilla/5.0 (Linux; Android 6.0.1; Nexus 5X Build/MMB29P) AppleWebKit/537.36 (KHTML, like Gecko) Chrome/41.0.2272.96 Mobile Safari/537.36 (compatible; Googlebot/2.1; +http://www.google.com/bot.html)"
66.249.79.44 - - [22/Jan/2020:11:28:54 +0800] "GET /1995/DENR_MO-06.pdf HTTP/1.1" 200 28170 "-" "Mozilla/5.0 (Linux; Android 6.0.1; Nexus 5X Build/MMB29P) AppleWebKit/537.36 (KHTML, like Gecko) Chrome/41.0.2272.96 Mobile Safari/537.36 (compatible; Googlebot/2.1; +http://www.google.com/bot.html)"
66.249.79.41 - - [22/Jan/2020:11:29:17 +0800] "GET /1987/FOR_DMO_87_11.pdf HTTP/1.1" 200 74056 "-" "Mozilla/5.0 (Linux; Android 6.0.1; Nexus 5X Build/MMB29P) AppleWebKit/537.36 (KHTML, like Gecko) Chrome/41.0.2272.96 Mobile Safari/537.36 (compatible; Googlebot/2.1; +http://www.google.com/bot.html)"
66.249.79.36 - - [22/Jan/2020:11:29:42 +0800] "GET /1996/DENR_DAO_1996-09.pdf HTTP/1.1" 200 15198 "-" "Mozilla/5.0 (Linux; Android 6.0.1; Nexus 5X Build/MMB29P) AppleWebKit/537.36 (KHTML, like Gecko) Chrome/41.0.2272.96 Mobile Safari/537.36 (compatible; Googlebot/2.1; +http://www.google.com/bot.html)"
66.249.79.41 - - [22/Jan/2020:11:30:05 +0800] "GET /2000/DAO_FMB_2000-17.pdf HTTP/1.1" 200 28450 "-" "Mozilla/5.0 (Linux; Android 6.0.1; Nexus 5X Build/MMB29P) AppleWebKit/537.36 (KHTML, like Gecko) Chrome/41.0.2272.96 Mobile Safari/537.36 (compatible; Googlebot/2.1; +http://www.google.com/bot.html)"
203.177.140.219 - - [22/Jan/2020:11:32:00 +0800] "GET /1999/fordao99-53.pdf HTTP/1.1" 200 82407 "https://www.google.com/" "Mozilla/5.0 (Windows NT 10.0; Win64; x64) AppleWebKit/537.36 (KHTML, like Gecko) Chrome/79.0.3945.117 Safari/537.36"
203.177.140.219 - - [22/Jan/2020:11:32:00 +0800] "GET /favicon.ico HTTP/1.1" 404 209 "http://policy.denr.gov.ph/1999/fordao99-53.pdf" "Mozilla/5.0 (Windows NT 10.0; Win64; x64) AppleWebKit/537.36 (KHTML, like Gecko) Chrome/79.0.3945.117 Safari/537.36"
66.249.79.41 - - [22/Jan/2020:11:33:31 +0800] "GET /1996/DENR_DAO_1996-12.pdf HTTP/1.1" 200 24577 "-" "Mozilla/5.0 (Linux; Android 6.0.1; Nexus 5X Build/MMB29P) AppleWebKit/537.36 (KHTML, like Gecko) Chrome/41.0.2272.96 Mobile Safari/537.36 (compatible; Googlebot/2.1; +http://www.google.com/bot.html)"
66.249.79.36 - - [22/Jan/2020:11:33:34 +0800] "GET /2002/JOINTDAO_2002-01.pdf HTTP/1.1" 200 93296 "-" "Mozilla/5.0 (Linux; Android 6.0.1; Nexus 5X Build/MMB29P) AppleWebKit/537.36 (KHTML, like Gecko) Chrome/41.0.2272.96 Mobile Safari/537.36 (compatible; Googlebot/2.1; +http://www.google.com/bot.html)"
66.249.79.36 - - [22/Jan/2020:11:33:35 +0800] "GET /1994/ForMC_1994-01.pdf HTTP/1.1" 200 77024 "-" "Mozilla/5.0 (Linux; Android 6.0.1; Nexus 5X Build/MMB29P) AppleWebKit/537.36 (KHTML, like Gecko) Chrome/41.0.2272.96 Mobile Safari/537.36 (compatible; Googlebot/2.1; +http://www.google.com/bot.html)"
66.249.79.36 - - [22/Jan/2020:11:33:41 +0800] "GET /pol-1987/toc87.PDF HTTP/1.1" 200 81654 "-" "Mozilla/5.0 (Linux; Android 6.0.1; Nexus 5X Build/MMB29P) AppleWebKit/537.36 (KHTML, like Gecko) Chrome/41.0.2272.96 Mobile Safari/537.36 (compatible; Googlebot/2.1; +http://www.google.com/bot.html)"
66.249.79.36 - - [22/Jan/2020:11:33:59 +0800] "GET /1989/DAO1989-142.pdf HTTP/1.1" 200 139114 "-" "Mozilla/5.0 (Linux; Android 6.0.1; Nexus 5X Build/MMB29P) AppleWebKit/537.36 (KHTML, like Gecko) Chrome/41.0.2272.96 Mobile Safari/537.36 (compatible; Googlebot/2.1; +http://www.google.com/bot.html)"
66.249.79.36 - - [22/Jan/2020:11:34:05 +0800] "GET /memorandum/DENR_CIEL.pdf HTTP/1.1" 200 82681 "-" "Mozilla/5.0 (Linux; Android 6.0.1; Nexus 5X Build/MMB29P) AppleWebKit/537.36 (KHTML, like Gecko) Chrome/41.0.2272.96 Mobile Safari/537.36 (compatible; Googlebot/2.1; +http://www.google.com/bot.html)"
66.249.79.36 - - [22/Jan/2020:11:34:17 +0800] "GET /2001/DENR_MO_2001-14.pdf HTTP/1.1" 200 37888 "-" "Mozilla/5.0 (Linux; Android 6.0.1; Nexus 5X Build/MMB29P) AppleWebKit/537.36 (KHTML, like Gecko) Chrome/41.0.2272.96 Mobile Safari/537.36 (compatible; Googlebot/2.1; +http://www.google.com/bot.html)"
66.249.79.36 - - [22/Jan/2020:11:34:29 +0800] "GET /1989/DAO1989-08.pdf HTTP/1.1" 200 226046 "-" "Mozilla/5.0 (Linux; Android 6.0.1; Nexus 5X Build/MMB29P) AppleWebKit/537.36 (KHTML, like Gecko) Chrome/41.0.2272.96 Mobile Safari/537.36 (compatible; Googlebot/2.1; +http://www.google.com/bot.html)"
66.249.79.36 - - [22/Jan/2020:11:34:41 +0800] "GET /2000/DENR_DAO_2000-96.pdf HTTP/1.1" 200 21564 "-" "Mozilla/5.0 (Linux; Android 6.0.1; Nexus 5X Build/MMB29P) AppleWebKit/537.36 (KHTML, like Gecko) Chrome/41.0.2272.96 Mobile Safari/537.36 (compatible; Googlebot/2.1; +http://www.google.com/bot.html)"
66.249.79.41 - - [22/Jan/2020:11:35:04 +0800] "GET /2003/memorandum_circular/DMC2003-05.pdf HTTP/1.1" 200 667221 "-" "Mozilla/5.0 (Linux; Android 6.0.1; Nexus 5X Build/MMB29P) AppleWebKit/537.36 (KHTML, like Gecko) Chrome/41.0.2272.96 Mobile Safari/537.36 (compatible; Googlebot/2.1; +http://www.google.com/bot.html)"
66.249.79.41 - - [22/Jan/2020:11:35:28 +0800] "GET /dao2004/dao2004-19.pdf HTTP/1.1" 200 148625 "-" "Mozilla/5.0 (Linux; Android 6.0.1; Nexus 5X Build/MMB29P) AppleWebKit/537.36 (KHTML, like Gecko) Chrome/41.0.2272.96 Mobile Safari/537.36 (compatible; Googlebot/2.1; +http://www.google.com/bot.html)"
66.249.82.187 - - [22/Jan/2020:11:35:30 +0800] "GET /basicpol/envcode/pd984.pdf HTTP/1.1" 200 27064 "https://www.google.com/" "Mozilla/5.0 (Linux; Android 9; SM-A705MN) AppleWebKit/537.36 (KHTML, like Gecko) Chrome/79.0.3945.116 Mobile Safari/537.36"
66.249.79.36 - - [22/Jan/2020:11:35:52 +0800] "GET /1993/FOR_DAO93-26.pdf HTTP/1.1" 200 520231 "-" "Mozilla/5.0 (Linux; Android 6.0.1; Nexus 5X Build/MMB29P) AppleWebKit/537.36 (KHTML, like Gecko) Chrome/41.0.2272.96 Mobile Safari/537.36 (compatible; Googlebot/2.1; +http://www.google.com/bot.html)"
161.49.181.50 - - [22/Jan/2020:11:38:02 +0800] "GET /1995/PAW_DAO1995-22.pdf HTTP/1.1" 200 220628 "https://denr.gov.ph/" "Mozilla/5.0 (Windows NT 6.1; Win64; x64) AppleWebKit/537.36 (KHTML, like Gecko) Chrome/79.0.3945.117 Safari/537.36"
161.49.181.50 - - [22/Jan/2020:11:38:03 +0800] "GET /favicon.ico HTTP/1.1" 404 209 "http://policy.denr.gov.ph/1995/PAW_DAO1995-22.pdf" "Mozilla/5.0 (Windows NT 6.1; Win64; x64) AppleWebKit/537.36 (KHTML, like Gecko) Chrome/79.0.3945.117 Safari/537.36"
66.249.82.187 - - [22/Jan/2020:11:38:50 +0800] "GET /pol-1998/dao98-24.pdf HTTP/1.1" 200 6263890 "https://www.google.com/" "Mozilla/5.0 (Linux; Android 8.0.0; SM-G570F) AppleWebKit/537.36 (KHTML, like Gecko) Chrome/79.0.3945.116 Mobile Safari/537.36"
66.249.79.44 - - [22/Jan/2020:11:38:56 +0800] "GET /pol-1995/ra95.pdf HTTP/1.1" 200 2021435 "-" "Mozilla/5.0 (Linux; Android 6.0.1; Nexus 5X Build/MMB29P) AppleWebKit/537.36 (KHTML, like Gecko) Chrome/41.0.2272.96 Mobile Safari/537.36 (compatible; Googlebot/2.1; +http://www.google.com/bot.html)"
202.57.41.68 - - [22/Jan/2020:11:40:23 +0800] "GET /2001/DENR_MO_2001-11.pdf HTTP/1.1" 200 29820 "-" "Mozilla/5.0 (Windows NT 10.0; Win64; x64) AppleWebKit/537.36 (KHTML, like Gecko) Chrome/79.0.3945.130 Safari/537.36"
66.249.79.36 - - [22/Jan/2020:11:41:58 +0800] "GET /2004/DMC/DMC-2004-14.pdf HTTP/1.1" 404 222 "-" "Mozilla/5.0 (Linux; Android 6.0.1; Nexus 5X Build/MMB29P) AppleWebKit/537.36 (KHTML, like Gecko) Chrome/41.0.2272.96 Mobile Safari/537.36 (compatible; Googlebot/2.1; +http://www.google.com/bot.html)"
66.249.79.41 - - [22/Jan/2020:11:42:07 +0800] "GET /1999/fordao99-32.pdf HTTP/1.1" 200 14418 "-" "Mozilla/5.0 (Linux; Android 6.0.1; Nexus 5X Build/MMB29P) AppleWebKit/537.36 (KHTML, like Gecko) Chrome/41.0.2272.96 Mobile Safari/537.36 (compatible; Googlebot/2.1; +http://www.google.com/bot.html)"
66.249.79.36 - - [22/Jan/2020:11:42:11 +0800] "GET /1990/lLAND_DAO_1990-55.pdf HTTP/1.1" 200 88813 "-" "Mozilla/5.0 (Linux; Android 6.0.1; Nexus 5X Build/MMB29P) AppleWebKit/537.36 (KHTML, like Gecko) Chrome/41.0.2272.96 Mobile Safari/537.36 (compatible; Googlebot/2.1; +http://www.google.com/bot.html)"
175.176.88.77 - - [22/Jan/2020:11:42:28 +0800] "GET /basicpol/pacode/irr7586.pdf HTTP/1.1" 200 65014 "-" "Dalvik/2.1.0 (Linux; U; Android 9; SM-A705MN Build/PPR1.180610.011)"
66.249.79.36 - - [22/Jan/2020:11:42:34 +0800] "GET /dao2004/dao2004-36.pdf HTTP/1.1" 200 199096 "-" "Mozilla/5.0 (Linux; Android 6.0.1; Nexus 5X Build/MMB29P) AppleWebKit/537.36 (KHTML, like Gecko) Chrome/41.0.2272.96 Mobile Safari/537.36 (compatible; Googlebot/2.1; +http://www.google.com/bot.html)"
66.249.79.36 - - [22/Jan/2020:11:42:35 +0800] "GET /1993/FOR_DAO93-26.pdf HTTP/1.1" 200 520231 "-" "Mozilla/5.0 (Linux; Android 6.0.1; Nexus 5X Build/MMB29P) AppleWebKit/537.36 (KHTML, like Gecko) Chrome/41.0.2272.96 Mobile Safari/537.36 (compatible; Googlebot/2.1; +http://www.google.com/bot.html)"
66.249.79.36 - - [22/Jan/2020:11:42:46 +0800] "GET /1987/EO_1987_287.pdf HTTP/1.1" 200 23227 "-" "Mozilla/5.0 (Linux; Android 6.0.1; Nexus 5X Build/MMB29P) AppleWebKit/537.36 (KHTML, like Gecko) Chrome/41.0.2272.96 Mobile Safari/537.36 (compatible; Googlebot/2.1; +http://www.google.com/bot.html)"
66.249.79.44 - - [22/Jan/2020:11:42:58 +0800] "GET /1998/dao98-66.pdf HTTP/1.1" 200 17378 "-" "Mozilla/5.0 (Linux; Android 6.0.1; Nexus 5X Build/MMB29P) AppleWebKit/537.36 (KHTML, like Gecko) Chrome/41.0.2272.96 Mobile Safari/537.36 (compatible; Googlebot/2.1; +http://www.google.com/bot.html)"
66.249.79.41 - - [22/Jan/2020:11:43:10 +0800] "GET /1998/dao98-08.pdf HTTP/1.1" 200 18693 "-" "Mozilla/5.0 (Linux; Android 6.0.1; Nexus 5X Build/MMB29P) AppleWebKit/537.36 (KHTML, like Gecko) Chrome/41.0.2272.96 Mobile Safari/537.36 (compatible; Googlebot/2.1; +http://www.google.com/bot.html)"
66.249.79.36 - - [22/Jan/2020:11:43:34 +0800] "GET /2005/special_order/so-2005-153.pdf HTTP/1.1" 200 55812 "-" "Mozilla/5.0 (Linux; Android 6.0.1; Nexus 5X Build/MMB29P) AppleWebKit/537.36 (KHTML, like Gecko) Chrome/41.0.2272.96 Mobile Safari/537.36 (compatible; Googlebot/2.1; +http://www.google.com/bot.html)"
112.211.244.230 - - [22/Jan/2020:11:43:42 +0800] "GET /2006/dao/JointDAO-2006-001.pdf HTTP/1.1" 200 333963 "http://www.google.com/" "Mozilla/5.0 (Linux; Android 9; CPH1911) AppleWebKit/537.36 (KHTML, like Gecko) Chrome/79.0.3945.116 Mobile Safari/537.36"
175.176.88.77 - - [22/Jan/2020:11:42:44 +0800] "GET /basicpol/pacode/irr7586.pdf HTTP/1.1" 200 65014 "-" "Dalvik/2.1.0 (Linux; U; Android 9; SM-A705MN Build/PPR1.180610.011)"
66.249.79.44 - - [22/Jan/2020:11:43:57 +0800] "GET /1992/LAN_DAO_1992_11.pdf HTTP/1.1" 200 18879 "-" "Mozilla/5.0 (Linux; Android 6.0.1; Nexus 5X Build/MMB29P) AppleWebKit/537.36 (KHTML, like Gecko) Chrome/41.0.2272.96 Mobile Safari/537.36 (compatible; Googlebot/2.1; +http://www.google.com/bot.html)"
49.144.227.94 - - [22/Jan/2020:11:44:10 +0800] "GET /2001/DENR_MO_2001-11.pdf HTTP/1.1" 200 29820 "https://www.google.com/" "Mozilla/5.0 (Macintosh; Intel Mac OS X 10_15) AppleWebKit/605.1.15 (KHTML, like Gecko) Version/13.0.2 Safari/605.1.15"
49.144.227.94 - - [22/Jan/2020:11:44:11 +0800] "GET /favicon.ico HTTP/1.1" 404 209 "http://policy.denr.gov.ph/2001/DENR_MO_2001-11.pdf" "Mozilla/5.0 (Macintosh; Intel Mac OS X 10_15) AppleWebKit/605.1.15 (KHTML, like Gecko) Version/13.0.2 Safari/605.1.15"
66.249.79.41 - - [22/Jan/2020:11:44:21 +0800] "GET /1990/lLAND_DAO_1990-67.pdf HTTP/1.1" 200 119895 "-" "Mozilla/5.0 (Linux; Android 6.0.1; Nexus 5X Build/MMB29P) AppleWebKit/537.36 (KHTML, like Gecko) Chrome/41.0.2272.96 Mobile Safari/537.36 (compatible; Googlebot/2.1; +http://www.google.com/bot.html)"
54.208.102.37 - - [22/Jan/2020:11:44:40 +0800] "GET / HTTP/1.1" 200 10373 "http://policy.denr.gov.ph/" "Mozilla/5.0 (compatible; DuckDuckGo-Favicons-Bot/1.0; +http://duckduckgo.com)"
54.208.102.37 - - [22/Jan/2020:11:44:40 +0800] "GET /favicon.ico HTTP/1.1" 404 209 "http://policy.denr.gov.ph/favicon.ico" "Mozilla/5.0 (compatible; DuckDuckGo-Favicons-Bot/1.0; +http://duckduckgo.com)"
107.21.1.8 - - [22/Jan/2020:11:44:42 +0800] "GET / HTTP/1.1" 200 10373 "http://policy.denr.gov.ph/" "Mozilla/5.0 (compatible; DuckDuckGo-Favicons-Bot/1.0; +http://duckduckgo.com)"
107.21.1.8 - - [22/Jan/2020:11:44:42 +0800] "GET /favicon.ico HTTP/1.1" 404 209 "http://policy.denr.gov.ph/favicon.ico" "Mozilla/5.0 (compatible; DuckDuckGo-Favicons-Bot/1.0; +http://duckduckgo.com)"
66.249.79.36 - - [22/Jan/2020:11:44:45 +0800] "GET /2002/ra%202002-9176.pdf HTTP/1.1" 200 19478 "-" "Mozilla/5.0 (Linux; Android 6.0.1; Nexus 5X Build/MMB29P) AppleWebKit/537.36 (KHTML, like Gecko) Chrome/41.0.2272.96 Mobile Safari/537.36 (compatible; Googlebot/2.1; +http://www.google.com/bot.html)"
202.57.55.50 - - [22/Jan/2020:11:44:51 +0800] "GET /2001/DENR_MO_2001-11.pdf HTTP/1.1" 200 29820 "https://www.google.com/" "Mozilla/5.0 (Windows NT 10.0; Win64; x64) AppleWebKit/537.36 (KHTML, like Gecko) Chrome/79.0.3945.117 Safari/537.36"
202.57.55.50 - - [22/Jan/2020:11:44:52 +0800] "GET /favicon.ico HTTP/1.1" 404 209 "http://policy.denr.gov.ph/2001/DENR_MO_2001-11.pdf" "Mozilla/5.0 (Windows NT 10.0; Win64; x64) AppleWebKit/537.36 (KHTML, like Gecko) Chrome/79.0.3945.117 Safari/537.36"
66.249.79.36 - - [22/Jan/2020:11:45:09 +0800] "GET /2001/FMB_Annex-A_2001.pdf HTTP/1.1" 200 52426 "-" "Mozilla/5.0 (Linux; Android 6.0.1; Nexus 5X Build/MMB29P) AppleWebKit/537.36 (KHTML, like Gecko) Chrome/41.0.2272.96 Mobile Safari/537.36 (compatible; Googlebot/2.1; +http://www.google.com/bot.html)"
203.177.64.18 - - [22/Jan/2020:11:44:14 +0800] "GET /2000/ENV_DAO_2000-81.pdf HTTP/1.1" 200 299209 "https://www.google.com/" "Mozilla/5.0 (Windows NT 6.1) AppleWebKit/537.36 (KHTML, like Gecko) Chrome/79.0.3945.117 Safari/537.36"
66.249.79.36 - - [22/Jan/2020:11:45:33 +0800] "GET /2005/special_order/so-2005-335.pdf HTTP/1.1" 200 43788 "-" "Mozilla/5.0 (Linux; Android 6.0.1; Nexus 5X Build/MMB29P) AppleWebKit/537.36 (KHTML, like Gecko) Chrome/41.0.2272.96 Mobile Safari/537.36 (compatible; Googlebot/2.1; +http://www.google.com/bot.html)"
210.1.94.38 - - [22/Jan/2020:11:46:23 +0800] "GET /2006/dao/JointDAO-2006-001.pdf HTTP/1.1" 200 333963 "https://www.google.com/" "Mozilla/5.0 (Windows NT 10.0; Win64; x64) AppleWebKit/537.36 (KHTML, like Gecko) Chrome/79.0.3945.130 Safari/537.36"
210.1.94.38 - - [22/Jan/2020:11:46:23 +0800] "GET /favicon.ico HTTP/1.1" 404 209 "http://policy.denr.gov.ph/2006/dao/JointDAO-2006-001.pdf" "Mozilla/5.0 (Windows NT 10.0; Win64; x64) AppleWebKit/537.36 (KHTML, like Gecko) Chrome/79.0.3945.130 Safari/537.36"
110.54.227.235 - - [22/Jan/2020:11:47:56 +0800] "GET /2001/DENR_MO_2001-11.pdf HTTP/1.1" 200 29820 "https://www.google.com/" "Mozilla/5.0 (Linux; Android 9; CPH1969) AppleWebKit/537.36 (KHTML, like Gecko) Chrome/79.0.3945.116 Mobile Safari/537.36"
161.49.181.50 - - [22/Jan/2020:11:49:06 +0800] "GET /1996/PAW_DAO_1996-16.pdf HTTP/1.1" 200 15304 "https://denr.gov.ph/" "Mozilla/5.0 (Windows NT 6.1; Win64; x64) AppleWebKit/537.36 (KHTML, like Gecko) Chrome/79.0.3945.117 Safari/537.36"
66.249.79.41 - - [22/Jan/2020:11:50:04 +0800] "GET /2000/ENV_DMC_2000_10.pdf HTTP/1.1" 200 20786 "-" "Mozilla/5.0 (Linux; Android 6.0.1; Nexus 5X Build/MMB29P) AppleWebKit/537.36 (KHTML, like Gecko) Chrome/41.0.2272.96 Mobile Safari/537.36 (compatible; Googlebot/2.1; +http://www.google.com/bot.html)"
66.249.79.36 - - [22/Jan/2020:11:50:14 +0800] "GET /2003/dao2003-43.pdf HTTP/1.1" 200 2726047 "-" "Mozilla/5.0 (Linux; Android 6.0.1; Nexus 5X Build/MMB29P) AppleWebKit/537.36 (KHTML, like Gecko) Chrome/41.0.2272.96 Mobile Safari/537.36 (compatible; Googlebot/2.1; +http://www.google.com/bot.html)"
66.249.79.36 - - [22/Jan/2020:11:51:25 +0800] "GET /1997/EO_97-406.pdf HTTP/1.1" 200 25826 "-" "Mozilla/5.0 (Linux; Android 6.0.1; Nexus 5X Build/MMB29P) AppleWebKit/537.36 (KHTML, like Gecko) Chrome/41.0.2272.96 Mobile Safari/537.36 (compatible; Googlebot/2.1; +http://www.google.com/bot.html)"
119.94.102.123 - - [22/Jan/2020:11:51:40 +0800] "GET /2001/DENR_MO_2001-11.pdf HTTP/1.1" 200 29820 "https://www.google.com/" "Mozilla/5.0 (Windows NT 10.0; Win64; x64) AppleWebKit/537.36 (KHTML, like Gecko) Chrome/79.0.3945.130 Safari/537.36"
66.249.79.36 - - [22/Jan/2020:11:51:42 +0800] "GET /pol-2000/pol00v1/formco00.pdf HTTP/1.1" 200 91425 "-" "Mozilla/5.0 (Linux; Android 6.0.1; Nexus 5X Build/MMB29P) AppleWebKit/537.36 (KHTML, like Gecko) Chrome/41.0.2272.96 Mobile Safari/537.36 (compatible; Googlebot/2.1; +http://www.google.com/bot.html)"
103.16.169.154 - - [22/Jan/2020:11:51:45 +0800] "GET /favicon.ico HTTP/1.1" 404 209 "http://policy.denr.gov.ph/2001/DENR_MO_2001-11.pdf" "Mozilla/5.0 (Windows NT 10.0; Win64; x64) AppleWebKit/537.36 (KHTML, like Gecko) Chrome/79.0.3945.130 Safari/537.36"
66.249.79.41 - - [22/Jan/2020:11:51:56 +0800] "GET /2005/special_order/so-2005-148.pdf HTTP/1.1" 200 146016 "-" "Mozilla/5.0 (Linux; Android 6.0.1; Nexus 5X Build/MMB29P) AppleWebKit/537.36 (KHTML, like Gecko) Chrome/41.0.2272.96 Mobile Safari/537.36 (compatible; Googlebot/2.1; +http://www.google.com/bot.html)"
66.249.79.41 - - [22/Jan/2020:11:52:19 +0800] "GET /2005/dao/joint_dao-da-pcsd-ncip2005-01.pdf HTTP/1.1" 200 1862356 "-" "Mozilla/5.0 (Linux; Android 6.0.1; Nexus 5X Build/MMB29P) AppleWebKit/537.36 (KHTML, like Gecko) Chrome/41.0.2272.96 Mobile Safari/537.36 (compatible; Googlebot/2.1; +http://www.google.com/bot.html)"
66.249.79.36 - - [22/Jan/2020:11:55:28 +0800] "GET /1998/denrmc98-13.pdf HTTP/1.1" 200 24685 "-" "Mozilla/5.0 (Linux; Android 6.0.1; Nexus 5X Build/MMB29P) AppleWebKit/537.36 (KHTML, like Gecko) Chrome/41.0.2272.96 Mobile Safari/537.36 (compatible; Googlebot/2.1; +http://www.google.com/bot.html)"
66.249.79.36 - - [22/Jan/2020:11:55:36 +0800] "GET /2005/special_order/so-2005-335.pdf HTTP/1.1" 200 43788 "-" "Mozilla/5.0 (Linux; Android 6.0.1; Nexus 5X Build/MMB29P) AppleWebKit/537.36 (KHTML, like Gecko) Chrome/41.0.2272.96 Mobile Safari/537.36 (compatible; Googlebot/2.1; +http://www.google.com/bot.html)"
66.249.79.36 - - [22/Jan/2020:11:55:43 +0800] "GET /1998/envmc98-05.pdf HTTP/1.1" 200 24045 "-" "Mozilla/5.0 (Linux; Android 6.0.1; Nexus 5X Build/MMB29P) AppleWebKit/537.36 (KHTML, like Gecko) Chrome/41.0.2272.96 Mobile Safari/537.36 (compatible; Googlebot/2.1; +http://www.google.com/bot.html)"
66.249.79.36 - - [22/Jan/2020:11:55:49 +0800] "GET /1996/FOR_DAO_1996-13.pdf HTTP/1.1" 200 14322 "-" "Mozilla/5.0 (Linux; Android 6.0.1; Nexus 5X Build/MMB29P) AppleWebKit/537.36 (KHTML, like Gecko) Chrome/41.0.2272.96 Mobile Safari/537.36 (compatible; Googlebot/2.1; +http://www.google.com/bot.html)"
66.249.79.44 - - [22/Jan/2020:11:55:54 +0800] "GET /1990/FOR_DAO_1990-05.pdf HTTP/1.1" 200 22119 "-" "Mozilla/5.0 (Linux; Android 6.0.1; Nexus 5X Build/MMB29P) AppleWebKit/537.36 (KHTML, like Gecko) Chrome/41.0.2272.96 Mobile Safari/537.36 (compatible; Googlebot/2.1; +http://www.google.com/bot.html)"
66.249.79.41 - - [22/Jan/2020:11:55:58 +0800] "GET /1989/DC1989-02.pdf HTTP/1.1" 200 316703 "-" "Mozilla/5.0 (Linux; Android 6.0.1; Nexus 5X Build/MMB29P) AppleWebKit/537.36 (KHTML, like Gecko) Chrome/41.0.2272.96 Mobile Safari/537.36 (compatible; Googlebot/2.1; +http://www.google.com/bot.html)"
66.249.79.36 - - [22/Jan/2020:11:56:07 +0800] "GET /1998/denrmo98-09.pdf HTTP/1.1" 200 17974 "-" "Mozilla/5.0 (Linux; Android 6.0.1; Nexus 5X Build/MMB29P) AppleWebKit/537.36 (KHTML, like Gecko) Chrome/41.0.2272.96 Mobile Safari/537.36 (compatible; Googlebot/2.1; +http://www.google.com/bot.html)"
66.249.79.36 - - [22/Jan/2020:11:56:19 +0800] "GET /1988/RA_1988-6656.pdf HTTP/1.1" 200 20030 "-" "Mozilla/5.0 (Linux; Android 6.0.1; Nexus 5X Build/MMB29P) AppleWebKit/537.36 (KHTML, like Gecko) Chrome/41.0.2272.96 Mobile Safari/537.36 (compatible; Googlebot/2.1; +http://www.google.com/bot.html)"
66.249.79.36 - - [22/Jan/2020:11:56:31 +0800] "GET /2000/PP_2000_282.pdf HTTP/1.1" 200 18666 "-" "Mozilla/5.0 (Linux; Android 6.0.1; Nexus 5X Build/MMB29P) AppleWebKit/537.36 (KHTML, like Gecko) Chrome/41.0.2272.96 Mobile Safari/537.36 (compatible; Googlebot/2.1; +http://www.google.com/bot.html)"
66.249.79.36 - - [22/Jan/2020:11:56:54 +0800] "GET /1999/proclamation%20131.pdf HTTP/1.1" 200 19508 "-" "Mozilla/5.0 (Linux; Android 6.0.1; Nexus 5X Build/MMB29P) AppleWebKit/537.36 (KHTML, like Gecko) Chrome/41.0.2272.96 Mobile Safari/537.36 (compatible; Googlebot/2.1; +http://www.google.com/bot.html)"
210.213.238.136 - - [22/Jan/2020:11:59:28 +0800] "GET /favicon.ico HTTP/1.1" 404 209 "http://policy.denr.gov.ph/dao2004/dao2004-55.pdf" "Mozilla/5.0 (Windows NT 10.0; Win64; x64) AppleWebKit/537.36 (KHTML, like Gecko) Chrome/79.0.3945.130 Safari/537.36"
66.220.149.44 - - [22/Jan/2020:11:59:50 +0800] "GET /2000/PP_2000_317.pdf HTTP/1.1" 206 18493 "-" "facebookexternalhit/1.1 (+http://www.facebook.com/externalhit_uatext.php)"
66.220.149.4 - - [22/Jan/2020:11:59:51 +0800] "GET /2000/PP_2000_317.pdf HTTP/1.1" 206 18493 "-" "facebookexternalhit/1.1 (+http://www.facebook.com/externalhit_uatext.php)"
66.249.79.41 - - [22/Jan/2020:11:58:52 +0800] "GET /2005/dao/joint_dao-da-pcsd-ncip2005-01.pdf HTTP/1.1" 200 1862356 "-" "Mozilla/5.0 (Linux; Android 6.0.1; Nexus 5X Build/MMB29P) AppleWebKit/537.36 (KHTML, like Gecko) Chrome/41.0.2272.96 Mobile Safari/537.36 (compatible; Googlebot/2.1; +http://www.google.com/bot.html)"
210.213.238.136 - - [22/Jan/2020:11:59:28 +0800] "GET /dao2004/dao2004-55.pdf HTTP/1.1" 200 7603645 "https://www.denr.gov.ph/" "Mozilla/5.0 (Windows NT 10.0; Win64; x64) AppleWebKit/537.36 (KHTML, like Gecko) Chrome/79.0.3945.130 Safari/537.36"
175.176.24.119 - - [22/Jan/2020:12:00:45 +0800] "GET /1994/ForDao_1994-07.pdf HTTP/1.1" 200 339222 "-" "Dalvik/2.1.0 (Linux; U; Android 9; SM-A105G Build/PPR1.180610.011)"
66.249.82.189 - - [22/Jan/2020:12:00:49 +0800] "GET /2001/DENR_MO_2001-11.pdf HTTP/1.1" 200 29820 "https://www.google.com/" "Mozilla/5.0 (Linux; Android 10; SM-G975F) AppleWebKit/537.36 (KHTML, like Gecko) Chrome/79.0.3945.116 Mobile Safari/537.36"
110.54.166.105 - - [22/Jan/2020:12:04:47 +0800] "GET /1990/DENR_DAO_1990-87.pdf HTTP/1.1" 200 55064 "https://denr.gov.ph/" "Mozilla/5.0 (Macintosh; Intel Mac OS X 10_13_3) AppleWebKit/537.36 (KHTML, like Gecko) Chrome/79.0.3945.88 Safari/537.36"
110.54.166.105 - - [22/Jan/2020:12:04:47 +0800] "GET /favicon.ico HTTP/1.1" 404 209 "http://policy.denr.gov.ph/1990/DENR_DAO_1990-87.pdf" "Mozilla/5.0 (Macintosh; Intel Mac OS X 10_13_3) AppleWebKit/537.36 (KHTML, like Gecko) Chrome/79.0.3945.88 Safari/537.36"
110.54.166.105 - - [22/Jan/2020:12:04:50 +0800] "GET /1990/DENR_DAO_1990-87.pdf HTTP/1.1" 200 55064 "http://policy.denr.gov.ph/1990/DENR_DAO_1990-87.pdf" "Mozilla/5.0 (Macintosh; Intel Mac OS X 10_13_3) AppleWebKit/537.36 (KHTML, like Gecko) Chrome/79.0.3945.88 Safari/537.36"
66.249.79.44 - - [22/Jan/2020:12:04:52 +0800] "GET /2005/dao/joint_dao-da-pcsd-ncip2005-01.pdf HTTP/1.1" 200 1862356 "-" "Mozilla/5.0 (Linux; Android 6.0.1; Nexus 5X Build/MMB29P) AppleWebKit/537.36 (KHTML, like Gecko) Chrome/41.0.2272.96 Mobile Safari/537.36 (compatible; Googlebot/2.1; +http://www.google.com/bot.html)"
192.168.13.51 - - [22/Jan/2020:12:05:35 +0800] "GET /1990/DENR_DAO_1990-87.pdf HTTP/1.1" 200 55064 "-" "Mozilla/5.0 (Windows NT 10.0; Win64; x64) AppleWebKit/537.36 (KHTML, like Gecko) Chrome/79.0.3945.117 Safari/537.36"
192.168.13.51 - - [22/Jan/2020:12:05:35 +0800] "GET /favicon.ico HTTP/1.1" 404 209 "http://policy.denr.gov.ph/1990/DENR_DAO_1990-87.pdf" "Mozilla/5.0 (Windows NT 10.0; Win64; x64) AppleWebKit/537.36 (KHTML, like Gecko) Chrome/79.0.3945.117 Safari/537.36"
210.213.238.136 - - [22/Jan/2020:12:06:39 +0800] "GET /dao2004/dao2004-55.pdf HTTP/1.1" 206 1 "https://www.denr.gov.ph/" "Mozilla/5.0 (Windows NT 10.0; Win64; x64) AppleWebKit/537.36 (KHTML, like Gecko) Chrome/79.0.3945.130 Safari/537.36"
66.249.79.36 - - [22/Jan/2020:12:07:02 +0800] "GET /1992/ENV_DAO_92-21.pdf HTTP/1.1" 200 187281 "-" "Mozilla/5.0 (Linux; Android 6.0.1; Nexus 5X Build/MMB29P) AppleWebKit/537.36 (KHTML, like Gecko) Chrome/41.0.2272.96 Mobile Safari/537.36 (compatible; Googlebot/2.1; +http://www.google.com/bot.html)"
210.213.238.136 - - [22/Jan/2020:12:06:39 +0800] "GET /dao2004/dao2004-55.pdf HTTP/1.1" 206 7550653 "https://www.denr.gov.ph/" "Mozilla/5.0 (Windows NT 10.0; Win64; x64) AppleWebKit/537.36 (KHTML, like Gecko) Chrome/79.0.3945.130 Safari/537.36"
66.249.79.44 - - [22/Jan/2020:12:09:49 +0800] "GET /2003/dao2003-30.pdf HTTP/1.1" 200 2258816 "-" "Mozilla/5.0 (Linux; Android 6.0.1; Nexus 5X Build/MMB29P) AppleWebKit/537.36 (KHTML, like Gecko) Chrome/41.0.2272.96 Mobile Safari/537.36 (compatible; Googlebot/2.1; +http://www.google.com/bot.html)"
210.213.238.136 - - [22/Jan/2020:12:11:17 +0800] "GET /dao2004/dao2004-55.pdf HTTP/1.1" 206 1 "https://www.denr.gov.ph/" "Mozilla/5.0 (Windows NT 10.0; Win64; x64) AppleWebKit/537.36 (KHTML, like Gecko) Chrome/79.0.3945.130 Safari/537.36"
66.249.79.41 - - [22/Jan/2020:12:11:48 +0800] "GET /2002/MC_2002-04.pdf HTTP/1.1" 200 35316 "-" "Mozilla/5.0 (Linux; Android 6.0.1; Nexus 5X Build/MMB29P) AppleWebKit/537.36 (KHTML, like Gecko) Chrome/41.0.2272.96 Mobile Safari/537.36 (compatible; Googlebot/2.1; +http://www.google.com/bot.html)"
66.249.79.44 - - [22/Jan/2020:12:12:12 +0800] "GET /1994/DAO_94-35.pdf HTTP/1.1" 200 142891 "-" "Mozilla/5.0 (Linux; Android 6.0.1; Nexus 5X Build/MMB29P) AppleWebKit/537.36 (KHTML, like Gecko) Chrome/41.0.2272.96 Mobile Safari/537.36 (compatible; Googlebot/2.1; +http://www.google.com/bot.html)"
210.213.238.136 - - [22/Jan/2020:12:11:17 +0800] "GET /dao2004/dao2004-55.pdf HTTP/1.1" 206 7480391 "https://www.denr.gov.ph/" "Mozilla/5.0 (Windows NT 10.0; Win64; x64) AppleWebKit/537.36 (KHTML, like Gecko) Chrome/79.0.3945.130 Safari/537.36"
66.249.79.36 - - [22/Jan/2020:12:12:36 +0800] "GET /1994/PAWMC_94-45.pdf HTTP/1.1" 200 81686 "-" "Mozilla/5.0 (Linux; Android 6.0.1; Nexus 5X Build/MMB29P) AppleWebKit/537.36 (KHTML, like Gecko) Chrome/41.0.2272.96 Mobile Safari/537.36 (compatible; Googlebot/2.1; +http://www.google.com/bot.html)"
66.249.79.44 - - [22/Jan/2020:12:13:23 +0800] "GET /1992/PP_1992_932.pdf HTTP/1.1" 200 28455 "-" "Mozilla/5.0 (Linux; Android 6.0.1; Nexus 5X Build/MMB29P) AppleWebKit/537.36 (KHTML, like Gecko) Chrome/41.0.2272.96 Mobile Safari/537.36 (compatible; Googlebot/2.1; +http://www.google.com/bot.html)"
66.249.79.41 - - [22/Jan/2020:12:14:11 +0800] "GET /1997/FOR_DMC-97-13.pdf HTTP/1.1" 200 17106 "-" "Mozilla/5.0 (Linux; Android 6.0.1; Nexus 5X Build/MMB29P) AppleWebKit/537.36 (KHTML, like Gecko) Chrome/41.0.2272.96 Mobile Safari/537.36 (compatible; Googlebot/2.1; +http://www.google.com/bot.html)"
58.71.34.152 - - [22/Jan/2020:12:15:13 +0800] "GET /2001/DENR_MO_2001-11.pdf HTTP/1.1" 200 29820 "https://www.google.com/" "Mozilla/5.0 (Windows NT 10.0; Win64; x64) AppleWebKit/537.36 (KHTML, like Gecko) Chrome/79.0.3945.130 Safari/537.36"
58.71.34.152 - - [22/Jan/2020:12:15:13 +0800] "GET /favicon.ico HTTP/1.1" 404 209 "http://policy.denr.gov.ph/2001/DENR_MO_2001-11.pdf" "Mozilla/5.0 (Windows NT 10.0; Win64; x64) AppleWebKit/537.36 (KHTML, like Gecko) Chrome/79.0.3945.130 Safari/537.36"
120.29.76.14 - - [22/Jan/2020:12:15:16 +0800] "GET /2003/memo_order2003/DMO2003-09.pdf HTTP/1.1" 200 355580 "https://www.google.com.ph/" "Mozilla/5.0 (iPhone; CPU iPhone OS 13_3 like Mac OS X) AppleWebKit/605.1.15 (KHTML, like Gecko) Version/13.0.4 Mobile/15E148 Safari/604.1"
120.29.76.14 - - [22/Jan/2020:12:15:17 +0800] "GET /favicon.ico HTTP/1.1" 404 209 "http://policy.denr.gov.ph/2003/memo_order2003/DMO2003-09.pdf" "Mozilla/5.0 (iPhone; CPU iPhone OS 13_3 like Mac OS X) AppleWebKit/605.1.15 (KHTML, like Gecko) Version/13.0.4 Mobile/15E148 Safari/604.1"
66.249.79.36 - - [22/Jan/2020:12:15:23 +0800] "GET /2000/PP_2000_285.pdf HTTP/1.1" 200 27253 "-" "Mozilla/5.0 (Linux; Android 6.0.1; Nexus 5X Build/MMB29P) AppleWebKit/537.36 (KHTML, like Gecko) Chrome/41.0.2272.96 Mobile Safari/537.36 (compatible; Googlebot/2.1; +http://www.google.com/bot.html)"
118.143.214.246 - - [22/Jan/2020:12:15:25 +0800] "GET /1993/FOR_MC_1993-23.pdf HTTP/1.1" 200 99055 "https://www.denr.gov.ph/" "Mozilla/5.0 (Windows NT 10.0; Win64; x64; rv:72.0) Gecko/20100101 Firefox/72.0"
118.143.214.246 - - [22/Jan/2020:12:15:25 +0800] "GET /favicon.ico HTTP/1.1" 404 209 "-" "Mozilla/5.0 (Windows NT 10.0; Win64; x64; rv:72.0) Gecko/20100101 Firefox/72.0"
118.143.214.246 - - [22/Jan/2020:12:15:32 +0800] "GET /1993/FOR_MC_1993-21.pdf HTTP/1.1" 200 176593 "https://www.denr.gov.ph/" "Mozilla/5.0 (Windows NT 10.0; Win64; x64; rv:72.0) Gecko/20100101 Firefox/72.0"
66.249.79.36 - - [22/Jan/2020:12:15:46 +0800] "GET /1998/envdao98-56.pdf HTTP/1.1" 200 20448 "-" "Mozilla/5.0 (Linux; Android 6.0.1; Nexus 5X Build/MMB29P) AppleWebKit/537.36 (KHTML, like Gecko) Chrome/41.0.2272.96 Mobile Safari/537.36 (compatible; Googlebot/2.1; +http://www.google.com/bot.html)"
112.198.75.127 - - [22/Jan/2020:12:16:50 +0800] "GET /1998/dao98-45.pdf HTTP/1.1" 200 27051 "https://www.google.com/" "Mozilla/5.0 (Windows NT 6.3; Win64; x64) AppleWebKit/537.36 (KHTML, like Gecko) Chrome/79.0.3945.117 Safari/537.36"
112.198.75.127 - - [22/Jan/2020:12:16:51 +0800] "GET /favicon.ico HTTP/1.1" 404 209 "http://policy.denr.gov.ph/1998/dao98-45.pdf" "Mozilla/5.0 (Windows NT 6.3; Win64; x64) AppleWebKit/537.36 (KHTML, like Gecko) Chrome/79.0.3945.117 Safari/537.36"
66.249.79.36 - - [22/Jan/2020:12:16:58 +0800] "GET /1994/ENDAO_94-20.pdf HTTP/1.1" 200 179426 "-" "Mozilla/5.0 (Linux; Android 6.0.1; Nexus 5X Build/MMB29P) AppleWebKit/537.36 (KHTML, like Gecko) Chrome/41.0.2272.96 Mobile Safari/537.36 (compatible; Googlebot/2.1; +http://www.google.com/bot.html)"
66.249.79.41 - - [22/Jan/2020:12:17:22 +0800] "GET /1988/PAW_DAO_1988-51.pdf HTTP/1.1" 200 12958 "-" "Mozilla/5.0 (Linux; Android 6.0.1; Nexus 5X Build/MMB29P) AppleWebKit/537.36 (KHTML, like Gecko) Chrome/41.0.2272.96 Mobile Safari/537.36 (compatible; Googlebot/2.1; +http://www.google.com/bot.html)"
66.249.79.36 - - [22/Jan/2020:12:17:46 +0800] "GET /2006/special_order/so-2006-40.pdf HTTP/1.1" 200 50572 "-" "Mozilla/5.0 (Linux; Android 6.0.1; Nexus 5X Build/MMB29P) AppleWebKit/537.36 (KHTML, like Gecko) Chrome/41.0.2272.96 Mobile Safari/537.36 (compatible; Googlebot/2.1; +http://www.google.com/bot.html)"
66.249.79.44 - - [22/Jan/2020:12:18:09 +0800] "GET /2000/DENR_DAO_2000-95.pdf HTTP/1.1" 200 21584 "-" "Mozilla/5.0 (Linux; Android 6.0.1; Nexus 5X Build/MMB29P) AppleWebKit/537.36 (KHTML, like Gecko) Chrome/41.0.2272.96 Mobile Safari/537.36 (compatible; Googlebot/2.1; +http://www.google.com/bot.html)"
66.249.79.41 - - [22/Jan/2020:12:18:33 +0800] "GET /1999/dao99-10.pdf HTTP/1.1" 200 37042 "-" "Mozilla/5.0 (Linux; Android 6.0.1; Nexus 5X Build/MMB29P) AppleWebKit/537.36 (KHTML, like Gecko) Chrome/41.0.2272.96 Mobile Safari/537.36 (compatible; Googlebot/2.1; +http://www.google.com/bot.html)"
66.249.79.36 - - [22/Jan/2020:12:19:21 +0800] "GET /2005/dao/dao2005-01.pdf HTTP/1.1" 200 184918 "-" "Mozilla/5.0 (Linux; Android 6.0.1; Nexus 5X Build/MMB29P) AppleWebKit/537.36 (KHTML, like Gecko) Chrome/41.0.2272.96 Mobile Safari/537.36 (compatible; Googlebot/2.1; +http://www.google.com/bot.html)"
66.249.79.41 - - [22/Jan/2020:12:19:45 +0800] "GET /1988/FOR_DC_1988-02.pdf HTTP/1.1" 200 22062 "-" "Mozilla/5.0 (Linux; Android 6.0.1; Nexus 5X Build/MMB29P) AppleWebKit/537.36 (KHTML, like Gecko) Chrome/41.0.2272.96 Mobile Safari/537.36 (compatible; Googlebot/2.1; +http://www.google.com/bot.html)"
66.249.79.36 - - [22/Jan/2020:12:20:09 +0800] "GET /2000/EO_2000_255.pdf HTTP/1.1" 200 23110 "-" "Mozilla/5.0 (Linux; Android 6.0.1; Nexus 5X Build/MMB29P) AppleWebKit/537.36 (KHTML, like Gecko) Chrome/41.0.2272.96 Mobile Safari/537.36 (compatible; Googlebot/2.1; +http://www.google.com/bot.html)"
66.249.79.41 - - [22/Jan/2020:12:20:32 +0800] "GET /2000/PP_2000_290.pdf HTTP/1.1" 200 17749 "-" "Mozilla/5.0 (Linux; Android 6.0.1; Nexus 5X Build/MMB29P) AppleWebKit/537.36 (KHTML, like Gecko) Chrome/41.0.2272.96 Mobile Safari/537.36 (compatible; Googlebot/2.1; +http://www.google.com/bot.html)"
66.249.79.36 - - [22/Jan/2020:12:20:56 +0800] "GET /2000/DENR_DAO_2000-100.pdf HTTP/1.1" 200 21559 "-" "Mozilla/5.0 (Linux; Android 6.0.1; Nexus 5X Build/MMB29P) AppleWebKit/537.36 (KHTML, like Gecko) Chrome/41.0.2272.96 Mobile Safari/537.36 (compatible; Googlebot/2.1; +http://www.google.com/bot.html)"
111.125.87.179 - - [22/Jan/2020:12:20:58 +0800] "GET /favicon.ico HTTP/1.1" 404 209 "http://policy.denr.gov.ph/dao2004/dao2004-16.pdf" "Mozilla/5.0 (Windows NT 10.0; Win64; x64) AppleWebKit/537.36 (KHTML, like Gecko) Chrome/79.0.3945.130 Safari/537.36"
66.249.79.41 - - [22/Jan/2020:12:21:20 +0800] "GET /2005/dmc/ HTTP/1.1" 200 6143 "-" "Mozilla/5.0 (Linux; Android 6.0.1; Nexus 5X Build/MMB29P) AppleWebKit/537.36 (KHTML, like Gecko) Chrome/41.0.2272.96 Mobile Safari/537.36 (compatible; Googlebot/2.1; +http://www.google.com/bot.html)"
66.249.79.36 - - [22/Jan/2020:12:21:44 +0800] "GET /1995/FOR_MC1995-05.pdf HTTP/1.1" 200 12648 "-" "Mozilla/5.0 (Linux; Android 6.0.1; Nexus 5X Build/MMB29P) AppleWebKit/537.36 (KHTML, like Gecko) Chrome/41.0.2272.96 Mobile Safari/537.36 (compatible; Googlebot/2.1; +http://www.google.com/bot.html)"
110.54.154.67 - - [22/Jan/2020:12:21:46 +0800] "GET /dao2004/dao2004-29.pdf HTTP/1.1" 200 2073071 "https://denr.gov.ph/" "Mozilla/5.0 (Linux; Android 7.0; TRT-L21A) AppleWebKit/537.36 (KHTML, like Gecko) Chrome/76.0.3809.111 Mobile Safari/537.36"
66.249.79.36 - - [22/Jan/2020:12:22:08 +0800] "GET /2003/memorandum_circular/DMC2003-07.pdf HTTP/1.1" 200 239876 "-" "Mozilla/5.0 (Linux; Android 6.0.1; Nexus 5X Build/MMB29P) AppleWebKit/537.36 (KHTML, like Gecko) Chrome/41.0.2272.96 Mobile Safari/537.36 (compatible; Googlebot/2.1; +http://www.google.com/bot.html)"
66.249.79.36 - - [22/Jan/2020:12:22:32 +0800] "GET /dao2004/dao2004-09.pdf HTTP/1.1" 200 11028 "-" "Mozilla/5.0 (Linux; Android 6.0.1; Nexus 5X Build/MMB29P) AppleWebKit/537.36 (KHTML, like Gecko) Chrome/41.0.2272.96 Mobile Safari/537.36 (compatible; Googlebot/2.1; +http://www.google.com/bot.html)"
66.249.79.44 - - [22/Jan/2020:12:22:55 +0800] "GET /2002/mo2002-01.pdf HTTP/1.1" 200 35263 "-" "Mozilla/5.0 (Linux; Android 6.0.1; Nexus 5X Build/MMB29P) AppleWebKit/537.36 (KHTML, like Gecko) Chrome/41.0.2272.96 Mobile Safari/537.36 (compatible; Googlebot/2.1; +http://www.google.com/bot.html)"
66.249.79.36 - - [22/Jan/2020:12:23:19 +0800] "GET /2005/Memorandum_Orders/mo-2005-05.pdf HTTP/1.1" 200 707706 "-" "Mozilla/5.0 (Linux; Android 6.0.1; Nexus 5X Build/MMB29P) AppleWebKit/537.36 (KHTML, like Gecko) Chrome/41.0.2272.96 Mobile Safari/537.36 (compatible; Googlebot/2.1; +http://www.google.com/bot.html)"
40.77.167.54 - - [22/Jan/2020:12:23:27 +0800] "GET / HTTP/1.1" 200 10373 "-" "Mozilla/5.0 (compatible; bingbot/2.0; +http://www.bing.com/bingbot.htm)"
66.249.79.36 - - [22/Jan/2020:12:23:43 +0800] "GET /pol-1994/ENVMC94.pdf HTTP/1.1" 200 129651 "-" "Mozilla/5.0 (Linux; Android 6.0.1; Nexus 5X Build/MMB29P) AppleWebKit/537.36 (KHTML, like Gecko) Chrome/41.0.2272.96 Mobile Safari/537.36 (compatible; Googlebot/2.1; +http://www.google.com/bot.html)"
110.54.226.41 - - [22/Jan/2020:12:24:14 +0800] "GET /2000/ENV_DAO_2000-81.pdf HTTP/1.1" 200 299209 "https://www.google.com/" "Mozilla/5.0 (Linux; Android 9; SAMSUNG SM-A107F Build/PPR1.180610.011) AppleWebKit/537.36 (KHTML, like Gecko) SamsungBrowser/9.2 Chrome/67.0.3396.87 Mobile Safari/537.36"
66.249.79.41 - - [22/Jan/2020:12:24:31 +0800] "GET /1997/PP_97-1074.pdf HTTP/1.1" 200 18839 "-" "Mozilla/5.0 (Linux; Android 6.0.1; Nexus 5X Build/MMB29P) AppleWebKit/537.36 (KHTML, like Gecko) Chrome/41.0.2272.96 Mobile Safari/537.36 (compatible; Googlebot/2.1; +http://www.google.com/bot.html)"
66.249.79.44 - - [22/Jan/2020:12:24:55 +0800] "GET /1999/denrmc99-27.pdf HTTP/1.1" 200 18559 "-" "Mozilla/5.0 (Linux; Android 6.0.1; Nexus 5X Build/MMB29P) AppleWebKit/537.36 (KHTML, like Gecko) Chrome/41.0.2272.96 Mobile Safari/537.36 (compatible; Googlebot/2.1; +http://www.google.com/bot.html)"
110.54.226.41 - - [22/Jan/2020:12:24:59 +0800] "GET /2000/ENV_DAO_2000-81.pdf HTTP/1.1" 200 299209 "-" "Dalvik/2.1.0 (Linux; U; Android 9; SM-A107F Build/PPR1.180610.011)"
66.249.79.41 - - [22/Jan/2020:12:25:43 +0800] "GET /1989/DMO1989-02.pdf HTTP/1.1" 200 53815 "-" "Mozilla/5.0 (Linux; Android 6.0.1; Nexus 5X Build/MMB29P) AppleWebKit/537.36 (KHTML, like Gecko) Chrome/41.0.2272.96 Mobile Safari/537.36 (compatible; Googlebot/2.1; +http://www.google.com/bot.html)"
66.249.79.44 - - [22/Jan/2020:12:26:06 +0800] "GET /2000/DAO_FMB_2000-30.pdf HTTP/1.1" 200 15547 "-" "Mozilla/5.0 (Linux; Android 6.0.1; Nexus 5X Build/MMB29P) AppleWebKit/537.36 (KHTML, like Gecko) Chrome/41.0.2272.96 Mobile Safari/537.36 (compatible; Googlebot/2.1; +http://www.google.com/bot.html)"
210.213.238.136 - - [22/Jan/2020:12:27:48 +0800] "GET /dao2004/dao2004-55.pdf HTTP/1.1" 206 1 "https://www.denr.gov.ph/" "Mozilla/5.0 (Windows NT 10.0; Win64; x64) AppleWebKit/537.36 (KHTML, like Gecko) Chrome/79.0.3945.130 Safari/537.36"
210.213.238.136 - - [22/Jan/2020:12:27:56 +0800] "GET /dao2004/dao2004-55.pdf HTTP/1.1" 304 - "https://www.denr.gov.ph/" "Mozilla/5.0 (Windows NT 10.0; Win64; x64) AppleWebKit/537.36 (KHTML, like Gecko) Chrome/79.0.3945.130 Safari/537.36"
210.213.238.136 - - [22/Jan/2020:12:27:48 +0800] "GET /dao2004/dao2004-55.pdf HTTP/1.1" 206 7356776 "https://www.denr.gov.ph/" "Mozilla/5.0 (Windows NT 10.0; Win64; x64) AppleWebKit/537.36 (KHTML, like Gecko) Chrome/79.0.3945.130 Safari/537.36"
210.213.238.136 - - [22/Jan/2020:12:28:16 +0800] "GET /dao2004/dao2004-55.pdf HTTP/1.1" 200 7603645 "https://www.denr.gov.ph/" "Mozilla/5.0 (Windows NT 10.0; Win64; x64) AppleWebKit/537.36 (KHTML, like Gecko) Chrome/79.0.3945.130 Safari/537.36"
216.244.66.245 - - [22/Jan/2020:12:30:51 +0800] "GET /1997/MIN_DMO-97-07.pdf HTTP/1.1" 200 42357 "-" "Mozilla/5.0 (compatible; DotBot/1.1; http://www.opensiteexplorer.org/dotbot, help@moz.com)"
49.146.5.10 - - [22/Jan/2020:12:31:19 +0800] "GET /1998/dao98-45.pdf HTTP/1.1" 200 27051 "https://www.google.com/" "Mozilla/5.0 (Windows NT 6.1; WOW64) AppleWebKit/537.36 (KHTML, like Gecko) Chrome/79.0.3945.117 Safari/537.36"
49.146.5.10 - - [22/Jan/2020:12:31:19 +0800] "GET /favicon.ico HTTP/1.1" 404 209 "http://policy.denr.gov.ph/1998/dao98-45.pdf" "Mozilla/5.0 (Windows NT 6.1; WOW64) AppleWebKit/537.36 (KHTML, like Gecko) Chrome/79.0.3945.117 Safari/537.36"
216.244.66.245 - - [22/Jan/2020:12:31:26 +0800] "GET /1998/pawdao98-64.pdf HTTP/1.1" 200 50992 "-" "Mozilla/5.0 (compatible; DotBot/1.1; http://www.opensiteexplorer.org/dotbot, help@moz.com)"
210.213.238.136 - - [22/Jan/2020:12:31:02 +0800] "GET /dao2004/dao2004-55.pdf HTTP/1.1" 200 7603645 "https://www.denr.gov.ph/" "Mozilla/5.0 (Windows NT 10.0; Win64; x64) AppleWebKit/537.36 (KHTML, like Gecko) Chrome/79.0.3945.130 Safari/537.36"
110.54.226.41 - - [22/Jan/2020:12:32:09 +0800] "GET /2000/ENV_DAO_2000-81.pdf HTTP/1.1" 200 299209 "https://www.google.com/" "Mozilla/5.0 (Linux; Android 9; SAMSUNG SM-A107F Build/PPR1.180610.011) AppleWebKit/537.36 (KHTML, like Gecko) SamsungBrowser/9.2 Chrome/67.0.3396.87 Mobile Safari/537.36"
216.244.66.245 - - [22/Jan/2020:12:32:16 +0800] "GET /2000/JT_MO_DENR_DA_DILG_DND_2000_01.pdf HTTP/1.1" 200 37996 "-" "Mozilla/5.0 (compatible; DotBot/1.1; http://www.opensiteexplorer.org/dotbot, help@moz.com)"
216.244.66.245 - - [22/Jan/2020:12:32:18 +0800] "GET /pol-1999/poli-dao-17.pdf HTTP/1.1" 404 222 "-" "Mozilla/5.0 (compatible; DotBot/1.1; http://www.opensiteexplorer.org/dotbot, help@moz.com)"
216.244.66.245 - - [22/Jan/2020:12:32:19 +0800] "GET /1987/PAWB_DAO_87_49.pdf HTTP/1.1" 200 31133 "-" "Mozilla/5.0 (compatible; DotBot/1.1; http://www.opensiteexplorer.org/dotbot, help@moz.com)"
216.244.66.245 - - [22/Jan/2020:12:32:20 +0800] "GET /1990/DENR_DMO_1990-10.pdf HTTP/1.1" 200 145148 "-" "Mozilla/5.0 (compatible; DotBot/1.1; http://www.opensiteexplorer.org/dotbot, help@moz.com)"
