103.246.37.46 - - [22/Jan/2020:09:40:16 +0800] "GET /2003/dao2003-30.pdf HTTP/1.1" 206 16384 "-" "Mozilla/5.0 (Windows NT 10.0; WOW64; Trident/7.0; rv:11.0) like Gecko"
103.246.37.46 - - [22/Jan/2020:09:40:16 +0800] "GET /2003/dao2003-30.pdf HTTP/1.1" 206 16384 "-" "Mozilla/5.0 (Windows NT 10.0; WOW64; Trident/7.0; rv:11.0) like Gecko"
103.246.37.46 - - [22/Jan/2020:09:40:16 +0800] "GET /2003/dao2003-30.pdf HTTP/1.1" 206 16384 "-" "Mozilla/5.0 (Windows NT 10.0; WOW64; Trident/7.0; rv:11.0) like Gecko"
103.246.37.46 - - [22/Jan/2020:09:40:17 +0800] "GET /2003/dao2003-30.pdf HTTP/1.1" 206 16384 "-" "Mozilla/5.0 (Windows NT 10.0; WOW64; Trident/7.0; rv:11.0) like Gecko"
103.246.37.46 - - [22/Jan/2020:09:40:17 +0800] "GET /2003/dao2003-30.pdf HTTP/1.1" 206 16384 "-" "Mozilla/5.0 (Windows NT 10.0; WOW64; Trident/7.0; rv:11.0) like Gecko"
103.246.37.46 - - [22/Jan/2020:09:40:17 +0800] "GET /2003/dao2003-30.pdf HTTP/1.1" 206 16384 "-" "Mozilla/5.0 (Windows NT 10.0; WOW64; Trident/7.0; rv:11.0) like Gecko"
103.246.37.46 - - [22/Jan/2020:09:40:17 +0800] "GET /2003/dao2003-30.pdf HTTP/1.1" 206 16384 "-" "Mozilla/5.0 (Windows NT 10.0; WOW64; Trident/7.0; rv:11.0) like Gecko"
103.246.37.46 - - [22/Jan/2020:09:40:17 +0800] "GET /2003/dao2003-30.pdf HTTP/1.1" 206 16384 "-" "Mozilla/5.0 (Windows NT 10.0; WOW64; Trident/7.0; rv:11.0) like Gecko"
103.246.37.46 - - [22/Jan/2020:09:40:19 +0800] "GET /2003/dao2003-30.pdf HTTP/1.1" 206 16384 "-" "Mozilla/5.0 (Windows NT 10.0; WOW64; Trident/7.0; rv:11.0) like Gecko"
103.246.37.46 - - [22/Jan/2020:09:40:19 +0800] "GET /2003/dao2003-30.pdf HTTP/1.1" 206 16384 "-" "Mozilla/5.0 (Windows NT 10.0; WOW64; Trident/7.0; rv:11.0) like Gecko"
103.246.37.46 - - [22/Jan/2020:09:40:19 +0800] "GET /2003/dao2003-30.pdf HTTP/1.1" 206 16384 "-" "Mozilla/5.0 (Windows NT 10.0; WOW64; Trident/7.0; rv:11.0) like Gecko"
103.246.37.46 - - [22/Jan/2020:09:40:19 +0800] "GET /2003/dao2003-30.pdf HTTP/1.1" 206 16384 "-" "Mozilla/5.0 (Windows NT 10.0; WOW64; Trident/7.0; rv:11.0) like Gecko"
103.246.37.46 - - [22/Jan/2020:09:40:19 +0800] "GET /2003/dao2003-30.pdf HTTP/1.1" 206 16384 "-" "Mozilla/5.0 (Windows NT 10.0; WOW64; Trident/7.0; rv:11.0) like Gecko"
103.246.37.46 - - [22/Jan/2020:09:40:19 +0800] "GET /2003/dao2003-30.pdf HTTP/1.1" 206 16384 "-" "Mozilla/5.0 (Windows NT 10.0; WOW64; Trident/7.0; rv:11.0) like Gecko"
103.246.37.46 - - [22/Jan/2020:09:40:19 +0800] "GET /2003/dao2003-30.pdf HTTP/1.1" 206 16384 "-" "Mozilla/5.0 (Windows NT 10.0; WOW64; Trident/7.0; rv:11.0) like Gecko"
103.246.37.46 - - [22/Jan/2020:09:40:19 +0800] "GET /2003/dao2003-30.pdf HTTP/1.1" 206 16384 "-" "Mozilla/5.0 (Windows NT 10.0; WOW64; Trident/7.0; rv:11.0) like Gecko"
103.246.37.46 - - [22/Jan/2020:09:40:19 +0800] "GET /2003/dao2003-30.pdf HTTP/1.1" 206 16384 "-" "Mozilla/5.0 (Windows NT 10.0; WOW64; Trident/7.0; rv:11.0) like Gecko"
103.246.37.46 - - [22/Jan/2020:09:40:19 +0800] "GET /2003/dao2003-30.pdf HTTP/1.1" 206 16384 "-" "Mozilla/5.0 (Windows NT 10.0; WOW64; Trident/7.0; rv:11.0) like Gecko"
103.246.37.46 - - [22/Jan/2020:09:40:20 +0800] "GET /2003/dao2003-30.pdf HTTP/1.1" 206 16384 "-" "Mozilla/5.0 (Windows NT 10.0; WOW64; Trident/7.0; rv:11.0) like Gecko"
103.246.37.46 - - [22/Jan/2020:09:40:20 +0800] "GET /2003/dao2003-30.pdf HTTP/1.1" 206 16384 "-" "Mozilla/5.0 (Windows NT 10.0; WOW64; Trident/7.0; rv:11.0) like Gecko"
103.246.37.46 - - [22/Jan/2020:09:40:20 +0800] "GET /2003/dao2003-30.pdf HTTP/1.1" 206 16384 "-" "Mozilla/5.0 (Windows NT 10.0; WOW64; Trident/7.0; rv:11.0) like Gecko"
103.246.37.46 - - [22/Jan/2020:09:40:20 +0800] "GET /2003/dao2003-30.pdf HTTP/1.1" 206 16384 "-" "Mozilla/5.0 (Windows NT 10.0; WOW64; Trident/7.0; rv:11.0) like Gecko"
103.246.37.46 - - [22/Jan/2020:09:40:20 +0800] "GET /2003/dao2003-30.pdf HTTP/1.1" 206 16384 "-" "Mozilla/5.0 (Windows NT 10.0; WOW64; Trident/7.0; rv:11.0) like Gecko"
103.246.37.46 - - [22/Jan/2020:09:40:20 +0800] "GET /2003/dao2003-30.pdf HTTP/1.1" 206 16384 "-" "Mozilla/5.0 (Windows NT 10.0; WOW64; Trident/7.0; rv:11.0) like Gecko"
103.246.37.46 - - [22/Jan/2020:09:40:20 +0800] "GET /2003/dao2003-30.pdf HTTP/1.1" 206 16384 "-" "Mozilla/5.0 (Windows NT 10.0; WOW64; Trident/7.0; rv:11.0) like Gecko"
103.246.37.46 - - [22/Jan/2020:09:40:20 +0800] "GET /2003/dao2003-30.pdf HTTP/1.1" 206 16384 "-" "Mozilla/5.0 (Windows NT 10.0; WOW64; Trident/7.0; rv:11.0) like Gecko"
103.246.37.46 - - [22/Jan/2020:09:40:20 +0800] "GET /2003/dao2003-30.pdf HTTP/1.1" 206 16384 "-" "Mozilla/5.0 (Windows NT 10.0; WOW64; Trident/7.0; rv:11.0) like Gecko"
103.246.37.46 - - [22/Jan/2020:09:40:20 +0800] "GET /2003/dao2003-30.pdf HTTP/1.1" 206 16384 "-" "Mozilla/5.0 (Windows NT 10.0; WOW64; Trident/7.0; rv:11.0) like Gecko"
103.246.37.46 - - [22/Jan/2020:09:40:21 +0800] "GET /2003/dao2003-30.pdf HTTP/1.1" 206 16384 "-" "Mozilla/5.0 (Windows NT 10.0; WOW64; Trident/7.0; rv:11.0) like Gecko"
103.246.37.46 - - [22/Jan/2020:09:40:21 +0800] "GET /2003/dao2003-30.pdf HTTP/1.1" 206 16384 "-" "Mozilla/5.0 (Windows NT 10.0; WOW64; Trident/7.0; rv:11.0) like Gecko"
103.246.37.46 - - [22/Jan/2020:09:40:21 +0800] "GET /2003/dao2003-30.pdf HTTP/1.1" 206 16384 "-" "Mozilla/5.0 (Windows NT 10.0; WOW64; Trident/7.0; rv:11.0) like Gecko"
103.246.37.46 - - [22/Jan/2020:09:40:21 +0800] "GET /2003/dao2003-30.pdf HTTP/1.1" 206 16384 "-" "Mozilla/5.0 (Windows NT 10.0; WOW64; Trident/7.0; rv:11.0) like Gecko"
103.246.37.46 - - [22/Jan/2020:09:40:21 +0800] "GET /2003/dao2003-30.pdf HTTP/1.1" 206 16384 "-" "Mozilla/5.0 (Windows NT 10.0; WOW64; Trident/7.0; rv:11.0) like Gecko"
103.246.37.46 - - [22/Jan/2020:09:40:21 +0800] "GET /2003/dao2003-30.pdf HTTP/1.1" 206 16384 "-" "Mozilla/5.0 (Windows NT 10.0; WOW64; Trident/7.0; rv:11.0) like Gecko"
103.246.37.46 - - [22/Jan/2020:09:40:21 +0800] "GET /2003/dao2003-30.pdf HTTP/1.1" 206 16384 "-" "Mozilla/5.0 (Windows NT 10.0; WOW64; Trident/7.0; rv:11.0) like Gecko"
103.246.37.46 - - [22/Jan/2020:09:40:21 +0800] "GET /2003/dao2003-30.pdf HTTP/1.1" 206 16384 "-" "Mozilla/5.0 (Windows NT 10.0; WOW64; Trident/7.0; rv:11.0) like Gecko"
103.246.37.46 - - [22/Jan/2020:09:40:21 +0800] "GET /2003/dao2003-30.pdf HTTP/1.1" 206 16384 "-" "Mozilla/5.0 (Windows NT 10.0; WOW64; Trident/7.0; rv:11.0) like Gecko"
103.246.37.46 - - [22/Jan/2020:09:40:21 +0800] "GET /2003/dao2003-30.pdf HTTP/1.1" 206 16384 "-" "Mozilla/5.0 (Windows NT 10.0; WOW64; Trident/7.0; rv:11.0) like Gecko"
103.246.37.46 - - [22/Jan/2020:09:40:22 +0800] "GET /2003/dao2003-30.pdf HTTP/1.1" 206 16384 "-" "Mozilla/5.0 (Windows NT 10.0; WOW64; Trident/7.0; rv:11.0) like Gecko"
103.246.37.46 - - [22/Jan/2020:09:40:22 +0800] "GET /2003/dao2003-30.pdf HTTP/1.1" 206 16384 "-" "Mozilla/5.0 (Windows NT 10.0; WOW64; Trident/7.0; rv:11.0) like Gecko"
103.246.37.46 - - [22/Jan/2020:09:40:22 +0800] "GET /2003/dao2003-30.pdf HTTP/1.1" 206 16384 "-" "Mozilla/5.0 (Windows NT 10.0; WOW64; Trident/7.0; rv:11.0) like Gecko"
103.246.37.46 - - [22/Jan/2020:09:40:22 +0800] "GET /2003/dao2003-30.pdf HTTP/1.1" 206 16384 "-" "Mozilla/5.0 (Windows NT 10.0; WOW64; Trident/7.0; rv:11.0) like Gecko"
103.246.37.46 - - [22/Jan/2020:09:40:22 +0800] "GET /2003/dao2003-30.pdf HTTP/1.1" 206 16384 "-" "Mozilla/5.0 (Windows NT 10.0; WOW64; Trident/7.0; rv:11.0) like Gecko"
103.246.37.46 - - [22/Jan/2020:09:40:22 +0800] "GET /2003/dao2003-30.pdf HTTP/1.1" 206 16384 "-" "Mozilla/5.0 (Windows NT 10.0; WOW64; Trident/7.0; rv:11.0) like Gecko"
103.246.37.46 - - [22/Jan/2020:09:40:22 +0800] "GET /2003/dao2003-30.pdf HTTP/1.1" 206 16384 "-" "Mozilla/5.0 (Windows NT 10.0; WOW64; Trident/7.0; rv:11.0) like Gecko"
103.246.37.46 - - [22/Jan/2020:09:40:22 +0800] "GET /2003/dao2003-30.pdf HTTP/1.1" 206 16384 "-" "Mozilla/5.0 (Windows NT 10.0; WOW64; Trident/7.0; rv:11.0) like Gecko"
103.246.37.46 - - [22/Jan/2020:09:40:22 +0800] "GET /2003/dao2003-30.pdf HTTP/1.1" 206 16384 "-" "Mozilla/5.0 (Windows NT 10.0; WOW64; Trident/7.0; rv:11.0) like Gecko"
103.246.37.46 - - [22/Jan/2020:09:40:22 +0800] "GET /2003/dao2003-30.pdf HTTP/1.1" 206 16384 "-" "Mozilla/5.0 (Windows NT 10.0; WOW64; Trident/7.0; rv:11.0) like Gecko"
103.246.37.46 - - [22/Jan/2020:09:40:22 +0800] "GET /2003/dao2003-30.pdf HTTP/1.1" 206 16384 "-" "Mozilla/5.0 (Windows NT 10.0; WOW64; Trident/7.0; rv:11.0) like Gecko"
103.246.37.46 - - [22/Jan/2020:09:40:22 +0800] "GET /2003/dao2003-30.pdf HTTP/1.1" 206 16384 "-" "Mozilla/5.0 (Windows NT 10.0; WOW64; Trident/7.0; rv:11.0) like Gecko"
103.246.37.46 - - [22/Jan/2020:09:40:23 +0800] "GET /2003/dao2003-30.pdf HTTP/1.1" 206 16384 "-" "Mozilla/5.0 (Windows NT 10.0; WOW64; Trident/7.0; rv:11.0) like Gecko"
103.246.37.46 - - [22/Jan/2020:09:40:23 +0800] "GET /2003/dao2003-30.pdf HTTP/1.1" 206 16384 "-" "Mozilla/5.0 (Windows NT 10.0; WOW64; Trident/7.0; rv:11.0) like Gecko"
103.246.37.46 - - [22/Jan/2020:09:40:23 +0800] "GET /2003/dao2003-30.pdf HTTP/1.1" 206 12288 "-" "Mozilla/5.0 (Windows NT 10.0; WOW64; Trident/7.0; rv:11.0) like Gecko"
103.246.37.46 - - [22/Jan/2020:09:40:23 +0800] "GET /2003/dao2003-30.pdf HTTP/1.1" 206 16384 "-" "Mozilla/5.0 (Windows NT 10.0; WOW64; Trident/7.0; rv:11.0) like Gecko"
66.249.82.189 - - [22/Jan/2020:09:39:46 +0800] "GET /2003/dao2003-30.pdf HTTP/1.1" 200 2258816 "https://www.google.com/" "Mozilla/5.0 (Linux; Android 10; LYA-L29) AppleWebKit/537.36 (KHTML, like Gecko) Chrome/79.0.3945.116 Mobile Safari/537.36"
122.54.227.138 - - [22/Jan/2020:09:41:47 +0800] "GET /1995/FOR_MC1995-10.pdf HTTP/1.1" 200 2546711 "https://www.denr.gov.ph/" "Mozilla/5.0 (Windows NT 6.1; Win64; x64) AppleWebKit/537.36 (KHTML, like Gecko) Chrome/79.0.3945.130 Safari/537.36"
112.199.93.186 - - [22/Jan/2020:09:42:58 +0800] "GET /2000/ENV_DAO_2000-81.pdf HTTP/1.1" 200 299209 "https://www.google.com/" "Mozilla/5.0 (Windows NT 6.1; Win64; x64) AppleWebKit/537.36 (KHTML, like Gecko) Chrome/79.0.3945.117 Safari/537.36"
112.199.93.186 - - [22/Jan/2020:09:42:59 +0800] "GET /favicon.ico HTTP/1.1" 404 209 "http://policy.denr.gov.ph/2000/ENV_DAO_2000-81.pdf" "Mozilla/5.0 (Windows NT 6.1; Win64; x64) AppleWebKit/537.36 (KHTML, like Gecko) Chrome/79.0.3945.117 Safari/537.36"
157.55.39.92 - - [22/Jan/2020:09:43:13 +0800] "GET /1999/dao99-55.pdf HTTP/1.1" 200 26699 "-" "Mozilla/5.0 (compatible; bingbot/2.0; +http://www.bing.com/bingbot.htm)"
49.147.156.194 - - [22/Jan/2020:09:43:28 +0800] "GET /2000/ENV_DMC_2000_21.pdf HTTP/1.1" 200 19713 "https://www.google.com/" "Mozilla/5.0 (Windows NT 10.0; Win64; x64) AppleWebKit/537.36 (KHTML, like Gecko) Chrome/79.0.3945.117 Safari/537.36"
49.147.156.194 - - [22/Jan/2020:09:43:29 +0800] "GET /favicon.ico HTTP/1.1" 404 209 "http://policy.denr.gov.ph/2000/ENV_DMC_2000_21.pdf" "Mozilla/5.0 (Windows NT 10.0; Win64; x64) AppleWebKit/537.36 (KHTML, like Gecko) Chrome/79.0.3945.117 Safari/537.36"
49.145.193.36 - - [22/Jan/2020:09:44:16 +0800] "GET /1989/DAO1989-04.pdf HTTP/1.1" 206 1 "https://denr.gov.ph/" "Mozilla/5.0 (Windows NT 10.0; Win64; x64) AppleWebKit/537.36 (KHTML, like Gecko) Chrome/79.0.3945.117 Safari/537.36"
49.145.193.36 - - [22/Jan/2020:09:44:16 +0800] "GET /favicon.ico HTTP/1.1" 404 209 "http://policy.denr.gov.ph/1989/DAO1989-04.pdf" "Mozilla/5.0 (Windows NT 10.0; Win64; x64) AppleWebKit/537.36 (KHTML, like Gecko) Chrome/79.0.3945.117 Safari/537.36"
124.106.89.218 - - [22/Jan/2020:09:45:16 +0800] "GET /2003/dao2003-30.pdf HTTP/1.1" 200 2258816 "https://www.google.com/" "Mozilla/5.0 (Macintosh; Intel Mac OS X 10_14_2) AppleWebKit/605.1.15 (KHTML, like Gecko) Version/12.0.2 Safari/605.1.15"
124.106.89.218 - - [22/Jan/2020:09:45:17 +0800] "GET /favicon.ico HTTP/1.1" 404 209 "http://policy.denr.gov.ph/" "Mozilla/5.0 (Macintosh; Intel Mac OS X 10_14_2) AppleWebKit/605.1.15 (KHTML, like Gecko) Version/12.0.2 Safari/605.1.15"
49.145.193.36 - - [22/Jan/2020:09:44:17 +0800] "GET /1989/DAO1989-04.pdf HTTP/1.1" 206 2167545 "https://denr.gov.ph/" "Mozilla/5.0 (Windows NT 10.0; Win64; x64) AppleWebKit/537.36 (KHTML, like Gecko) Chrome/79.0.3945.117 Safari/537.36"
66.249.79.36 - - [22/Jan/2020:09:45:36 +0800] "GET /1999/denrmo99-13.pdf HTTP/1.1" 200 18013 "-" "Mozilla/5.0 (Linux; Android 6.0.1; Nexus 5X Build/MMB29P) AppleWebKit/537.36 (KHTML, like Gecko) Chrome/41.0.2272.96 Mobile Safari/537.36 (compatible; Googlebot/2.1; +http://www.google.com/bot.html)"
110.54.136.41 - - [22/Jan/2020:09:45:52 +0800] "GET /1997/FOR_DAO-97-32.pdf HTTP/1.1" 200 85020 "-" "Dalvik/2.1.0 (Linux; U; Android 5.1; A1601 Build/LMY47I)"
175.176.93.69 - - [22/Jan/2020:09:46:20 +0800] "GET /basicpol/pacode/irr7586.pdf HTTP/1.1" 200 65014 "-" "Dalvik/2.1.0 (Linux; U; Android 8.0.0; SM-A750GN Build/R16NW)"
66.249.79.41 - - [22/Jan/2020:09:46:33 +0800] "GET /favicon.ico HTTP/1.1" 404 209 "-" "Googlebot-Image/1.0"
103.122.180.6 - - [22/Jan/2020:09:48:12 +0800] "GET /2000/ENV_DAO_2000-81.pdf HTTP/1.1" 200 299209 "https://www.google.com/" "Mozilla/5.0 (Windows NT 10.0; Win64; x64) AppleWebKit/537.36 (KHTML, like Gecko) Chrome/79.0.3945.117 Safari/537.36"
103.122.180.6 - - [22/Jan/2020:09:48:13 +0800] "GET /favicon.ico HTTP/1.1" 404 209 "http://policy.denr.gov.ph/2000/ENV_DAO_2000-81.pdf" "Mozilla/5.0 (Windows NT 10.0; Win64; x64) AppleWebKit/537.36 (KHTML, like Gecko) Chrome/79.0.3945.117 Safari/537.36"
58.69.147.60 - - [22/Jan/2020:09:48:37 +0800] "GET /favicon.ico HTTP/1.1" 404 209 "http://policy.denr.gov.ph/pol-1998/pol98.pdf" "Mozilla/5.0 (Windows NT 10.0; Win64; x64) AppleWebKit/537.36 (KHTML, like Gecko) Chrome/79.0.3945.117 Safari/537.36"
58.69.147.60 - - [22/Jan/2020:09:48:37 +0800] "GET /pol-1998/pol98.pdf HTTP/1.1" 206 262144 "https://www.denr.gov.ph/" "Mozilla/5.0 (Windows NT 10.0; Win64; x64) AppleWebKit/537.36 (KHTML, like Gecko) Chrome/79.0.3945.117 Safari/537.36"
66.249.79.36 - - [22/Jan/2020:09:49:33 +0800] "GET /1989/DAO1989-03.pdf HTTP/1.1" 200 105651 "-" "Mozilla/5.0 (Linux; Android 6.0.1; Nexus 5X Build/MMB29P) AppleWebKit/537.36 (KHTML, like Gecko) Chrome/41.0.2272.96 Mobile Safari/537.36 (compatible; Googlebot/2.1; +http://www.google.com/bot.html)"
111.125.126.130 - - [22/Jan/2020:09:49:38 +0800] "GET /1999/dao99-27.pdf HTTP/1.1" 200 27660 "https://www.google.com/" "Mozilla/5.0 (Windows NT 10.0; Win64; x64) AppleWebKit/537.36 (KHTML, like Gecko) Chrome/79.0.3945.117 Safari/537.36"
58.69.147.60 - - [22/Jan/2020:09:48:40 +0800] "GET /pol-1998/pol98.pdf HTTP/1.1" 206 604993 "http://policy.denr.gov.ph/pol-1998/pol98.pdf" "Mozilla/5.0 (Windows NT 10.0; Win64; x64) AppleWebKit/537.36 (KHTML, like Gecko) Chrome/79.0.3945.117 Safari/537.36"
111.125.126.130 - - [22/Jan/2020:09:49:42 +0800] "GET /favicon.ico HTTP/1.1" 404 209 "http://policy.denr.gov.ph/1999/dao99-27.pdf" "Mozilla/5.0 (Windows NT 10.0; Win64; x64) AppleWebKit/537.36 (KHTML, like Gecko) Chrome/79.0.3945.117 Safari/537.36"
49.151.41.211 - - [22/Jan/2020:09:50:41 +0800] "GET /2001/DENR_MO_2001-11.pdf HTTP/1.1" 200 29820 "https://www.google.com/" "Mozilla/5.0 (Windows NT 10.0; Win64; x64) AppleWebKit/537.36 (KHTML, like Gecko) Chrome/79.0.3945.130 Safari/537.36"
49.151.41.211 - - [22/Jan/2020:09:50:41 +0800] "GET /favicon.ico HTTP/1.1" 404 209 "http://policy.denr.gov.ph/2001/DENR_MO_2001-11.pdf" "Mozilla/5.0 (Windows NT 10.0; Win64; x64) AppleWebKit/537.36 (KHTML, like Gecko) Chrome/79.0.3945.130 Safari/537.36"
58.69.147.60 - - [22/Jan/2020:09:51:49 +0800] "GET /pol-1998/pol98.pdf HTTP/1.1" 304 - "http://policy.denr.gov.ph/pol-1998/pol98.pdf" "Mozilla/5.0 (Windows NT 10.0; Win64; x64) AppleWebKit/537.36 (KHTML, like Gecko) Chrome/79.0.3945.117 Safari/537.36"
58.69.147.60 - - [22/Jan/2020:09:51:49 +0800] "GET /pol-1998/pol98.pdf HTTP/1.1" 206 152576 "http://policy.denr.gov.ph/pol-1998/pol98.pdf" "Mozilla/5.0 (Windows NT 10.0; Win64; x64) AppleWebKit/537.36 (KHTML, like Gecko) Chrome/79.0.3945.117 Safari/537.36"
110.54.225.241 - - [22/Jan/2020:09:53:06 +0800] "GET /1990/lLAND_DAO_1990-72.pdf HTTP/1.1" 200 203654 "-" "Dalvik/2.1.0 (Linux; U; Android 6.0.1; SM-G532G Build/MMB29T)"
49.145.226.166 - - [22/Jan/2020:09:52:53 +0800] "GET /pol-1998/dao98-24.pdf HTTP/1.1" 200 6263890 "https://www.google.com/" "Mozilla/5.0 (Linux; Android 7.0; SM-J701F) AppleWebKit/537.36 (KHTML, like Gecko) Chrome/78.0.3904.96 Mobile Safari/537.36"
58.69.147.60 - - [22/Jan/2020:09:53:04 +0800] "GET /pol-1998/pol98.pdf HTTP/1.1" 206 731106 "http://policy.denr.gov.ph/pol-1998/pol98.pdf" "Mozilla/5.0 (Windows NT 10.0; Win64; x64) AppleWebKit/537.36 (KHTML, like Gecko) Chrome/79.0.3945.117 Safari/537.36"
40.77.167.136 - - [22/Jan/2020:09:54:31 +0800] "GET /dao2004/dao2004-21.pdf HTTP/1.1" 200 664044 "-" "Mozilla/5.0 (compatible; bingbot/2.0; +http://www.bing.com/bingbot.htm)"
58.69.147.60 - - [22/Jan/2020:09:54:18 +0800] "GET /pol-1998/pol98.pdf HTTP/1.1" 206 664730 "http://policy.denr.gov.ph/pol-1998/pol98.pdf" "Mozilla/5.0 (Windows NT 10.0; Win64; x64) AppleWebKit/537.36 (KHTML, like Gecko) Chrome/79.0.3945.117 Safari/537.36"
49.145.226.166 - - [22/Jan/2020:09:52:54 +0800] "GET /pol-1998/dao98-24.pdf HTTP/1.1" 206 4175927 "https://www.google.com/" "Mozilla/5.0 (Linux; Android 7.0; SM-J701F) AppleWebKit/537.36 (KHTML, like Gecko) Chrome/78.0.3904.96 Mobile Safari/537.36"
49.145.226.166 - - [22/Jan/2020:09:52:54 +0800] "GET /pol-1998/dao98-24.pdf HTTP/1.1" 206 2087964 "https://www.google.com/" "Mozilla/5.0 (Linux; Android 7.0; SM-J701F) AppleWebKit/537.36 (KHTML, like Gecko) Chrome/78.0.3904.96 Mobile Safari/537.36"
49.145.226.166 - - [22/Jan/2020:09:55:57 +0800] "GET /pol-1998/dao98-24.pdf HTTP/1.1" 206 1022529 "https://www.google.com/" "Mozilla/5.0 (Linux; Android 7.0; SM-J701F) AppleWebKit/537.36 (KHTML, like Gecko) Chrome/78.0.3904.96 Mobile Safari/537.36"
49.145.226.166 - - [22/Jan/2020:09:55:56 +0800] "GET /pol-1998/dao98-24.pdf HTTP/1.1" 206 6230098 "https://www.google.com/" "Mozilla/5.0 (Linux; Android 7.0; SM-J701F) AppleWebKit/537.36 (KHTML, like Gecko) Chrome/78.0.3904.96 Mobile Safari/537.36"
49.145.72.124 - - [22/Jan/2020:09:57:14 +0800] "GET /1997/FOR_DAO-97-32.pdf HTTP/1.1" 200 85020 "https://www.google.com/" "Mozilla/5.0 (Windows NT 10.0; Win64; x64) AppleWebKit/537.36 (KHTML, like Gecko) Chrome/79.0.3945.117 Safari/537.36"
49.145.72.124 - - [22/Jan/2020:09:57:14 +0800] "GET /favicon.ico HTTP/1.1" 404 209 "http://policy.denr.gov.ph/1997/FOR_DAO-97-32.pdf" "Mozilla/5.0 (Windows NT 10.0; Win64; x64) AppleWebKit/537.36 (KHTML, like Gecko) Chrome/79.0.3945.117 Safari/537.36"
110.54.156.101 - - [22/Jan/2020:09:57:48 +0800] "GET /pol-2000/pol00v1/lanmco00.pdf HTTP/1.1" 200 28561 "https://ph.search.yahoo.com/" "Mozilla/5.0 (Windows NT 6.1; WOW64) AppleWebKit/537.36 (KHTML, like Gecko) Chrome/79.0.3945.130 Safari/537.36"
110.54.156.101 - - [22/Jan/2020:09:57:49 +0800] "GET /favicon.ico HTTP/1.1" 404 209 "http://policy.denr.gov.ph/pol-2000/pol00v1/lanmco00.pdf" "Mozilla/5.0 (Windows NT 6.1; WOW64) AppleWebKit/537.36 (KHTML, like Gecko) Chrome/79.0.3945.130 Safari/537.36"
209.141.4.133 - - [22/Jan/2020:09:58:21 +0800] "GET /1992/DENR_DAO_92-26.pdf HTTP/1.1" 200 322915 "https://www.google.com" "Mozilla/5.0 (Windows NT 6.1; rv:45.0) Gecko/20100101 Firefox/45.0"
49.145.226.166 - - [22/Jan/2020:09:55:57 +0800] "GET /pol-1998/dao98-24.pdf HTTP/1.1" 206 3501916 "https://www.google.com/" "Mozilla/5.0 (Linux; Android 7.0; SM-J701F) AppleWebKit/537.36 (KHTML, like Gecko) Chrome/78.0.3904.96 Mobile Safari/537.36"
49.146.3.52 - - [22/Jan/2020:10:02:09 +0800] "GET /favicon.ico HTTP/1.1" 404 209 "http://policy.denr.gov.ph/1995/FOR_DAO1995-17.pdf" "Mozilla/5.0 (Windows NT 10.0; Win64; x64) AppleWebKit/537.36 (KHTML, like Gecko) Chrome/79.0.3945.117 Safari/537.36"
122.3.152.181 - - [22/Jan/2020:10:02:23 +0800] "GET /favicon.ico HTTP/1.1" 404 209 "http://policy.denr.gov.ph/2000/ENV_DAO_2000-05.pdf" "Mozilla/5.0 (Macintosh; Intel Mac OS X 10_10_2) AppleWebKit/537.36 (KHTML, like Gecko) Chrome/79.0.3945.117 Safari/537.36"
203.177.55.194 - - [22/Jan/2020:10:02:31 +0800] "GET /favicon.ico HTTP/1.1" 404 209 "http://policy.denr.gov.ph/1992/PAWB_DAO_1992_25.pdf" "Mozilla/5.0 (Windows NT 10.0; Win64; x64) AppleWebKit/537.36 (KHTML, like Gecko) Chrome/79.0.3945.117 Safari/537.36"
49.145.226.166 - - [22/Jan/2020:10:01:45 +0800] "GET /pol-1998/dao98-24.pdf HTTP/1.1" 206 2423809 "https://www.google.com/" "Mozilla/5.0 (Linux; Android 7.0; SM-J701F) AppleWebKit/537.36 (KHTML, like Gecko) Chrome/78.0.3904.96 Mobile Safari/537.36"
203.177.55.194 - - [22/Jan/2020:10:02:53 +0800] "GET /1992/PAWB_DAO_1992_25.pdf HTTP/1.1" 304 - "https://denr.gov.ph/" "Mozilla/5.0 (Windows NT 10.0; Win64; x64) AppleWebKit/537.36 (KHTML, like Gecko) Chrome/79.0.3945.117 Safari/537.36"
49.146.3.52 - - [22/Jan/2020:10:02:08 +0800] "GET /1995/FOR_DAO1995-17.pdf HTTP/1.1" 200 9572830 "https://denr.gov.ph/" "Mozilla/5.0 (Windows NT 10.0; Win64; x64) AppleWebKit/537.36 (KHTML, like Gecko) Chrome/79.0.3945.117 Safari/537.36"
49.146.3.52 - - [22/Jan/2020:10:03:18 +0800] "GET /1996/FOR_DAO_1996-39.pdf HTTP/1.1" 200 39264 "https://www.google.com/" "Mozilla/5.0 (Windows NT 10.0; Win64; x64) AppleWebKit/537.36 (KHTML, like Gecko) Chrome/79.0.3945.117 Safari/537.36"
49.146.3.52 - - [22/Jan/2020:10:03:18 +0800] "GET /1996/FOR_DAO_1996-39.pdf HTTP/1.1" 200 39264 "https://www.google.com/" "Mozilla/5.0 (Windows NT 10.0; Win64; x64) AppleWebKit/537.36 (KHTML, like Gecko) Chrome/79.0.3945.117 Safari/537.36"
203.177.55.194 - - [22/Jan/2020:10:03:22 +0800] "GET /1992/PAWB_DAO_1992_25.pdf HTTP/1.1" 304 - "https://denr.gov.ph/" "Mozilla/5.0 (Windows NT 10.0; Win64; x64) AppleWebKit/537.36 (KHTML, like Gecko) Chrome/79.0.3945.117 Safari/537.36"
180.232.80.69 - - [22/Jan/2020:10:03:22 +0800] "GET /dao2004/dao2004-16.pdf HTTP/1.1" 200 583026 "https://denr.gov.ph/" "Mozilla/5.0 (Windows NT 10.0; Win64; x64) AppleWebKit/537.36 (KHTML, like Gecko) Chrome/79.0.3945.117 Safari/537.36"
203.177.55.194 - - [22/Jan/2020:10:02:31 +0800] "GET /1992/PAWB_DAO_1992_25.pdf HTTP/1.1" 200 853335 "https://denr.gov.ph/" "Mozilla/5.0 (Windows NT 10.0; Win64; x64) AppleWebKit/537.36 (KHTML, like Gecko) Chrome/79.0.3945.117 Safari/537.36"
49.145.226.166 - - [22/Jan/2020:10:01:45 +0800] "GET /pol-1998/dao98-24.pdf HTTP/1.1" 206 939878 "https://www.google.com/" "Mozilla/5.0 (Linux; Android 7.0; SM-J701F) AppleWebKit/537.36 (KHTML, like Gecko) Chrome/78.0.3904.96 Mobile Safari/537.36"
110.54.246.253 - - [22/Jan/2020:10:05:12 +0800] "GET /basicpol/lancode/ca141.pdf HTTP/1.1" 200 84831 "https://www.google.com/" "Mozilla/5.0 (Macintosh; Intel Mac OS X 10_14_5) AppleWebKit/537.36 (KHTML, like Gecko) Chrome/79.0.3945.117 Safari/537.36"
110.54.246.253 - - [22/Jan/2020:10:05:34 +0800] "GET /favicon.ico HTTP/1.1" 404 209 "http://policy.denr.gov.ph/basicpol/lancode/ca141.pdf" "Mozilla/5.0 (Macintosh; Intel Mac OS X 10_14_5) AppleWebKit/537.36 (KHTML, like Gecko) Chrome/79.0.3945.117 Safari/537.36"
157.55.39.62 - - [22/Jan/2020:10:06:26 +0800] "GET /2000/PP_2000_291.pdf HTTP/1.1" 304 - "-" "Mozilla/5.0 (compatible; bingbot/2.0; +http://www.bing.com/bingbot.htm)"
157.55.39.62 - - [22/Jan/2020:10:06:26 +0800] "GET /2000/EO_2000_218.pdf HTTP/1.1" 304 - "-" "Mozilla/5.0 (compatible; bingbot/2.0; +http://www.bing.com/bingbot.htm)"
49.145.226.166 - - [22/Jan/2020:10:01:44 +0800] "GET /pol-1998/dao98-24.pdf HTTP/1.1" 206 6115061 "https://www.google.com/" "Mozilla/5.0 (Linux; Android 7.0; SM-J701F) AppleWebKit/537.36 (KHTML, like Gecko) Chrome/78.0.3904.96 Mobile Safari/537.36"
49.145.239.63 - - [22/Jan/2020:10:07:56 +0800] "GET /1997/ENV_DAO-97-05.pdf HTTP/1.1" 200 35973 "https://www.google.com/" "Mozilla/5.0 (Windows NT 10.0; Win64; x64) AppleWebKit/537.36 (KHTML, like Gecko) Chrome/79.0.3945.117 Safari/537.36"
49.145.239.63 - - [22/Jan/2020:10:07:56 +0800] "GET /favicon.ico HTTP/1.1" 404 209 "http://policy.denr.gov.ph/1997/ENV_DAO-97-05.pdf" "Mozilla/5.0 (Windows NT 10.0; Win64; x64) AppleWebKit/537.36 (KHTML, like Gecko) Chrome/79.0.3945.117 Safari/537.36"
157.55.39.62 - - [22/Jan/2020:10:08:52 +0800] "GET /2003/dao2003-08.pdf HTTP/1.1" 304 - "-" "Mozilla/5.0 (compatible; bingbot/2.0; +http://www.bing.com/bingbot.htm)"
49.145.226.166 - - [22/Jan/2020:10:07:52 +0800] "GET /pol-1998/dao98-24.pdf HTTP/1.1" 206 5000345 "https://www.google.com/" "Mozilla/5.0 (Linux; Android 7.0; SM-J701F) AppleWebKit/537.36 (KHTML, like Gecko) Chrome/78.0.3904.96 Mobile Safari/537.36"
210.212.250.39 - - [22/Jan/2020:10:09:07 +0800] "GET /wp-login.php HTTP/1.1" 404 210 "-" "Mozilla/5.0 (X11; Ubuntu; Linux x86_64; rv:62.0) Gecko/20100101 Firefox/62.0"
49.145.226.166 - - [22/Jan/2020:10:07:52 +0800] "GET /pol-1998/dao98-24.pdf HTTP/1.1" 206 2405926 "https://www.google.com/" "Mozilla/5.0 (Linux; Android 7.0; SM-J701F) AppleWebKit/537.36 (KHTML, like Gecko) Chrome/78.0.3904.96 Mobile Safari/537.36"
49.145.239.63 - - [22/Jan/2020:10:11:07 +0800] "GET /1997/ENV_DAO-97-05.pdf HTTP/1.1" 200 35973 "https://www.google.com/" "Mozilla/5.0 (Linux; Android 6.0.1; SM-G610Y) AppleWebKit/537.36 (KHTML, like Gecko) Chrome/79.0.3945.116 Mobile Safari/537.36"
116.50.164.20 - - [22/Jan/2020:10:13:41 +0800] "GET /2005/Memorandum_Orders/dmo-2005-021.pdf HTTP/1.1" 304 - "-" "Mozilla/5.0 (Windows NT 10.0; WOW64) AppleWebKit/537.36 (KHTML, like Gecko) Chrome/79.0.3945.130 Safari/537.36"
110.54.157.79 - - [22/Jan/2020:10:13:48 +0800] "GET /2001/DENR_MO_2001-11.pdf HTTP/1.1" 200 29820 "https://www.google.com.ph/" "Mozilla/5.0 (iPhone; CPU iPhone OS 12_4_4 like Mac OS X) AppleWebKit/605.1.15 (KHTML, like Gecko) Version/12.1.2 Mobile/15E148 Safari/604.1"
110.54.157.79 - - [22/Jan/2020:10:13:53 +0800] "GET /favicon.ico HTTP/1.1" 404 209 "http://policy.denr.gov.ph/2001/DENR_MO_2001-11.pdf" "Mozilla/5.0 (iPhone; CPU iPhone OS 12_4_4 like Mac OS X) AppleWebKit/605.1.15 (KHTML, like Gecko) Version/12.1.2 Mobile/15E148 Safari/604.1"
120.28.17.84 - - [22/Jan/2020:10:14:03 +0800] "GET /2000/DAO_FMB_2000-63.pdf HTTP/1.1" 200 25688 "https://www.google.com.ph/" "Mozilla/5.0 (Windows NT 10.0; Win64; x64) AppleWebKit/537.36 (KHTML, like Gecko) Chrome/79.0.3945.117 Safari/537.36"
120.28.17.84 - - [22/Jan/2020:10:14:03 +0800] "GET /favicon.ico HTTP/1.1" 404 209 "http://policy.denr.gov.ph/2000/DAO_FMB_2000-63.pdf" "Mozilla/5.0 (Windows NT 10.0; Win64; x64) AppleWebKit/537.36 (KHTML, like Gecko) Chrome/79.0.3945.117 Safari/537.36"
103.80.142.19 - - [22/Jan/2020:10:14:06 +0800] "GET /1997/ENV_DAO-97-05.pdf HTTP/1.1" 200 35973 "https://www.google.com/" "Mozilla/5.0 (Windows NT 6.1) AppleWebKit/537.36 (KHTML, like Gecko) Chrome/79.0.3945.130 Safari/537.36"
103.80.142.19 - - [22/Jan/2020:10:14:06 +0800] "GET /favicon.ico HTTP/1.1" 404 209 "http://policy.denr.gov.ph/1997/ENV_DAO-97-05.pdf" "Mozilla/5.0 (Windows NT 6.1) AppleWebKit/537.36 (KHTML, like Gecko) Chrome/79.0.3945.130 Safari/537.36"
122.55.249.42 - - [22/Jan/2020:10:14:10 +0800] "GET /2000/DAO_Lands_2000-67.pdf HTTP/1.1" 200 29346 "https://www.google.com/" "Mozilla/5.0 (Windows NT 10.0; Win64; x64) AppleWebKit/537.36 (KHTML, like Gecko) Chrome/79.0.3945.130 Safari/537.36"
122.55.249.42 - - [22/Jan/2020:10:14:10 +0800] "GET /favicon.ico HTTP/1.1" 404 209 "http://policy.denr.gov.ph/2000/DAO_Lands_2000-67.pdf" "Mozilla/5.0 (Windows NT 10.0; Win64; x64) AppleWebKit/537.36 (KHTML, like Gecko) Chrome/79.0.3945.130 Safari/537.36"
49.145.226.166 - - [22/Jan/2020:10:14:24 +0800] "GET /pol-1998/dao98-24.pdf HTTP/1.1" 206 4826174 "https://www.google.com/" "Mozilla/5.0 (Linux; Android 7.0; SM-J701F) AppleWebKit/537.36 (KHTML, like Gecko) Chrome/78.0.3904.96 Mobile Safari/537.36"
49.145.226.166 - - [22/Jan/2020:10:14:24 +0800] "GET /pol-1998/dao98-24.pdf HTTP/1.1" 206 2158539 "https://www.google.com/" "Mozilla/5.0 (Linux; Android 7.0; SM-J701F) AppleWebKit/537.36 (KHTML, like Gecko) Chrome/78.0.3904.96 Mobile Safari/537.36"
207.46.13.241 - - [22/Jan/2020:10:15:31 +0800] "GET /1988/FOR_DAO_1988-62.pdf HTTP/1.1" 304 - "-" "Mozilla/5.0 (compatible; bingbot/2.0; +http://www.bing.com/bingbot.htm)"
207.46.13.241 - - [22/Jan/2020:10:15:33 +0800] "GET /2005/special_order/so-2005-22.pdf HTTP/1.1" 200 61355 "-" "Mozilla/5.0 (compatible; bingbot/2.0; +http://www.bing.com/bingbot.htm)"
207.46.13.241 - - [22/Jan/2020:10:15:33 +0800] "GET /2005/special_order/so-2005-223.pdf HTTP/1.1" 200 19462 "-" "Mozilla/5.0 (compatible; bingbot/2.0; +http://www.bing.com/bingbot.htm)"
121.127.5.103 - - [22/Jan/2020:10:15:34 +0800] "GET /2001/DENR_MO_2001-11.pdf HTTP/1.1" 200 29820 "https://www.google.com/" "Mozilla/5.0 (Windows NT 6.1; rv:68.0) Gecko/20100101 Firefox/68.0"
121.127.5.103 - - [22/Jan/2020:10:15:35 +0800] "GET /favicon.ico HTTP/1.1" 404 209 "-" "Mozilla/5.0 (Windows NT 6.1; rv:68.0) Gecko/20100101 Firefox/68.0"
66.249.79.36 - - [22/Jan/2020:10:15:36 +0800] "GET /1999/proclamation%2084.pdf HTTP/1.1" 304 - "-" "Mozilla/5.0 (Linux; Android 6.0.1; Nexus 5X Build/MMB29P) AppleWebKit/537.36 (KHTML, like Gecko) Chrome/41.0.2272.96 Mobile Safari/537.36 (compatible; Googlebot/2.1; +http://www.google.com/bot.html)"
121.58.245.66 - - [22/Jan/2020:10:16:15 +0800] "GET /1998/jointmemocirc.98-01.pdf HTTP/1.1" 200 71701 "https://www.google.com/" "Mozilla/5.0 (Windows NT 10.0; Win64; x64) AppleWebKit/537.36 (KHTML, like Gecko) Chrome/79.0.3945.117 Safari/537.36"
121.58.245.66 - - [22/Jan/2020:10:16:16 +0800] "GET /favicon.ico HTTP/1.1" 404 209 "http://policy.denr.gov.ph/1998/jointmemocirc.98-01.pdf" "Mozilla/5.0 (Windows NT 10.0; Win64; x64) AppleWebKit/537.36 (KHTML, like Gecko) Chrome/79.0.3945.117 Safari/537.36"
207.46.13.241 - - [22/Jan/2020:10:16:50 +0800] "GET /1998/dao98-10.pdf HTTP/1.1" 304 - "-" "Mozilla/5.0 (compatible; bingbot/2.0; +http://www.bing.com/bingbot.htm)"
124.107.244.250 - - [22/Jan/2020:10:17:28 +0800] "GET /2001/DENR_MO_2001-11.pdf HTTP/1.1" 200 29820 "https://www.google.com/" "Mozilla/5.0 (Windows NT 6.1) AppleWebKit/537.36 (KHTML, like Gecko) Chrome/79.0.3945.117 Safari/537.36"
124.107.244.250 - - [22/Jan/2020:10:17:28 +0800] "GET /favicon.ico HTTP/1.1" 404 209 "http://policy.denr.gov.ph/2001/DENR_MO_2001-11.pdf" "Mozilla/5.0 (Windows NT 6.1) AppleWebKit/537.36 (KHTML, like Gecko) Chrome/79.0.3945.117 Safari/537.36"
49.146.3.52 - - [22/Jan/2020:10:17:31 +0800] "GET /1996/FOR_MO_1996-09.pdf HTTP/1.1" 200 38463 "-" "Mozilla/5.0 (Windows NT 6.1) AppleWebKit/537.36 (KHTML, like Gecko) Chrome/79.0.3945.117 Safari/537.36"
49.146.3.52 - - [22/Jan/2020:10:17:36 +0800] "GET /favicon.ico HTTP/1.1" 404 209 "http://policy.denr.gov.ph/1996/FOR_MO_1996-09.pdf" "Mozilla/5.0 (Windows NT 6.1) AppleWebKit/537.36 (KHTML, like Gecko) Chrome/79.0.3945.117 Safari/537.36"
210.213.92.250 - - [22/Jan/2020:10:18:45 +0800] "GET /1992/ENV_DAO_92-21.pdf HTTP/1.1" 200 187281 "-" "Mozilla/5.0 (Windows NT 10.0; Win64; x64) AppleWebKit/537.36 (KHTML, like Gecko) Chrome/79.0.3945.130 Safari/537.36"
120.28.242.202 - - [22/Jan/2020:10:22:06 +0800] "GET /1999/fordao99-34.pdf HTTP/1.1" 200 36493 "-" "Mozilla/5.0 (Windows NT 6.1; WOW64) AppleWebKit/537.36 (KHTML, like Gecko) Chrome/79.0.3945.117 Safari/537.36"
120.28.242.202 - - [22/Jan/2020:10:22:06 +0800] "GET /favicon.ico HTTP/1.1" 404 209 "http://policy.denr.gov.ph/1999/fordao99-34.pdf" "Mozilla/5.0 (Windows NT 6.1; WOW64) AppleWebKit/537.36 (KHTML, like Gecko) Chrome/79.0.3945.117 Safari/537.36"
216.244.66.245 - - [22/Jan/2020:10:23:32 +0800] "GET /2000/ENV_DMC_2000_03.pdf HTTP/1.1" 200 28457 "-" "Mozilla/5.0 (compatible; DotBot/1.1; http://www.opensiteexplorer.org/dotbot, help@moz.com)"
216.244.66.245 - - [22/Jan/2020:10:23:40 +0800] "GET /1988/DENR_DAO_1988-05.pdf HTTP/1.1" 200 13666 "-" "Mozilla/5.0 (compatible; DotBot/1.1; http://www.opensiteexplorer.org/dotbot, help@moz.com)"
216.244.66.245 - - [22/Jan/2020:10:23:44 +0800] "GET /1990/MIN_DAO_1990-32.pdf HTTP/1.1" 200 26650 "-" "Mozilla/5.0 (compatible; DotBot/1.1; http://www.opensiteexplorer.org/dotbot, help@moz.com)"
216.244.66.245 - - [22/Jan/2020:10:23:48 +0800] "GET /1999/denrmo99-04.pdf HTTP/1.1" 200 13317 "-" "Mozilla/5.0 (compatible; DotBot/1.1; http://www.opensiteexplorer.org/dotbot, help@moz.com)"
216.244.66.245 - - [22/Jan/2020:10:23:50 +0800] "GET /1999/fordao99-42.pdf HTTP/1.1" 200 23016 "-" "Mozilla/5.0 (compatible; DotBot/1.1; http://www.opensiteexplorer.org/dotbot, help@moz.com)"
202.137.124.132 - - [22/Jan/2020:10:24:00 +0800] "GET /1999/fordao99-34.pdf HTTP/1.1" 200 36493 "https://www.google.com/" "Mozilla/5.0 (Windows NT 10.0; Win64; x64) AppleWebKit/537.36 (KHTML, like Gecko) Chrome/79.0.3945.117 Safari/537.36"
202.137.124.132 - - [22/Jan/2020:10:24:00 +0800] "GET /favicon.ico HTTP/1.1" 404 209 "http://policy.denr.gov.ph/1999/fordao99-34.pdf" "Mozilla/5.0 (Windows NT 10.0; Win64; x64) AppleWebKit/537.36 (KHTML, like Gecko) Chrome/79.0.3945.117 Safari/537.36"
216.244.66.245 - - [22/Jan/2020:10:23:43 +0800] "GET /1989/DAO1989-01.pdf HTTP/1.1" 200 972754 "-" "Mozilla/5.0 (compatible; DotBot/1.1; http://www.opensiteexplorer.org/dotbot, help@moz.com)"
112.201.37.78 - - [22/Jan/2020:10:24:43 +0800] "GET /2000/ENV_DAO_2000-81.pdf HTTP/1.1" 200 299209 "https://www.google.com/" "Mozilla/5.0 (Windows NT 6.1; Win64; x64) AppleWebKit/537.36 (KHTML, like Gecko) Chrome/79.0.3945.117 Safari/537.36"
112.201.37.78 - - [22/Jan/2020:10:24:43 +0800] "GET /2000/ENV_DAO_2000-81.pdf HTTP/1.1" 206 34651 "https://www.google.com/" "Mozilla/5.0 (Windows NT 6.1; Win64; x64) AppleWebKit/537.36 (KHTML, like Gecko) Chrome/79.0.3945.117 Safari/537.36"
112.201.37.78 - - [22/Jan/2020:10:24:43 +0800] "GET /2000/ENV_DAO_2000-81.pdf HTTP/1.1" 206 91855 "https://www.google.com/" "Mozilla/5.0 (Windows NT 6.1; Win64; x64) AppleWebKit/537.36 (KHTML, like Gecko) Chrome/79.0.3945.117 Safari/537.36"
216.244.66.245 - - [22/Jan/2020:10:23:47 +0800] "GET /1991/pawsdao91-14.pdf HTTP/1.1" 200 161085 "-" "Mozilla/5.0 (compatible; DotBot/1.1; http://www.opensiteexplorer.org/dotbot, help@moz.com)"
157.55.39.62 - - [22/Jan/2020:10:24:47 +0800] "GET /2000/ENV_DAO_2000-81.pdf HTTP/1.1" 304 - "-" "Mozilla/5.0 (compatible; bingbot/2.0; +http://www.bing.com/bingbot.htm)"
121.58.245.66 - - [22/Jan/2020:10:25:01 +0800] "GET /1997/ADM_DMC-97-21.pdf HTTP/1.1" 200 20551 "-" "Mozilla/5.0 (Windows NT 10.0; Win64; x64) AppleWebKit/537.36 (KHTML, like Gecko) Chrome/79.0.3945.117 Safari/537.36"
121.58.245.66 - - [22/Jan/2020:10:25:01 +0800] "GET /1997/ADM_DMC-97-21.pdf HTTP/1.1" 200 20551 "https://www.google.com/" "Mozilla/5.0 (Windows NT 10.0; Win64; x64) AppleWebKit/537.36 (KHTML, like Gecko) Chrome/79.0.3945.117 Safari/537.36"
120.28.17.84 - - [22/Jan/2020:10:25:11 +0800] "GET /1999/denrmo99-20.pdf HTTP/1.1" 200 15962 "https://www.google.com.ph/" "Mozilla/5.0 (Windows NT 10.0; Win64; x64) AppleWebKit/537.36 (KHTML, like Gecko) Chrome/79.0.3945.117 Safari/537.36"
66.249.79.36 - - [22/Jan/2020:10:25:52 +0800] "GET /2000/ENV_DAO_2000-05.pdf HTTP/1.1" 200 89266 "-" "Mozilla/5.0 (Linux; Android 6.0.1; Nexus 5X Build/MMB29P) AppleWebKit/537.36 (KHTML, like Gecko) Chrome/41.0.2272.96 Mobile Safari/537.36 (compatible; Googlebot/2.1; +http://www.google.com/bot.html)"
120.28.17.84 - - [22/Jan/2020:10:26:03 +0800] "GET /1999/formo99-20.pdf HTTP/1.1" 200 25926 "https://denr.gov.ph/" "Mozilla/5.0 (Windows NT 10.0; Win64; x64) AppleWebKit/537.36 (KHTML, like Gecko) Chrome/79.0.3945.117 Safari/537.36"
216.244.66.245 - - [22/Jan/2020:10:26:07 +0800] "GET /1988/PAW_DAO_1988-49.pdf HTTP/1.1" 200 12879 "-" "Mozilla/5.0 (compatible; DotBot/1.1; http://www.opensiteexplorer.org/dotbot, help@moz.com)"
216.244.66.245 - - [22/Jan/2020:10:26:08 +0800] "GET /1991/formc91-15.pdf HTTP/1.1" 200 40679 "-" "Mozilla/5.0 (compatible; DotBot/1.1; http://www.opensiteexplorer.org/dotbot, help@moz.com)"
216.244.66.245 - - [22/Jan/2020:10:26:09 +0800] "GET /1991/formc91-7.pdf HTTP/1.1" 200 28389 "-" "Mozilla/5.0 (compatible; DotBot/1.1; http://www.opensiteexplorer.org/dotbot, help@moz.com)"
110.54.178.181 - - [22/Jan/2020:10:26:11 +0800] "GET /2000/ENV_DAO_2000-81.pdf HTTP/1.1" 200 299209 "-" "Dalvik/2.1.0 (Linux; U; Android 9; MAR-LX2 Build/HUAWEIMAR-L22B)"
216.244.66.245 - - [22/Jan/2020:10:26:11 +0800] "GET /1993/FOR_MC_1993-22.pdf HTTP/1.1" 200 113949 "-" "Mozilla/5.0 (compatible; DotBot/1.1; http://www.opensiteexplorer.org/dotbot, help@moz.com)"
216.244.66.245 - - [22/Jan/2020:10:26:10 +0800] "GET /1993/FOR_DAO1993-05.pdf HTTP/1.1" 200 104400 "-" "Mozilla/5.0 (compatible; DotBot/1.1; http://www.opensiteexplorer.org/dotbot, help@moz.com)"
216.244.66.245 - - [22/Jan/2020:10:27:00 +0800] "GET /1994/Lan_MC_1994-41.pdf HTTP/1.1" 200 71597 "-" "Mozilla/5.0 (compatible; DotBot/1.1; http://www.opensiteexplorer.org/dotbot, help@moz.com)"
110.54.136.41 - - [22/Jan/2020:10:27:27 +0800] "GET /1997/FOR_DAO-97-32.pdf HTTP/1.1" 200 85020 "-" "Dalvik/2.1.0 (Linux; U; Android 5.1; A1601 Build/LMY47I)"
216.244.66.245 - - [22/Jan/2020:10:29:20 +0800] "GET /2002/dao_2002-22.pdf HTTP/1.1" 200 235998 "-" "Mozilla/5.0 (compatible; DotBot/1.1; http://www.opensiteexplorer.org/dotbot, help@moz.com)"
121.58.245.66 - - [22/Jan/2020:10:30:02 +0800] "GET /favicon.ico HTTP/1.1" 404 209 "http://policy.denr.gov.ph/1997/ADM_DMC-97-21.pdf" "Mozilla/5.0 (Windows NT 10.0; Win64; x64) AppleWebKit/537.36 (KHTML, like Gecko) Chrome/79.0.3945.117 Safari/537.36"
180.191.138.248 - - [22/Jan/2020:10:30:23 +0800] "GET /favicon.ico HTTP/1.1" 404 209 "http://policy.denr.gov.ph/2000/DAO_PAWB_2000-51.pdf" "Mozilla/5.0 (Windows NT 6.1) AppleWebKit/537.36 (KHTML, like Gecko) Chrome/79.0.3945.117 Safari/537.36"
216.244.66.245 - - [22/Jan/2020:10:31:43 +0800] "GET /dao2004/dao2004-12.pdf HTTP/1.1" 200 77297 "-" "Mozilla/5.0 (compatible; DotBot/1.1; http://www.opensiteexplorer.org/dotbot, help@moz.com)"
49.146.45.178 - - [22/Jan/2020:10:31:52 +0800] "GET /2000/JT_CIR_DOF-DBM.pdf HTTP/1.1" 200 32243 "https://www.google.com/" "Mozilla/5.0 (Windows NT 10.0; Win64; x64) AppleWebKit/537.36 (KHTML, like Gecko) Chrome/79.0.3945.117 Safari/537.36"
49.146.45.178 - - [22/Jan/2020:10:31:52 +0800] "GET /favicon.ico HTTP/1.1" 404 209 "http://policy.denr.gov.ph/2000/JT_CIR_DOF-DBM.pdf" "Mozilla/5.0 (Windows NT 10.0; Win64; x64) AppleWebKit/537.36 (KHTML, like Gecko) Chrome/79.0.3945.117 Safari/537.36"
122.55.157.232 - - [22/Jan/2020:10:31:57 +0800] "GET /2003/dao2003-26.pdf HTTP/1.1" 200 363436 "http://oldwebsite.denr.gov.ph/section-policies/result.php" "Mozilla/5.0 (iPhone; CPU iPhone OS 13_3 like Mac OS X) AppleWebKit/605.1.15 (KHTML, like Gecko) Version/13.0.4 Mobile/15E148 Safari/604.1"
122.55.157.232 - - [22/Jan/2020:10:31:57 +0800] "GET /favicon.ico HTTP/1.1" 404 209 "http://policy.denr.gov.ph/2003/dao2003-26.pdf" "Mozilla/5.0 (iPhone; CPU iPhone OS 13_3 like Mac OS X) AppleWebKit/605.1.15 (KHTML, like Gecko) Version/13.0.4 Mobile/15E148 Safari/604.1"
216.244.66.245 - - [22/Jan/2020:10:34:01 +0800] "GET /2003/memo_order2003/DMO2003-03.pdf HTTP/1.1" 200 40378 "-" "Mozilla/5.0 (compatible; DotBot/1.1; http://www.opensiteexplorer.org/dotbot, help@moz.com)"
216.244.66.245 - - [22/Jan/2020:10:34:06 +0800] "GET /2005/dmc/DMC-2005-18.pdf HTTP/1.1" 404 222 "-" "Mozilla/5.0 (compatible; DotBot/1.1; http://www.opensiteexplorer.org/dotbot, help@moz.com)"
216.244.66.245 - - [22/Jan/2020:10:34:08 +0800] "GET /pol-1996/dao18.pdf HTTP/1.1" 404 216 "-" "Mozilla/5.0 (compatible; DotBot/1.1; http://www.opensiteexplorer.org/dotbot, help@moz.com)"
216.244.66.245 - - [22/Jan/2020:10:34:09 +0800] "GET /pol-1996/dao23.pdf HTTP/1.1" 404 216 "-" "Mozilla/5.0 (compatible; DotBot/1.1; http://www.opensiteexplorer.org/dotbot, help@moz.com)"
216.244.66.245 - - [22/Jan/2020:10:34:07 +0800] "GET /2006/dao/JointDAO-2006-003.pdf HTTP/1.1" 200 369860 "-" "Mozilla/5.0 (compatible; DotBot/1.1; http://www.opensiteexplorer.org/dotbot, help@moz.com)"
152.32.64.115 - - [22/Jan/2020:10:36:18 +0800] "GET /favicon.ico HTTP/1.1" 404 209 "http://policy.denr.gov.ph/2005/dao/joint_dao2005-02.pdf" "Mozilla/5.0 (Windows NT 6.1) AppleWebKit/537.36 (KHTML, like Gecko) Chrome/79.0.3945.130 Safari/537.36"
152.32.64.115 - - [22/Jan/2020:10:36:18 +0800] "GET /2005/dao/joint_dao2005-02.pdf HTTP/1.1" 200 596271 "https://www.google.com/" "Mozilla/5.0 (Windows NT 6.1) AppleWebKit/537.36 (KHTML, like Gecko) Chrome/79.0.3945.130 Safari/537.36"
152.32.98.54 - - [22/Jan/2020:10:37:48 +0800] "GET /2001/DENR_MO_2001-11.pdf HTTP/1.1" 200 29820 "https://www.google.com/" "Mozilla/5.0 (Linux; Android 5.1.1; SM-J200GU Build/LMY47X) AppleWebKit/537.36 (KHTML, like Gecko) Chrome/55.0.2883.91 Mobile Safari/537.36"
180.232.120.12 - - [22/Jan/2020:10:38:15 +0800] "GET /1992/DENR_DAO_92-26.pdf HTTP/1.1" 304 - "-" "Mozilla/5.0 (Windows NT 6.1; rv:45.0) Gecko/20100101 Firefox/45.0"
110.54.248.209 - - [22/Jan/2020:10:39:35 +0800] "GET /1998/dao98-45.pdf HTTP/1.1" 200 27051 "https://www.google.com/" "Mozilla/5.0 (Windows NT 6.1; Win64; x64) AppleWebKit/537.36 (KHTML, like Gecko) Chrome/79.0.3945.117 Safari/537.36"
110.54.248.209 - - [22/Jan/2020:10:39:36 +0800] "GET /favicon.ico HTTP/1.1" 404 209 "http://policy.denr.gov.ph/1998/dao98-45.pdf" "Mozilla/5.0 (Windows NT 6.1; Win64; x64) AppleWebKit/537.36 (KHTML, like Gecko) Chrome/79.0.3945.117 Safari/537.36"
49.150.12.183 - - [22/Jan/2020:10:42:57 +0800] "GET /1999/fordao99-34.pdf HTTP/1.1" 200 36493 "https://www.google.com/" "Mozilla/5.0 (Windows NT 6.1; Win64; x64) AppleWebKit/537.36 (KHTML, like Gecko) Chrome/79.0.3945.130 Safari/537.36"
49.150.12.183 - - [22/Jan/2020:10:42:57 +0800] "GET /1999/fordao99-34.pdf HTTP/1.1" 206 1 "https://www.google.com/" "Mozilla/5.0 (Windows NT 6.1; Win64; x64) AppleWebKit/537.36 (KHTML, like Gecko) Chrome/79.0.3945.130 Safari/537.36"
49.150.12.183 - - [22/Jan/2020:10:42:57 +0800] "GET /favicon.ico HTTP/1.1" 404 209 "http://policy.denr.gov.ph/1999/fordao99-34.pdf" "Mozilla/5.0 (Windows NT 6.1; Win64; x64) AppleWebKit/537.36 (KHTML, like Gecko) Chrome/79.0.3945.130 Safari/537.36"
66.249.79.44 - - [22/Jan/2020:10:43:14 +0800] "GET /2005/special_order/so-2005-380.pdf HTTP/1.1" 200 27386 "-" "Mozilla/5.0 (Linux; Android 6.0.1; Nexus 5X Build/MMB29P) AppleWebKit/537.36 (KHTML, like Gecko) Chrome/41.0.2272.96 Mobile Safari/537.36 (compatible; Googlebot/2.1; +http://www.google.com/bot.html)"
122.3.53.87 - - [22/Jan/2020:10:44:50 +0800] "GET /2000/ENV_DAO_2000-02.pdf HTTP/1.1" 200 47259 "https://www.google.com/" "Mozilla/5.0 (Windows NT 6.1; Win64; x64) AppleWebKit/537.36 (KHTML, like Gecko) Chrome/79.0.3945.117 Safari/537.36"
122.3.53.87 - - [22/Jan/2020:10:44:51 +0800] "GET /favicon.ico HTTP/1.1" 404 209 "http://policy.denr.gov.ph/2000/ENV_DAO_2000-02.pdf" "Mozilla/5.0 (Windows NT 6.1; Win64; x64) AppleWebKit/537.36 (KHTML, like Gecko) Chrome/79.0.3945.117 Safari/537.36"
122.54.50.12 - - [22/Jan/2020:10:45:33 +0800] "GET /favicon.ico HTTP/1.1" 404 209 "http://policy.denr.gov.ph/1996/FOR_DAO_1996-24.pdf" "Mozilla/5.0 (Windows NT 10.0; Win64; x64) AppleWebKit/537.36 (KHTML, like Gecko) Chrome/79.0.3945.117 Safari/537.36"
66.249.79.36 - - [22/Jan/2020:10:45:36 +0800] "GET /1998/da-admin.order98-03.pdf HTTP/1.1" 304 - "-" "Mozilla/5.0 (Linux; Android 6.0.1; Nexus 5X Build/MMB29P) AppleWebKit/537.36 (KHTML, like Gecko) Chrome/41.0.2272.96 Mobile Safari/537.36 (compatible; Googlebot/2.1; +http://www.google.com/bot.html)"
180.232.120.12 - - [22/Jan/2020:10:45:56 +0800] "GET /1992/DENR_DAO_92-26.pdf HTTP/1.1" 304 - "-" "Mozilla/5.0 (Windows NT 6.1; rv:45.0) Gecko/20100101 Firefox/45.0"
66.249.79.41 - - [22/Jan/2020:10:48:57 +0800] "GET /2000/EO_2000_280.pdf HTTP/1.1" 200 16636 "-" "Mozilla/5.0 (Linux; Android 6.0.1; Nexus 5X Build/MMB29P) AppleWebKit/537.36 (KHTML, like Gecko) Chrome/41.0.2272.96 Mobile Safari/537.36 (compatible; Googlebot/2.1; +http://www.google.com/bot.html)"
192.168.13.117 - - [22/Jan/2020:10:49:08 +0800] "GET /favicon.ico HTTP/1.1" 404 209 "http://policy.denr.gov.ph/dao2004/dao2004-59.pdf" "Mozilla/5.0 (Windows NT 10.0; Win64; x64) AppleWebKit/537.36 (KHTML, like Gecko) Chrome/79.0.3945.117 Safari/537.36"
192.168.13.117 - - [22/Jan/2020:10:49:08 +0800] "GET /dao2004/dao2004-59.pdf HTTP/1.1" 200 1293457 "-" "Mozilla/5.0 (Windows NT 10.0; Win64; x64) AppleWebKit/537.36 (KHTML, like Gecko) Chrome/79.0.3945.117 Safari/537.36"
66.249.79.41 - - [22/Jan/2020:10:49:10 +0800] "GET /1996/FOR_DAO_1996-21.pdf HTTP/1.1" 200 32585 "-" "Mozilla/5.0 (Linux; Android 6.0.1; Nexus 5X Build/MMB29P) AppleWebKit/537.36 (KHTML, like Gecko) Chrome/41.0.2272.96 Mobile Safari/537.36 (compatible; Googlebot/2.1; +http://www.google.com/bot.html)"
110.54.233.75 - - [22/Jan/2020:10:49:20 +0800] "GET /dao2004/dao2004-15.pdf HTTP/1.1" 200 401129 "https://denr.gov.ph/" "Mozilla/5.0 (Windows NT 10.0; Win64; x64) AppleWebKit/537.36 (KHTML, like Gecko) Chrome/79.0.3945.117 Safari/537.36"
110.54.233.75 - - [22/Jan/2020:10:49:25 +0800] "GET /favicon.ico HTTP/1.1" 404 209 "http://policy.denr.gov.ph/dao2004/dao2004-15.pdf" "Mozilla/5.0 (Windows NT 10.0; Win64; x64) AppleWebKit/537.36 (KHTML, like Gecko) Chrome/79.0.3945.117 Safari/537.36"
110.54.136.41 - - [22/Jan/2020:10:49:49 +0800] "GET /1997/FOR_DAO-97-32.pdf HTTP/1.1" 200 85020 "-" "Dalvik/2.1.0 (Linux; U; Android 5.1; A1601 Build/LMY47I)"
64.90.36.103 - - [22/Jan/2020:10:50:12 +0800] "GET /wordpress/wp-admin/ HTTP/1.1" 404 217 "http://policy.denr.gov.ph/" "Mozilla/5.0 (Windows NT 10.0; Win64; x64) AppleWebKit/537.36 (KHTML, like Gecko) Chrome/78.0.3904.97 Safari/537.36"
119.92.255.174 - - [22/Jan/2020:10:51:49 +0800] "GET /2000/DAO_FMB_2000-63.pdf HTTP/1.1" 200 25688 "https://www.google.com/" "Mozilla/5.0 (Windows NT 10.0; Win64; x64) AppleWebKit/537.36 (KHTML, like Gecko) Chrome/79.0.3945.130 Safari/537.36"
119.92.255.174 - - [22/Jan/2020:10:51:49 +0800] "GET /2000/DAO_FMB_2000-63.pdf HTTP/1.1" 200 25688 "https://www.google.com/" "Mozilla/5.0 (Windows NT 10.0; Win64; x64) AppleWebKit/537.36 (KHTML, like Gecko) Chrome/79.0.3945.130 Safari/537.36"
119.92.255.174 - - [22/Jan/2020:10:51:50 +0800] "GET /2000/DAO_FMB_2000-63.pdf HTTP/1.1" 206 1 "https://www.google.com/" "Mozilla/5.0 (Windows NT 10.0; Win64; x64) AppleWebKit/537.36 (KHTML, like Gecko) Chrome/79.0.3945.130 Safari/537.36"
119.92.255.174 - - [22/Jan/2020:10:51:50 +0800] "GET /2000/DAO_FMB_2000-63.pdf HTTP/1.1" 200 25688 "https://www.google.com/" "Mozilla/5.0 (Windows NT 10.0; Win64; x64) AppleWebKit/537.36 (KHTML, like Gecko) Chrome/79.0.3945.130 Safari/537.36"
119.92.255.174 - - [22/Jan/2020:10:51:54 +0800] "GET /favicon.ico HTTP/1.1" 404 209 "http://policy.denr.gov.ph/2000/DAO_FMB_2000-63.pdf" "Mozilla/5.0 (Windows NT 10.0; Win64; x64) AppleWebKit/537.36 (KHTML, like Gecko) Chrome/79.0.3945.130 Safari/537.36"
110.54.232.196 - - [22/Jan/2020:10:52:24 +0800] "GET /1993/DAO1993-63.pdf HTTP/1.1" 200 1104499 "https://www.google.com/" "Mozilla/5.0 (Linux; Android 8.1.0; CPH1803) AppleWebKit/537.36 (KHTML, like Gecko) Chrome/79.0.3945.116 Mobile Safari/537.36"
119.92.255.174 - - [22/Jan/2020:10:53:12 +0800] "GET /2000/DAO_FMB_2000-21.pdf HTTP/1.1" 200 33721 "https://www.google.com/" "Mozilla/5.0 (Windows NT 10.0; Win64; x64) AppleWebKit/537.36 (KHTML, like Gecko) Chrome/79.0.3945.130 Safari/537.36"
119.92.255.174 - - [22/Jan/2020:10:53:12 +0800] "GET /2000/DAO_FMB_2000-21.pdf HTTP/1.1" 200 33721 "https://www.google.com/" "Mozilla/5.0 (Windows NT 10.0; Win64; x64) AppleWebKit/537.36 (KHTML, like Gecko) Chrome/79.0.3945.130 Safari/537.36"
119.92.255.174 - - [22/Jan/2020:10:55:26 +0800] "GET /favicon.ico HTTP/1.1" 404 209 "http://policy.denr.gov.ph/2000/DAO_FMB_2000-63.pdf" "Mozilla/5.0 (Windows NT 10.0; Win64; x64) AppleWebKit/537.36 (KHTML, like Gecko) Chrome/79.0.3945.130 Safari/537.36"
58.69.174.139 - - [22/Jan/2020:10:57:46 +0800] "GET /favicon.ico HTTP/1.1" 404 209 "http://policy.denr.gov.ph/dao2004/dao2004-35.pdf" "Mozilla/5.0 (Windows NT 10.0; Win64; x64) AppleWebKit/537.36 (KHTML, like Gecko) Chrome/79.0.3945.130 Safari/537.36"
58.69.174.139 - - [22/Jan/2020:10:57:46 +0800] "GET /dao2004/dao2004-35.pdf HTTP/1.1" 200 366238 "http://oldwebsite.denr.gov.ph/section-policies/viewrec.php?id=1122&page=13&sort=&filter=type&filterID=1&searchword=&fromyear=&frommonth=&fromdate=&toyear=&tomonth=&todate=&dateval=" "Mozilla/5.0 (Windows NT 10.0; Win64; x64) AppleWebKit/537.36 (KHTML, like Gecko) Chrome/79.0.3945.130 Safari/537.36"
124.105.226.60 - - [22/Jan/2020:11:00:05 +0800] "GET /basicpol/pacode/irr7586.pdf HTTP/1.1" 200 65014 "https://www.google.com.ph/" "Mozilla/5.0 (Windows NT 10.0; Win64; x64) AppleWebKit/537.36 (KHTML, like Gecko) Chrome/70.0.3538.102 Safari/537.36 Edge/18.18362"
58.69.174.81 - - [22/Jan/2020:11:00:37 +0800] "GET /favicon.ico HTTP/1.1" 404 209 "http://policy.denr.gov.ph/dao2004/dao2004-30.pdf" "Mozilla/5.0 (Windows NT 6.3; WOW64) AppleWebKit/537.36 (KHTML, like Gecko) Chrome/58.0.3012.0 Safari/537.36"
58.69.174.81 - - [22/Jan/2020:11:00:37 +0800] "GET /dao2004/dao2004-30.pdf HTTP/1.1" 200 816675 "http://oldwebsite.denr.gov.ph/section-policies/viewrec.php?id=1087&page=14&sort=dt&filter=type&filterID=1&searchword=&fromyear=&frommonth=&fromdate=&toyear=&tomonth=&todate=&dateval=true" "Mozilla/5.0 (Windows NT 6.3; WOW64) AppleWebKit/537.36 (KHTML, like Gecko) Chrome/58.0.3012.0 Safari/537.36"
66.249.79.41 - - [22/Jan/2020:11:01:29 +0800] "GET /1990/FOR_DMC_1990-07.pdf HTTP/1.1" 200 65208 "-" "Mozilla/5.0 (Linux; Android 6.0.1; Nexus 5X Build/MMB29P) AppleWebKit/537.36 (KHTML, like Gecko) Chrome/41.0.2272.96 Mobile Safari/537.36 (compatible; Googlebot/2.1; +http://www.google.com/bot.html)"
110.54.211.141 - - [22/Jan/2020:11:02:25 +0800] "GET /2001/DENR_MO_2001-11.pdf HTTP/1.1" 200 29820 "-" "Dalvik/2.1.0 (Linux; U; Android 8.0.0; ATU-L22 Build/HUAWEIATU-L22)"
66.249.79.41 - - [22/Jan/2020:11:02:40 +0800] "GET /memo_order2004/memo_order2004-13.pdf HTTP/1.1" 200 219354 "-" "Mozilla/5.0 (Linux; Android 6.0.1; Nexus 5X Build/MMB29P) AppleWebKit/537.36 (KHTML, like Gecko) Chrome/41.0.2272.96 Mobile Safari/537.36 (compatible; Googlebot/2.1; +http://www.google.com/bot.html)"
66.249.79.41 - - [22/Jan/2020:11:03:04 +0800] "GET /2006/memorandum/memo-2006-21.pdf HTTP/1.1" 200 145365 "-" "Mozilla/5.0 (Linux; Android 6.0.1; Nexus 5X Build/MMB29P) AppleWebKit/537.36 (KHTML, like Gecko) Chrome/41.0.2272.96 Mobile Safari/537.36 (compatible; Googlebot/2.1; +http://www.google.com/bot.html)"
