66.249.79.41 - - [20/Jan/2020:09:44:33 +0800] "GET /2005/special_order/so-2005-99.pdf HTTP/1.1" 200 53810 "-" "Mozilla/5.0 (Linux; Android 6.0.1; Nexus 5X Build/MMB29P) AppleWebKit/537.36 (KHTML, like Gecko) Chrome/41.0.2272.96 Mobile Safari/537.36 (compatible; Googlebot/2.1; +http://www.google.com/bot.html)"
216.244.66.245 - - [20/Jan/2020:09:44:53 +0800] "GET /dao2004/dao2004-18.pdf HTTP/1.1" 200 88857 "-" "Mozilla/5.0 (compatible; DotBot/1.1; http://www.opensiteexplorer.org/dotbot, help@moz.com)"
66.249.79.41 - - [20/Jan/2020:09:45:09 +0800] "GET /2005/Memorandum_Orders/mo-2005-07.pdf HTTP/1.1" 200 132163 "-" "Mozilla/5.0 (Linux; Android 6.0.1; Nexus 5X Build/MMB29P) AppleWebKit/537.36 (KHTML, like Gecko) Chrome/41.0.2272.96 Mobile Safari/537.36 (compatible; Googlebot/2.1; +http://www.google.com/bot.html)"
216.244.66.245 - - [20/Jan/2020:09:45:26 +0800] "GET /2003/memorandum_circular/DMC2003-14.pdf HTTP/1.1" 200 64171 "-" "Mozilla/5.0 (compatible; DotBot/1.1; http://www.opensiteexplorer.org/dotbot, help@moz.com)"
66.249.79.41 - - [20/Jan/2020:09:45:46 +0800] "GET /2005/special_order/so-2005-414.pdf HTTP/1.1" 200 34124 "-" "Mozilla/5.0 (Linux; Android 6.0.1; Nexus 5X Build/MMB29P) AppleWebKit/537.36 (KHTML, like Gecko) Chrome/41.0.2272.96 Mobile Safari/537.36 (compatible; Googlebot/2.1; +http://www.google.com/bot.html)"
66.249.79.44 - - [20/Jan/2020:09:46:23 +0800] "GET /2001/DENR_DAO2001-26.pdf HTTP/1.1" 200 20399 "-" "Mozilla/5.0 (Linux; Android 6.0.1; Nexus 5X Build/MMB29P) AppleWebKit/537.36 (KHTML, like Gecko) Chrome/41.0.2272.96 Mobile Safari/537.36 (compatible; Googlebot/2.1; +http://www.google.com/bot.html)"
175.158.200.177 - - [20/Jan/2020:09:46:23 +0800] "GET /favicon.ico HTTP/1.1" 404 209 "-" "Mozilla/5.0 (Windows NT 10.0; Win64; x64; rv:72.0) Gecko/20100101 Firefox/72.0"
175.158.200.177 - - [20/Jan/2020:09:46:23 +0800] "GET /CBFMDvlv/Devltn.pdf HTTP/1.1" 206 65536 "https://www.google.com/" "Mozilla/5.0 (Windows NT 10.0; Win64; x64; rv:72.0) Gecko/20100101 Firefox/72.0"
175.158.200.177 - - [20/Jan/2020:09:46:23 +0800] "GET /CBFMDvlv/Devltn.pdf HTTP/1.1" 206 65536 "https://www.google.com/" "Mozilla/5.0 (Windows NT 10.0; Win64; x64; rv:72.0) Gecko/20100101 Firefox/72.0"
175.158.200.177 - - [20/Jan/2020:09:46:24 +0800] "GET /CBFMDvlv/Devltn.pdf HTTP/1.1" 206 2166 "https://www.google.com/" "Mozilla/5.0 (Windows NT 10.0; Win64; x64; rv:72.0) Gecko/20100101 Firefox/72.0"
175.158.200.177 - - [20/Jan/2020:09:46:24 +0800] "GET /CBFMDvlv/Devltn.pdf HTTP/1.1" 206 65536 "https://www.google.com/" "Mozilla/5.0 (Windows NT 10.0; Win64; x64; rv:72.0) Gecko/20100101 Firefox/72.0"
175.158.200.177 - - [20/Jan/2020:09:46:24 +0800] "GET /CBFMDvlv/Devltn.pdf HTTP/1.1" 206 65536 "https://www.google.com/" "Mozilla/5.0 (Windows NT 10.0; Win64; x64; rv:72.0) Gecko/20100101 Firefox/72.0"
175.158.200.177 - - [20/Jan/2020:09:46:23 +0800] "GET /CBFMDvlv/Devltn.pdf HTTP/1.1" 200 395382 "https://www.google.com/" "Mozilla/5.0 (Windows NT 10.0; Win64; x64; rv:72.0) Gecko/20100101 Firefox/72.0"
157.55.39.160 - - [20/Jan/2020:09:46:34 +0800] "GET /1992/DENR_DAO_92-31.pdf HTTP/1.1" 304 - "-" "Mozilla/5.0 (compatible; bingbot/2.0; +http://www.bing.com/bingbot.htm)"
120.28.163.110 - - [20/Jan/2020:09:46:38 +0800] "GET /1999/fordao99-21.pdf HTTP/1.1" 200 26185 "https://www.google.com/" "Mozilla/5.0 (Windows NT 10.0; Win64; x64) AppleWebKit/537.36 (KHTML, like Gecko) Chrome/79.0.3945.117 Safari/537.36"
120.28.163.110 - - [20/Jan/2020:09:46:38 +0800] "GET /favicon.ico HTTP/1.1" 404 209 "http://policy.denr.gov.ph/1999/fordao99-21.pdf" "Mozilla/5.0 (Windows NT 10.0; Win64; x64) AppleWebKit/537.36 (KHTML, like Gecko) Chrome/79.0.3945.117 Safari/537.36"
66.249.79.44 - - [20/Jan/2020:09:47:00 +0800] "GET /1996/FOR_MO_1996-11.pdf HTTP/1.1" 200 18468 "-" "Mozilla/5.0 (Linux; Android 6.0.1; Nexus 5X Build/MMB29P) AppleWebKit/537.36 (KHTML, like Gecko) Chrome/41.0.2272.96 Mobile Safari/537.36 (compatible; Googlebot/2.1; +http://www.google.com/bot.html)"
66.249.79.41 - - [20/Jan/2020:09:47:36 +0800] "GET /2001/DAO_FOR_2001-14.pdf HTTP/1.1" 200 18871 "-" "Mozilla/5.0 (Linux; Android 6.0.1; Nexus 5X Build/MMB29P) AppleWebKit/537.36 (KHTML, like Gecko) Chrome/41.0.2272.96 Mobile Safari/537.36 (compatible; Googlebot/2.1; +http://www.google.com/bot.html)"
202.90.141.199 - - [20/Jan/2020:09:48:03 +0800] "GET /2000/ENV_DAO_2000-81.pdf HTTP/1.1" 200 299209 "https://www.google.com/" "Mozilla/5.0 (Linux; Android 9; SM-N975F) AppleWebKit/537.36 (KHTML, like Gecko) Chrome/79.0.3945.116 Mobile Safari/537.36"
66.249.79.36 - - [20/Jan/2020:09:50:40 +0800] "GET /2001/DENR_MO_2001-11.pdf HTTP/1.1" 200 29820 "-" "Mozilla/5.0 (Linux; Android 6.0.1; Nexus 5X Build/MMB29P) AppleWebKit/537.36 (KHTML, like Gecko) Chrome/41.0.2272.96 Mobile Safari/537.36 (compatible; Googlebot/2.1; +http://www.google.com/bot.html)"
175.158.200.177 - - [20/Jan/2020:09:50:42 +0800] "GET /CBFMDvlv/Devltn.pdf HTTP/1.1" 206 65536 "-" "Mozilla/5.0 (Windows NT 10.0; Win64; x64; rv:72.0) Gecko/20100101 Firefox/72.0"
175.158.200.177 - - [20/Jan/2020:09:50:41 +0800] "GET /CBFMDvlv/Devltn.pdf HTTP/1.1" 200 395382 "-" "Mozilla/5.0 (Windows NT 10.0; Win64; x64; rv:72.0) Gecko/20100101 Firefox/72.0"
175.158.200.177 - - [20/Jan/2020:09:50:42 +0800] "GET /favicon.ico HTTP/1.1" 404 209 "-" "Mozilla/5.0 (Windows NT 10.0; Win64; x64; rv:72.0) Gecko/20100101 Firefox/72.0"
175.158.200.177 - - [20/Jan/2020:09:50:42 +0800] "GET /CBFMDvlv/Devltn.pdf HTTP/1.1" 206 2166 "-" "Mozilla/5.0 (Windows NT 10.0; Win64; x64; rv:72.0) Gecko/20100101 Firefox/72.0"
203.160.181.220 - - [20/Jan/2020:09:50:50 +0800] "GET /1992/DENR_DAO_92-30.pdf HTTP/1.1" 200 397238 "https://denr.gov.ph/" "Mozilla/5.0 (Windows NT 6.3; Win64; x64) AppleWebKit/537.36 (KHTML, like Gecko) Chrome/79.0.3945.130 Safari/537.36"
192.168.47.49 - - [20/Jan/2020:09:51:45 +0800] "GET /2000/DAO_FMB_2000-63.pdf HTTP/1.1" 200 25688 "https://www.google.com/" "Mozilla/5.0 (Windows NT 10.0; Win64; x64) AppleWebKit/537.36 (KHTML, like Gecko) Chrome/79.0.3945.117 Safari/537.36"
192.168.47.49 - - [20/Jan/2020:09:51:46 +0800] "GET /favicon.ico HTTP/1.1" 404 209 "http://policy.denr.gov.ph/2000/DAO_FMB_2000-63.pdf" "Mozilla/5.0 (Windows NT 10.0; Win64; x64) AppleWebKit/537.36 (KHTML, like Gecko) Chrome/79.0.3945.117 Safari/537.36"
175.176.93.62 - - [20/Jan/2020:09:52:40 +0800] "GET /1992/RA_1992_7607.pdf HTTP/1.1" 200 75507 "-" "Dalvik/2.1.0 (Linux; U; Android 8.0.0; ATU-L22 Build/HUAWEIATU-L22)"
66.249.82.189 - - [20/Jan/2020:09:53:31 +0800] "GET /1998/dao98-45.pdf HTTP/1.1" 200 27051 "http://www.google.com/" "Mozilla/5.0 (Linux; Android 9; CPH1969) AppleWebKit/537.36 (KHTML, like Gecko) Chrome/79.0.3945.116 Mobile Safari/537.36"
112.206.64.160 - - [20/Jan/2020:09:55:03 +0800] "GET /2003/dao2003-27.pdf HTTP/1.1" 200 827897 "https://denr.gov.ph/" "Mozilla/5.0 (Windows NT 10.0; Win64; x64) AppleWebKit/537.36 (KHTML, like Gecko) Chrome/79.0.3945.117 Safari/537.36"
112.206.64.160 - - [20/Jan/2020:09:55:06 +0800] "GET /favicon.ico HTTP/1.1" 404 209 "http://policy.denr.gov.ph/2003/dao2003-27.pdf" "Mozilla/5.0 (Windows NT 10.0; Win64; x64) AppleWebKit/537.36 (KHTML, like Gecko) Chrome/79.0.3945.117 Safari/537.36"
192.168.47.49 - - [20/Jan/2020:09:55:57 +0800] "GET /2000/DAO_FMB_2000-21.pdf HTTP/1.1" 200 33721 "https://www.google.com/" "Mozilla/5.0 (Windows NT 10.0; Win64; x64) AppleWebKit/537.36 (KHTML, like Gecko) Chrome/79.0.3945.117 Safari/537.36"
116.50.191.27 - - [20/Jan/2020:09:56:11 +0800] "GET /favicon.ico HTTP/1.1" 404 209 "http://policy.denr.gov.ph/1992/DENR_DAO_92-26.pdf" "Mozilla/5.0 (Windows NT 10.0; Win64; x64) AppleWebKit/537.36 (KHTML, like Gecko) Chrome/79.0.3945.117 Safari/537.36"
58.69.102.201 - - [20/Jan/2020:09:56:23 +0800] "GET /favicon.ico HTTP/1.1" 404 209 "-" "Mozilla/5.0 (Windows NT 6.1; WOW64) AppleWebKit/537.36 (KHTML, like Gecko) Chrome/30.0.1599.69 Safari/537.36"
116.50.191.27 - - [20/Jan/2020:09:56:31 +0800] "GET /1992/DENR_DAO_92-26.pdf HTTP/1.1" 304 - "-" "Mozilla/5.0 (Windows NT 10.0; Win64; x64) AppleWebKit/537.36 (KHTML, like Gecko) Chrome/79.0.3945.117 Safari/537.36"
116.50.191.27 - - [20/Jan/2020:09:56:55 +0800] "GET /1992/DENR_DAO_92-26.pdf HTTP/1.1" 304 - "-" "Mozilla/5.0 (Windows NT 10.0; Win64; x64) AppleWebKit/537.36 (KHTML, like Gecko) Chrome/79.0.3945.117 Safari/537.36"
116.50.191.27 - - [20/Jan/2020:09:56:11 +0800] "GET /1992/DENR_DAO_92-26.pdf HTTP/1.1" 200 322915 "https://www.google.com/" "Mozilla/5.0 (Windows NT 10.0; Win64; x64) AppleWebKit/537.36 (KHTML, like Gecko) Chrome/79.0.3945.117 Safari/537.36"
116.50.191.27 - - [20/Jan/2020:09:57:17 +0800] "GET /1992/DENR_DAO_92-26.pdf HTTP/1.1" 304 - "-" "Mozilla/5.0 (Windows NT 10.0; Win64; x64) AppleWebKit/537.36 (KHTML, like Gecko) Chrome/79.0.3945.117 Safari/537.36"
66.249.79.41 - - [20/Jan/2020:09:58:38 +0800] "GET /1990/FOR_DMO_1990-11.pdf HTTP/1.1" 200 28241 "-" "Mozilla/5.0 (Linux; Android 6.0.1; Nexus 5X Build/MMB29P) AppleWebKit/537.36 (KHTML, like Gecko) Chrome/41.0.2272.96 Mobile Safari/537.36 (compatible; Googlebot/2.1; +http://www.google.com/bot.html)"
66.249.79.36 - - [20/Jan/2020:09:59:14 +0800] "GET /pol-1999/Ifma.pdf HTTP/1.1" 200 6371724 "-" "Mozilla/5.0 (Linux; Android 6.0.1; Nexus 5X Build/MMB29P) AppleWebKit/537.36 (KHTML, like Gecko) Chrome/41.0.2272.96 Mobile Safari/537.36 (compatible; Googlebot/2.1; +http://www.google.com/bot.html)"
175.176.48.18 - - [20/Jan/2020:09:58:26 +0800] "GET /pol-1998/dao98-24.pdf HTTP/1.1" 200 6263890 "https://www.google.com/" "Mozilla/5.0 (Linux; Android 6.0; vivo 1609) AppleWebKit/537.36 (KHTML, like Gecko) Chrome/73.0.3683.75 Mobile Safari/537.36"
175.176.48.18 - - [20/Jan/2020:09:58:26 +0800] "GET /pol-1998/dao98-24.pdf HTTP/1.1" 206 2087964 "https://www.google.com/" "Mozilla/5.0 (Linux; Android 6.0; vivo 1609) AppleWebKit/537.36 (KHTML, like Gecko) Chrome/73.0.3683.75 Mobile Safari/537.36"
110.54.176.175 - - [20/Jan/2020:09:59:31 +0800] "GET /1992/DENR_DAO_92-26.pdf HTTP/1.1" 206 1 "-" "Mozilla/5.0 (Windows NT 10.0; Win64; x64) AppleWebKit/537.36 (KHTML, like Gecko) Chrome/79.0.3945.117 Safari/537.36"
110.54.176.175 - - [20/Jan/2020:09:59:31 +0800] "GET /1992/DENR_DAO_92-26.pdf HTTP/1.1" 206 261967 "-" "Mozilla/5.0 (Windows NT 10.0; Win64; x64) AppleWebKit/537.36 (KHTML, like Gecko) Chrome/79.0.3945.117 Safari/537.36"
175.176.48.18 - - [20/Jan/2020:09:58:26 +0800] "GET /pol-1998/dao98-24.pdf HTTP/1.1" 206 4175927 "https://www.google.com/" "Mozilla/5.0 (Linux; Android 6.0; vivo 1609) AppleWebKit/537.36 (KHTML, like Gecko) Chrome/73.0.3683.75 Mobile Safari/537.36"
66.249.79.36 - - [20/Jan/2020:09:59:51 +0800] "GET /1993/Mines_DAO1993-48.pdf HTTP/1.1" 200 906689 "-" "Mozilla/5.0 (Linux; Android 6.0.1; Nexus 5X Build/MMB29P) AppleWebKit/537.36 (KHTML, like Gecko) Chrome/41.0.2272.96 Mobile Safari/537.36 (compatible; Googlebot/2.1; +http://www.google.com/bot.html)"
202.90.141.199 - - [20/Jan/2020:09:59:16 +0800] "GET /2000/ENV_DAO_2000-81.pdf HTTP/1.1" 206 259025 "https://www.google.com/" "Mozilla/5.0 (Linux; Android 9; SM-N975F) AppleWebKit/537.36 (KHTML, like Gecko) Chrome/79.0.3945.116 Mobile Safari/537.36"
175.176.48.18 - - [20/Jan/2020:09:59:38 +0800] "GET /pol-1998/dao98-24.pdf HTTP/1.1" 206 3893196 "https://www.google.com/" "Mozilla/5.0 (Linux; Android 6.0; vivo 1609) AppleWebKit/537.36 (KHTML, like Gecko) Chrome/73.0.3683.75 Mobile Safari/537.36"
175.176.48.18 - - [20/Jan/2020:09:59:37 +0800] "GET /pol-1998/dao98-24.pdf HTTP/1.1" 206 6222250 "https://www.google.com/" "Mozilla/5.0 (Linux; Android 6.0; vivo 1609) AppleWebKit/537.36 (KHTML, like Gecko) Chrome/73.0.3683.75 Mobile Safari/537.36"
175.176.48.18 - - [20/Jan/2020:09:59:39 +0800] "GET /pol-1998/dao98-24.pdf HTTP/1.1" 206 1808009 "https://www.google.com/" "Mozilla/5.0 (Linux; Android 6.0; vivo 1609) AppleWebKit/537.36 (KHTML, like Gecko) Chrome/73.0.3683.75 Mobile Safari/537.36"
66.249.79.36 - - [20/Jan/2020:10:02:18 +0800] "GET /1987/PAWB_DAO_87_13.pdf HTTP/1.1" 200 41664 "-" "Mozilla/5.0 (Linux; Android 6.0.1; Nexus 5X Build/MMB29P) AppleWebKit/537.36 (KHTML, like Gecko) Chrome/41.0.2272.96 Mobile Safari/537.36 (compatible; Googlebot/2.1; +http://www.google.com/bot.html)"
110.54.176.175 - - [20/Jan/2020:10:03:14 +0800] "GET /1992/DENR_DAO_92-26.pdf HTTP/1.1" 200 322915 "-" "Mozilla/5.0 (Macintosh; Intel Mac OS X 10_11_4) AppleWebKit/537.36 (KHTML, like Gecko) QtWebEngine/5.6.0 Chrome/45.0.2454.101 Safari/537.36 Viber"
124.105.224.78 - - [20/Jan/2020:10:03:37 +0800] "GET /favicon.ico HTTP/1.1" 404 209 "http://policy.denr.gov.ph/1997/FOR_DAO-97-32.pdf" "Mozilla/5.0 (Windows NT 10.0; Win64; x64) AppleWebKit/537.36 (KHTML, like Gecko) Chrome/79.0.3945.117 Safari/537.36"
124.105.224.78 - - [20/Jan/2020:10:03:37 +0800] "GET /1997/FOR_DAO-97-32.pdf HTTP/1.1" 200 85020 "https://www.denr.gov.ph/" "Mozilla/5.0 (Windows NT 10.0; Win64; x64) AppleWebKit/537.36 (KHTML, like Gecko) Chrome/79.0.3945.117 Safari/537.36"
58.69.214.21 - - [20/Jan/2020:10:04:03 +0800] "GET /2001/DENR_MO_2001-11.pdf HTTP/1.1" 200 29820 "https://www.google.com.ph/" "Mozilla/5.0 (iPhone; CPU iPhone OS 13_3 like Mac OS X) AppleWebKit/605.1.15 (KHTML, like Gecko) Version/13.0.4 Mobile/15E148 Safari/604.1"
58.69.214.21 - - [20/Jan/2020:10:04:04 +0800] "GET /favicon.ico HTTP/1.1" 404 209 "http://policy.denr.gov.ph/2001/DENR_MO_2001-11.pdf" "Mozilla/5.0 (iPhone; CPU iPhone OS 13_3 like Mac OS X) AppleWebKit/605.1.15 (KHTML, like Gecko) Version/13.0.4 Mobile/15E148 Safari/604.1"
110.54.176.175 - - [20/Jan/2020:10:03:07 +0800] "GET /1992/DENR_DAO_92-26.pdf HTTP/1.1" 200 322915 "-" "Mozilla/5.0 (Macintosh; Intel Mac OS X 10_11_4) AppleWebKit/537.36 (KHTML, like Gecko) QtWebEngine/5.6.0 Chrome/45.0.2454.101 Safari/537.36 Viber"
112.208.160.239 - - [20/Jan/2020:10:04:30 +0800] "GET /1994/Lan_Dao_1994-22.pdf HTTP/1.1" 200 127341 "https://r.search.yahoo.com/_ylt=AwrwXxSZCiVegFwAnxPfSQx.;_ylu=X3oDMTByajVjNzRjBGNvbG8Dc2czBHBvcwM0BHZ0aWQDBHNlYwNzcg--/RV=2/RE=1579514649/RO=10/RU=http%3a%2f%2fpolicy.denr.gov.ph%2f1994%2fLan_Dao_1994-22.pdf/RK=2/RS=lX3op7CsNCp1mQ4ltsq_VYJillE-" "Mozilla/5.0 (Windows NT 10.0; Win64; x64) AppleWebKit/537.36 (KHTML, like Gecko) Chrome/79.0.3945.130 Safari/537.36"
112.208.160.239 - - [20/Jan/2020:10:04:31 +0800] "GET /favicon.ico HTTP/1.1" 404 209 "http://policy.denr.gov.ph/1994/Lan_Dao_1994-22.pdf" "Mozilla/5.0 (Windows NT 10.0; Win64; x64) AppleWebKit/537.36 (KHTML, like Gecko) Chrome/79.0.3945.130 Safari/537.36"
110.54.216.62 - - [20/Jan/2020:10:05:26 +0800] "GET /2000/DENR_DAO_2000-11.pdf HTTP/1.1" 200 14083 "https://www.google.com/" "Mozilla/5.0 (Linux; Android 6.0.1; vivo 1606) AppleWebKit/537.36 (KHTML, like Gecko) Chrome/78.0.3904.90 Mobile Safari/537.36"
49.145.192.178 - - [20/Jan/2020:10:06:42 +0800] "GET /2001/DENR_MO_2001-11.pdf HTTP/1.1" 200 29820 "-" "Dalvik/2.1.0 (Linux; U; Android 9; SM-A305GN Build/PPR1.180610.011)"
202.90.141.199 - - [20/Jan/2020:10:09:18 +0800] "GET /2000/ENV_DAO_2000-81.pdf HTTP/1.1" 206 259025 "https://www.google.com/" "Mozilla/5.0 (Linux; Android 9; SM-N975F) AppleWebKit/537.36 (KHTML, like Gecko) Chrome/79.0.3945.116 Mobile Safari/537.36"
110.54.193.214 - - [20/Jan/2020:10:10:14 +0800] "GET /1997/FOR_DMC-97-12.pdf HTTP/1.1" 200 36286 "-" "Dalvik/2.1.0 (Linux; U; Android 8.1.0; vivo 1801 Build/OPM1.171019.011)"
49.149.97.66 - - [20/Jan/2020:10:12:21 +0800] "GET /1992/FOR_DAO_1992_13.pdf HTTP/1.1" 200 102987 "https://denr.gov.ph/" "Mozilla/5.0 (Windows NT 10.0; Win64; x64) AppleWebKit/537.36 (KHTML, like Gecko) Chrome/79.0.3945.117 Safari/537.36"
49.149.97.66 - - [20/Jan/2020:10:12:21 +0800] "GET /favicon.ico HTTP/1.1" 404 209 "http://policy.denr.gov.ph/1992/FOR_DAO_1992_13.pdf" "Mozilla/5.0 (Windows NT 10.0; Win64; x64) AppleWebKit/537.36 (KHTML, like Gecko) Chrome/79.0.3945.117 Safari/537.36"
116.50.165.6 - - [20/Jan/2020:10:12:26 +0800] "GET /1999/fordao99-46.pdf HTTP/1.1" 200 38096 "https://www.google.com/" "Mozilla/5.0 (Windows NT 10.0; WOW64) AppleWebKit/537.36 (KHTML, like Gecko) Chrome/79.0.3945.117 Safari/537.36"
116.50.165.6 - - [20/Jan/2020:10:12:27 +0800] "GET /favicon.ico HTTP/1.1" 404 209 "http://policy.denr.gov.ph/1999/fordao99-46.pdf" "Mozilla/5.0 (Windows NT 10.0; WOW64) AppleWebKit/537.36 (KHTML, like Gecko) Chrome/79.0.3945.117 Safari/537.36"
110.54.241.57 - - [20/Jan/2020:10:12:33 +0800] "GET /1999/fordao99-34.pdf HTTP/1.1" 200 36493 "https://www.google.com/" "Mozilla/5.0 (Windows NT 10.0; Win64; x64) AppleWebKit/537.36 (KHTML, like Gecko) Chrome/79.0.3945.117 Safari/537.36"
110.54.241.57 - - [20/Jan/2020:10:12:35 +0800] "GET /favicon.ico HTTP/1.1" 404 209 "http://policy.denr.gov.ph/1999/fordao99-34.pdf" "Mozilla/5.0 (Windows NT 10.0; Win64; x64) AppleWebKit/537.36 (KHTML, like Gecko) Chrome/79.0.3945.117 Safari/537.36"
112.202.157.116 - - [20/Jan/2020:10:13:26 +0800] "GET /1999/ra8749.pdf HTTP/1.1" 200 143836 "https://r.search.yahoo.com/_ylt=Awr9DszGDCVeIKsAYA9x.9w4;_ylu=X3oDMTByNWU4cGh1BGNvbG8DZ3ExBHBvcwMxBHZ0aWQDBHNlYwNzYw--/RV=2/RE=1579515206/RO=10/RU=http%3a%2f%2fpolicy.denr.gov.ph%2f1999%2fra8749.pdf/RK=2/RS=QKcCbmHIddD5usfDgEe6o7polzk-" "Mozilla/5.0 (iPhone; CPU iPhone OS 13_3 like Mac OS X) AppleWebKit/605.1.15 (KHTML, like Gecko) Version/13.0.4 Mobile/15E148 Safari/604.1"
112.202.157.116 - - [20/Jan/2020:10:13:26 +0800] "GET /favicon.ico HTTP/1.1" 404 209 "http://policy.denr.gov.ph/1999/ra8749.pdf" "Mozilla/5.0 (iPhone; CPU iPhone OS 13_3 like Mac OS X) AppleWebKit/605.1.15 (KHTML, like Gecko) Version/13.0.4 Mobile/15E148 Safari/604.1"
66.102.6.189 - - [20/Jan/2020:10:14:40 +0800] "GET /favicon.ico HTTP/1.1" 404 209 "-" "Mozilla/5.0 (X11; Linux x86_64) AppleWebKit/537.36 (KHTML, like Gecko) Chrome/49.0.2623.75 Safari/537.36 Google Favicon"
175.176.48.18 - - [20/Jan/2020:10:13:55 +0800] "GET /pol-1998/dao98-24.pdf HTTP/1.1" 206 3893196 "https://www.google.com/" "Mozilla/5.0 (Linux; Android 6.0; vivo 1609) AppleWebKit/537.36 (KHTML, like Gecko) Chrome/73.0.3683.75 Mobile Safari/537.36"
175.176.48.18 - - [20/Jan/2020:10:13:55 +0800] "GET /pol-1998/dao98-24.pdf HTTP/1.1" 206 6187969 "https://www.google.com/" "Mozilla/5.0 (Linux; Android 6.0; vivo 1609) AppleWebKit/537.36 (KHTML, like Gecko) Chrome/73.0.3683.75 Mobile Safari/537.36"
175.176.48.18 - - [20/Jan/2020:10:13:55 +0800] "GET /pol-1998/dao98-24.pdf HTTP/1.1" 206 1807042 "https://www.google.com/" "Mozilla/5.0 (Linux; Android 6.0; vivo 1609) AppleWebKit/537.36 (KHTML, like Gecko) Chrome/73.0.3683.75 Mobile Safari/537.36"
66.249.79.41 - - [20/Jan/2020:10:16:23 +0800] "GET /1999/denrmo99-14.pdf HTTP/1.1" 200 14915 "-" "Mozilla/5.0 (Linux; Android 6.0.1; Nexus 5X Build/MMB29P) AppleWebKit/537.36 (KHTML, like Gecko) Chrome/41.0.2272.96 Mobile Safari/537.36 (compatible; Googlebot/2.1; +http://www.google.com/bot.html)"
66.249.79.36 - - [20/Jan/2020:10:17:00 +0800] "GET /1993/FOR_MC_1993-28.pdf HTTP/1.1" 200 160022 "-" "Mozilla/5.0 (Linux; Android 6.0.1; Nexus 5X Build/MMB29P) AppleWebKit/537.36 (KHTML, like Gecko) Chrome/41.0.2272.96 Mobile Safari/537.36 (compatible; Googlebot/2.1; +http://www.google.com/bot.html)"
175.176.48.18 - - [20/Jan/2020:10:16:25 +0800] "GET /pol-1998/dao98-24.pdf HTTP/1.1" 206 6153688 "https://www.google.com/" "Mozilla/5.0 (Linux; Android 6.0; vivo 1609) AppleWebKit/537.36 (KHTML, like Gecko) Chrome/73.0.3683.75 Mobile Safari/537.36"
175.176.48.18 - - [20/Jan/2020:10:16:26 +0800] "GET /pol-1998/dao98-24.pdf HTTP/1.1" 206 1552071 "https://www.google.com/" "Mozilla/5.0 (Linux; Android 6.0; vivo 1609) AppleWebKit/537.36 (KHTML, like Gecko) Chrome/73.0.3683.75 Mobile Safari/537.36"
175.176.48.18 - - [20/Jan/2020:10:16:26 +0800] "GET /pol-1998/dao98-24.pdf HTTP/1.1" 206 3850589 "https://www.google.com/" "Mozilla/5.0 (Linux; Android 6.0; vivo 1609) AppleWebKit/537.36 (KHTML, like Gecko) Chrome/73.0.3683.75 Mobile Safari/537.36"
66.249.79.36 - - [20/Jan/2020:10:17:36 +0800] "GET /pol-1995/mmo.pdf HTTP/1.1" 200 7293 "-" "Mozilla/5.0 (Linux; Android 6.0.1; Nexus 5X Build/MMB29P) AppleWebKit/537.36 (KHTML, like Gecko) Chrome/41.0.2272.96 Mobile Safari/537.36 (compatible; Googlebot/2.1; +http://www.google.com/bot.html)"
216.244.66.245 - - [20/Jan/2020:10:18:03 +0800] "GET /1988/FOR_DAO_1988-97.pdf HTTP/1.1" 200 55558 "-" "Mozilla/5.0 (compatible; DotBot/1.1; http://www.opensiteexplorer.org/dotbot, help@moz.com)"
216.244.66.245 - - [20/Jan/2020:10:18:06 +0800] "GET /2000/ENV_DAO_2000-37.pdf HTTP/1.1" 200 28649 "-" "Mozilla/5.0 (compatible; DotBot/1.1; http://www.opensiteexplorer.org/dotbot, help@moz.com)"
66.249.79.36 - - [20/Jan/2020:10:18:13 +0800] "GET /2001/MC_PAWB2001-01.pdf HTTP/1.1" 200 18580 "-" "Mozilla/5.0 (Linux; Android 6.0.1; Nexus 5X Build/MMB29P) AppleWebKit/537.36 (KHTML, like Gecko) Chrome/41.0.2272.96 Mobile Safari/537.36 (compatible; Googlebot/2.1; +http://www.google.com/bot.html)"
216.244.66.245 - - [20/Jan/2020:10:18:08 +0800] "GET /2003/dao2003-06.pdf HTTP/1.1" 200 349210 "-" "Mozilla/5.0 (compatible; DotBot/1.1; http://www.opensiteexplorer.org/dotbot, help@moz.com)"
66.249.79.41 - - [20/Jan/2020:10:18:50 +0800] "GET /1993/MMO1993-136.pdf HTTP/1.1" 200 54387 "-" "Mozilla/5.0 (Linux; Android 6.0.1; Nexus 5X Build/MMB29P) AppleWebKit/537.36 (KHTML, like Gecko) Chrome/41.0.2272.96 Mobile Safari/537.36 (compatible; Googlebot/2.1; +http://www.google.com/bot.html)"
216.244.66.245 - - [20/Jan/2020:10:17:58 +0800] "GET /1987/FOR_DAO_87_80.pdf HTTP/1.1" 200 438750 "-" "Mozilla/5.0 (compatible; DotBot/1.1; http://www.opensiteexplorer.org/dotbot, help@moz.com)"
66.249.79.36 - - [20/Jan/2020:10:19:26 +0800] "GET /2005/special_order/so-2005-59.pdf HTTP/1.1" 200 61658 "-" "Mozilla/5.0 (Linux; Android 6.0.1; Nexus 5X Build/MMB29P) AppleWebKit/537.36 (KHTML, like Gecko) Chrome/41.0.2272.96 Mobile Safari/537.36 (compatible; Googlebot/2.1; +http://www.google.com/bot.html)"
66.249.79.44 - - [20/Jan/2020:10:20:03 +0800] "GET /1987/FOR_DAO_87_77.pdf HTTP/1.1" 200 510358 "-" "Mozilla/5.0 (Linux; Android 6.0.1; Nexus 5X Build/MMB29P) AppleWebKit/537.36 (KHTML, like Gecko) Chrome/41.0.2272.96 Mobile Safari/537.36 (compatible; Googlebot/2.1; +http://www.google.com/bot.html)"
202.90.141.199 - - [20/Jan/2020:10:20:20 +0800] "GET /2000/ENV_DAO_2000-81.pdf HTTP/1.1" 206 91472 "https://www.google.com/" "Mozilla/5.0 (Linux; Android 9; SM-N975F) AppleWebKit/537.36 (KHTML, like Gecko) Chrome/79.0.3945.116 Mobile Safari/537.36"
112.198.75.36 - - [20/Jan/2020:10:20:24 +0800] "GET /2000/DAO_PAWB_2000-51.pdf HTTP/1.1" 200 53098 "https://www.google.com/" "Mozilla/5.0 (Windows NT 10.0; Win64; x64) AppleWebKit/537.36 (KHTML, like Gecko) Chrome/79.0.3945.117 Safari/537.36"
112.198.75.36 - - [20/Jan/2020:10:20:25 +0800] "GET /favicon.ico HTTP/1.1" 404 209 "http://policy.denr.gov.ph/2000/DAO_PAWB_2000-51.pdf" "Mozilla/5.0 (Windows NT 10.0; Win64; x64) AppleWebKit/537.36 (KHTML, like Gecko) Chrome/79.0.3945.117 Safari/537.36"
66.249.79.41 - - [20/Jan/2020:10:20:40 +0800] "GET /1991/formc91-1.pdf HTTP/1.1" 200 42764 "-" "Mozilla/5.0 (Linux; Android 6.0.1; Nexus 5X Build/MMB29P) AppleWebKit/537.36 (KHTML, like Gecko) Chrome/41.0.2272.96 Mobile Safari/537.36 (compatible; Googlebot/2.1; +http://www.google.com/bot.html)"
66.249.79.36 - - [20/Jan/2020:10:21:17 +0800] "GET /2005/special_order/so-2005-89.pdf HTTP/1.1" 200 57870 "-" "Mozilla/5.0 (Linux; Android 6.0.1; Nexus 5X Build/MMB29P) AppleWebKit/537.36 (KHTML, like Gecko) Chrome/41.0.2272.96 Mobile Safari/537.36 (compatible; Googlebot/2.1; +http://www.google.com/bot.html)"
216.244.66.245 - - [20/Jan/2020:10:20:28 +0800] "GET /1989/DAO1989-123.pdf HTTP/1.1" 200 577901 "-" "Mozilla/5.0 (compatible; DotBot/1.1; http://www.opensiteexplorer.org/dotbot, help@moz.com)"
66.249.79.44 - - [20/Jan/2020:10:21:54 +0800] "GET /2005/special_order/so-2005-327.pdf HTTP/1.1" 200 59809 "-" "Mozilla/5.0 (Linux; Android 6.0.1; Nexus 5X Build/MMB29P) AppleWebKit/537.36 (KHTML, like Gecko) Chrome/41.0.2272.96 Mobile Safari/537.36 (compatible; Googlebot/2.1; +http://www.google.com/bot.html)"
122.3.177.159 - - [20/Jan/2020:10:21:57 +0800] "GET /favicon.ico HTTP/1.1" 404 209 "http://policy.denr.gov.ph/1992/ENV_DAO_92-21.pdf" "Mozilla/5.0 (Macintosh; Intel Mac OS X 10_8_5) AppleWebKit/537.36 (KHTML, like Gecko) Chrome/49.0.2623.112 Safari/537.36"
122.3.177.159 - - [20/Jan/2020:10:21:57 +0800] "GET /1992/ENV_DAO_92-21.pdf HTTP/1.1" 200 187281 "-" "Mozilla/5.0 (Macintosh; Intel Mac OS X 10_8_5) AppleWebKit/537.36 (KHTML, like Gecko) Chrome/49.0.2623.112 Safari/537.36"
122.3.177.159 - - [20/Jan/2020:10:21:58 +0800] "GET /1992/ENV_DAO_92-21.pdf HTTP/1.1" 206 65536 "http://policy.denr.gov.ph/1992/ENV_DAO_92-21.pdf" "Mozilla/5.0 (Macintosh; Intel Mac OS X 10_8_5) AppleWebKit/537.36 (KHTML, like Gecko) Chrome/49.0.2623.112 Safari/537.36"
122.3.177.159 - - [20/Jan/2020:10:21:59 +0800] "GET /1992/ENV_DAO_92-21.pdf HTTP/1.1" 206 101945 "http://policy.denr.gov.ph/1992/ENV_DAO_92-21.pdf" "Mozilla/5.0 (Macintosh; Intel Mac OS X 10_8_5) AppleWebKit/537.36 (KHTML, like Gecko) Chrome/49.0.2623.112 Safari/537.36"
66.249.79.36 - - [20/Jan/2020:10:22:30 +0800] "GET /2006/special_order/ HTTP/1.1" 200 5702 "-" "Mozilla/5.0 (Linux; Android 6.0.1; Nexus 5X Build/MMB29P) AppleWebKit/537.36 (KHTML, like Gecko) Chrome/41.0.2272.96 Mobile Safari/537.36 (compatible; Googlebot/2.1; +http://www.google.com/bot.html)"
216.244.66.245 - - [20/Jan/2020:10:22:48 +0800] "GET /1989/DAO1989-142.pdf HTTP/1.1" 200 139114 "-" "Mozilla/5.0 (compatible; DotBot/1.1; http://www.opensiteexplorer.org/dotbot, help@moz.com)"
216.244.66.245 - - [20/Jan/2020:10:22:56 +0800] "GET /1999/dao99-47.pdf HTTP/1.1" 200 28358 "-" "Mozilla/5.0 (compatible; DotBot/1.1; http://www.opensiteexplorer.org/dotbot, help@moz.com)"
207.46.13.90 - - [20/Jan/2020:10:22:57 +0800] "GET /2005/special_order/so-2005-347.pdf HTTP/1.1" 304 - "-" "Mozilla/5.0 (compatible; bingbot/2.0; +http://www.bing.com/bingbot.htm)"
216.244.66.245 - - [20/Jan/2020:10:22:59 +0800] "GET /1999/fordao99-59.pdf HTTP/1.1" 200 19943 "-" "Mozilla/5.0 (compatible; DotBot/1.1; http://www.opensiteexplorer.org/dotbot, help@moz.com)"
216.244.66.245 - - [20/Jan/2020:10:23:02 +0800] "GET /1999/minesdao99-56.pdf HTTP/1.1" 200 56128 "-" "Mozilla/5.0 (compatible; DotBot/1.1; http://www.opensiteexplorer.org/dotbot, help@moz.com)"
66.249.79.44 - - [20/Jan/2020:10:23:07 +0800] "GET /2005/proclamation/proc-2005-869.pdf HTTP/1.1" 200 178853 "-" "Mozilla/5.0 (Linux; Android 6.0.1; Nexus 5X Build/MMB29P) AppleWebKit/537.36 (KHTML, like Gecko) Chrome/41.0.2272.96 Mobile Safari/537.36 (compatible; Googlebot/2.1; +http://www.google.com/bot.html)"
216.244.66.245 - - [20/Jan/2020:10:22:53 +0800] "GET /1993/Land_dao93-02.pdf HTTP/1.1" 200 626291 "-" "Mozilla/5.0 (compatible; DotBot/1.1; http://www.opensiteexplorer.org/dotbot, help@moz.com)"
216.244.66.245 - - [20/Jan/2020:10:23:44 +0800] "GET /2000/DENR_DAO_2000-86.pdf HTTP/1.1" 200 22764 "-" "Mozilla/5.0 (compatible; DotBot/1.1; http://www.opensiteexplorer.org/dotbot, help@moz.com)"
122.3.177.159 - - [20/Jan/2020:10:24:05 +0800] "GET /1992/ENV_DAO_92-21.pdf HTTP/1.1" 206 20480 "-" "Mozilla/5.0 (Macintosh; Intel Mac OS X 10_8_5) AppleWebKit/537.36 (KHTML, like Gecko) Chrome/49.0.2623.112 Safari/537.36"
122.3.177.159 - - [20/Jan/2020:10:24:05 +0800] "GET /1992/ENV_DAO_92-21.pdf HTTP/1.1" 206 1024 "-" "Mozilla/5.0 (Macintosh; Intel Mac OS X 10_8_5) AppleWebKit/537.36 (KHTML, like Gecko) Chrome/49.0.2623.112 Safari/537.36"
122.3.177.159 - - [20/Jan/2020:10:24:05 +0800] "GET /1992/ENV_DAO_92-21.pdf HTTP/1.1" 206 913 "-" "Mozilla/5.0 (Macintosh; Intel Mac OS X 10_8_5) AppleWebKit/537.36 (KHTML, like Gecko) Chrome/49.0.2623.112 Safari/537.36"
66.249.79.44 - - [20/Jan/2020:10:24:20 +0800] "GET /2005/special_order/so-2005-850.pdf HTTP/1.1" 200 29164 "-" "Mozilla/5.0 (Linux; Android 6.0.1; Nexus 5X Build/MMB29P) AppleWebKit/537.36 (KHTML, like Gecko) Chrome/41.0.2272.96 Mobile Safari/537.36 (compatible; Googlebot/2.1; +http://www.google.com/bot.html)"
110.54.180.99 - - [20/Jan/2020:10:24:42 +0800] "GET /1993/FOR_MC_1993-21.pdf HTTP/1.1" 200 176593 "https://www.google.com/" "Mozilla/5.0 (Windows NT 10.0; Win64; x64; rv:72.0) Gecko/20100101 Firefox/72.0"
110.54.180.99 - - [20/Jan/2020:10:24:43 +0800] "GET /favicon.ico HTTP/1.1" 404 209 "-" "Mozilla/5.0 (Windows NT 10.0; Win64; x64; rv:72.0) Gecko/20100101 Firefox/72.0"
66.249.79.41 - - [20/Jan/2020:10:24:57 +0800] "GET /1992/FOR_DMC_92-02.pdf HTTP/1.1" 200 61700 "-" "Mozilla/5.0 (Linux; Android 6.0.1; Nexus 5X Build/MMB29P) AppleWebKit/537.36 (KHTML, like Gecko) Chrome/41.0.2272.96 Mobile Safari/537.36 (compatible; Googlebot/2.1; +http://www.google.com/bot.html)"
216.244.66.245 - - [20/Jan/2020:10:24:33 +0800] "GET /dao2004/dao2004-43.pdf HTTP/1.1" 200 154360 "-" "Mozilla/5.0 (compatible; DotBot/1.1; http://www.opensiteexplorer.org/dotbot, help@moz.com)"
66.249.79.41 - - [20/Jan/2020:10:25:34 +0800] "GET /2005/special_order/so-2005-269.pdf HTTP/1.1" 200 22959 "-" "Mozilla/5.0 (Linux; Android 6.0.1; Nexus 5X Build/MMB29P) AppleWebKit/537.36 (KHTML, like Gecko) Chrome/41.0.2272.96 Mobile Safari/537.36 (compatible; Googlebot/2.1; +http://www.google.com/bot.html)"
216.244.66.245 - - [20/Jan/2020:10:25:23 +0800] "GET /dao2004/dao2004-54.pdf HTTP/1.1" 200 2098541 "-" "Mozilla/5.0 (compatible; DotBot/1.1; http://www.opensiteexplorer.org/dotbot, help@moz.com)"
66.249.79.44 - - [20/Jan/2020:10:26:11 +0800] "GET /2005/special_order/so-2005-521.pdf HTTP/1.1" 200 32713 "-" "Mozilla/5.0 (Linux; Android 6.0.1; Nexus 5X Build/MMB29P) AppleWebKit/537.36 (KHTML, like Gecko) Chrome/41.0.2272.96 Mobile Safari/537.36 (compatible; Googlebot/2.1; +http://www.google.com/bot.html)"
66.249.79.41 - - [20/Jan/2020:10:27:02 +0800] "GET /2005/special_order/so-2005-123.pdf HTTP/1.1" 200 105854 "-" "Mozilla/5.0 (Linux; Android 6.0.1; Nexus 5X Build/MMB29P) AppleWebKit/537.36 (KHTML, like Gecko) Chrome/41.0.2272.96 Mobile Safari/537.36 (compatible; Googlebot/2.1; +http://www.google.com/bot.html)"
175.176.80.62 - - [20/Jan/2020:10:26:38 +0800] "GET /memo_circular2004/memorandum_circularno2004-09.pdf HTTP/1.1" 200 833922 "-" "Mozilla/5.0 (Android 7.1.1; Mobile; rv:68.0) Gecko/68.0 Firefox/68.0"
66.249.79.36 - - [20/Jan/2020:10:27:24 +0800] "GET /1987/FOR_DMO_87_05.pdf HTTP/1.1" 200 27125 "-" "Mozilla/5.0 (Linux; Android 6.0.1; Nexus 5X Build/MMB29P) AppleWebKit/537.36 (KHTML, like Gecko) Chrome/41.0.2272.96 Mobile Safari/537.36 (compatible; Googlebot/2.1; +http://www.google.com/bot.html)"
124.105.95.241 - - [20/Jan/2020:10:27:33 +0800] "GET /basicpol/pacode/irr7586.pdf HTTP/1.1" 200 65014 "https://www.google.com/" "Mozilla/5.0 (Macintosh; Intel Mac OS X 10_14_5) AppleWebKit/537.36 (KHTML, like Gecko) Chrome/74.0.3729.169 Safari/537.36"
175.176.80.62 - - [20/Jan/2020:10:27:22 +0800] "GET /memo_circular2004/memorandum_circularno2004-09.pdf HTTP/1.1" 200 833922 "-" "Mozilla/5.0 (Android 7.1.1; Mobile; rv:68.0) Gecko/68.0 Firefox/68.0"
175.176.80.62 - - [20/Jan/2020:10:27:36 +0800] "GET /favicon.ico HTTP/1.1" 404 209 "-" "Mozilla/5.0 (Android 7.1.1; Mobile; rv:68.2.1) Gecko/68.2.1 Firefox/68.2.1"
216.244.66.245 - - [20/Jan/2020:10:27:43 +0800] "GET /pol-1996/dao20.pdf HTTP/1.1" 404 216 "-" "Mozilla/5.0 (compatible; DotBot/1.1; http://www.opensiteexplorer.org/dotbot, help@moz.com)"
216.244.66.245 - - [20/Jan/2020:10:27:46 +0800] "GET /1995/DENR_MO-02.pdf HTTP/1.1" 200 8739 "-" "Mozilla/5.0 (compatible; DotBot/1.1; http://www.opensiteexplorer.org/dotbot, help@moz.com)"
216.244.66.245 - - [20/Jan/2020:10:27:47 +0800] "GET /1999/formc99-06.pdf HTTP/1.1" 200 18633 "-" "Mozilla/5.0 (compatible; DotBot/1.1; http://www.opensiteexplorer.org/dotbot, help@moz.com)"
216.244.66.245 - - [20/Jan/2020:10:27:48 +0800] "GET /2002/MC_2002-04.pdf HTTP/1.1" 200 35316 "-" "Mozilla/5.0 (compatible; DotBot/1.1; http://www.opensiteexplorer.org/dotbot, help@moz.com)"
216.244.66.245 - - [20/Jan/2020:10:27:53 +0800] "GET /pol-1997/dao42.pdf HTTP/1.1" 404 216 "-" "Mozilla/5.0 (compatible; DotBot/1.1; http://www.opensiteexplorer.org/dotbot, help@moz.com)"
216.244.66.245 - - [20/Jan/2020:10:27:45 +0800] "GET /1995/DENR_DAO1995-01.pdf HTTP/1.1" 200 150442 "-" "Mozilla/5.0 (compatible; DotBot/1.1; http://www.opensiteexplorer.org/dotbot, help@moz.com)"
66.249.79.36 - - [20/Jan/2020:10:28:01 +0800] "GET /2000/DENR_DAO_2000-15.pdf HTTP/1.1" 200 15078 "-" "Mozilla/5.0 (Linux; Android 6.0.1; Nexus 5X Build/MMB29P) AppleWebKit/537.36 (KHTML, like Gecko) Chrome/41.0.2272.96 Mobile Safari/537.36 (compatible; Googlebot/2.1; +http://www.google.com/bot.html)"
66.249.79.36 - - [20/Jan/2020:10:28:38 +0800] "GET /2005/special_order/so-2005-237.pdf HTTP/1.1" 200 38000 "-" "Mozilla/5.0 (Linux; Android 6.0.1; Nexus 5X Build/MMB29P) AppleWebKit/537.36 (KHTML, like Gecko) Chrome/41.0.2272.96 Mobile Safari/537.36 (compatible; Googlebot/2.1; +http://www.google.com/bot.html)"
175.176.80.62 - - [20/Jan/2020:10:27:40 +0800] "GET /memo_circular2004/memorandum_circularno2004-09.pdf HTTP/1.1" 200 833922 "-" "Mozilla/5.0 (Android 7.1.1; Mobile; rv:68.0) Gecko/68.0 Firefox/68.0"
110.54.234.235 - - [20/Jan/2020:10:28:51 +0800] "GET /favicon.ico HTTP/1.1" 404 209 "http://policy.denr.gov.ph/dao2004/dao2004-24.pdf" "Mozilla/5.0 (Windows NT 6.1) AppleWebKit/537.36 (KHTML, like Gecko) Chrome/79.0.3945.117 Safari/537.36"
110.54.234.235 - - [20/Jan/2020:10:28:51 +0800] "GET /dao2004/dao2004-24.pdf HTTP/1.1" 200 398094 "https://denr.gov.ph/" "Mozilla/5.0 (Windows NT 6.1) AppleWebKit/537.36 (KHTML, like Gecko) Chrome/79.0.3945.117 Safari/537.36"
122.53.104.158 - - [20/Jan/2020:10:29:43 +0800] "GET /1987/FOR_DAO_87_08.pdf HTTP/1.1" 200 29101 "https://denr.gov.ph/" "Mozilla/5.0 (Windows NT 10.0; Win64; x64) AppleWebKit/537.36 (KHTML, like Gecko) Chrome/79.0.3945.117 Safari/537.36"
122.53.104.158 - - [20/Jan/2020:10:29:50 +0800] "GET /favicon.ico HTTP/1.1" 404 209 "http://policy.denr.gov.ph/1987/FOR_DAO_87_08.pdf" "Mozilla/5.0 (Windows NT 10.0; Win64; x64) AppleWebKit/537.36 (KHTML, like Gecko) Chrome/79.0.3945.117 Safari/537.36"
175.176.80.62 - - [20/Jan/2020:10:29:44 +0800] "GET /memo_circular2004/memorandum_circularno2004-09.pdf HTTP/1.1" 200 833922 "-" "Mozilla/5.0 (Android 7.1.1; Mobile; rv:68.0) Gecko/68.0 Firefox/68.0"
124.106.69.228 - - [20/Jan/2020:10:31:42 +0800] "GET /1996/ENV_DAO_1996-37.pdf HTTP/1.1" 200 100433 "https://www.google.com/" "Mozilla/5.0 (Windows NT 6.3; Win64; x64) AppleWebKit/537.36 (KHTML, like Gecko) Chrome/79.0.3945.117 Safari/537.36"
124.106.69.228 - - [20/Jan/2020:10:31:46 +0800] "GET /favicon.ico HTTP/1.1" 404 209 "http://policy.denr.gov.ph/1996/ENV_DAO_1996-37.pdf" "Mozilla/5.0 (Windows NT 6.3; Win64; x64) AppleWebKit/537.36 (KHTML, like Gecko) Chrome/79.0.3945.117 Safari/537.36"
112.207.37.49 - - [20/Jan/2020:10:32:31 +0800] "GET /2000/DAO_FMB_2000-83.pdf HTTP/1.1" 200 43307 "https://www.google.com.ph/" "Mozilla/5.0 (iPhone; CPU iPhone OS 13_0 like Mac OS X) AppleWebKit/605.1.15 (KHTML, like Gecko) Version/13.0 Mobile/15E148 Safari/604.1"
112.207.37.49 - - [20/Jan/2020:10:32:31 +0800] "GET /favicon.ico HTTP/1.1" 404 209 "http://policy.denr.gov.ph/2000/DAO_FMB_2000-83.pdf" "Mozilla/5.0 (iPhone; CPU iPhone OS 13_0 like Mac OS X) AppleWebKit/605.1.15 (KHTML, like Gecko) Version/13.0 Mobile/15E148 Safari/604.1"
192.168.13.215 - - [20/Jan/2020:10:33:22 +0800] "GET /1990/DENR_DAO_1990-87.pdf HTTP/1.1" 200 55064 "http://oldwebsite.denr.gov.ph/section-policies/viewrec.php?id=1165&page=11&sort=tl&filter=type&filterID=1&searchword=&fromyear=&frommonth=&fromdate=&toyear=&tomonth=&todate=&dateval=" "Mozilla/5.0 (Windows NT 10.0; Win64; x64) AppleWebKit/537.36 (KHTML, like Gecko) Chrome/79.0.3945.117 Safari/537.36"
192.168.13.215 - - [20/Jan/2020:10:33:22 +0800] "GET /favicon.ico HTTP/1.1" 404 209 "http://policy.denr.gov.ph/1990/DENR_DAO_1990-87.pdf" "Mozilla/5.0 (Windows NT 10.0; Win64; x64) AppleWebKit/537.36 (KHTML, like Gecko) Chrome/79.0.3945.117 Safari/537.36"
110.54.180.99 - - [20/Jan/2020:10:34:35 +0800] "GET /1993/FOR_DAO-93-21.pdf HTTP/1.1" 200 18029 "https://denr.gov.ph/" "Mozilla/5.0 (Windows NT 10.0; Win64; x64) AppleWebKit/537.36 (KHTML, like Gecko) Chrome/79.0.3945.117 Safari/537.36"
110.54.180.99 - - [20/Jan/2020:10:34:35 +0800] "GET /favicon.ico HTTP/1.1" 404 209 "http://policy.denr.gov.ph/1993/FOR_DAO-93-21.pdf" "Mozilla/5.0 (Windows NT 10.0; Win64; x64) AppleWebKit/537.36 (KHTML, like Gecko) Chrome/79.0.3945.117 Safari/537.36"
110.54.241.57 - - [20/Jan/2020:10:35:20 +0800] "GET /1999/fordao99-34.pdf HTTP/1.1" 200 36493 "http://policy.denr.gov.ph/1999/fordao99-34.pdf" "Mozilla/5.0 (Windows NT 10.0; Win64; x64) AppleWebKit/537.36 (KHTML, like Gecko) Chrome/79.0.3945.117 Safari/537.36"
110.54.241.57 - - [20/Jan/2020:10:36:32 +0800] "GET /1999/fordao99-34.pdf HTTP/1.1" 200 36493 "http://policy.denr.gov.ph/1999/fordao99-34.pdf" "Mozilla/5.0 (Windows NT 10.0; Win64; x64) AppleWebKit/537.36 (KHTML, like Gecko) Chrome/79.0.3945.117 Safari/537.36"
66.249.79.44 - - [20/Jan/2020:10:36:35 +0800] "GET /2006/dao/JointDAO-2006-001.pdf HTTP/1.1" 304 - "-" "Mozilla/5.0 (Linux; Android 6.0.1; Nexus 5X Build/MMB29P) AppleWebKit/537.36 (KHTML, like Gecko) Chrome/41.0.2272.96 Mobile Safari/537.36 (compatible; Googlebot/2.1; +http://www.google.com/bot.html)"
122.54.201.108 - - [20/Jan/2020:10:37:33 +0800] "GET /CBFMDvlv/tocCBFM.pdf HTTP/1.1" 200 72627 "https://www.google.com/" "Mozilla/5.0 (Windows NT 6.1; Win64; x64) AppleWebKit/537.36 (KHTML, like Gecko) Chrome/79.0.3945.117 Safari/537.36"
122.54.201.108 - - [20/Jan/2020:10:37:33 +0800] "GET /favicon.ico HTTP/1.1" 404 209 "http://policy.denr.gov.ph/CBFMDvlv/tocCBFM.pdf" "Mozilla/5.0 (Windows NT 6.1; Win64; x64) AppleWebKit/537.36 (KHTML, like Gecko) Chrome/79.0.3945.117 Safari/537.36"
175.176.80.62 - - [20/Jan/2020:10:36:49 +0800] "GET /memo_circular2004/memorandum_circularno2004-09.pdf HTTP/1.1" 200 833922 "-" "Mozilla/5.0 (Android 7.1.1; Mobile; rv:68.0) Gecko/68.0 Firefox/68.0"
180.191.138.223 - - [20/Jan/2020:10:38:48 +0800] "GET /2000/DAO_PAWB_2000-51.pdf HTTP/1.1" 200 53098 "https://www.google.com/" "Mozilla/5.0 (Windows NT 6.1) AppleWebKit/537.36 (KHTML, like Gecko) Chrome/79.0.3945.117 Safari/537.36"
180.191.138.223 - - [20/Jan/2020:10:39:32 +0800] "GET /favicon.ico HTTP/1.1" 404 209 "http://policy.denr.gov.ph/2000/DAO_PAWB_2000-51.pdf" "Mozilla/5.0 (Windows NT 6.1) AppleWebKit/537.36 (KHTML, like Gecko) Chrome/79.0.3945.117 Safari/537.36"
112.209.16.96 - - [20/Jan/2020:10:39:36 +0800] "GET /basicpol/forcode/RA7161.pdf HTTP/1.1" 200 13604 "https://www.google.com/" "Mozilla/5.0 (Windows NT 10.0; Win64; x64) AppleWebKit/537.36 (KHTML, like Gecko) Chrome/79.0.3945.117 Safari/537.36"
112.209.16.96 - - [20/Jan/2020:10:39:37 +0800] "GET /basicpol/forcode/RA7161.pdf HTTP/1.1" 200 13604 "https://www.google.com/" "Mozilla/5.0 (Windows NT 10.0; Win64; x64) AppleWebKit/537.36 (KHTML, like Gecko) Chrome/79.0.3945.117 Safari/537.36"
112.209.16.96 - - [20/Jan/2020:10:39:37 +0800] "GET /favicon.ico HTTP/1.1" 404 209 "http://policy.denr.gov.ph/basicpol/forcode/RA7161.pdf" "Mozilla/5.0 (Windows NT 10.0; Win64; x64) AppleWebKit/537.36 (KHTML, like Gecko) Chrome/79.0.3945.117 Safari/537.36"
27.110.168.243 - - [20/Jan/2020:10:39:39 +0800] "GET /1992/DENR_DAO_92-30.pdf HTTP/1.1" 200 397238 "https://denr.gov.ph/" "Mozilla/5.0 (Windows NT 10.0; Win64; x64) AppleWebKit/537.36 (KHTML, like Gecko) Chrome/79.0.3945.117 Safari/537.36"
27.110.168.243 - - [20/Jan/2020:10:39:40 +0800] "GET /favicon.ico HTTP/1.1" 404 209 "http://policy.denr.gov.ph/1992/DENR_DAO_92-30.pdf" "Mozilla/5.0 (Windows NT 10.0; Win64; x64) AppleWebKit/537.36 (KHTML, like Gecko) Chrome/79.0.3945.117 Safari/537.36"
180.191.138.223 - - [20/Jan/2020:10:38:49 +0800] "GET /2000/DAO_PAWB_2000-51.pdf HTTP/1.1" 200 53098 "https://www.google.com/" "Mozilla/5.0 (Windows NT 6.1) AppleWebKit/537.36 (KHTML, like Gecko) Chrome/79.0.3945.117 Safari/537.36"
112.209.16.96 - - [20/Jan/2020:10:41:37 +0800] "GET /favicon.ico HTTP/1.1" 404 209 "http://policy.denr.gov.ph/basicpol/forcode/RA7161.pdf" "Mozilla/5.0 (Windows NT 10.0; Win64; x64) AppleWebKit/537.36 (KHTML, like Gecko) Chrome/79.0.3945.117 Safari/537.36"
103.80.142.19 - - [20/Jan/2020:10:42:36 +0800] "GET /favicon.ico HTTP/1.1" 404 209 "http://policy.denr.gov.ph/dao2004/dao2004-59.pdf" "Mozilla/5.0 (Windows NT 6.1) AppleWebKit/537.36 (KHTML, like Gecko) Chrome/79.0.3945.117 Safari/537.36"
103.80.142.19 - - [20/Jan/2020:10:42:36 +0800] "GET /dao2004/dao2004-59.pdf HTTP/1.1" 200 1293457 "https://denr.gov.ph/" "Mozilla/5.0 (Windows NT 6.1) AppleWebKit/537.36 (KHTML, like Gecko) Chrome/79.0.3945.117 Safari/537.36"
124.105.226.60 - - [20/Jan/2020:10:42:59 +0800] "GET /1995/FOR_DAO1995-19.pdf HTTP/1.1" 200 59444 "https://denr.gov.ph/" "Mozilla/5.0 (Windows NT 10.0; Win64; x64) AppleWebKit/537.36 (KHTML, like Gecko) Chrome/79.0.3945.117 Safari/537.36"
124.105.226.60 - - [20/Jan/2020:10:42:59 +0800] "GET /favicon.ico HTTP/1.1" 404 209 "http://policy.denr.gov.ph/1995/FOR_DAO1995-19.pdf" "Mozilla/5.0 (Windows NT 10.0; Win64; x64) AppleWebKit/537.36 (KHTML, like Gecko) Chrome/79.0.3945.117 Safari/537.36"
124.105.226.60 - - [20/Jan/2020:10:43:42 +0800] "GET /2001/DAO_FOR_2001_07.pdf HTTP/1.1" 200 15315 "https://denr.gov.ph/" "Mozilla/5.0 (Windows NT 10.0; Win64; x64) AppleWebKit/537.36 (KHTML, like Gecko) Chrome/79.0.3945.117 Safari/537.36"
27.110.168.243 - - [20/Jan/2020:10:43:50 +0800] "GET /1992/DENR_DAO_92-30.pdf HTTP/1.1" 206 1 "https://denr.gov.ph/" "Mozilla/5.0 (Windows NT 10.0; Win64; x64) AppleWebKit/537.36 (KHTML, like Gecko) Chrome/79.0.3945.117 Safari/537.36"
27.110.168.243 - - [20/Jan/2020:10:43:50 +0800] "GET /1992/DENR_DAO_92-30.pdf HTTP/1.1" 206 346498 "https://denr.gov.ph/" "Mozilla/5.0 (Windows NT 10.0; Win64; x64) AppleWebKit/537.36 (KHTML, like Gecko) Chrome/79.0.3945.117 Safari/537.36"
66.249.79.44 - - [20/Jan/2020:10:44:33 +0800] "GET /1994/MC_1994-28.pdf HTTP/1.1" 200 37159 "-" "Mozilla/5.0 (Linux; Android 6.0.1; Nexus 5X Build/MMB29P) AppleWebKit/537.36 (KHTML, like Gecko) Chrome/41.0.2272.96 Mobile Safari/537.36 (compatible; Googlebot/2.1; +http://www.google.com/bot.html)"
66.249.79.36 - - [20/Jan/2020:10:45:10 +0800] "GET /1989/DAO1989-07.pdf HTTP/1.1" 200 61102 "-" "Mozilla/5.0 (Linux; Android 6.0.1; Nexus 5X Build/MMB29P) AppleWebKit/537.36 (KHTML, like Gecko) Chrome/41.0.2272.96 Mobile Safari/537.36 (compatible; Googlebot/2.1; +http://www.google.com/bot.html)"
192.168.46.86 - - [20/Jan/2020:10:45:35 +0800] "GET /2000/DAO_FMB_2000-63.pdf HTTP/1.1" 200 25688 "https://www.google.com/" "Mozilla/5.0 (Windows NT 6.1) AppleWebKit/537.36 (KHTML, like Gecko) Chrome/79.0.3945.117 Safari/537.36"
66.249.79.41 - - [20/Jan/2020:10:45:46 +0800] "GET /2002/dao_2002-15.pdf HTTP/1.1" 200 169812 "-" "Mozilla/5.0 (Linux; Android 6.0.1; Nexus 5X Build/MMB29P) AppleWebKit/537.36 (KHTML, like Gecko) Chrome/41.0.2272.96 Mobile Safari/537.36 (compatible; Googlebot/2.1; +http://www.google.com/bot.html)"
49.149.108.34 - - [20/Jan/2020:10:45:59 +0800] "GET /2001/DENR_MO_2001-11.pdf HTTP/1.1" 200 29820 "https://www.google.com.ph/" "Mozilla/5.0 (Windows NT 6.1; Win64; x64) AppleWebKit/537.36 (KHTML, like Gecko) Chrome/71.0.3578.80 Safari/537.36"
49.149.108.34 - - [20/Jan/2020:10:46:00 +0800] "GET /favicon.ico HTTP/1.1" 404 209 "http://policy.denr.gov.ph/2001/DENR_MO_2001-11.pdf" "Mozilla/5.0 (Windows NT 6.1; Win64; x64) AppleWebKit/537.36 (KHTML, like Gecko) Chrome/71.0.3578.80 Safari/537.36"
66.249.79.41 - - [20/Jan/2020:10:46:23 +0800] "GET /basicpol/mincode/ HTTP/1.1" 200 1342 "-" "Mozilla/5.0 (Linux; Android 6.0.1; Nexus 5X Build/MMB29P) AppleWebKit/537.36 (KHTML, like Gecko) Chrome/41.0.2272.96 Mobile Safari/537.36 (compatible; Googlebot/2.1; +http://www.google.com/bot.html)"
66.249.79.41 - - [20/Jan/2020:10:47:00 +0800] "GET /2002/dao_2002-33.pdf HTTP/1.1" 200 121787 "-" "Mozilla/5.0 (Linux; Android 6.0.1; Nexus 5X Build/MMB29P) AppleWebKit/537.36 (KHTML, like Gecko) Chrome/41.0.2272.96 Mobile Safari/537.36 (compatible; Googlebot/2.1; +http://www.google.com/bot.html)"
66.249.79.36 - - [20/Jan/2020:10:47:36 +0800] "GET /2005/special_order/so-2005-365.pdf HTTP/1.1" 200 35562 "-" "Mozilla/5.0 (Linux; Android 6.0.1; Nexus 5X Build/MMB29P) AppleWebKit/537.36 (KHTML, like Gecko) Chrome/41.0.2272.96 Mobile Safari/537.36 (compatible; Googlebot/2.1; +http://www.google.com/bot.html)"
23.100.232.233 - - [20/Jan/2020:10:47:40 +0800] "GET /1992/RA_1992_7607.pdf HTTP/1.1" 200 75507 "http://www.bing.com/search?q=republic+act+of+using+advance+technology+in+harvesting+rice&form=MSNH14&sc=8-4&sp=-1&qs=n&sk=" "Mozilla/5.0 (compatible; MSIE 9.0; Windows NT 6.0; Trident/5.0; Trident/5.0)"
66.249.79.44 - - [20/Jan/2020:10:48:13 +0800] "GET /2005/special_order/so-2005-174.pdf HTTP/1.1" 200 138231 "-" "Mozilla/5.0 (Linux; Android 6.0.1; Nexus 5X Build/MMB29P) AppleWebKit/537.36 (KHTML, like Gecko) Chrome/41.0.2272.96 Mobile Safari/537.36 (compatible; Googlebot/2.1; +http://www.google.com/bot.html)"
66.249.79.36 - - [20/Jan/2020:10:48:50 +0800] "GET /pol-1987/envdao87.pdf HTTP/1.1" 200 37208 "-" "Mozilla/5.0 (Linux; Android 6.0.1; Nexus 5X Build/MMB29P) AppleWebKit/537.36 (KHTML, like Gecko) Chrome/41.0.2272.96 Mobile Safari/537.36 (compatible; Googlebot/2.1; +http://www.google.com/bot.html)"
66.249.79.36 - - [20/Jan/2020:10:50:03 +0800] "GET /1995/MIN_DAO1995-12.pdf HTTP/1.1" 200 56968 "-" "Mozilla/5.0 (Linux; Android 6.0.1; Nexus 5X Build/MMB29P) AppleWebKit/537.36 (KHTML, like Gecko) Chrome/41.0.2272.96 Mobile Safari/537.36 (compatible; Googlebot/2.1; +http://www.google.com/bot.html)"
66.249.79.41 - - [20/Jan/2020:10:50:40 +0800] "GET /2002/mo2002-03.pdf HTTP/1.1" 200 19023 "-" "Mozilla/5.0 (Linux; Android 6.0.1; Nexus 5X Build/MMB29P) AppleWebKit/537.36 (KHTML, like Gecko) Chrome/41.0.2272.96 Mobile Safari/537.36 (compatible; Googlebot/2.1; +http://www.google.com/bot.html)"
192.168.46.86 - - [20/Jan/2020:10:50:47 +0800] "GET /2000/DAO_FMB_2000-63.pdf HTTP/1.1" 200 25688 "https://www.google.com/" "Mozilla/5.0 (Windows NT 10.0; Win64; x64) AppleWebKit/537.36 (KHTML, like Gecko) Chrome/79.0.3945.117 Safari/537.36"
192.168.46.86 - - [20/Jan/2020:10:50:48 +0800] "GET /favicon.ico HTTP/1.1" 404 209 "http://policy.denr.gov.ph/2000/DAO_FMB_2000-63.pdf" "Mozilla/5.0 (Windows NT 10.0; Win64; x64) AppleWebKit/537.36 (KHTML, like Gecko) Chrome/79.0.3945.117 Safari/537.36"
66.249.79.36 - - [20/Jan/2020:10:51:17 +0800] "GET /1998/denrmc98-03.pdf HTTP/1.1" 200 14727 "-" "Mozilla/5.0 (Linux; Android 6.0.1; Nexus 5X Build/MMB29P) AppleWebKit/537.36 (KHTML, like Gecko) Chrome/41.0.2272.96 Mobile Safari/537.36 (compatible; Googlebot/2.1; +http://www.google.com/bot.html)"
66.249.79.36 - - [20/Jan/2020:10:51:53 +0800] "GET /1992/FOR_DMC_92-20.pdf HTTP/1.1" 200 245195 "-" "Mozilla/5.0 (Linux; Android 6.0.1; Nexus 5X Build/MMB29P) AppleWebKit/537.36 (KHTML, like Gecko) Chrome/41.0.2272.96 Mobile Safari/537.36 (compatible; Googlebot/2.1; +http://www.google.com/bot.html)"
119.92.11.97 - - [20/Jan/2020:10:52:18 +0800] "GET /dao2004/dao2004-25.pdf HTTP/1.1" 200 260357 "https://www.denr.gov.ph/" "Mozilla/5.0 (Windows NT 10.0; Win64; x64) AppleWebKit/537.36 (KHTML, like Gecko) Chrome/79.0.3945.117 Safari/537.36"
119.92.11.97 - - [20/Jan/2020:10:52:18 +0800] "GET /favicon.ico HTTP/1.1" 404 209 "http://policy.denr.gov.ph/dao2004/dao2004-25.pdf" "Mozilla/5.0 (Windows NT 10.0; Win64; x64) AppleWebKit/537.36 (KHTML, like Gecko) Chrome/79.0.3945.117 Safari/537.36"
66.249.79.41 - - [20/Jan/2020:10:52:30 +0800] "GET /1994/MC_1994-13.pdf HTTP/1.1" 200 62936 "-" "Mozilla/5.0 (Linux; Android 6.0.1; Nexus 5X Build/MMB29P) AppleWebKit/537.36 (KHTML, like Gecko) Chrome/41.0.2272.96 Mobile Safari/537.36 (compatible; Googlebot/2.1; +http://www.google.com/bot.html)"
66.249.79.36 - - [20/Jan/2020:10:53:07 +0800] "GET /1999/dao99-25.pdf HTTP/1.1" 200 14808 "-" "Mozilla/5.0 (Linux; Android 6.0.1; Nexus 5X Build/MMB29P) AppleWebKit/537.36 (KHTML, like Gecko) Chrome/41.0.2272.96 Mobile Safari/537.36 (compatible; Googlebot/2.1; +http://www.google.com/bot.html)"
66.249.79.36 - - [20/Jan/2020:10:53:44 +0800] "GET /2005/special_order/so-2005-119.pdf HTTP/1.1" 200 58657 "-" "Mozilla/5.0 (Linux; Android 6.0.1; Nexus 5X Build/MMB29P) AppleWebKit/537.36 (KHTML, like Gecko) Chrome/41.0.2272.96 Mobile Safari/537.36 (compatible; Googlebot/2.1; +http://www.google.com/bot.html)"
66.249.79.41 - - [20/Jan/2020:10:54:20 +0800] "GET /2005/special_order/so-2005-10.pdf HTTP/1.1" 200 66720 "-" "Mozilla/5.0 (Linux; Android 6.0.1; Nexus 5X Build/MMB29P) AppleWebKit/537.36 (KHTML, like Gecko) Chrome/41.0.2272.96 Mobile Safari/537.36 (compatible; Googlebot/2.1; +http://www.google.com/bot.html)"
180.191.138.223 - - [20/Jan/2020:10:54:35 +0800] "GET /2000/DAO_PAWB_2000-51.pdf HTTP/1.1" 206 1 "https://denr.gov.ph/" "Mozilla/5.0 (Windows NT 6.1) AppleWebKit/537.36 (KHTML, like Gecko) Chrome/79.0.3945.117 Safari/537.36"
180.191.138.223 - - [20/Jan/2020:10:54:36 +0800] "GET /2000/DAO_PAWB_2000-51.pdf HTTP/1.1" 206 12856 "https://denr.gov.ph/" "Mozilla/5.0 (Windows NT 6.1) AppleWebKit/537.36 (KHTML, like Gecko) Chrome/79.0.3945.117 Safari/537.36"
66.249.79.41 - - [20/Jan/2020:10:54:57 +0800] "GET /2005/special_order/so-2005-182.pdf HTTP/1.1" 200 76612 "-" "Mozilla/5.0 (Linux; Android 6.0.1; Nexus 5X Build/MMB29P) AppleWebKit/537.36 (KHTML, like Gecko) Chrome/41.0.2272.96 Mobile Safari/537.36 (compatible; Googlebot/2.1; +http://www.google.com/bot.html)"
192.168.13.179 - - [20/Jan/2020:10:55:01 +0800] "GET /1989/DMO1989-05.pdf HTTP/1.1" 200 111273 "-" "Mozilla/5.0 (Windows NT 10.0; Win64; x64) AppleWebKit/537.36 (KHTML, like Gecko) Chrome/79.0.3945.130 Safari/537.36"
192.168.13.179 - - [20/Jan/2020:10:55:01 +0800] "GET /favicon.ico HTTP/1.1" 404 209 "http://policy.denr.gov.ph/1989/DMO1989-05.pdf" "Mozilla/5.0 (Windows NT 10.0; Win64; x64) AppleWebKit/537.36 (KHTML, like Gecko) Chrome/79.0.3945.130 Safari/537.36"
49.146.46.49 - - [20/Jan/2020:10:55:15 +0800] "GET /1996/FOR_DAO_1996-39.pdf HTTP/1.1" 200 39264 "https://www.google.com/" "Mozilla/5.0 (Windows NT 10.0; Win64; x64) AppleWebKit/537.36 (KHTML, like Gecko) Chrome/70.0.3538.102 Safari/537.36 Edge/18.18362"
