216.244.66.245 - - [19/Jan/2020:09:46:13 +0800] "GET /1992/FOR_DAO_1992_46.pdf HTTP/1.1" 200 1450126 "-" "Mozilla/5.0 (compatible; DotBot/1.1; http://www.opensiteexplorer.org/dotbot, help@moz.com)"
216.244.66.245 - - [19/Jan/2020:09:47:10 +0800] "GET /dao2004/dao2004-64.pdf HTTP/1.1" 200 1043234 "-" "Mozilla/5.0 (compatible; DotBot/1.1; http://www.opensiteexplorer.org/dotbot, help@moz.com)"
216.244.66.245 - - [19/Jan/2020:09:47:18 +0800] "GET /1991/landao91-61.pdf HTTP/1.1" 200 221462 "-" "Mozilla/5.0 (compatible; DotBot/1.1; http://www.opensiteexplorer.org/dotbot, help@moz.com)"
216.244.66.245 - - [19/Jan/2020:09:48:08 +0800] "GET /1993/FOR_DAO-93-21.pdf HTTP/1.1" 200 18029 "-" "Mozilla/5.0 (compatible; DotBot/1.1; http://www.opensiteexplorer.org/dotbot, help@moz.com)"
216.244.66.245 - - [19/Jan/2020:09:48:10 +0800] "GET /1995/DENR_DAO1995-26.pdf HTTP/1.1" 200 61211 "-" "Mozilla/5.0 (compatible; DotBot/1.1; http://www.opensiteexplorer.org/dotbot, help@moz.com)"
216.244.66.245 - - [19/Jan/2020:09:48:11 +0800] "GET /1998/dao98-69.pdf HTTP/1.1" 200 16258 "-" "Mozilla/5.0 (compatible; DotBot/1.1; http://www.opensiteexplorer.org/dotbot, help@moz.com)"
216.244.66.245 - - [19/Jan/2020:09:48:12 +0800] "GET /1999/dmo1999-11.pdf HTTP/1.1" 200 18475 "-" "Mozilla/5.0 (compatible; DotBot/1.1; http://www.opensiteexplorer.org/dotbot, help@moz.com)"
216.244.66.245 - - [19/Jan/2020:09:48:13 +0800] "GET /2002/dao_2002-20.pdf HTTP/1.1" 200 19564 "-" "Mozilla/5.0 (compatible; DotBot/1.1; http://www.opensiteexplorer.org/dotbot, help@moz.com)"
216.244.66.245 - - [19/Jan/2020:09:48:15 +0800] "GET /1988/MIN_DMO_1988-06.pdf HTTP/1.1" 200 7949 "-" "Mozilla/5.0 (compatible; DotBot/1.1; http://www.opensiteexplorer.org/dotbot, help@moz.com)"
216.244.66.245 - - [19/Jan/2020:09:48:14 +0800] "GET /dao2004/dao2004-47.pdf HTTP/1.1" 200 293059 "-" "Mozilla/5.0 (compatible; DotBot/1.1; http://www.opensiteexplorer.org/dotbot, help@moz.com)"
216.244.66.245 - - [19/Jan/2020:09:48:16 +0800] "GET /1993/DENR_MC1993-30.pdf HTTP/1.1" 200 3406296 "-" "Mozilla/5.0 (compatible; DotBot/1.1; http://www.opensiteexplorer.org/dotbot, help@moz.com)"
66.249.79.36 - - [19/Jan/2020:09:48:43 +0800] "GET /2000/PP_2000_297.pdf HTTP/1.1" 200 17377 "-" "Mozilla/5.0 (Linux; Android 6.0.1; Nexus 5X Build/MMB29P) AppleWebKit/537.36 (KHTML, like Gecko) Chrome/41.0.2272.96 Mobile Safari/537.36 (compatible; Googlebot/2.1; +http://www.google.com/bot.html)"
216.244.66.245 - - [19/Jan/2020:09:48:10 +0800] "GET /1993/Land_dao93-35.pdf HTTP/1.1" 200 85323 "-" "Mozilla/5.0 (compatible; DotBot/1.1; http://www.opensiteexplorer.org/dotbot, help@moz.com)"
216.244.66.245 - - [19/Jan/2020:09:50:41 +0800] "GET /1994/ENVMC_94-27.pdf HTTP/1.1" 200 38975 "-" "Mozilla/5.0 (compatible; DotBot/1.1; http://www.opensiteexplorer.org/dotbot, help@moz.com)"
216.244.66.245 - - [19/Jan/2020:09:50:42 +0800] "GET /1994/PAWMO_94-22.pdf HTTP/1.1" 200 41933 "-" "Mozilla/5.0 (compatible; DotBot/1.1; http://www.opensiteexplorer.org/dotbot, help@moz.com)"
216.244.66.245 - - [19/Jan/2020:09:50:44 +0800] "GET /1996/ENV_DAO_1996-38.pdf HTTP/1.1" 200 18302 "-" "Mozilla/5.0 (compatible; DotBot/1.1; http://www.opensiteexplorer.org/dotbot, help@moz.com)"
216.244.66.245 - - [19/Jan/2020:09:50:45 +0800] "GET /pol-1997/dao16.pdf HTTP/1.1" 404 216 "-" "Mozilla/5.0 (compatible; DotBot/1.1; http://www.opensiteexplorer.org/dotbot, help@moz.com)"
216.244.66.245 - - [19/Jan/2020:09:50:48 +0800] "GET /2003/memo_order2003/DMO2003-04.pdf HTTP/1.1" 200 90069 "-" "Mozilla/5.0 (compatible; DotBot/1.1; http://www.opensiteexplorer.org/dotbot, help@moz.com)"
216.244.66.245 - - [19/Jan/2020:09:50:50 +0800] "GET /2004/DMC/DMC-2004-04.pdf HTTP/1.1" 404 222 "-" "Mozilla/5.0 (compatible; DotBot/1.1; http://www.opensiteexplorer.org/dotbot, help@moz.com)"
216.244.66.245 - - [19/Jan/2020:09:50:51 +0800] "GET /2004/DMO/DMO-2004-12.pdf HTTP/1.1" 404 222 "-" "Mozilla/5.0 (compatible; DotBot/1.1; http://www.opensiteexplorer.org/dotbot, help@moz.com)"
216.244.66.245 - - [19/Jan/2020:09:50:43 +0800] "GET /1995/FOR_MC1995-09.pdf HTTP/1.1" 200 440259 "-" "Mozilla/5.0 (compatible; DotBot/1.1; http://www.opensiteexplorer.org/dotbot, help@moz.com)"
66.249.79.36 - - [19/Jan/2020:09:51:23 +0800] "GET /1991/mindao91-63.pdf HTTP/1.1" 200 364382 "-" "Mozilla/5.0 (Linux; Android 6.0.1; Nexus 5X Build/MMB29P) AppleWebKit/537.36 (KHTML, like Gecko) Chrome/41.0.2272.96 Mobile Safari/537.36 (compatible; Googlebot/2.1; +http://www.google.com/bot.html)"
222.127.24.194 - - [19/Jan/2020:09:52:27 +0800] "GET /2000/ENV_DAO_2000-81.pdf HTTP/1.1" 200 299209 "https://www.google.com/" "Mozilla/5.0 (Windows NT 10.0; Win64; x64) AppleWebKit/537.36 (KHTML, like Gecko) Chrome/79.0.3945.117 Safari/537.36"
222.127.24.194 - - [19/Jan/2020:09:52:27 +0800] "GET /favicon.ico HTTP/1.1" 404 209 "http://policy.denr.gov.ph/2000/ENV_DAO_2000-81.pdf" "Mozilla/5.0 (Windows NT 10.0; Win64; x64) AppleWebKit/537.36 (KHTML, like Gecko) Chrome/79.0.3945.117 Safari/537.36"
34.230.39.227 - - [19/Jan/2020:09:54:12 +0800] "GET /2000/ENV_DAO_2000-81.pdf HTTP/1.1" 200 299209 "-" "Mozilla/5.0 (Windows NT 6.1; Win64; x64) AppleWebKit/537.36 (KHTML, like Gecko) Chrome/72.0.3626.109 Safari/537.36"
66.249.79.41 - - [19/Jan/2020:09:55:53 +0800] "GET /1997/MIN_DAO-97-06.pdf HTTP/1.1" 200 14782 "-" "Mozilla/5.0 (Linux; Android 6.0.1; Nexus 5X Build/MMB29P) AppleWebKit/537.36 (KHTML, like Gecko) Chrome/41.0.2272.96 Mobile Safari/537.36 (compatible; Googlebot/2.1; +http://www.google.com/bot.html)"
66.249.79.36 - - [19/Jan/2020:09:56:09 +0800] "GET /2006/special_order/so-2006-44.pdf HTTP/1.1" 200 52524 "-" "Mozilla/5.0 (Linux; Android 6.0.1; Nexus 5X Build/MMB29P) AppleWebKit/537.36 (KHTML, like Gecko) Chrome/41.0.2272.96 Mobile Safari/537.36 (compatible; Googlebot/2.1; +http://www.google.com/bot.html)"
66.249.79.41 - - [19/Jan/2020:09:58:37 +0800] "GET /1988/DENR_DC_1988-05.pdf HTTP/1.1" 200 19506 "-" "Mozilla/5.0 (Linux; Android 6.0.1; Nexus 5X Build/MMB29P) AppleWebKit/537.36 (KHTML, like Gecko) Chrome/41.0.2272.96 Mobile Safari/537.36 (compatible; Googlebot/2.1; +http://www.google.com/bot.html)"
66.249.79.36 - - [19/Jan/2020:09:59:50 +0800] "GET /2001/Ref_Act_9072.pdf HTTP/1.1" 200 39875 "-" "Mozilla/5.0 (Linux; Android 6.0.1; Nexus 5X Build/MMB29P) AppleWebKit/537.36 (KHTML, like Gecko) Chrome/41.0.2272.96 Mobile Safari/537.36 (compatible; Googlebot/2.1; +http://www.google.com/bot.html)"
66.249.79.44 - - [19/Jan/2020:10:01:34 +0800] "GET /1988/FOR_DAO_1988-76.pdf HTTP/1.1" 200 10815 "-" "Mozilla/5.0 (Linux; Android 6.0.1; Nexus 5X Build/MMB29P) AppleWebKit/537.36 (KHTML, like Gecko) Chrome/41.0.2272.96 Mobile Safari/537.36 (compatible; Googlebot/2.1; +http://www.google.com/bot.html)"
60.246.128.108 - - [19/Jan/2020:10:03:26 +0800] "GET /1987/FOR_DAO_87_57.pdf HTTP/1.1" 200 21216 "https://denr.gov.ph/" "Mozilla/5.0 (Macintosh; Intel Mac OS X 10_15) AppleWebKit/605.1.15 (KHTML, like Gecko) Version/13.0.4 Safari/605.1.15"
60.246.128.108 - - [19/Jan/2020:10:03:26 +0800] "GET /favicon.ico HTTP/1.1" 404 209 "http://policy.denr.gov.ph/1987/FOR_DAO_87_57.pdf" "Mozilla/5.0 (Macintosh; Intel Mac OS X 10_15) AppleWebKit/605.1.15 (KHTML, like Gecko) Version/13.0.4 Safari/605.1.15"
60.246.128.108 - - [19/Jan/2020:10:04:08 +0800] "GET /dao2004/dao2004-42.pdf HTTP/1.1" 200 238527 "https://denr.gov.ph/" "Mozilla/5.0 (Macintosh; Intel Mac OS X 10_15) AppleWebKit/605.1.15 (KHTML, like Gecko) Version/13.0.4 Safari/605.1.15"
60.246.128.108 - - [19/Jan/2020:10:04:09 +0800] "GET /favicon.ico HTTP/1.1" 404 209 "http://policy.denr.gov.ph/dao2004/dao2004-42.pdf" "Mozilla/5.0 (Macintosh; Intel Mac OS X 10_15) AppleWebKit/605.1.15 (KHTML, like Gecko) Version/13.0.4 Safari/605.1.15"
66.249.79.36 - - [19/Jan/2020:10:06:00 +0800] "GET /1988/RA_1988-6657.pdf HTTP/1.1" 200 114975 "-" "Mozilla/5.0 (Linux; Android 6.0.1; Nexus 5X Build/MMB29P) AppleWebKit/537.36 (KHTML, like Gecko) Chrome/41.0.2272.96 Mobile Safari/537.36 (compatible; Googlebot/2.1; +http://www.google.com/bot.html)"
66.249.79.36 - - [19/Jan/2020:10:09:12 +0800] "GET /1988/FOR_DAO_1988-38.pdf HTTP/1.1" 200 13471 "-" "Mozilla/5.0 (Linux; Android 6.0.1; Nexus 5X Build/MMB29P) AppleWebKit/537.36 (KHTML, like Gecko) Chrome/41.0.2272.96 Mobile Safari/537.36 (compatible; Googlebot/2.1; +http://www.google.com/bot.html)"
66.249.79.36 - - [19/Jan/2020:10:09:43 +0800] "GET /1988/PP_1988-306.pdf HTTP/1.1" 200 12409 "-" "Mozilla/5.0 (Linux; Android 6.0.1; Nexus 5X Build/MMB29P) AppleWebKit/537.36 (KHTML, like Gecko) Chrome/41.0.2272.96 Mobile Safari/537.36 (compatible; Googlebot/2.1; +http://www.google.com/bot.html)"
119.95.218.29 - - [19/Jan/2020:10:10:10 +0800] "GET /1999/minesmo99-03.pdf HTTP/1.1" 200 39088 "https://denr.gov.ph/" "Mozilla/5.0 (Windows NT 6.3; Win64; x64) AppleWebKit/537.36 (KHTML, like Gecko) Chrome/79.0.3945.130 Safari/537.36"
119.95.218.29 - - [19/Jan/2020:10:10:11 +0800] "GET /favicon.ico HTTP/1.1" 404 209 "http://policy.denr.gov.ph/1999/minesmo99-03.pdf" "Mozilla/5.0 (Windows NT 6.3; Win64; x64) AppleWebKit/537.36 (KHTML, like Gecko) Chrome/79.0.3945.130 Safari/537.36"
119.95.218.29 - - [19/Jan/2020:10:12:04 +0800] "GET /1999/dmo1999-11.pdf HTTP/1.1" 200 18475 "https://denr.gov.ph/" "Mozilla/5.0 (Windows NT 6.3; Win64; x64) AppleWebKit/537.36 (KHTML, like Gecko) Chrome/79.0.3945.130 Safari/537.36"
66.249.79.36 - - [19/Jan/2020:10:12:57 +0800] "GET /1999/fordao99-34.pdf HTTP/1.1" 200 36493 "-" "Mozilla/5.0 (Linux; Android 6.0.1; Nexus 5X Build/MMB29P) AppleWebKit/537.36 (KHTML, like Gecko) Chrome/41.0.2272.96 Mobile Safari/537.36 (compatible; Googlebot/2.1; +http://www.google.com/bot.html)"
66.249.79.36 - - [19/Jan/2020:10:15:59 +0800] "GET /2006/special_order/so-2006-45.pdf HTTP/1.1" 200 182180 "-" "Mozilla/5.0 (Linux; Android 6.0.1; Nexus 5X Build/MMB29P) AppleWebKit/537.36 (KHTML, like Gecko) Chrome/41.0.2272.96 Mobile Safari/537.36 (compatible; Googlebot/2.1; +http://www.google.com/bot.html)"
66.249.79.41 - - [19/Jan/2020:10:18:29 +0800] "GET /1998/denrmo98-17.pdf HTTP/1.1" 200 17670 "-" "Mozilla/5.0 (Linux; Android 6.0.1; Nexus 5X Build/MMB29P) AppleWebKit/537.36 (KHTML, like Gecko) Chrome/41.0.2272.96 Mobile Safari/537.36 (compatible; Googlebot/2.1; +http://www.google.com/bot.html)"
66.249.79.36 - - [19/Jan/2020:10:26:16 +0800] "GET /2001/DENR_MO_2001-03.pdf HTTP/1.1" 200 21327 "-" "Mozilla/5.0 (Linux; Android 6.0.1; Nexus 5X Build/MMB29P) AppleWebKit/537.36 (KHTML, like Gecko) Chrome/41.0.2272.96 Mobile Safari/537.36 (compatible; Googlebot/2.1; +http://www.google.com/bot.html)"
66.249.79.41 - - [19/Jan/2020:10:26:52 +0800] "GET /icons/layout.gif HTTP/1.1" 200 276 "-" "Googlebot-Image/1.0"
216.244.66.245 - - [19/Jan/2020:10:28:59 +0800] "GET /1988/LAN_DAO_1988-98.pdf HTTP/1.1" 200 34766 "-" "Mozilla/5.0 (compatible; DotBot/1.1; http://www.opensiteexplorer.org/dotbot, help@moz.com)"
216.244.66.245 - - [19/Jan/2020:10:29:05 +0800] "GET /2000/DAO_FMB_2000-85.pdf HTTP/1.1" 200 17608 "-" "Mozilla/5.0 (compatible; DotBot/1.1; http://www.opensiteexplorer.org/dotbot, help@moz.com)"
216.244.66.245 - - [19/Jan/2020:10:29:07 +0800] "GET /1987/PAWB_DAO_87_13.pdf HTTP/1.1" 200 41664 "-" "Mozilla/5.0 (compatible; DotBot/1.1; http://www.opensiteexplorer.org/dotbot, help@moz.com)"
216.244.66.245 - - [19/Jan/2020:10:29:09 +0800] "GET /1988/FOR_DAO_1988-38.pdf HTTP/1.1" 200 13471 "-" "Mozilla/5.0 (compatible; DotBot/1.1; http://www.opensiteexplorer.org/dotbot, help@moz.com)"
66.249.79.44 - - [19/Jan/2020:10:29:11 +0800] "GET /1998/denrmc98-17.pdf HTTP/1.1" 304 - "-" "Mozilla/5.0 (Linux; Android 6.0.1; Nexus 5X Build/MMB29P) AppleWebKit/537.36 (KHTML, like Gecko) Chrome/41.0.2272.96 Mobile Safari/537.36 (compatible; Googlebot/2.1; +http://www.google.com/bot.html)"
66.249.79.36 - - [19/Jan/2020:10:29:16 +0800] "GET /1989/DAO1989-35.pdf HTTP/1.1" 200 113758 "-" "Mozilla/5.0 (Linux; Android 6.0.1; Nexus 5X Build/MMB29P) AppleWebKit/537.36 (KHTML, like Gecko) Chrome/41.0.2272.96 Mobile Safari/537.36 (compatible; Googlebot/2.1; +http://www.google.com/bot.html)"
216.244.66.245 - - [19/Jan/2020:10:29:02 +0800] "GET /1993/FOR_MC_1993-26.pdf HTTP/1.1" 200 173001 "-" "Mozilla/5.0 (compatible; DotBot/1.1; http://www.opensiteexplorer.org/dotbot, help@moz.com)"
216.244.66.245 - - [19/Jan/2020:10:29:10 +0800] "GET /1990/PWB_DAO_1990-24.pdf HTTP/1.1" 200 97000 "-" "Mozilla/5.0 (compatible; DotBot/1.1; http://www.opensiteexplorer.org/dotbot, help@moz.com)"
216.244.66.245 - - [19/Jan/2020:10:29:11 +0800] "GET /pol-1994/ADMC94.pdf HTTP/1.1" 200 3639474 "-" "Mozilla/5.0 (compatible; DotBot/1.1; http://www.opensiteexplorer.org/dotbot, help@moz.com)"
66.249.79.44 - - [19/Jan/2020:10:31:16 +0800] "GET /2000/DAO_FMB_2000-08.pdf HTTP/1.1" 200 26790 "-" "Mozilla/5.0 (Linux; Android 6.0.1; Nexus 5X Build/MMB29P) AppleWebKit/537.36 (KHTML, like Gecko) Chrome/41.0.2272.96 Mobile Safari/537.36 (compatible; Googlebot/2.1; +http://www.google.com/bot.html)"
216.244.66.245 - - [19/Jan/2020:10:31:32 +0800] "GET /1988/PAW_DAO_1988-60.pdf HTTP/1.1" 200 13289 "-" "Mozilla/5.0 (compatible; DotBot/1.1; http://www.opensiteexplorer.org/dotbot, help@moz.com)"
216.244.66.245 - - [19/Jan/2020:10:31:34 +0800] "GET /1989/DMO1989-05.pdf HTTP/1.1" 200 111273 "-" "Mozilla/5.0 (compatible; DotBot/1.1; http://www.opensiteexplorer.org/dotbot, help@moz.com)"
216.244.66.245 - - [19/Jan/2020:10:31:35 +0800] "GET /1993/FOR_DAO-93-27.pdf HTTP/1.1" 200 544293 "-" "Mozilla/5.0 (compatible; DotBot/1.1; http://www.opensiteexplorer.org/dotbot, help@moz.com)"
216.244.66.245 - - [19/Jan/2020:10:31:40 +0800] "GET /1992/FOR_DMC_92-20.pdf HTTP/1.1" 200 245195 "-" "Mozilla/5.0 (compatible; DotBot/1.1; http://www.opensiteexplorer.org/dotbot, help@moz.com)"
66.249.79.44 - - [19/Jan/2020:10:32:53 +0800] "GET /1990/DENR_DAO_1990-81.pdf HTTP/1.1" 200 267687 "-" "Mozilla/5.0 (Linux; Android 6.0.1; Nexus 5X Build/MMB29P) AppleWebKit/537.36 (KHTML, like Gecko) Chrome/41.0.2272.96 Mobile Safari/537.36 (compatible; Googlebot/2.1; +http://www.google.com/bot.html)"
66.249.79.44 - - [19/Jan/2020:10:33:59 +0800] "GET /1999/denrmc99-05.pdf HTTP/1.1" 200 15475 "-" "Mozilla/5.0 (Linux; Android 6.0.1; Nexus 5X Build/MMB29P) AppleWebKit/537.36 (KHTML, like Gecko) Chrome/41.0.2272.96 Mobile Safari/537.36 (compatible; Googlebot/2.1; +http://www.google.com/bot.html)"
216.244.66.245 - - [19/Jan/2020:10:33:59 +0800] "GET /1995/DENR_MC-No11.pdf HTTP/1.1" 200 60907 "-" "Mozilla/5.0 (compatible; DotBot/1.1; http://www.opensiteexplorer.org/dotbot, help@moz.com)"
216.244.66.245 - - [19/Jan/2020:10:34:01 +0800] "GET /2005/dao/dao2005-16.pdf HTTP/1.1" 200 315588 "-" "Mozilla/5.0 (compatible; DotBot/1.1; http://www.opensiteexplorer.org/dotbot, help@moz.com)"
66.249.79.41 - - [19/Jan/2020:10:39:27 +0800] "GET /1997/FOR_DMO-97-01.pdf HTTP/1.1" 200 19642 "-" "Mozilla/5.0 (Linux; Android 6.0.1; Nexus 5X Build/MMB29P) AppleWebKit/537.36 (KHTML, like Gecko) Chrome/41.0.2272.96 Mobile Safari/537.36 (compatible; Googlebot/2.1; +http://www.google.com/bot.html)"
66.249.79.36 - - [19/Jan/2020:10:39:31 +0800] "GET /1999/formc99-04.pdf HTTP/1.1" 200 27755 "-" "Mozilla/5.0 (Linux; Android 6.0.1; Nexus 5X Build/MMB29P) AppleWebKit/537.36 (KHTML, like Gecko) Chrome/41.0.2272.96 Mobile Safari/537.36 (compatible; Googlebot/2.1; +http://www.google.com/bot.html)"
66.220.149.32 - - [19/Jan/2020:10:41:25 +0800] "GET /1998/dao98-45.pdf HTTP/1.1" 200 27051 "https://www.google.com.ph/" "Mozilla/5.0 (Linux; Android 6.0; Alcatel_5045A Build/MRA58K) AppleWebKit/537.36 (KHTML, like Gecko) Chrome/51.0.2704.81 Mobile Safari/537.36"
66.249.79.41 - - [19/Jan/2020:10:43:51 +0800] "GET /1997/FOR_DAO-97-29.pdf HTTP/1.1" 200 18177 "-" "Mozilla/5.0 (Linux; Android 6.0.1; Nexus 5X Build/MMB29P) AppleWebKit/537.36 (KHTML, like Gecko) Chrome/41.0.2272.96 Mobile Safari/537.36 (compatible; Googlebot/2.1; +http://www.google.com/bot.html)"
66.249.82.189 - - [19/Jan/2020:10:44:18 +0800] "GET /1988/FOR_DMO_1988-36.pdf HTTP/1.1" 200 52261 "https://www.google.com/" "Mozilla/5.0 (Linux; Android 9; SM-A307GN) AppleWebKit/537.36 (KHTML, like Gecko) Chrome/74.0.3729.136 Mobile Safari/537.36"
66.249.79.41 - - [19/Jan/2020:10:49:43 +0800] "GET /pol-1995/formc95.pdf HTTP/1.1" 200 3671703 "-" "Mozilla/5.0 (Linux; Android 6.0.1; Nexus 5X Build/MMB29P) AppleWebKit/537.36 (KHTML, like Gecko) Chrome/41.0.2272.96 Mobile Safari/537.36 (compatible; Googlebot/2.1; +http://www.google.com/bot.html)"
66.249.79.36 - - [19/Jan/2020:10:50:05 +0800] "GET /1989/DAO1989-120.pdf HTTP/1.1" 200 364085 "-" "Mozilla/5.0 (Linux; Android 6.0.1; Nexus 5X Build/MMB29P) AppleWebKit/537.36 (KHTML, like Gecko) Chrome/41.0.2272.96 Mobile Safari/537.36 (compatible; Googlebot/2.1; +http://www.google.com/bot.html)"
66.249.79.44 - - [19/Jan/2020:10:52:36 +0800] "GET /2000/MIN_DAO_2000_61.pdf HTTP/1.1" 200 24329 "-" "Mozilla/5.0 (Linux; Android 6.0.1; Nexus 5X Build/MMB29P) AppleWebKit/537.36 (KHTML, like Gecko) Chrome/41.0.2272.96 Mobile Safari/537.36 (compatible; Googlebot/2.1; +http://www.google.com/bot.html)"
130.105.10.29 - - [19/Jan/2020:10:52:49 +0800] "GET /1997/FOR_DAO-97-32.pdf HTTP/1.1" 200 85020 "https://www.google.com/" "Mozilla/5.0 (Macintosh; Intel Mac OS X 10_14_5) AppleWebKit/537.36 (KHTML, like Gecko) Chrome/78.0.3904.108 Safari/537.36"
130.105.10.29 - - [19/Jan/2020:10:52:49 +0800] "GET /favicon.ico HTTP/1.1" 404 209 "http://policy.denr.gov.ph/1997/FOR_DAO-97-32.pdf" "Mozilla/5.0 (Macintosh; Intel Mac OS X 10_14_5) AppleWebKit/537.36 (KHTML, like Gecko) Chrome/78.0.3904.108 Safari/537.36"
66.249.79.36 - - [19/Jan/2020:10:53:49 +0800] "GET /1994/PAWDAO_94-42.pdf HTTP/1.1" 200 31562 "-" "Mozilla/5.0 (Linux; Android 6.0.1; Nexus 5X Build/MMB29P) AppleWebKit/537.36 (KHTML, like Gecko) Chrome/41.0.2272.96 Mobile Safari/537.36 (compatible; Googlebot/2.1; +http://www.google.com/bot.html)"
66.249.82.187 - - [19/Jan/2020:10:59:30 +0800] "GET /1998/dao98-45.pdf HTTP/1.1" 200 27051 "https://www.google.com/" "Mozilla/5.0 (Linux; Android 8.1.0; vivo 1820) AppleWebKit/537.36 (KHTML, like Gecko) Chrome/79.0.3945.116 Mobile Safari/537.36"
66.249.79.36 - - [19/Jan/2020:10:59:52 +0800] "GET /1988/PAW_DAO_1988-56.pdf HTTP/1.1" 200 12891 "-" "Mozilla/5.0 (Linux; Android 6.0.1; Nexus 5X Build/MMB29P) AppleWebKit/537.36 (KHTML, like Gecko) Chrome/41.0.2272.96 Mobile Safari/537.36 (compatible; Googlebot/2.1; +http://www.google.com/bot.html)"
66.249.79.36 - - [19/Jan/2020:11:02:52 +0800] "GET /2000/PP_2000_321.pdf HTTP/1.1" 200 35585 "-" "Mozilla/5.0 (Linux; Android 6.0.1; Nexus 5X Build/MMB29P) AppleWebKit/537.36 (KHTML, like Gecko) Chrome/41.0.2272.96 Mobile Safari/537.36 (compatible; Googlebot/2.1; +http://www.google.com/bot.html)"
66.249.79.44 - - [19/Jan/2020:11:04:18 +0800] "GET /2005/Memorandum_Orders/ HTTP/1.1" 200 5504 "-" "Mozilla/5.0 (Linux; Android 6.0.1; Nexus 5X Build/MMB29P) AppleWebKit/537.36 (KHTML, like Gecko) Chrome/41.0.2272.96 Mobile Safari/537.36 (compatible; Googlebot/2.1; +http://www.google.com/bot.html)"
66.249.79.41 - - [19/Jan/2020:11:06:26 +0800] "GET /2000/DAO_FMB_2000-21.pdf HTTP/1.1" 200 33721 "-" "Mozilla/5.0 (Linux; Android 6.0.1; Nexus 5X Build/MMB29P) AppleWebKit/537.36 (KHTML, like Gecko) Chrome/41.0.2272.96 Mobile Safari/537.36 (compatible; Googlebot/2.1; +http://www.google.com/bot.html)"
66.249.79.36 - - [19/Jan/2020:11:09:56 +0800] "GET /1997/FOR_DAO-97-37.pdf HTTP/1.1" 200 18063 "-" "Mozilla/5.0 (Linux; Android 6.0.1; Nexus 5X Build/MMB29P) AppleWebKit/537.36 (KHTML, like Gecko) Chrome/41.0.2272.96 Mobile Safari/537.36 (compatible; Googlebot/2.1; +http://www.google.com/bot.html)"
66.249.79.44 - - [19/Jan/2020:11:11:19 +0800] "GET /memo_order2004/memo_order2004-03.pdf HTTP/1.1" 200 91254 "-" "Mozilla/5.0 (Linux; Android 6.0.1; Nexus 5X Build/MMB29P) AppleWebKit/537.36 (KHTML, like Gecko) Chrome/41.0.2272.96 Mobile Safari/537.36 (compatible; Googlebot/2.1; +http://www.google.com/bot.html)"
216.244.66.245 - - [19/Jan/2020:11:11:47 +0800] "GET /1991/fordao91-13.pdf HTTP/1.1" 200 17367 "-" "Mozilla/5.0 (compatible; DotBot/1.1; http://www.opensiteexplorer.org/dotbot, help@moz.com)"
216.244.66.245 - - [19/Jan/2020:11:11:52 +0800] "GET /1991/formc91-3.pdf HTTP/1.1" 200 24107 "-" "Mozilla/5.0 (compatible; DotBot/1.1; http://www.opensiteexplorer.org/dotbot, help@moz.com)"
216.244.66.245 - - [19/Jan/2020:11:11:54 +0800] "GET /1992/FOR_DMC_92-12.pdf HTTP/1.1" 200 22555 "-" "Mozilla/5.0 (compatible; DotBot/1.1; http://www.opensiteexplorer.org/dotbot, help@moz.com)"
216.244.66.245 - - [19/Jan/2020:11:11:55 +0800] "GET /1994/DAO_94-25.pdf HTTP/1.1" 200 21950 "-" "Mozilla/5.0 (compatible; DotBot/1.1; http://www.opensiteexplorer.org/dotbot, help@moz.com)"
216.244.66.245 - - [19/Jan/2020:11:11:58 +0800] "GET /1995/DENR_DAO1995-02.pdf HTTP/1.1" 200 19616 "-" "Mozilla/5.0 (compatible; DotBot/1.1; http://www.opensiteexplorer.org/dotbot, help@moz.com)"
216.244.66.245 - - [19/Jan/2020:11:11:57 +0800] "GET /1994/DAO_94-32.pdf HTTP/1.1" 200 92223 "-" "Mozilla/5.0 (compatible; DotBot/1.1; http://www.opensiteexplorer.org/dotbot, help@moz.com)"
216.244.66.245 - - [19/Jan/2020:11:12:02 +0800] "GET /1998/admin98-65.pdf HTTP/1.1" 200 22192 "-" "Mozilla/5.0 (compatible; DotBot/1.1; http://www.opensiteexplorer.org/dotbot, help@moz.com)"
216.244.66.245 - - [19/Jan/2020:11:12:03 +0800] "GET /pol-1996/dao08.pdf HTTP/1.1" 404 216 "-" "Mozilla/5.0 (compatible; DotBot/1.1; http://www.opensiteexplorer.org/dotbot, help@moz.com)"
216.244.66.245 - - [19/Jan/2020:11:12:05 +0800] "GET /1990/DENR_DMC_1990-02.pdf HTTP/1.1" 200 45183 "-" "Mozilla/5.0 (compatible; DotBot/1.1; http://www.opensiteexplorer.org/dotbot, help@moz.com)"
216.244.66.245 - - [19/Jan/2020:11:12:07 +0800] "GET /1994/ForMO_1994-11.pdf HTTP/1.1" 200 18964 "-" "Mozilla/5.0 (compatible; DotBot/1.1; http://www.opensiteexplorer.org/dotbot, help@moz.com)"
216.244.66.245 - - [19/Jan/2020:11:12:06 +0800] "GET /1993/FOR_MC_1993-29.pdf HTTP/1.1" 200 216370 "-" "Mozilla/5.0 (compatible; DotBot/1.1; http://www.opensiteexplorer.org/dotbot, help@moz.com)"
216.244.66.245 - - [19/Jan/2020:11:12:08 +0800] "GET /2001/mc_lands2001-15.pdf HTTP/1.1" 200 20855 "-" "Mozilla/5.0 (compatible; DotBot/1.1; http://www.opensiteexplorer.org/dotbot, help@moz.com)"
216.244.66.245 - - [19/Jan/2020:11:12:10 +0800] "GET /2005/dao/dao2005-028.pdf HTTP/1.1" 200 59064 "-" "Mozilla/5.0 (compatible; DotBot/1.1; http://www.opensiteexplorer.org/dotbot, help@moz.com)"
216.244.66.245 - - [19/Jan/2020:11:12:12 +0800] "GET /2005/dao/dao2005-12.pdf HTTP/1.1" 200 248223 "-" "Mozilla/5.0 (compatible; DotBot/1.1; http://www.opensiteexplorer.org/dotbot, help@moz.com)"
216.244.66.245 - - [19/Jan/2020:11:12:04 +0800] "GET /1987/FOR_DMO_87_03.pdf HTTP/1.1" 200 579341 "-" "Mozilla/5.0 (compatible; DotBot/1.1; http://www.opensiteexplorer.org/dotbot, help@moz.com)"
66.249.79.44 - - [19/Jan/2020:11:13:17 +0800] "GET /1989/DAO1989-04-1.pdf HTTP/1.1" 200 267083 "-" "Mozilla/5.0 (Linux; Android 6.0.1; Nexus 5X Build/MMB29P) AppleWebKit/537.36 (KHTML, like Gecko) Chrome/41.0.2272.96 Mobile Safari/537.36 (compatible; Googlebot/2.1; +http://www.google.com/bot.html)"
66.249.79.44 - - [19/Jan/2020:11:20:04 +0800] "GET /1996/EO_1996-291.pdf HTTP/1.1" 200 26548 "-" "Mozilla/5.0 (Linux; Android 6.0.1; Nexus 5X Build/MMB29P) AppleWebKit/537.36 (KHTML, like Gecko) Chrome/41.0.2272.96 Mobile Safari/537.36 (compatible; Googlebot/2.1; +http://www.google.com/bot.html)"
66.249.79.41 - - [19/Jan/2020:11:20:08 +0800] "GET /2001/FMB_BasicInfo.pdf HTTP/1.1" 200 52421 "-" "Mozilla/5.0 (Linux; Android 6.0.1; Nexus 5X Build/MMB29P) AppleWebKit/537.36 (KHTML, like Gecko) Chrome/41.0.2272.96 Mobile Safari/537.36 (compatible; Googlebot/2.1; +http://www.google.com/bot.html)"
66.249.79.36 - - [19/Jan/2020:11:20:11 +0800] "GET /2001/DENR_MO_2001-11.pdf HTTP/1.1" 200 29820 "-" "Mozilla/5.0 (Linux; Android 6.0.1; Nexus 5X Build/MMB29P) AppleWebKit/537.36 (KHTML, like Gecko) Chrome/41.0.2272.96 Mobile Safari/537.36 (compatible; Googlebot/2.1; +http://www.google.com/bot.html)"
66.249.79.44 - - [19/Jan/2020:11:23:04 +0800] "GET /1991/admdao91-43.pdf HTTP/1.1" 200 83211 "-" "Mozilla/5.0 (Linux; Android 6.0.1; Nexus 5X Build/MMB29P) AppleWebKit/537.36 (KHTML, like Gecko) Chrome/41.0.2272.96 Mobile Safari/537.36 (compatible; Googlebot/2.1; +http://www.google.com/bot.html)"
66.249.79.44 - - [19/Jan/2020:11:23:55 +0800] "GET /2000/EO_2000_204.pdf HTTP/1.1" 200 22050 "-" "Mozilla/5.0 (Linux; Android 6.0.1; Nexus 5X Build/MMB29P) AppleWebKit/537.36 (KHTML, like Gecko) Chrome/41.0.2272.96 Mobile Safari/537.36 (compatible; Googlebot/2.1; +http://www.google.com/bot.html)"
112.206.28.88 - - [19/Jan/2020:11:23:57 +0800] "GET /dao2004/dao2004-28.pdf HTTP/1.1" 200 756918 "http://oldwebsite.denr.gov.ph/section-policies/viewrec.php?id=1057&page=15&sort=identifier&filter=type&filterID=1&searchword=&fromyear=&frommonth=&fromdate=&toyear=&tomonth=&todate=&dateval=" "Mozilla/5.0 (Windows NT 10.0; Win64; x64) AppleWebKit/537.36 (KHTML, like Gecko) Chrome/79.0.3945.117 Safari/537.36"
112.206.28.88 - - [19/Jan/2020:11:23:58 +0800] "GET /favicon.ico HTTP/1.1" 404 209 "http://policy.denr.gov.ph/dao2004/dao2004-28.pdf" "Mozilla/5.0 (Windows NT 10.0; Win64; x64) AppleWebKit/537.36 (KHTML, like Gecko) Chrome/79.0.3945.117 Safari/537.36"
112.206.28.88 - - [19/Jan/2020:11:23:58 +0800] "GET /favicon.ico HTTP/1.1" 404 209 "http://policy.denr.gov.ph/dao2004/dao2004-28.pdf" "Mozilla/5.0 (Windows NT 10.0; Win64; x64) AppleWebKit/537.36 (KHTML, like Gecko) Chrome/79.0.3945.117 Safari/537.36"
66.249.79.44 - - [19/Jan/2020:11:24:53 +0800] "GET /1999/dao99-22.pdf HTTP/1.1" 200 17346 "-" "Mozilla/5.0 (Linux; Android 6.0.1; Nexus 5X Build/MMB29P) AppleWebKit/537.36 (KHTML, like Gecko) Chrome/41.0.2272.96 Mobile Safari/537.36 (compatible; Googlebot/2.1; +http://www.google.com/bot.html)"
66.249.79.36 - - [19/Jan/2020:13:31:50 +0800] "GET /1999/fordao99-46.pdf HTTP/1.1" 200 38096 "-" "Mozilla/5.0 (Linux; Android 6.0.1; Nexus 5X Build/MMB29P) AppleWebKit/537.36 (KHTML, like Gecko) Chrome/41.0.2272.96 Mobile Safari/537.36 (compatible; Googlebot/2.1; +http://www.google.com/bot.html)"
216.244.66.245 - - [19/Jan/2020:13:31:52 +0800] "GET /1997/FOR_DAO-97-35.pdf HTTP/1.1" 200 23816 "-" "Mozilla/5.0 (compatible; DotBot/1.1; http://www.opensiteexplorer.org/dotbot, help@moz.com)"
216.244.66.245 - - [19/Jan/2020:13:31:55 +0800] "GET /2001/DENR_MO_2001-03.pdf HTTP/1.1" 200 21327 "-" "Mozilla/5.0 (compatible; DotBot/1.1; http://www.opensiteexplorer.org/dotbot, help@moz.com)"
216.244.66.245 - - [19/Jan/2020:13:31:57 +0800] "GET /1991/formc91-1.pdf HTTP/1.1" 200 42764 "-" "Mozilla/5.0 (compatible; DotBot/1.1; http://www.opensiteexplorer.org/dotbot, help@moz.com)"
216.244.66.245 - - [19/Jan/2020:13:31:58 +0800] "GET /1991/pawsmc91-5.pdf HTTP/1.1" 200 35739 "-" "Mozilla/5.0 (compatible; DotBot/1.1; http://www.opensiteexplorer.org/dotbot, help@moz.com)"
66.249.79.36 - - [19/Jan/2020:13:32:35 +0800] "GET /2000/DENR_DAO_2000-87.pdf HTTP/1.1" 304 - "-" "Mozilla/5.0 (Linux; Android 6.0.1; Nexus 5X Build/MMB29P) AppleWebKit/537.36 (KHTML, like Gecko) Chrome/41.0.2272.96 Mobile Safari/537.36 (compatible; Googlebot/2.1; +http://www.google.com/bot.html)"
66.249.79.41 - - [19/Jan/2020:13:32:57 +0800] "GET /2001/MC_FOR_2001-05.pdf HTTP/1.1" 304 - "-" "Mozilla/5.0 (Linux; Android 6.0.1; Nexus 5X Build/MMB29P) AppleWebKit/537.36 (KHTML, like Gecko) Chrome/41.0.2272.96 Mobile Safari/537.36 (compatible; Googlebot/2.1; +http://www.google.com/bot.html)"
216.244.66.245 - - [19/Jan/2020:13:33:30 +0800] "GET /1993/Joint_DAO1993-41.pdf HTTP/1.1" 200 30065 "-" "Mozilla/5.0 (compatible; DotBot/1.1; http://www.opensiteexplorer.org/dotbot, help@moz.com)"
216.244.66.245 - - [19/Jan/2020:13:33:37 +0800] "GET /1996/FOR_MC_1996-04.pdf HTTP/1.1" 200 27170 "-" "Mozilla/5.0 (compatible; DotBot/1.1; http://www.opensiteexplorer.org/dotbot, help@moz.com)"
216.244.66.245 - - [19/Jan/2020:13:33:38 +0800] "GET /1998/dao98-27.pdf HTTP/1.1" 200 15700 "-" "Mozilla/5.0 (compatible; DotBot/1.1; http://www.opensiteexplorer.org/dotbot, help@moz.com)"
216.244.66.245 - - [19/Jan/2020:13:33:39 +0800] "GET /2004/DMO/DMO-2004-01.pdf HTTP/1.1" 404 222 "-" "Mozilla/5.0 (compatible; DotBot/1.1; http://www.opensiteexplorer.org/dotbot, help@moz.com)"
216.244.66.245 - - [19/Jan/2020:13:33:35 +0800] "GET /1993/Land_MC_09.pdf HTTP/1.1" 200 103206 "-" "Mozilla/5.0 (compatible; DotBot/1.1; http://www.opensiteexplorer.org/dotbot, help@moz.com)"
46.229.168.131 - - [19/Jan/2020:13:39:59 +0800] "GET /robots.txt HTTP/1.1" 404 208 "-" "Mozilla/5.0 (compatible; SemrushBot/6~bl; +http://www.semrush.com/bot.html)"
46.229.168.134 - - [19/Jan/2020:13:40:00 +0800] "GET /basicpol/mincode/ HTTP/1.1" 200 1342 "-" "Mozilla/5.0 (compatible; SemrushBot/6~bl; +http://www.semrush.com/bot.html)"
66.249.79.36 - - [19/Jan/2020:13:43:35 +0800] "GET /pol-1992/formc92.pdf HTTP/1.1" 200 1734382 "-" "Mozilla/5.0 (Linux; Android 6.0.1; Nexus 5X Build/MMB29P) AppleWebKit/537.36 (KHTML, like Gecko) Chrome/41.0.2272.96 Mobile Safari/537.36 (compatible; Googlebot/2.1; +http://www.google.com/bot.html)"
66.249.79.44 - - [19/Jan/2020:13:46:35 +0800] "GET /1988/DENR_DMC_1988-01.pdf HTTP/1.1" 200 11947 "-" "Mozilla/5.0 (Linux; Android 6.0.1; Nexus 5X Build/MMB29P) AppleWebKit/537.36 (KHTML, like Gecko) Chrome/41.0.2272.96 Mobile Safari/537.36 (compatible; Googlebot/2.1; +http://www.google.com/bot.html)"
66.249.79.44 - - [19/Jan/2020:13:47:11 +0800] "GET /2005/special_order/so-2005-735.pdf HTTP/1.1" 200 76331 "-" "Mozilla/5.0 (Linux; Android 6.0.1; Nexus 5X Build/MMB29P) AppleWebKit/537.36 (KHTML, like Gecko) Chrome/41.0.2272.96 Mobile Safari/537.36 (compatible; Googlebot/2.1; +http://www.google.com/bot.html)"
66.249.79.36 - - [19/Jan/2020:13:47:29 +0800] "GET /pol-1989/pawDAO89.pdf HTTP/1.1" 200 309798 "-" "Mozilla/5.0 (Linux; Android 6.0.1; Nexus 5X Build/MMB29P) AppleWebKit/537.36 (KHTML, like Gecko) Chrome/41.0.2272.96 Mobile Safari/537.36 (compatible; Googlebot/2.1; +http://www.google.com/bot.html)"
66.249.79.44 - - [19/Jan/2020:13:51:32 +0800] "GET /1990/FOR_DAO_1990-54.pdf HTTP/1.1" 200 485918 "-" "Mozilla/5.0 (Linux; Android 6.0.1; Nexus 5X Build/MMB29P) AppleWebKit/537.36 (KHTML, like Gecko) Chrome/41.0.2272.96 Mobile Safari/537.36 (compatible; Googlebot/2.1; +http://www.google.com/bot.html)"
66.249.79.36 - - [19/Jan/2020:13:51:49 +0800] "GET /1994/DAO_94-37.pdf HTTP/1.1" 200 32752 "-" "Mozilla/5.0 (Linux; Android 6.0.1; Nexus 5X Build/MMB29P) AppleWebKit/537.36 (KHTML, like Gecko) Chrome/41.0.2272.96 Mobile Safari/537.36 (compatible; Googlebot/2.1; +http://www.google.com/bot.html)"
110.54.152.252 - - [19/Jan/2020:13:51:57 +0800] "GET /basicpol/forcode/RA7161.pdf HTTP/1.1" 200 13604 "https://www.google.com/" "Mozilla/5.0 (Linux; Android 9; CPH1911) AppleWebKit/537.36 (KHTML, like Gecko) Chrome/79.0.3945.93 Mobile Safari/537.36"
66.249.79.36 - - [19/Jan/2020:13:52:05 +0800] "GET /memo_circular2004/dmc2004-08.pdf HTTP/1.1" 200 90330 "-" "Mozilla/5.0 (Linux; Android 6.0.1; Nexus 5X Build/MMB29P) AppleWebKit/537.36 (KHTML, like Gecko) Chrome/41.0.2272.96 Mobile Safari/537.36 (compatible; Googlebot/2.1; +http://www.google.com/bot.html)"
66.249.79.36 - - [19/Jan/2020:13:52:45 +0800] "GET /1998/minesmo98-08.pdf HTTP/1.1" 200 16093 "-" "Mozilla/5.0 (Linux; Android 6.0.1; Nexus 5X Build/MMB29P) AppleWebKit/537.36 (KHTML, like Gecko) Chrome/41.0.2272.96 Mobile Safari/537.36 (compatible; Googlebot/2.1; +http://www.google.com/bot.html)"
66.249.79.41 - - [19/Jan/2020:13:59:36 +0800] "GET /2005/dao/JointDAO-2005-002.pdf HTTP/1.1" 200 888300 "-" "Mozilla/5.0 (Linux; Android 6.0.1; Nexus 5X Build/MMB29P) AppleWebKit/537.36 (KHTML, like Gecko) Chrome/41.0.2272.96 Mobile Safari/537.36 (compatible; Googlebot/2.1; +http://www.google.com/bot.html)"
216.244.66.245 - - [19/Jan/2020:14:01:30 +0800] "GET /1992/FOR_DAO_1992_06.pdf HTTP/1.1" 200 62708 "-" "Mozilla/5.0 (compatible; DotBot/1.1; http://www.opensiteexplorer.org/dotbot, help@moz.com)"
216.244.66.245 - - [19/Jan/2020:14:01:34 +0800] "GET /2001/DAO_FOR_2001_07.pdf HTTP/1.1" 200 15315 "-" "Mozilla/5.0 (compatible; DotBot/1.1; http://www.opensiteexplorer.org/dotbot, help@moz.com)"
216.244.66.245 - - [19/Jan/2020:14:01:36 +0800] "GET /1990/DENR_DAO_1990-84.pdf HTTP/1.1" 200 171088 "-" "Mozilla/5.0 (compatible; DotBot/1.1; http://www.opensiteexplorer.org/dotbot, help@moz.com)"
216.244.66.245 - - [19/Jan/2020:14:01:37 +0800] "GET /1991/fordao91-27.pdf HTTP/1.1" 200 351377 "-" "Mozilla/5.0 (compatible; DotBot/1.1; http://www.opensiteexplorer.org/dotbot, help@moz.com)"
216.244.66.245 - - [19/Jan/2020:14:01:46 +0800] "GET /1996/ENV_DAO_1996-08.pdf HTTP/1.1" 200 19032 "-" "Mozilla/5.0 (compatible; DotBot/1.1; http://www.opensiteexplorer.org/dotbot, help@moz.com)"
216.244.66.245 - - [19/Jan/2020:14:01:48 +0800] "GET /1998/admin98-68.pdf HTTP/1.1" 200 14764 "-" "Mozilla/5.0 (compatible; DotBot/1.1; http://www.opensiteexplorer.org/dotbot, help@moz.com)"
216.244.66.245 - - [19/Jan/2020:14:01:49 +0800] "GET /dao2004/dao2004-50.pdf HTTP/1.1" 200 121426 "-" "Mozilla/5.0 (compatible; DotBot/1.1; http://www.opensiteexplorer.org/dotbot, help@moz.com)"
216.244.66.245 - - [19/Jan/2020:14:01:50 +0800] "GET /1990/FOR_DMC_1990-21.pdf HTTP/1.1" 200 290028 "-" "Mozilla/5.0 (compatible; DotBot/1.1; http://www.opensiteexplorer.org/dotbot, help@moz.com)"
216.244.66.245 - - [19/Jan/2020:14:01:52 +0800] "GET /1993/FOR_MO93-07.pdf HTTP/1.1" 200 133009 "-" "Mozilla/5.0 (compatible; DotBot/1.1; http://www.opensiteexplorer.org/dotbot, help@moz.com)"
216.244.66.245 - - [19/Jan/2020:14:01:55 +0800] "GET /1995/DENR_DAO1995-20.pdf HTTP/1.1" 200 30093 "-" "Mozilla/5.0 (compatible; DotBot/1.1; http://www.opensiteexplorer.org/dotbot, help@moz.com)"
216.244.66.245 - - [19/Jan/2020:14:01:57 +0800] "GET /1995/DENR_MO-01.pdf HTTP/1.1" 200 40413 "-" "Mozilla/5.0 (compatible; DotBot/1.1; http://www.opensiteexplorer.org/dotbot, help@moz.com)"
216.244.66.245 - - [19/Jan/2020:14:01:37 +0800] "GET /1993/DAO1993-63.pdf HTTP/1.1" 200 1104499 "-" "Mozilla/5.0 (compatible; DotBot/1.1; http://www.opensiteexplorer.org/dotbot, help@moz.com)"
216.244.66.245 - - [19/Jan/2020:14:02:28 +0800] "GET /1996/DENR_MO_1996-04.pdf HTTP/1.1" 200 17926 "-" "Mozilla/5.0 (compatible; DotBot/1.1; http://www.opensiteexplorer.org/dotbot, help@moz.com)"
216.244.66.245 - - [19/Jan/2020:14:02:29 +0800] "GET /1996/FOR_MO_1996-10.pdf HTTP/1.1" 200 15935 "-" "Mozilla/5.0 (compatible; DotBot/1.1; http://www.opensiteexplorer.org/dotbot, help@moz.com)"
216.244.66.245 - - [19/Jan/2020:14:02:30 +0800] "GET /pol-2002/MC-01.pdf HTTP/1.1" 404 216 "-" "Mozilla/5.0 (compatible; DotBot/1.1; http://www.opensiteexplorer.org/dotbot, help@moz.com)"
216.244.66.245 - - [19/Jan/2020:14:02:32 +0800] "GET /2003/memorandum_circular/jointMC2003-02.pdf HTTP/1.1" 200 257258 "-" "Mozilla/5.0 (compatible; DotBot/1.1; http://www.opensiteexplorer.org/dotbot, help@moz.com)"
66.249.79.36 - - [19/Jan/2020:14:02:45 +0800] "GET /1996/FOR_DAO_1996-24.pdf HTTP/1.1" 200 55397 "-" "Mozilla/5.0 (compatible; Googlebot/2.1; +http://www.google.com/bot.html)"
66.249.79.44 - - [19/Jan/2020:14:06:44 +0800] "GET /2005/dao/JointDAO-2005-002.pdf HTTP/1.1" 200 888300 "-" "Mozilla/5.0 (Linux; Android 6.0.1; Nexus 5X Build/MMB29P) AppleWebKit/537.36 (KHTML, like Gecko) Chrome/41.0.2272.96 Mobile Safari/537.36 (compatible; Googlebot/2.1; +http://www.google.com/bot.html)"
66.249.79.41 - - [19/Jan/2020:14:14:25 +0800] "GET /2005/dao/JointDAO-2005-002.pdf HTTP/1.1" 200 888300 "-" "Mozilla/5.0 (Linux; Android 6.0.1; Nexus 5X Build/MMB29P) AppleWebKit/537.36 (KHTML, like Gecko) Chrome/41.0.2272.96 Mobile Safari/537.36 (compatible; Googlebot/2.1; +http://www.google.com/bot.html)"
207.46.13.159 - - [19/Jan/2020:14:16:35 +0800] "GET /1997/LAN_DMC-97-02.pdf HTTP/1.1" 200 19683 "-" "Mozilla/5.0 (compatible; bingbot/2.0; +http://www.bing.com/bingbot.htm)"
66.249.79.36 - - [19/Jan/2020:14:16:44 +0800] "GET /2005/special_order/so-2005-690.pdf HTTP/1.1" 200 132319 "-" "Mozilla/5.0 (Linux; Android 6.0.1; Nexus 5X Build/MMB29P) AppleWebKit/537.36 (KHTML, like Gecko) Chrome/41.0.2272.96 Mobile Safari/537.36 (compatible; Googlebot/2.1; +http://www.google.com/bot.html)"
66.249.79.41 - - [19/Jan/2020:14:16:55 +0800] "GET /1996/FOR_DAO_1996-24.pdf HTTP/1.1" 200 55397 "-" "Mozilla/5.0 (compatible; Googlebot/2.1; +http://www.google.com/bot.html)"
66.249.79.41 - - [19/Jan/2020:14:17:06 +0800] "GET /1988/FOR_DAO_1988-21.pdf HTTP/1.1" 200 88112 "-" "Mozilla/5.0 (Linux; Android 6.0.1; Nexus 5X Build/MMB29P) AppleWebKit/537.36 (KHTML, like Gecko) Chrome/41.0.2272.96 Mobile Safari/537.36 (compatible; Googlebot/2.1; +http://www.google.com/bot.html)"
66.249.79.44 - - [19/Jan/2020:14:20:53 +0800] "GET /robots.txt HTTP/1.1" 404 208 "-" "Mozilla/5.0 (compatible; Googlebot/2.1; +http://www.google.com/bot.html)"
66.249.79.41 - - [19/Jan/2020:14:20:54 +0800] "GET /dao2004/dao2004-01.pdf HTTP/1.1" 200 89521 "-" "Googlebot/2.1 (+http://www.google.com/bot.html)"
66.249.79.41 - - [19/Jan/2020:14:25:47 +0800] "GET /1996/MemoAgreement_Mun_Alabel-Sarangani.pdf HTTP/1.1" 200 24631 "-" "Mozilla/5.0 (Linux; Android 6.0.1; Nexus 5X Build/MMB29P) AppleWebKit/537.36 (KHTML, like Gecko) Chrome/41.0.2272.96 Mobile Safari/537.36 (compatible; Googlebot/2.1; +http://www.google.com/bot.html)"
66.249.79.41 - - [19/Jan/2020:14:27:34 +0800] "GET /2000/PP_2000_293.pdf HTTP/1.1" 200 21059 "-" "Mozilla/5.0 (Linux; Android 6.0.1; Nexus 5X Build/MMB29P) AppleWebKit/537.36 (KHTML, like Gecko) Chrome/41.0.2272.96 Mobile Safari/537.36 (compatible; Googlebot/2.1; +http://www.google.com/bot.html)"
66.249.79.41 - - [19/Jan/2020:14:28:10 +0800] "GET /2005/Memorandum/memo-2005-303.pdf HTTP/1.1" 200 176923 "-" "Mozilla/5.0 (Linux; Android 6.0.1; Nexus 5X Build/MMB29P) AppleWebKit/537.36 (KHTML, like Gecko) Chrome/41.0.2272.96 Mobile Safari/537.36 (compatible; Googlebot/2.1; +http://www.google.com/bot.html)"
66.249.79.41 - - [19/Jan/2020:14:28:35 +0800] "GET /pol-1992/formc92.pdf HTTP/1.1" 200 1734382 "-" "Mozilla/5.0 (Linux; Android 6.0.1; Nexus 5X Build/MMB29P) AppleWebKit/537.36 (KHTML, like Gecko) Chrome/41.0.2272.96 Mobile Safari/537.36 (compatible; Googlebot/2.1; +http://www.google.com/bot.html)"
112.206.28.88 - - [19/Jan/2020:14:31:05 +0800] "GET /favicon.ico HTTP/1.1" 404 209 "http://policy.denr.gov.ph/dao2004/dao2004-28.pdf" "Mozilla/5.0 (Windows NT 10.0; Win64; x64) AppleWebKit/537.36 (KHTML, like Gecko) Chrome/79.0.3945.117 Safari/537.36"
66.249.79.36 - - [19/Jan/2020:14:31:37 +0800] "GET /1988/PP_1988-230.pdf HTTP/1.1" 200 17404 "-" "Mozilla/5.0 (Linux; Android 6.0.1; Nexus 5X Build/MMB29P) AppleWebKit/537.36 (KHTML, like Gecko) Chrome/41.0.2272.96 Mobile Safari/537.36 (compatible; Googlebot/2.1; +http://www.google.com/bot.html)"
66.249.79.36 - - [19/Jan/2020:14:31:43 +0800] "GET /1991/landmo91-11.pdf HTTP/1.1" 200 50640 "-" "Mozilla/5.0 (Linux; Android 6.0.1; Nexus 5X Build/MMB29P) AppleWebKit/537.36 (KHTML, like Gecko) Chrome/41.0.2272.96 Mobile Safari/537.36 (compatible; Googlebot/2.1; +http://www.google.com/bot.html)"
66.249.79.36 - - [19/Jan/2020:14:31:51 +0800] "GET /1992/FOR_DAO_1992_02.pdf HTTP/1.1" 200 37539 "-" "Mozilla/5.0 (Linux; Android 6.0.1; Nexus 5X Build/MMB29P) AppleWebKit/537.36 (KHTML, like Gecko) Chrome/41.0.2272.96 Mobile Safari/537.36 (compatible; Googlebot/2.1; +http://www.google.com/bot.html)"
66.249.79.36 - - [19/Jan/2020:14:32:06 +0800] "GET /1999/formc99-06.pdf HTTP/1.1" 200 18633 "-" "Mozilla/5.0 (Linux; Android 6.0.1; Nexus 5X Build/MMB29P) AppleWebKit/537.36 (KHTML, like Gecko) Chrome/41.0.2272.96 Mobile Safari/537.36 (compatible; Googlebot/2.1; +http://www.google.com/bot.html)"
66.249.79.41 - - [19/Jan/2020:14:32:14 +0800] "GET /2000/ HTTP/1.1" 200 43331 "-" "Mozilla/5.0 (Linux; Android 6.0.1; Nexus 5X Build/MMB29P) AppleWebKit/537.36 (KHTML, like Gecko) Chrome/41.0.2272.96 Mobile Safari/537.36 (compatible; Googlebot/2.1; +http://www.google.com/bot.html)"
66.102.6.189 - - [19/Jan/2020:14:33:47 +0800] "GET /2000/DENR_DAO_2000-87.pdf HTTP/1.1" 200 21463 "-" "Mozilla/5.0 (X11; Linux x86_64) AppleWebKit/537.36 (KHTML, like Gecko) Chrome/56.0.2924.87 Safari/537.36 Google (+https://developers.google.com/+/web/snippet/)"
175.176.18.206 - - [19/Jan/2020:14:34:51 +0800] "GET /1998/dao98-45.pdf HTTP/1.1" 200 27051 "https://www.google.com/" "Mozilla/5.0 (iPhone; CPU iPhone OS 13_3 like Mac OS X) AppleWebKit/605.1.15 (KHTML, like Gecko) GSA/89.2.287201133 Mobile/15E148 Safari/604.1"
66.249.79.44 - - [19/Jan/2020:14:40:04 +0800] "GET /1993/FOR_DAO-93-68.pdf HTTP/1.1" 200 1967820 "-" "Mozilla/5.0 (Linux; Android 6.0.1; Nexus 5X Build/MMB29P) AppleWebKit/537.36 (KHTML, like Gecko) Chrome/41.0.2272.96 Mobile Safari/537.36 (compatible; Googlebot/2.1; +http://www.google.com/bot.html)"
202.29.109.75 - - [19/Jan/2020:14:41:32 +0800] "GET /favicon.ico HTTP/1.1" 404 209 "http://policy.denr.gov.ph/2000/ENV_DAO_2000-81.pdf" "Mozilla/5.0 (Windows NT 6.1) AppleWebKit/537.36 (KHTML, like Gecko) Chrome/79.0.3945.117 Safari/537.36"
202.29.109.75 - - [19/Jan/2020:14:41:30 +0800] "GET /2000/ENV_DAO_2000-81.pdf HTTP/1.1" 200 299209 "https://www.google.com/" "Mozilla/5.0 (Windows NT 6.1) AppleWebKit/537.36 (KHTML, like Gecko) Chrome/79.0.3945.117 Safari/537.36"
107.21.1.8 - - [19/Jan/2020:14:44:37 +0800] "GET / HTTP/1.1" 200 10373 "http://policy.denr.gov.ph/" "Mozilla/5.0 (compatible; DuckDuckGo-Favicons-Bot/1.0; +http://duckduckgo.com)"
107.21.1.8 - - [19/Jan/2020:14:44:37 +0800] "GET /favicon.ico HTTP/1.1" 404 209 "http://policy.denr.gov.ph/favicon.ico" "Mozilla/5.0 (compatible; DuckDuckGo-Favicons-Bot/1.0; +http://duckduckgo.com)"
54.208.102.37 - - [19/Jan/2020:14:44:39 +0800] "GET / HTTP/1.1" 200 10373 "http://policy.denr.gov.ph/" "Mozilla/5.0 (compatible; DuckDuckGo-Favicons-Bot/1.0; +http://duckduckgo.com)"
54.208.102.37 - - [19/Jan/2020:14:44:40 +0800] "GET /favicon.ico HTTP/1.1" 404 209 "http://policy.denr.gov.ph/favicon.ico" "Mozilla/5.0 (compatible; DuckDuckGo-Favicons-Bot/1.0; +http://duckduckgo.com)"
216.244.66.245 - - [19/Jan/2020:14:44:44 +0800] "GET /1991/admdao91-41.pdf HTTP/1.1" 200 203068 "-" "Mozilla/5.0 (compatible; DotBot/1.1; http://www.opensiteexplorer.org/dotbot, help@moz.com)"
216.244.66.245 - - [19/Jan/2020:14:44:50 +0800] "GET /1999/formc99-04.pdf HTTP/1.1" 200 27755 "-" "Mozilla/5.0 (compatible; DotBot/1.1; http://www.opensiteexplorer.org/dotbot, help@moz.com)"
216.244.66.245 - - [19/Jan/2020:14:44:51 +0800] "GET /1999/pawdao99-45.pdf HTTP/1.1" 200 52948 "-" "Mozilla/5.0 (compatible; DotBot/1.1; http://www.opensiteexplorer.org/dotbot, help@moz.com)"
216.244.66.245 - - [19/Jan/2020:14:44:52 +0800] "GET /1999/pawdao99-51.pdf HTTP/1.1" 200 15409 "-" "Mozilla/5.0 (compatible; DotBot/1.1; http://www.opensiteexplorer.org/dotbot, help@moz.com)"
216.244.66.245 - - [19/Jan/2020:14:44:54 +0800] "GET /1988/FOR_DAO_1988-18.pdf HTTP/1.1" 200 16367 "-" "Mozilla/5.0 (compatible; DotBot/1.1; http://www.opensiteexplorer.org/dotbot, help@moz.com)"
216.244.66.245 - - [19/Jan/2020:14:44:55 +0800] "GET /1989/DAO1989-04-02.pdf HTTP/1.1" 200 51894 "-" "Mozilla/5.0 (compatible; DotBot/1.1; http://www.opensiteexplorer.org/dotbot, help@moz.com)"
216.244.66.245 - - [19/Jan/2020:14:44:57 +0800] "GET /1999/fordao99-50.pdf HTTP/1.1" 200 17024 "-" "Mozilla/5.0 (compatible; DotBot/1.1; http://www.opensiteexplorer.org/dotbot, help@moz.com)"
216.244.66.245 - - [19/Jan/2020:14:44:58 +0800] "GET /2002/dao_2002-27.pdf HTTP/1.1" 200 84999 "-" "Mozilla/5.0 (compatible; DotBot/1.1; http://www.opensiteexplorer.org/dotbot, help@moz.com)"
216.244.66.245 - - [19/Jan/2020:14:44:59 +0800] "GET /1989/DMC1989-10.pdf HTTP/1.1" 200 59306 "-" "Mozilla/5.0 (compatible; DotBot/1.1; http://www.opensiteexplorer.org/dotbot, help@moz.com)"
216.244.66.245 - - [19/Jan/2020:14:45:01 +0800] "GET /1996/DENR_DAO_1996-18.pdf HTTP/1.1" 200 16128 "-" "Mozilla/5.0 (compatible; DotBot/1.1; http://www.opensiteexplorer.org/dotbot, help@moz.com)"
216.244.66.245 - - [19/Jan/2020:14:45:02 +0800] "GET /1996/MIN_MO_1996-13.pdf HTTP/1.1" 200 15032 "-" "Mozilla/5.0 (compatible; DotBot/1.1; http://www.opensiteexplorer.org/dotbot, help@moz.com)"
216.244.66.245 - - [19/Jan/2020:14:45:03 +0800] "GET /1999/jointmc-da-dar-denr99-01.pdf HTTP/1.1" 200 24835 "-" "Mozilla/5.0 (compatible; DotBot/1.1; http://www.opensiteexplorer.org/dotbot, help@moz.com)"
216.244.66.245 - - [19/Jan/2020:14:45:05 +0800] "GET /2003/dao2003-50.pdf HTTP/1.1" 200 296140 "-" "Mozilla/5.0 (compatible; DotBot/1.1; http://www.opensiteexplorer.org/dotbot, help@moz.com)"
216.244.66.245 - - [19/Jan/2020:14:45:06 +0800] "GET /2005/dao/dao2005-25.pdf HTTP/1.1" 200 312202 "-" "Mozilla/5.0 (compatible; DotBot/1.1; http://www.opensiteexplorer.org/dotbot, help@moz.com)"
216.244.66.245 - - [19/Jan/2020:14:45:14 +0800] "GET /2005/dmc/DMC-2005-15.pdf HTTP/1.1" 404 222 "-" "Mozilla/5.0 (compatible; DotBot/1.1; http://www.opensiteexplorer.org/dotbot, help@moz.com)"
216.244.66.245 - - [19/Jan/2020:14:44:56 +0800] "GET /1993/DAO1993-29.pdf HTTP/1.1" 200 202422 "-" "Mozilla/5.0 (compatible; DotBot/1.1; http://www.opensiteexplorer.org/dotbot, help@moz.com)"
66.249.79.41 - - [19/Jan/2020:14:47:41 +0800] "GET /2000/PP_2000_275.pdf HTTP/1.1" 200 19881 "-" "Googlebot/2.1 (+http://www.google.com/bot.html)"
66.249.79.36 - - [19/Jan/2020:14:49:15 +0800] "GET /1998/da-admin.order98-03.pdf HTTP/1.1" 200 258131 "-" "Mozilla/5.0 (Linux; Android 6.0.1; Nexus 5X Build/MMB29P) AppleWebKit/537.36 (KHTML, like Gecko) Chrome/41.0.2272.96 Mobile Safari/537.36 (compatible; Googlebot/2.1; +http://www.google.com/bot.html)"
216.244.66.245 - - [19/Jan/2020:14:52:58 +0800] "GET /pol-2000/ HTTP/1.1" 200 1529 "-" "Mozilla/5.0 (compatible; DotBot/1.1; http://www.opensiteexplorer.org/dotbot, help@moz.com)"
110.54.154.135 - - [19/Jan/2020:14:53:18 +0800] "GET /pol-1998/SrvyMnl.pdf HTTP/1.1" 200 8138333 "-" "Mozilla/5.0 (iPhone; CPU iPhone OS 12_4_1 like Mac OS X) AppleWebKit/605.1.15 (KHTML, like Gecko) Version/12.1.2 Mobile/15E148 Safari/604.1"
112.202.229.33 - - [19/Jan/2020:14:56:22 +0800] "GET /1998/admin98-28.pdf HTTP/1.1" 200 20926 "-" "Dalvik/2.1.0 (Linux; U; Android 9; SM-A505GN Build/PPR1.180610.011)"
110.54.208.209 - - [19/Jan/2020:14:56:25 +0800] "GET /2000/DAO_FMB_2000-64.pdf HTTP/1.1" 200 28204 "-" "Dalvik/2.1.0 (Linux; U; Android 6.0.1; SM-A520F Build/MMB29K)"
66.249.79.41 - - [19/Jan/2020:14:58:17 +0800] "GET /2005/dmc/DMC-2005-04.pdf HTTP/1.1" 404 222 "-" "Googlebot/2.1 (+http://www.google.com/bot.html)"
66.249.79.36 - - [19/Jan/2020:15:06:25 +0800] "GET /2006/dao/dao2006-005.pdf HTTP/1.1" 200 49324 "-" "Googlebot/2.1 (+http://www.google.com/bot.html)"
110.54.199.102 - - [19/Jan/2020:15:08:10 +0800] "GET /2000/DAO_FMB_2000-64.pdf HTTP/1.1" 200 28204 "-" "Dalvik/2.1.0 (Linux; U; Android 6.0.1; SM-A520F Build/MMB29K)"
66.249.79.41 - - [19/Jan/2020:15:13:05 +0800] "GET /basicpol/forcode/pd1559.pdf HTTP/1.1" 200 45841 "-" "Googlebot/2.1 (+http://www.google.com/bot.html)"
122.2.1.179 - - [19/Jan/2020:15:13:13 +0800] "GET /2000/DAO_FMB_2000-83.pdf HTTP/1.1" 200 43307 "https://www.google.com/" "Mozilla/5.0 (iPhone; CPU iPhone OS 13_0 like Mac OS X) AppleWebKit/605.1.15 (KHTML, like Gecko) Version/13.0 Mobile/15E148 Safari/604.1"
122.2.1.179 - - [19/Jan/2020:15:13:14 +0800] "GET /favicon.ico HTTP/1.1" 404 209 "http://policy.denr.gov.ph/2000/DAO_FMB_2000-83.pdf" "Mozilla/5.0 (iPhone; CPU iPhone OS 13_0 like Mac OS X) AppleWebKit/605.1.15 (KHTML, like Gecko) Version/13.0 Mobile/15E148 Safari/604.1"
66.249.83.29 - - [19/Jan/2020:15:16:31 +0800] "GET /2000/DENR_DAO_2000-87.pdf HTTP/1.1" 200 21463 "-" "Mozilla/5.0 (X11; Linux x86_64) AppleWebKit/537.36 (KHTML, like Gecko) Chrome/56.0.2924.87 Safari/537.36 Google (+https://developers.google.com/+/web/snippet/)"
192.168.11.178 - - [19/Jan/2020:15:20:18 +0800] "GET /1997/ENV_DAO-97-05.pdf HTTP/1.1" 200 35973 "https://www.google.com/" "Mozilla/5.0 (Windows NT 6.1; Win64; x64) AppleWebKit/537.36 (KHTML, like Gecko) Chrome/79.0.3945.130 Safari/537.36"
192.168.11.178 - - [19/Jan/2020:15:20:18 +0800] "GET /favicon.ico HTTP/1.1" 404 209 "http://policy.denr.gov.ph/1997/ENV_DAO-97-05.pdf" "Mozilla/5.0 (Windows NT 6.1; Win64; x64) AppleWebKit/537.36 (KHTML, like Gecko) Chrome/79.0.3945.130 Safari/537.36"
23.100.232.233 - - [19/Jan/2020:15:27:02 +0800] "GET /basicpol/mincode/ra7076.pdf HTTP/1.1" 200 27945 "http://www.bing.com/search?q=ra+bowlane&form=MSNH14&sc=8-4&sp=-1&qs=n&sk=" "Mozilla/5.0 (compatible; MSIE 9.0; Windows NT 6.0; Trident/5.0; Trident/5.0)"
216.244.66.245 - - [19/Jan/2020:15:27:52 +0800] "GET /1988/PAW_DAO_1988-43.pdf HTTP/1.1" 200 12384 "-" "Mozilla/5.0 (compatible; DotBot/1.1; http://www.opensiteexplorer.org/dotbot, help@moz.com)"
216.244.66.245 - - [19/Jan/2020:15:27:58 +0800] "GET /1999/dao99-26.pdf HTTP/1.1" 200 18344 "-" "Mozilla/5.0 (compatible; DotBot/1.1; http://www.opensiteexplorer.org/dotbot, help@moz.com)"
216.244.66.245 - - [19/Jan/2020:15:28:00 +0800] "GET /1999/denrmc99-11.pdf HTTP/1.1" 200 12605 "-" "Mozilla/5.0 (compatible; DotBot/1.1; http://www.opensiteexplorer.org/dotbot, help@moz.com)"
216.244.66.245 - - [19/Jan/2020:15:28:01 +0800] "GET /pol-1996/dao07.pdf HTTP/1.1" 404 216 "-" "Mozilla/5.0 (compatible; DotBot/1.1; http://www.opensiteexplorer.org/dotbot, help@moz.com)"
216.244.66.245 - - [19/Jan/2020:15:28:02 +0800] "GET /1987/PAWB_DAO_87_54.pdf HTTP/1.1" 200 37094 "-" "Mozilla/5.0 (compatible; DotBot/1.1; http://www.opensiteexplorer.org/dotbot, help@moz.com)"
216.244.66.245 - - [19/Jan/2020:15:28:05 +0800] "GET /1992/PAWB_DMC_1992_22.pdf HTTP/1.1" 200 40895 "-" "Mozilla/5.0 (compatible; DotBot/1.1; http://www.opensiteexplorer.org/dotbot, help@moz.com)"
216.244.66.245 - - [19/Jan/2020:15:28:04 +0800] "GET /1989/DAO1989-08.pdf HTTP/1.1" 200 226046 "-" "Mozilla/5.0 (compatible; DotBot/1.1; http://www.opensiteexplorer.org/dotbot, help@moz.com)"
216.244.66.245 - - [19/Jan/2020:15:28:14 +0800] "GET /1994/ForMO_1994-04.pdf HTTP/1.1" 200 20164 "-" "Mozilla/5.0 (compatible; DotBot/1.1; http://www.opensiteexplorer.org/dotbot, help@moz.com)"
