66.249.79.41 - - [20/Jan/2020:08:17:00 +0800] "GET /1999/minesmo99-08.pdf HTTP/1.1" 200 30277 "-" "Mozilla/5.0 (Linux; Android 6.0.1; Nexus 5X Build/MMB29P) AppleWebKit/537.36 (KHTML, like Gecko) Chrome/41.0.2272.96 Mobile Safari/537.36 (compatible; Googlebot/2.1; +http://www.google.com/bot.html)"
216.244.66.245 - - [20/Jan/2020:08:16:03 +0800] "GET /dao2004/dao2004-35.pdf HTTP/1.1" 200 366238 "-" "Mozilla/5.0 (compatible; DotBot/1.1; http://www.opensiteexplorer.org/dotbot, help@moz.com)"
66.249.79.36 - - [20/Jan/2020:08:17:36 +0800] "GET /2003/dao2003-40.pdf HTTP/1.1" 200 34865 "-" "Mozilla/5.0 (Linux; Android 6.0.1; Nexus 5X Build/MMB29P) AppleWebKit/537.36 (KHTML, like Gecko) Chrome/41.0.2272.96 Mobile Safari/537.36 (compatible; Googlebot/2.1; +http://www.google.com/bot.html)"
66.249.79.36 - - [20/Jan/2020:08:18:13 +0800] "GET /2005/special_order/so-2005-347.pdf HTTP/1.1" 200 23053 "-" "Mozilla/5.0 (Linux; Android 6.0.1; Nexus 5X Build/MMB29P) AppleWebKit/537.36 (KHTML, like Gecko) Chrome/41.0.2272.96 Mobile Safari/537.36 (compatible; Googlebot/2.1; +http://www.google.com/bot.html)"
216.244.66.245 - - [20/Jan/2020:08:18:24 +0800] "GET /1987/PAWB_DAO_87_33.pdf HTTP/1.1" 200 32900 "-" "Mozilla/5.0 (compatible; DotBot/1.1; http://www.opensiteexplorer.org/dotbot, help@moz.com)"
216.244.66.245 - - [20/Jan/2020:08:18:30 +0800] "GET /1987/PAWB_DAO_87_51.pdf HTTP/1.1" 200 30820 "-" "Mozilla/5.0 (compatible; DotBot/1.1; http://www.opensiteexplorer.org/dotbot, help@moz.com)"
216.244.66.245 - - [20/Jan/2020:08:18:32 +0800] "GET /1998/denrmc98-10.pdf HTTP/1.1" 200 20495 "-" "Mozilla/5.0 (compatible; DotBot/1.1; http://www.opensiteexplorer.org/dotbot, help@moz.com)"
66.249.79.36 - - [20/Jan/2020:08:18:50 +0800] "GET /2005/special_order/so-2005-739.pdf HTTP/1.1" 200 38018 "-" "Mozilla/5.0 (Linux; Android 6.0.1; Nexus 5X Build/MMB29P) AppleWebKit/537.36 (KHTML, like Gecko) Chrome/41.0.2272.96 Mobile Safari/537.36 (compatible; Googlebot/2.1; +http://www.google.com/bot.html)"
216.244.66.245 - - [20/Jan/2020:08:18:31 +0800] "GET /1989/DMO1989-10.pdf HTTP/1.1" 200 219825 "-" "Mozilla/5.0 (compatible; DotBot/1.1; http://www.opensiteexplorer.org/dotbot, help@moz.com)"
66.249.79.36 - - [20/Jan/2020:08:19:26 +0800] "GET /2002/dao_2002-26.pdf HTTP/1.1" 200 81958 "-" "Mozilla/5.0 (Linux; Android 6.0.1; Nexus 5X Build/MMB29P) AppleWebKit/537.36 (KHTML, like Gecko) Chrome/41.0.2272.96 Mobile Safari/537.36 (compatible; Googlebot/2.1; +http://www.google.com/bot.html)"
66.249.79.44 - - [20/Jan/2020:08:20:03 +0800] "GET /1987/FOR_DAO_87_58.pdf HTTP/1.1" 200 16665 "-" "Mozilla/5.0 (Linux; Android 6.0.1; Nexus 5X Build/MMB29P) AppleWebKit/537.36 (KHTML, like Gecko) Chrome/41.0.2272.96 Mobile Safari/537.36 (compatible; Googlebot/2.1; +http://www.google.com/bot.html)"
66.249.79.36 - - [20/Jan/2020:08:20:40 +0800] "GET /2005/dmc/dmc-2005-021.pdf HTTP/1.1" 200 97935 "-" "Mozilla/5.0 (Linux; Android 6.0.1; Nexus 5X Build/MMB29P) AppleWebKit/537.36 (KHTML, like Gecko) Chrome/41.0.2272.96 Mobile Safari/537.36 (compatible; Googlebot/2.1; +http://www.google.com/bot.html)"
66.249.79.41 - - [20/Jan/2020:08:21:17 +0800] "GET /2002/dao_2002-16.pdf HTTP/1.1" 200 154161 "-" "Mozilla/5.0 (Linux; Android 6.0.1; Nexus 5X Build/MMB29P) AppleWebKit/537.36 (KHTML, like Gecko) Chrome/41.0.2272.96 Mobile Safari/537.36 (compatible; Googlebot/2.1; +http://www.google.com/bot.html)"
66.249.79.41 - - [20/Jan/2020:08:21:54 +0800] "GET /1994/MC_1994-35.pdf HTTP/1.1" 200 140302 "-" "Mozilla/5.0 (Linux; Android 6.0.1; Nexus 5X Build/MMB29P) AppleWebKit/537.36 (KHTML, like Gecko) Chrome/41.0.2272.96 Mobile Safari/537.36 (compatible; Googlebot/2.1; +http://www.google.com/bot.html)"
66.249.79.36 - - [20/Jan/2020:08:22:30 +0800] "GET /2005/special_order/so-2005-235.pdf HTTP/1.1" 200 43843 "-" "Mozilla/5.0 (Linux; Android 6.0.1; Nexus 5X Build/MMB29P) AppleWebKit/537.36 (KHTML, like Gecko) Chrome/41.0.2272.96 Mobile Safari/537.36 (compatible; Googlebot/2.1; +http://www.google.com/bot.html)"
66.249.79.41 - - [20/Jan/2020:08:23:07 +0800] "GET /1990/DENR_DMC_1990-17.pdf HTTP/1.1" 200 167191 "-" "Mozilla/5.0 (Linux; Android 6.0.1; Nexus 5X Build/MMB29P) AppleWebKit/537.36 (KHTML, like Gecko) Chrome/41.0.2272.96 Mobile Safari/537.36 (compatible; Googlebot/2.1; +http://www.google.com/bot.html)"
66.249.79.36 - - [20/Jan/2020:08:23:44 +0800] "GET /2000/PP_2000_296.pdf HTTP/1.1" 200 17448 "-" "Mozilla/5.0 (Linux; Android 6.0.1; Nexus 5X Build/MMB29P) AppleWebKit/537.36 (KHTML, like Gecko) Chrome/41.0.2272.96 Mobile Safari/537.36 (compatible; Googlebot/2.1; +http://www.google.com/bot.html)"
66.249.79.44 - - [20/Jan/2020:08:24:20 +0800] "GET /1987/PAWB_DAO_87_21.pdf HTTP/1.1" 200 33323 "-" "Mozilla/5.0 (Linux; Android 6.0.1; Nexus 5X Build/MMB29P) AppleWebKit/537.36 (KHTML, like Gecko) Chrome/41.0.2272.96 Mobile Safari/537.36 (compatible; Googlebot/2.1; +http://www.google.com/bot.html)"
66.249.79.36 - - [20/Jan/2020:08:24:57 +0800] "GET /1995/Rep_Act-1995-7942.pdf HTTP/1.1" 200 1391046 "-" "Mozilla/5.0 (Linux; Android 6.0.1; Nexus 5X Build/MMB29P) AppleWebKit/537.36 (KHTML, like Gecko) Chrome/41.0.2272.96 Mobile Safari/537.36 (compatible; Googlebot/2.1; +http://www.google.com/bot.html)"
103.93.222.217 - - [20/Jan/2020:08:25:14 +0800] "GET /favicon.ico HTTP/1.1" 404 209 "http://policy.denr.gov.ph/2000/ENV_DAO_2000-81.pdf" "Mozilla/5.0 (Windows NT 10.0; Win64; x64) AppleWebKit/537.36 (KHTML, like Gecko) Chrome/79.0.3945.117 Safari/537.36"
103.93.222.217 - - [20/Jan/2020:08:25:14 +0800] "GET /2000/ENV_DAO_2000-81.pdf HTTP/1.1" 200 299209 "https://www.google.com/" "Mozilla/5.0 (Windows NT 10.0; Win64; x64) AppleWebKit/537.36 (KHTML, like Gecko) Chrome/79.0.3945.117 Safari/537.36"
110.54.167.178 - - [20/Jan/2020:08:25:35 +0800] "GET /1997/FOR_DMC-97-12.pdf HTTP/1.1" 200 36286 "-" "Dalvik/2.1.0 (Linux; U; Android 9; MRD-LX2 Build/HUAWEIMRD-LX2)"
66.249.79.36 - - [20/Jan/2020:08:26:49 +0800] "GET /1997/ADM_DAO-97-13.pdf HTTP/1.1" 200 21848 "-" "Mozilla/5.0 (Linux; Android 6.0.1; Nexus 5X Build/MMB29P) AppleWebKit/537.36 (KHTML, like Gecko) Chrome/41.0.2272.96 Mobile Safari/537.36 (compatible; Googlebot/2.1; +http://www.google.com/bot.html)"
66.249.79.44 - - [20/Jan/2020:08:27:24 +0800] "GET /1999/proclamation%20106.pdf HTTP/1.1" 200 17069 "-" "Mozilla/5.0 (Linux; Android 6.0.1; Nexus 5X Build/MMB29P) AppleWebKit/537.36 (KHTML, like Gecko) Chrome/41.0.2272.96 Mobile Safari/537.36 (compatible; Googlebot/2.1; +http://www.google.com/bot.html)"
66.249.79.41 - - [20/Jan/2020:08:28:01 +0800] "GET /2006/special_order/so-2006-37.pdf HTTP/1.1" 200 56943 "-" "Mozilla/5.0 (Linux; Android 6.0.1; Nexus 5X Build/MMB29P) AppleWebKit/537.36 (KHTML, like Gecko) Chrome/41.0.2272.96 Mobile Safari/537.36 (compatible; Googlebot/2.1; +http://www.google.com/bot.html)"
66.249.79.41 - - [20/Jan/2020:08:28:38 +0800] "GET /2005/special_order/so-2005-346.pdf HTTP/1.1" 200 23665 "-" "Mozilla/5.0 (Linux; Android 6.0.1; Nexus 5X Build/MMB29P) AppleWebKit/537.36 (KHTML, like Gecko) Chrome/41.0.2272.96 Mobile Safari/537.36 (compatible; Googlebot/2.1; +http://www.google.com/bot.html)"
66.249.79.36 - - [20/Jan/2020:08:29:14 +0800] "GET /2002/MC_2002-01.pdf HTTP/1.1" 200 45124 "-" "Mozilla/5.0 (Linux; Android 6.0.1; Nexus 5X Build/MMB29P) AppleWebKit/537.36 (KHTML, like Gecko) Chrome/41.0.2272.96 Mobile Safari/537.36 (compatible; Googlebot/2.1; +http://www.google.com/bot.html)"
66.249.79.36 - - [20/Jan/2020:08:29:51 +0800] "GET /2005/special_order/so-2005-15.pdf HTTP/1.1" 200 125029 "-" "Mozilla/5.0 (Linux; Android 6.0.1; Nexus 5X Build/MMB29P) AppleWebKit/537.36 (KHTML, like Gecko) Chrome/41.0.2272.96 Mobile Safari/537.36 (compatible; Googlebot/2.1; +http://www.google.com/bot.html)"
66.249.79.36 - - [20/Jan/2020:08:30:28 +0800] "GET /1994/PAWMC_94-46.pdf HTTP/1.1" 200 22094 "-" "Mozilla/5.0 (Linux; Android 6.0.1; Nexus 5X Build/MMB29P) AppleWebKit/537.36 (KHTML, like Gecko) Chrome/41.0.2272.96 Mobile Safari/537.36 (compatible; Googlebot/2.1; +http://www.google.com/bot.html)"
66.249.79.36 - - [20/Jan/2020:08:31:05 +0800] "GET /2003/dao2003-12.pdf HTTP/1.1" 200 235904 "-" "Mozilla/5.0 (Linux; Android 6.0.1; Nexus 5X Build/MMB29P) AppleWebKit/537.36 (KHTML, like Gecko) Chrome/41.0.2272.96 Mobile Safari/537.36 (compatible; Googlebot/2.1; +http://www.google.com/bot.html)"
66.249.79.41 - - [20/Jan/2020:08:31:41 +0800] "GET /1990/PWB_DAO_1990-17.pdf HTTP/1.1" 200 35835 "-" "Mozilla/5.0 (Linux; Android 6.0.1; Nexus 5X Build/MMB29P) AppleWebKit/537.36 (KHTML, like Gecko) Chrome/41.0.2272.96 Mobile Safari/537.36 (compatible; Googlebot/2.1; +http://www.google.com/bot.html)"
66.249.79.36 - - [20/Jan/2020:08:33:17 +0800] "GET /2006/special_order/i)wuvw.denr.gov.ph HTTP/1.1" 404 235 "-" "Mozilla/5.0 (Linux; Android 6.0.1; Nexus 5X Build/MMB29P) AppleWebKit/537.36 (KHTML, like Gecko) Chrome/41.0.2272.96 Mobile Safari/537.36 (compatible; Googlebot/2.1; +http://www.google.com/bot.html)"
66.249.79.41 - - [20/Jan/2020:08:33:31 +0800] "GET /1996/FOR_DAO_1996-29.pdf HTTP/1.1" 200 96381 "-" "Mozilla/5.0 (Linux; Android 6.0.1; Nexus 5X Build/MMB29P) AppleWebKit/537.36 (KHTML, like Gecko) Chrome/41.0.2272.96 Mobile Safari/537.36 (compatible; Googlebot/2.1; +http://www.google.com/bot.html)"
66.249.79.36 - - [20/Jan/2020:08:36:35 +0800] "GET /1990/lLAND_DAO_1990-66.pdf HTTP/1.1" 200 73745 "-" "Mozilla/5.0 (Linux; Android 6.0.1; Nexus 5X Build/MMB29P) AppleWebKit/537.36 (KHTML, like Gecko) Chrome/41.0.2272.96 Mobile Safari/537.36 (compatible; Googlebot/2.1; +http://www.google.com/bot.html)"
121.97.165.78 - - [20/Jan/2020:08:39:41 +0800] "GET /1990/FOR_DAO_1990-26.pdf HTTP/1.1" 200 35006 "http://oldwebsite.denr.gov.ph/section-policies/viewrec.php?id=983&page=48&sort=&filter=type&filterID=1&searchword=&fromyear=&frommonth=&fromdate=&toyear=&tomonth=&todate=&dateval=" "Mozilla/5.0 (Windows NT 6.1; WOW64) AppleWebKit/537.36 (KHTML, like Gecko) Chrome/79.0.3945.117 Safari/537.36"
121.97.165.78 - - [20/Jan/2020:08:39:44 +0800] "GET /favicon.ico HTTP/1.1" 404 209 "http://policy.denr.gov.ph/1990/FOR_DAO_1990-26.pdf" "Mozilla/5.0 (Windows NT 6.1; WOW64) AppleWebKit/537.36 (KHTML, like Gecko) Chrome/79.0.3945.117 Safari/537.36"
66.249.79.36 - - [20/Jan/2020:08:42:42 +0800] "GET /1997/MIN_DAO-97-06.pdf HTTP/1.1" 304 - "-" "Mozilla/5.0 (Linux; Android 6.0.1; Nexus 5X Build/MMB29P) AppleWebKit/537.36 (KHTML, like Gecko) Chrome/41.0.2272.96 Mobile Safari/537.36 (compatible; Googlebot/2.1; +http://www.google.com/bot.html)"
66.249.79.44 - - [20/Jan/2020:08:44:40 +0800] "GET /1999/fordao99-46.pdf HTTP/1.1" 200 38096 "-" "Mozilla/5.0 (Linux; Android 6.0.1; Nexus 5X Build/MMB29P) AppleWebKit/537.36 (KHTML, like Gecko) Chrome/41.0.2272.96 Mobile Safari/537.36 (compatible; Googlebot/2.1; +http://www.google.com/bot.html)"
66.249.79.44 - - [20/Jan/2020:08:45:46 +0800] "GET /2005/special_order/so-2005-253.pdf HTTP/1.1" 200 50792 "-" "Mozilla/5.0 (Linux; Android 6.0.1; Nexus 5X Build/MMB29P) AppleWebKit/537.36 (KHTML, like Gecko) Chrome/41.0.2272.96 Mobile Safari/537.36 (compatible; Googlebot/2.1; +http://www.google.com/bot.html)"
112.208.167.153 - - [20/Jan/2020:08:45:49 +0800] "GET /1989/DAO1989-03.pdf HTTP/1.1" 200 105651 "https://denr.gov.ph/" "Mozilla/5.0 (Windows NT 10.0; Win64; x64) AppleWebKit/537.36 (KHTML, like Gecko) Chrome/79.0.3945.117 Safari/537.36"
112.208.167.153 - - [20/Jan/2020:08:45:49 +0800] "GET /favicon.ico HTTP/1.1" 404 209 "http://policy.denr.gov.ph/1989/DAO1989-03.pdf" "Mozilla/5.0 (Windows NT 10.0; Win64; x64) AppleWebKit/537.36 (KHTML, like Gecko) Chrome/79.0.3945.117 Safari/537.36"
66.249.79.36 - - [20/Jan/2020:08:46:23 +0800] "GET /1990/FOR_DAO_1990-69.pdf HTTP/1.1" 200 96612 "-" "Mozilla/5.0 (Linux; Android 6.0.1; Nexus 5X Build/MMB29P) AppleWebKit/537.36 (KHTML, like Gecko) Chrome/41.0.2272.96 Mobile Safari/537.36 (compatible; Googlebot/2.1; +http://www.google.com/bot.html)"
125.212.121.61 - - [20/Jan/2020:08:46:56 +0800] "GET /1997/ENV_DAO-97-05.pdf HTTP/1.1" 200 35973 "-" "Mozilla/5.0 (Windows NT 6.1; Win64; x64; rv:72.0) Gecko/20100101 Firefox/72.0"
125.212.121.61 - - [20/Jan/2020:08:46:57 +0800] "GET /favicon.ico HTTP/1.1" 404 209 "-" "Mozilla/5.0 (Windows NT 6.1; Win64; x64; rv:72.0) Gecko/20100101 Firefox/72.0"
66.249.79.44 - - [20/Jan/2020:08:47:00 +0800] "GET /1993/FOR_MO93-04.pdf HTTP/1.1" 200 18676 "-" "Mozilla/5.0 (Linux; Android 6.0.1; Nexus 5X Build/MMB29P) AppleWebKit/537.36 (KHTML, like Gecko) Chrome/41.0.2272.96 Mobile Safari/537.36 (compatible; Googlebot/2.1; +http://www.google.com/bot.html)"
66.249.79.41 - - [20/Jan/2020:08:47:36 +0800] "GET /2005/special_order/so-2005-160.pdf HTTP/1.1" 200 56786 "-" "Mozilla/5.0 (Linux; Android 6.0.1; Nexus 5X Build/MMB29P) AppleWebKit/537.36 (KHTML, like Gecko) Chrome/41.0.2272.96 Mobile Safari/537.36 (compatible; Googlebot/2.1; +http://www.google.com/bot.html)"
66.249.79.41 - - [20/Jan/2020:08:48:13 +0800] "GET /1990/DENR_DAO_1990-45.pdf HTTP/1.1" 200 30843 "-" "Mozilla/5.0 (Linux; Android 6.0.1; Nexus 5X Build/MMB29P) AppleWebKit/537.36 (KHTML, like Gecko) Chrome/41.0.2272.96 Mobile Safari/537.36 (compatible; Googlebot/2.1; +http://www.google.com/bot.html)"
66.249.79.36 - - [20/Jan/2020:08:48:50 +0800] "GET /1993/DENR_MC1993-31.pdf HTTP/1.1" 200 32579 "-" "Mozilla/5.0 (Linux; Android 6.0.1; Nexus 5X Build/MMB29P) AppleWebKit/537.36 (KHTML, like Gecko) Chrome/41.0.2272.96 Mobile Safari/537.36 (compatible; Googlebot/2.1; +http://www.google.com/bot.html)"
66.249.79.36 - - [20/Jan/2020:08:49:26 +0800] "GET /1987/PAWB_DAO_87_24.pdf HTTP/1.1" 200 46943 "-" "Mozilla/5.0 (Linux; Android 6.0.1; Nexus 5X Build/MMB29P) AppleWebKit/537.36 (KHTML, like Gecko) Chrome/41.0.2272.96 Mobile Safari/537.36 (compatible; Googlebot/2.1; +http://www.google.com/bot.html)"
66.249.79.36 - - [20/Jan/2020:08:50:03 +0800] "GET /1991/fordao91-16.pdf HTTP/1.1" 200 832788 "-" "Mozilla/5.0 (Linux; Android 6.0.1; Nexus 5X Build/MMB29P) AppleWebKit/537.36 (KHTML, like Gecko) Chrome/41.0.2272.96 Mobile Safari/537.36 (compatible; Googlebot/2.1; +http://www.google.com/bot.html)"
110.54.232.248 - - [20/Jan/2020:08:50:23 +0800] "GET /1993/FOR_MC_1993-13.pdf HTTP/1.1" 200 119266 "https://denr.gov.ph/" "Mozilla/5.0 (Windows NT 6.1; WOW64) AppleWebKit/537.36 (KHTML, like Gecko) Chrome/79.0.3945.117 Safari/537.36"
110.54.232.248 - - [20/Jan/2020:08:50:24 +0800] "GET /favicon.ico HTTP/1.1" 404 209 "http://policy.denr.gov.ph/1993/FOR_MC_1993-13.pdf" "Mozilla/5.0 (Windows NT 6.1; WOW64) AppleWebKit/537.36 (KHTML, like Gecko) Chrome/79.0.3945.117 Safari/537.36"
66.249.88.185 - - [20/Jan/2020:08:50:27 +0800] "GET /2000/DENR_DAO_2000-87.pdf HTTP/1.1" 200 21463 "-" "Mozilla/5.0 (X11; Linux x86_64) AppleWebKit/537.36 (KHTML, like Gecko) Chrome/56.0.2924.87 Safari/537.36 Google (+https://developers.google.com/+/web/snippet/)"
66.249.79.36 - - [20/Jan/2020:08:50:40 +0800] "GET /1992/FOR_DMC_92-08.pdf HTTP/1.1" 200 48093 "-" "Mozilla/5.0 (Linux; Android 6.0.1; Nexus 5X Build/MMB29P) AppleWebKit/537.36 (KHTML, like Gecko) Chrome/41.0.2272.96 Mobile Safari/537.36 (compatible; Googlebot/2.1; +http://www.google.com/bot.html)"
66.249.79.41 - - [20/Jan/2020:08:51:17 +0800] "GET /1999/eo1999-129.pdf HTTP/1.1" 200 23940 "-" "Mozilla/5.0 (Linux; Android 6.0.1; Nexus 5X Build/MMB29P) AppleWebKit/537.36 (KHTML, like Gecko) Chrome/41.0.2272.96 Mobile Safari/537.36 (compatible; Googlebot/2.1; +http://www.google.com/bot.html)"
66.249.79.41 - - [20/Jan/2020:08:51:53 +0800] "GET /1991/landao91-29.pdf HTTP/1.1" 200 96982 "-" "Mozilla/5.0 (Linux; Android 6.0.1; Nexus 5X Build/MMB29P) AppleWebKit/537.36 (KHTML, like Gecko) Chrome/41.0.2272.96 Mobile Safari/537.36 (compatible; Googlebot/2.1; +http://www.google.com/bot.html)"
66.249.79.36 - - [20/Jan/2020:08:52:30 +0800] "GET /2003/dao2003-08.pdf HTTP/1.1" 200 39245 "-" "Mozilla/5.0 (Linux; Android 6.0.1; Nexus 5X Build/MMB29P) AppleWebKit/537.36 (KHTML, like Gecko) Chrome/41.0.2272.96 Mobile Safari/537.36 (compatible; Googlebot/2.1; +http://www.google.com/bot.html)"
110.54.236.39 - - [20/Jan/2020:08:53:17 +0800] "GET /1993/FOR_DAO-93-21.pdf HTTP/1.1" 200 18029 "https://denr.gov.ph/" "Mozilla/5.0 (Windows NT 6.1; WOW64) AppleWebKit/537.36 (KHTML, like Gecko) Chrome/79.0.3945.117 Safari/537.36"
66.249.79.41 - - [20/Jan/2020:08:53:44 +0800] "GET /dao2004/dao2004-01.pdf HTTP/1.1" 200 89521 "-" "Mozilla/5.0 (compatible; Googlebot/2.1; +http://www.google.com/bot.html)"
66.249.79.44 - - [20/Jan/2020:08:54:57 +0800] "GET /1994/ForDao_1994-43.pdf HTTP/1.1" 200 1339930 "-" "Mozilla/5.0 (Linux; Android 6.0.1; Nexus 5X Build/MMB29P) AppleWebKit/537.36 (KHTML, like Gecko) Chrome/41.0.2272.96 Mobile Safari/537.36 (compatible; Googlebot/2.1; +http://www.google.com/bot.html)"
216.244.66.245 - - [20/Jan/2020:08:54:38 +0800] "GET /2003/dao2003-29.pdf HTTP/1.1" 200 2267638 "-" "Mozilla/5.0 (compatible; DotBot/1.1; http://www.opensiteexplorer.org/dotbot, help@moz.com)"
216.244.66.245 - - [20/Jan/2020:08:55:28 +0800] "GET /1991/fordao91-1.pdf HTTP/1.1" 200 115885 "-" "Mozilla/5.0 (compatible; DotBot/1.1; http://www.opensiteexplorer.org/dotbot, help@moz.com)"
216.244.66.245 - - [20/Jan/2020:08:55:32 +0800] "GET /1991/formc91-10.pdf HTTP/1.1" 200 41405 "-" "Mozilla/5.0 (compatible; DotBot/1.1; http://www.opensiteexplorer.org/dotbot, help@moz.com)"
216.244.66.245 - - [20/Jan/2020:08:55:33 +0800] "GET /1992/ENV_DAO_92-54.pdf HTTP/1.1" 200 61530 "-" "Mozilla/5.0 (compatible; DotBot/1.1; http://www.opensiteexplorer.org/dotbot, help@moz.com)"
216.244.66.245 - - [20/Jan/2020:08:55:35 +0800] "GET /2001/DENR_DAO2001-30.pdf HTTP/1.1" 200 26736 "-" "Mozilla/5.0 (compatible; DotBot/1.1; http://www.opensiteexplorer.org/dotbot, help@moz.com)"
216.244.66.245 - - [20/Jan/2020:08:55:34 +0800] "GET /1992/FOR_DAO_1992_08.pdf HTTP/1.1" 200 207404 "-" "Mozilla/5.0 (compatible; DotBot/1.1; http://www.opensiteexplorer.org/dotbot, help@moz.com)"
216.244.66.245 - - [20/Jan/2020:08:55:37 +0800] "GET /1993/FOR_1993_DMC_08.pdf HTTP/1.1" 200 77064 "-" "Mozilla/5.0 (compatible; DotBot/1.1; http://www.opensiteexplorer.org/dotbot, help@moz.com)"
216.244.66.245 - - [20/Jan/2020:08:55:38 +0800] "GET /1993/FOR_DAO-93-10.pdf HTTP/1.1" 200 28507 "-" "Mozilla/5.0 (compatible; DotBot/1.1; http://www.opensiteexplorer.org/dotbot, help@moz.com)"
216.244.66.245 - - [20/Jan/2020:08:55:41 +0800] "GET /2002/MC_2002-17.pdf HTTP/1.1" 200 190836 "-" "Mozilla/5.0 (compatible; DotBot/1.1; http://www.opensiteexplorer.org/dotbot, help@moz.com)"
216.244.66.245 - - [20/Jan/2020:08:55:43 +0800] "GET /pol-1997/dao39.pdf HTTP/1.1" 404 216 "-" "Mozilla/5.0 (compatible; DotBot/1.1; http://www.opensiteexplorer.org/dotbot, help@moz.com)"
216.244.66.245 - - [20/Jan/2020:08:55:44 +0800] "GET /pol-1997/dao41.pdf HTTP/1.1" 404 216 "-" "Mozilla/5.0 (compatible; DotBot/1.1; http://www.opensiteexplorer.org/dotbot, help@moz.com)"
112.198.73.73 - - [20/Jan/2020:08:55:59 +0800] "GET /1999/fordao99-21.pdf HTTP/1.1" 200 26185 "https://www.google.com/" "Mozilla/5.0 (Windows NT 10.0; Win64; x64) AppleWebKit/537.36 (KHTML, like Gecko) Chrome/79.0.3945.117 Safari/537.36"
112.198.73.73 - - [20/Jan/2020:08:55:59 +0800] "GET /favicon.ico HTTP/1.1" 404 209 "http://policy.denr.gov.ph/1999/fordao99-21.pdf" "Mozilla/5.0 (Windows NT 10.0; Win64; x64) AppleWebKit/537.36 (KHTML, like Gecko) Chrome/79.0.3945.117 Safari/537.36"
66.249.79.36 - - [20/Jan/2020:08:57:58 +0800] "GET /1998/dao98-42.pdf HTTP/1.1" 200 24016 "-" "Mozilla/5.0 (Linux; Android 6.0.1; Nexus 5X Build/MMB29P) AppleWebKit/537.36 (KHTML, like Gecko) Chrome/41.0.2272.96 Mobile Safari/537.36 (compatible; Googlebot/2.1; +http://www.google.com/bot.html)"
66.249.79.41 - - [20/Jan/2020:09:01:28 +0800] "GET /1994/ForDao_1994-43.pdf HTTP/1.1" 200 1339930 "-" "Mozilla/5.0 (Linux; Android 6.0.1; Nexus 5X Build/MMB29P) AppleWebKit/537.36 (KHTML, like Gecko) Chrome/41.0.2272.96 Mobile Safari/537.36 (compatible; Googlebot/2.1; +http://www.google.com/bot.html)"
66.249.79.36 - - [20/Jan/2020:09:01:41 +0800] "GET / HTTP/1.1" 200 10373 "-" "Mozilla/5.0 (Linux; Android 6.0.1; Nexus 5X Build/MMB29P) AppleWebKit/537.36 (KHTML, like Gecko) Chrome/41.0.2272.96 Mobile Safari/537.36 (compatible; Googlebot/2.1; +http://www.google.com/bot.html)"
112.208.167.153 - - [20/Jan/2020:09:01:50 +0800] "GET /1990/lLAND_DAO_1990-66.pdf HTTP/1.1" 200 73745 "https://denr.gov.ph/" "Mozilla/5.0 (Windows NT 10.0; Win64; x64) AppleWebKit/537.36 (KHTML, like Gecko) Chrome/79.0.3945.117 Safari/537.36"
66.249.79.36 - - [20/Jan/2020:09:02:18 +0800] "GET /2000/DAO_FMB_2000-63.pdf HTTP/1.1" 200 25688 "-" "Mozilla/5.0 (Linux; Android 6.0.1; Nexus 5X Build/MMB29P) AppleWebKit/537.36 (KHTML, like Gecko) Chrome/41.0.2272.96 Mobile Safari/537.36 (compatible; Googlebot/2.1; +http://www.google.com/bot.html)"
110.54.236.39 - - [20/Jan/2020:09:03:15 +0800] "GET /1998/dao98-45.pdf HTTP/1.1" 200 27051 "https://www.google.com/" "Mozilla/5.0 (Windows NT 6.1; WOW64) AppleWebKit/537.36 (KHTML, like Gecko) Chrome/79.0.3945.117 Safari/537.36"
110.54.246.146 - - [20/Jan/2020:09:03:23 +0800] "GET /1996/ENV_DAO_1996-37.pdf HTTP/1.1" 200 100433 "https://www.google.com.ph/" "Mozilla/5.0 (iPhone; CPU iPhone OS 12_1_2 like Mac OS X) AppleWebKit/605.1.15 (KHTML, like Gecko) Version/12.0 Mobile/15E148 Safari/604.1"
110.54.246.146 - - [20/Jan/2020:09:03:25 +0800] "GET /favicon.ico HTTP/1.1" 404 209 "http://policy.denr.gov.ph/1996/ENV_DAO_1996-37.pdf" "Mozilla/5.0 (iPhone; CPU iPhone OS 12_1_2 like Mac OS X) AppleWebKit/605.1.15 (KHTML, like Gecko) Version/12.0 Mobile/15E148 Safari/604.1"
112.208.167.153 - - [20/Jan/2020:09:03:35 +0800] "GET /1990/FOR_DMO_1990-12.pdf HTTP/1.1" 200 98373 "https://denr.gov.ph/" "Mozilla/5.0 (Windows NT 10.0; Win64; x64) AppleWebKit/537.36 (KHTML, like Gecko) Chrome/79.0.3945.117 Safari/537.36"
112.208.167.153 - - [20/Jan/2020:09:04:34 +0800] "GET /1992/LAN_DAO_1992_11.pdf HTTP/1.1" 200 18879 "https://denr.gov.ph/" "Mozilla/5.0 (Windows NT 10.0; Win64; x64) AppleWebKit/537.36 (KHTML, like Gecko) Chrome/79.0.3945.117 Safari/537.36"
112.208.167.153 - - [20/Jan/2020:09:05:31 +0800] "GET /1993/Land_MC_09.pdf HTTP/1.1" 200 103206 "https://denr.gov.ph/" "Mozilla/5.0 (Windows NT 10.0; Win64; x64) AppleWebKit/537.36 (KHTML, like Gecko) Chrome/79.0.3945.117 Safari/537.36"
112.208.167.153 - - [20/Jan/2020:09:05:49 +0800] "GET /1993/Land_dao93-12.pdf HTTP/1.1" 200 518463 "https://denr.gov.ph/" "Mozilla/5.0 (Windows NT 10.0; Win64; x64) AppleWebKit/537.36 (KHTML, like Gecko) Chrome/79.0.3945.117 Safari/537.36"
112.208.167.153 - - [20/Jan/2020:09:06:21 +0800] "GET /1992/FOR_DMC_92-14.pdf HTTP/1.1" 200 50638 "https://denr.gov.ph/" "Mozilla/5.0 (Windows NT 10.0; Win64; x64) AppleWebKit/537.36 (KHTML, like Gecko) Chrome/79.0.3945.117 Safari/537.36"
202.92.146.208 - - [20/Jan/2020:09:06:47 +0800] "GET /2000/DAO_FMB_2000-21.pdf HTTP/1.1" 200 33721 "https://www.google.com/" "Mozilla/5.0 (Windows NT 6.3; Win64; x64) AppleWebKit/537.36 (KHTML, like Gecko) Chrome/79.0.3945.117 Safari/537.36"
202.92.146.208 - - [20/Jan/2020:09:06:47 +0800] "GET /favicon.ico HTTP/1.1" 404 209 "http://policy.denr.gov.ph/2000/DAO_FMB_2000-21.pdf" "Mozilla/5.0 (Windows NT 6.3; Win64; x64) AppleWebKit/537.36 (KHTML, like Gecko) Chrome/79.0.3945.117 Safari/537.36"
112.208.167.153 - - [20/Jan/2020:09:07:49 +0800] "GET /1993/DAO1993-50.pdf HTTP/1.1" 200 28932 "https://denr.gov.ph/" "Mozilla/5.0 (Windows NT 10.0; Win64; x64) AppleWebKit/537.36 (KHTML, like Gecko) Chrome/79.0.3945.117 Safari/537.36"
120.72.18.180 - - [20/Jan/2020:09:08:39 +0800] "GET /1999/formo99-20.pdf HTTP/1.1" 200 25926 "https://denr.gov.ph/" "Mozilla/5.0 (Windows NT 10.0; Win64; x64) AppleWebKit/537.36 (KHTML, like Gecko) Chrome/79.0.3945.117 Safari/537.36"
120.72.18.180 - - [20/Jan/2020:09:08:41 +0800] "GET /favicon.ico HTTP/1.1" 404 209 "http://policy.denr.gov.ph/1999/formo99-20.pdf" "Mozilla/5.0 (Windows NT 10.0; Win64; x64) AppleWebKit/537.36 (KHTML, like Gecko) Chrome/79.0.3945.117 Safari/537.36"
66.249.79.41 - - [20/Jan/2020:09:09:39 +0800] "GET /1993/FOR_DAO93-43.pdf HTTP/1.1" 200 56931 "-" "Mozilla/5.0 (Linux; Android 6.0.1; Nexus 5X Build/MMB29P) AppleWebKit/537.36 (KHTML, like Gecko) Chrome/41.0.2272.96 Mobile Safari/537.36 (compatible; Googlebot/2.1; +http://www.google.com/bot.html)"
120.72.18.180 - - [20/Jan/2020:09:09:40 +0800] "GET /1999/denrmc99-05.pdf HTTP/1.1" 200 15475 "https://denr.gov.ph/" "Mozilla/5.0 (Windows NT 10.0; Win64; x64) AppleWebKit/537.36 (KHTML, like Gecko) Chrome/79.0.3945.117 Safari/537.36"
120.72.18.180 - - [20/Jan/2020:09:09:55 +0800] "GET /1999/denrmc99-01.pdf HTTP/1.1" 200 20077 "https://denr.gov.ph/" "Mozilla/5.0 (Windows NT 10.0; Win64; x64) AppleWebKit/537.36 (KHTML, like Gecko) Chrome/79.0.3945.117 Safari/537.36"
66.249.79.44 - - [20/Jan/2020:09:10:15 +0800] "GET /1998/admin98-09.pdf HTTP/1.1" 200 21052 "-" "Mozilla/5.0 (Linux; Android 6.0.1; Nexus 5X Build/MMB29P) AppleWebKit/537.36 (KHTML, like Gecko) Chrome/41.0.2272.96 Mobile Safari/537.36 (compatible; Googlebot/2.1; +http://www.google.com/bot.html)"
112.208.167.153 - - [20/Jan/2020:09:10:21 +0800] "GET /1998/jointdenr-dotmemocirc.98-02.pdf HTTP/1.1" 200 32164 "https://denr.gov.ph/" "Mozilla/5.0 (Windows NT 10.0; Win64; x64) AppleWebKit/537.36 (KHTML, like Gecko) Chrome/79.0.3945.117 Safari/537.36"
66.249.79.36 - - [20/Jan/2020:09:11:29 +0800] "GET /1990/FOR_DAO_1990-88.pdf HTTP/1.1" 200 67405 "-" "Mozilla/5.0 (Linux; Android 6.0.1; Nexus 5X Build/MMB29P) AppleWebKit/537.36 (KHTML, like Gecko) Chrome/41.0.2272.96 Mobile Safari/537.36 (compatible; Googlebot/2.1; +http://www.google.com/bot.html)"
66.249.79.44 - - [20/Jan/2020:09:12:06 +0800] "GET /1995/Proclamation1995-635.pdf HTTP/1.1" 200 105593 "-" "Mozilla/5.0 (Linux; Android 6.0.1; Nexus 5X Build/MMB29P) AppleWebKit/537.36 (KHTML, like Gecko) Chrome/41.0.2272.96 Mobile Safari/537.36 (compatible; Googlebot/2.1; +http://www.google.com/bot.html)"
203.160.181.220 - - [20/Jan/2020:09:12:40 +0800] "GET /2001/dao_lands2001-23.pdf HTTP/1.1" 200 20621 "https://denr.gov.ph/" "Mozilla/5.0 (Windows NT 6.3; Win64; x64) AppleWebKit/537.36 (KHTML, like Gecko) Chrome/79.0.3945.130 Safari/537.36"
203.160.181.220 - - [20/Jan/2020:09:12:40 +0800] "GET /favicon.ico HTTP/1.1" 404 209 "http://policy.denr.gov.ph/2001/dao_lands2001-23.pdf" "Mozilla/5.0 (Windows NT 6.3; Win64; x64) AppleWebKit/537.36 (KHTML, like Gecko) Chrome/79.0.3945.130 Safari/537.36"
66.249.79.36 - - [20/Jan/2020:09:12:42 +0800] "GET /2003/dao2003-44.pdf HTTP/1.1" 200 221003 "-" "Mozilla/5.0 (Linux; Android 6.0.1; Nexus 5X Build/MMB29P) AppleWebKit/537.36 (KHTML, like Gecko) Chrome/41.0.2272.96 Mobile Safari/537.36 (compatible; Googlebot/2.1; +http://www.google.com/bot.html)"
66.249.79.44 - - [20/Jan/2020:09:13:19 +0800] "GET /1988/FOR_DMC_1988-08.pdf HTTP/1.1" 200 14812 "-" "Mozilla/5.0 (Linux; Android 6.0.1; Nexus 5X Build/MMB29P) AppleWebKit/537.36 (KHTML, like Gecko) Chrome/41.0.2272.96 Mobile Safari/537.36 (compatible; Googlebot/2.1; +http://www.google.com/bot.html)"
66.249.79.36 - - [20/Jan/2020:09:13:56 +0800] "GET /1994/PAWMC_94-40.pdf HTTP/1.1" 200 23088 "-" "Mozilla/5.0 (Linux; Android 6.0.1; Nexus 5X Build/MMB29P) AppleWebKit/537.36 (KHTML, like Gecko) Chrome/41.0.2272.96 Mobile Safari/537.36 (compatible; Googlebot/2.1; +http://www.google.com/bot.html)"
66.249.79.36 - - [20/Jan/2020:09:14:33 +0800] "GET /1995/FOR_MC1995-12.pdf HTTP/1.1" 200 363524 "-" "Mozilla/5.0 (Linux; Android 6.0.1; Nexus 5X Build/MMB29P) AppleWebKit/537.36 (KHTML, like Gecko) Chrome/41.0.2272.96 Mobile Safari/537.36 (compatible; Googlebot/2.1; +http://www.google.com/bot.html)"
112.208.167.153 - - [20/Jan/2020:09:14:42 +0800] "GET /1999/minesdao99-56.pdf HTTP/1.1" 200 56128 "https://denr.gov.ph/" "Mozilla/5.0 (Windows NT 10.0; Win64; x64) AppleWebKit/537.36 (KHTML, like Gecko) Chrome/79.0.3945.117 Safari/537.36"
112.208.167.153 - - [20/Jan/2020:09:14:48 +0800] "GET /2000/MIN_DMC_2000_01.pdf HTTP/1.1" 200 26251 "https://denr.gov.ph/" "Mozilla/5.0 (Windows NT 10.0; Win64; x64) AppleWebKit/537.36 (KHTML, like Gecko) Chrome/79.0.3945.117 Safari/537.36"
119.93.149.198 - - [20/Jan/2020:09:15:02 +0800] "GET /1997/FOR_DAO-97-32.pdf HTTP/1.1" 200 85020 "-" "Mozilla/5.0 (iPhone; CPU iPhone OS 10_2_1 like Mac OS X) AppleWebKit/602.4.6 (KHTML, like Gecko) Version/10.0 Mobile/14D27 Safari/602.1"
119.93.149.198 - - [20/Jan/2020:09:15:02 +0800] "GET /apple-touch-icon-120x120-precomposed.png HTTP/1.1" 404 238 "-" "MobileSafari/602.1 CFNetwork/808.3 Darwin/16.3.0"
119.93.149.198 - - [20/Jan/2020:09:15:03 +0800] "GET /apple-touch-icon-120x120.png HTTP/1.1" 404 226 "-" "MobileSafari/602.1 CFNetwork/808.3 Darwin/16.3.0"
119.93.149.198 - - [20/Jan/2020:09:15:03 +0800] "GET /apple-touch-icon-precomposed.png HTTP/1.1" 404 230 "-" "MobileSafari/602.1 CFNetwork/808.3 Darwin/16.3.0"
119.93.149.198 - - [20/Jan/2020:09:15:03 +0800] "GET /apple-touch-icon.png HTTP/1.1" 404 218 "-" "MobileSafari/602.1 CFNetwork/808.3 Darwin/16.3.0"
119.93.149.198 - - [20/Jan/2020:09:15:03 +0800] "GET /favicon.ico HTTP/1.1" 404 209 "-" "MobileSafari/602.1 CFNetwork/808.3 Darwin/16.3.0"
119.93.149.198 - - [20/Jan/2020:09:15:03 +0800] "GET /apple-touch-icon-120x120-precomposed.png HTTP/1.1" 404 238 "-" "MobileSafari/602.1 CFNetwork/808.3 Darwin/16.3.0"
119.93.149.198 - - [20/Jan/2020:09:15:03 +0800] "GET /apple-touch-icon-120x120.png HTTP/1.1" 404 226 "-" "MobileSafari/602.1 CFNetwork/808.3 Darwin/16.3.0"
119.93.149.198 - - [20/Jan/2020:09:15:03 +0800] "GET /apple-touch-icon-precomposed.png HTTP/1.1" 404 230 "-" "MobileSafari/602.1 CFNetwork/808.3 Darwin/16.3.0"
119.93.149.198 - - [20/Jan/2020:09:15:03 +0800] "GET /apple-touch-icon.png HTTP/1.1" 404 218 "-" "MobileSafari/602.1 CFNetwork/808.3 Darwin/16.3.0"
119.93.149.198 - - [20/Jan/2020:09:15:03 +0800] "GET /favicon.ico HTTP/1.1" 404 209 "-" "MobileSafari/602.1 CFNetwork/808.3 Darwin/16.3.0"
66.249.79.41 - - [20/Jan/2020:09:15:09 +0800] "GET /2005/special_order/so-2005-757.pdf HTTP/1.1" 200 18540 "-" "Mozilla/5.0 (Linux; Android 6.0.1; Nexus 5X Build/MMB29P) AppleWebKit/537.36 (KHTML, like Gecko) Chrome/41.0.2272.96 Mobile Safari/537.36 (compatible; Googlebot/2.1; +http://www.google.com/bot.html)"
175.176.11.58 - - [20/Jan/2020:09:15:23 +0800] "GET /pol-2000/pol00v2/envdao00.pdf HTTP/1.1" 200 566791 "https://www.google.com/" "Mozilla/5.0 (Linux; Android 7.1.1; CPH1729) AppleWebKit/537.36 (KHTML, like Gecko) Chrome/79.0.3945.116 Mobile Safari/537.36"
66.249.79.41 - - [20/Jan/2020:09:15:46 +0800] "GET /2005/special_order/so-2005-330.pdf HTTP/1.1" 200 19626 "-" "Mozilla/5.0 (Linux; Android 6.0.1; Nexus 5X Build/MMB29P) AppleWebKit/537.36 (KHTML, like Gecko) Chrome/41.0.2272.96 Mobile Safari/537.36 (compatible; Googlebot/2.1; +http://www.google.com/bot.html)"
112.208.167.153 - - [20/Jan/2020:09:16:11 +0800] "GET /2002/dao_2002-19.pdf HTTP/1.1" 200 331843 "https://denr.gov.ph/" "Mozilla/5.0 (Windows NT 10.0; Win64; x64) AppleWebKit/537.36 (KHTML, like Gecko) Chrome/79.0.3945.117 Safari/537.36"
66.249.79.36 - - [20/Jan/2020:09:16:23 +0800] "GET /2005/proclamation/Proc_no879.pdf HTTP/1.1" 200 174938 "-" "Mozilla/5.0 (Linux; Android 6.0.1; Nexus 5X Build/MMB29P) AppleWebKit/537.36 (KHTML, like Gecko) Chrome/41.0.2272.96 Mobile Safari/537.36 (compatible; Googlebot/2.1; +http://www.google.com/bot.html)"
112.208.167.153 - - [20/Jan/2020:09:16:53 +0800] "GET /2004/DMC/DMC-2004-02.pdf HTTP/1.1" 404 222 "https://denr.gov.ph/" "Mozilla/5.0 (Windows NT 10.0; Win64; x64) AppleWebKit/537.36 (KHTML, like Gecko) Chrome/79.0.3945.117 Safari/537.36"
112.208.167.153 - - [20/Jan/2020:09:16:58 +0800] "GET /2003/memorandum_circular/DMC2003-16.pdf HTTP/1.1" 200 122662 "https://denr.gov.ph/" "Mozilla/5.0 (Windows NT 10.0; Win64; x64) AppleWebKit/537.36 (KHTML, like Gecko) Chrome/79.0.3945.117 Safari/537.36"
66.249.79.41 - - [20/Jan/2020:09:17:00 +0800] "GET /2002/mao2002-42.pdf HTTP/1.1" 200 324451 "-" "Mozilla/5.0 (Linux; Android 6.0.1; Nexus 5X Build/MMB29P) AppleWebKit/537.36 (KHTML, like Gecko) Chrome/41.0.2272.96 Mobile Safari/537.36 (compatible; Googlebot/2.1; +http://www.google.com/bot.html)"
66.249.79.41 - - [20/Jan/2020:09:17:36 +0800] "GET /1990/FOR_DAO_1990-62.pdf HTTP/1.1" 200 57735 "-" "Mozilla/5.0 (Linux; Android 6.0.1; Nexus 5X Build/MMB29P) AppleWebKit/537.36 (KHTML, like Gecko) Chrome/41.0.2272.96 Mobile Safari/537.36 (compatible; Googlebot/2.1; +http://www.google.com/bot.html)"
66.249.79.41 - - [20/Jan/2020:09:18:13 +0800] "GET /2005/dao/dao2005-19.pdf HTTP/1.1" 200 44118 "-" "Mozilla/5.0 (Linux; Android 6.0.1; Nexus 5X Build/MMB29P) AppleWebKit/537.36 (KHTML, like Gecko) Chrome/41.0.2272.96 Mobile Safari/537.36 (compatible; Googlebot/2.1; +http://www.google.com/bot.html)"
192.168.46.93 - - [20/Jan/2020:09:18:40 +0800] "GET /favicon.ico HTTP/1.1" 404 209 "http://policy.denr.gov.ph/1993/Land_dao93-02.pdf" "Mozilla/5.0 (Windows NT 10.0; Win64; x64) AppleWebKit/537.36 (KHTML, like Gecko) Chrome/79.0.3945.117 Safari/537.36"
192.168.46.93 - - [20/Jan/2020:09:18:40 +0800] "GET /1993/Land_dao93-02.pdf HTTP/1.1" 200 626291 "-" "Mozilla/5.0 (Windows NT 10.0; Win64; x64) AppleWebKit/537.36 (KHTML, like Gecko) Chrome/79.0.3945.117 Safari/537.36"
66.249.79.36 - - [20/Jan/2020:09:18:50 +0800] "GET /1997/ADM_DMC-97-19.pdf HTTP/1.1" 200 15210 "-" "Mozilla/5.0 (Linux; Android 6.0.1; Nexus 5X Build/MMB29P) AppleWebKit/537.36 (KHTML, like Gecko) Chrome/41.0.2272.96 Mobile Safari/537.36 (compatible; Googlebot/2.1; +http://www.google.com/bot.html)"
112.208.167.153 - - [20/Jan/2020:09:19:04 +0800] "GET /2005/Memorandum_Orders/DMO-2005-17.pdf HTTP/1.1" 404 236 "https://denr.gov.ph/" "Mozilla/5.0 (Windows NT 10.0; Win64; x64) AppleWebKit/537.36 (KHTML, like Gecko) Chrome/79.0.3945.117 Safari/537.36"
66.249.79.36 - - [20/Jan/2020:09:19:27 +0800] "GET /1999/formo99-28.pdf HTTP/1.1" 200 15724 "-" "Mozilla/5.0 (Linux; Android 6.0.1; Nexus 5X Build/MMB29P) AppleWebKit/537.36 (KHTML, like Gecko) Chrome/41.0.2272.96 Mobile Safari/537.36 (compatible; Googlebot/2.1; +http://www.google.com/bot.html)"
66.249.79.41 - - [20/Jan/2020:09:20:03 +0800] "GET /1987/EO_1987_278.pdf HTTP/1.1" 200 94570 "-" "Mozilla/5.0 (Linux; Android 6.0.1; Nexus 5X Build/MMB29P) AppleWebKit/537.36 (KHTML, like Gecko) Chrome/41.0.2272.96 Mobile Safari/537.36 (compatible; Googlebot/2.1; +http://www.google.com/bot.html)"
66.249.82.189 - - [20/Jan/2020:09:20:38 +0800] "GET /1988/PAW_DMO_1988-13.pdf HTTP/1.1" 200 18165 "https://www.google.com/" "Mozilla/5.0 (Linux; Android 9; SM-J730F) AppleWebKit/537.36 (KHTML, like Gecko) Chrome/72.0.3626.121 Mobile Safari/537.36"
49.146.10.219 - - [20/Jan/2020:09:20:39 +0800] "GET /1999/fordao99-34.pdf HTTP/1.1" 200 36493 "https://www.google.com/" "Mozilla/5.0 (Windows NT 6.1; WOW64) AppleWebKit/537.36 (KHTML, like Gecko) Chrome/79.0.3945.117 Safari/537.36"
49.146.10.219 - - [20/Jan/2020:09:20:40 +0800] "GET /favicon.ico HTTP/1.1" 404 209 "http://policy.denr.gov.ph/1999/fordao99-34.pdf" "Mozilla/5.0 (Windows NT 6.1; WOW64) AppleWebKit/537.36 (KHTML, like Gecko) Chrome/79.0.3945.117 Safari/537.36"
66.249.79.36 - - [20/Jan/2020:09:21:17 +0800] "GET /1992/FOR_DAO_1992_06.pdf HTTP/1.1" 200 62708 "-" "Mozilla/5.0 (Linux; Android 6.0.1; Nexus 5X Build/MMB29P) AppleWebKit/537.36 (KHTML, like Gecko) Chrome/41.0.2272.96 Mobile Safari/537.36 (compatible; Googlebot/2.1; +http://www.google.com/bot.html)"
66.249.79.41 - - [20/Jan/2020:09:21:54 +0800] "GET /2005/special_order/so-2005-368.pdf HTTP/1.1" 200 37791 "-" "Mozilla/5.0 (Linux; Android 6.0.1; Nexus 5X Build/MMB29P) AppleWebKit/537.36 (KHTML, like Gecko) Chrome/41.0.2272.96 Mobile Safari/537.36 (compatible; Googlebot/2.1; +http://www.google.com/bot.html)"
180.191.118.30 - - [20/Jan/2020:09:22:37 +0800] "GET /1992/RA_1992_7607.pdf HTTP/1.1" 200 75507 "https://www.google.com/" "Mozilla/5.0 (Windows NT 6.2; Win64; x64) AppleWebKit/537.36 (KHTML, like Gecko) Chrome/79.0.3945.117 Safari/537.36"
192.168.12.139 - - [20/Jan/2020:09:23:32 +0800] "GET /dao2004/dao2004-16.pdf HTTP/1.1" 200 583026 "http://oldwebsite.denr.gov.ph/section-policies/viewrec.php?id=1000&page=15&sort=tl&filter=type&filterID=1&searchword=&fromyear=&frommonth=&fromdate=&toyear=&tomonth=&todate=&dateval=true" "Mozilla/5.0 (Windows NT 6.1) AppleWebKit/537.36 (KHTML, like Gecko) Chrome/79.0.3945.117 Safari/537.36"
192.168.12.139 - - [20/Jan/2020:09:23:32 +0800] "GET /favicon.ico HTTP/1.1" 404 209 "http://policy.denr.gov.ph/dao2004/dao2004-16.pdf" "Mozilla/5.0 (Windows NT 6.1) AppleWebKit/537.36 (KHTML, like Gecko) Chrome/79.0.3945.117 Safari/537.36"
110.54.178.108 - - [20/Jan/2020:09:24:55 +0800] "GET /1997/ENV_DAO-97-05.pdf HTTP/1.1" 200 35973 "-" "Mozilla/5.0 (Linux; Android 9; SM-J810Y) AppleWebKit/537.36 (KHTML, like Gecko) Chrome/78.0.3904.108 Mobile Safari/537.36"
66.249.79.41 - - [20/Jan/2020:09:24:57 +0800] "GET /1990/FOR_DMC_1990-18.pdf HTTP/1.1" 200 33853 "-" "Mozilla/5.0 (Linux; Android 6.0.1; Nexus 5X Build/MMB29P) AppleWebKit/537.36 (KHTML, like Gecko) Chrome/41.0.2272.96 Mobile Safari/537.36 (compatible; Googlebot/2.1; +http://www.google.com/bot.html)"
122.3.85.85 - - [20/Jan/2020:09:28:13 +0800] "GET /basicpol/envcode/pd984.pdf HTTP/1.1" 200 27064 "https://www.google.com/" "Mozilla/5.0 (Windows NT 6.1; Win64; x64) AppleWebKit/537.36 (KHTML, like Gecko) Chrome/79.0.3945.117 Safari/537.36"
122.3.85.85 - - [20/Jan/2020:09:28:14 +0800] "GET /favicon.ico HTTP/1.1" 404 209 "http://policy.denr.gov.ph/basicpol/envcode/pd984.pdf" "Mozilla/5.0 (Windows NT 6.1; Win64; x64) AppleWebKit/537.36 (KHTML, like Gecko) Chrome/79.0.3945.117 Safari/537.36"
119.92.216.120 - - [20/Jan/2020:09:28:55 +0800] "GET /1998/admin98-28.pdf HTTP/1.1" 200 20926 "-" "Dalvik/2.1.0 (Linux; U; Android 9; MAR-LX2 Build/HUAWEIMAR-L22B)"
120.29.113.77 - - [20/Jan/2020:09:28:58 +0800] "GET /2000/DAO_FMB_2000-21.pdf HTTP/1.1" 200 33721 "https://www.google.com/" "Mozilla/5.0 (Macintosh; Intel Mac OS X 10_14_6) AppleWebKit/537.36 (KHTML, like Gecko) Chrome/79.0.3945.117 Safari/537.36"
120.29.113.77 - - [20/Jan/2020:09:29:00 +0800] "GET /favicon.ico HTTP/1.1" 404 209 "http://policy.denr.gov.ph/2000/DAO_FMB_2000-21.pdf" "Mozilla/5.0 (Macintosh; Intel Mac OS X 10_14_6) AppleWebKit/537.36 (KHTML, like Gecko) Chrome/79.0.3945.117 Safari/537.36"
175.176.68.35 - - [20/Jan/2020:09:29:48 +0800] "GET /2001/DENR_MO_2001-11.pdf HTTP/1.1" 200 29820 "https://www.google.com.ph/" "Mozilla/5.0 (Linux; Android 5.1.1; SAMSUNG SM-J700H) AppleWebKit/537.36 (KHTML, like Gecko) SamsungBrowser/10.2 Chrome/71.0.3578.99 Mobile Safari/537.36"
120.29.113.77 - - [20/Jan/2020:09:30:19 +0800] "GET /favicon.ico HTTP/1.1" 404 209 "http://policy.denr.gov.ph/2000/DAO_FMB_2000-21.pdf" "Mozilla/5.0 (Macintosh; Intel Mac OS X 10_14_6) AppleWebKit/537.36 (KHTML, like Gecko) Chrome/79.0.3945.117 Safari/537.36"
66.249.82.187 - - [20/Jan/2020:09:31:16 +0800] "GET /1992/RA_1992_7607.pdf HTTP/1.1" 200 75507 "https://www.google.com/" "Mozilla/5.0 (Linux; Android 8.1.0; vivo 1817) AppleWebKit/537.36 (KHTML, like Gecko) Chrome/79.0.3945.93 Mobile Safari/537.36"
223.25.50.234 - - [20/Jan/2020:09:33:29 +0800] "GET /favicon.ico HTTP/1.1" 404 209 "http://policy.denr.gov.ph/1999/fordao99-34.pdf" "Mozilla/5.0 (Windows NT 6.1) AppleWebKit/537.36 (KHTML, like Gecko) Chrome/79.0.3945.130 Safari/537.36"
66.249.79.41 - - [20/Jan/2020:09:33:31 +0800] "GET /2005/special_order/so-2005-161.pdf HTTP/1.1" 200 55312 "-" "Mozilla/5.0 (Linux; Android 6.0.1; Nexus 5X Build/MMB29P) AppleWebKit/537.36 (KHTML, like Gecko) Chrome/41.0.2272.96 Mobile Safari/537.36 (compatible; Googlebot/2.1; +http://www.google.com/bot.html)"
66.249.82.185 - - [20/Jan/2020:09:33:33 +0800] "GET /2001/DENR_MO_2001-11.pdf HTTP/1.1" 200 29820 "https://www.google.com/" "Mozilla/5.0 (Linux; Android 7.0; SM-J701F) AppleWebKit/537.36 (KHTML, like Gecko) Chrome/78.0.3904.108 Mobile Safari/537.36"
66.249.79.36 - - [20/Jan/2020:09:34:08 +0800] "GET /1991/formc91-3.pdf HTTP/1.1" 200 24107 "-" "Mozilla/5.0 (Linux; Android 6.0.1; Nexus 5X Build/MMB29P) AppleWebKit/537.36 (KHTML, like Gecko) Chrome/41.0.2272.96 Mobile Safari/537.36 (compatible; Googlebot/2.1; +http://www.google.com/bot.html)"
119.92.142.115 - - [20/Jan/2020:09:34:31 +0800] "GET /favicon.ico HTTP/1.1" 404 209 "http://policy.denr.gov.ph/dao2004/dao2004-24.pdf" "Mozilla/5.0 (Windows NT 10.0; Win64; x64) AppleWebKit/537.36 (KHTML, like Gecko) Chrome/79.0.3945.117 Safari/537.36"
119.92.142.115 - - [20/Jan/2020:09:34:31 +0800] "GET /dao2004/dao2004-24.pdf HTTP/1.1" 200 398094 "http://oldwebsite.denr.gov.ph/section-policies/viewrec.php?id=1053&page=14&sort=dt&filter=type&filterID=1&searchword=&fromyear=&frommonth=&fromdate=&toyear=&tomonth=&todate=&dateval=true" "Mozilla/5.0 (Windows NT 10.0; Win64; x64) AppleWebKit/537.36 (KHTML, like Gecko) Chrome/79.0.3945.117 Safari/537.36"
66.249.79.41 - - [20/Jan/2020:09:34:45 +0800] "GET /1987/FOR_DAO_87_44.pdf HTTP/1.1" 200 75438 "-" "Mozilla/5.0 (Linux; Android 6.0.1; Nexus 5X Build/MMB29P) AppleWebKit/537.36 (KHTML, like Gecko) Chrome/41.0.2272.96 Mobile Safari/537.36 (compatible; Googlebot/2.1; +http://www.google.com/bot.html)"
66.249.79.36 - - [20/Jan/2020:09:35:22 +0800] "GET /1992/FOR_DAO_1992_01.pdf HTTP/1.1" 200 18731 "-" "Mozilla/5.0 (Linux; Android 6.0.1; Nexus 5X Build/MMB29P) AppleWebKit/537.36 (KHTML, like Gecko) Chrome/41.0.2272.96 Mobile Safari/537.36 (compatible; Googlebot/2.1; +http://www.google.com/bot.html)"
66.249.79.44 - - [20/Jan/2020:09:35:58 +0800] "GET /2005/special_order/so-2005-215.pdf HTTP/1.1" 200 22914 "-" "Mozilla/5.0 (Linux; Android 6.0.1; Nexus 5X Build/MMB29P) AppleWebKit/537.36 (KHTML, like Gecko) Chrome/41.0.2272.96 Mobile Safari/537.36 (compatible; Googlebot/2.1; +http://www.google.com/bot.html)"
216.244.66.245 - - [20/Jan/2020:09:36:05 +0800] "GET /dao2004/dao2004-24.pdf HTTP/1.1" 200 398094 "-" "Mozilla/5.0 (compatible; DotBot/1.1; http://www.opensiteexplorer.org/dotbot, help@moz.com)"
66.249.79.41 - - [20/Jan/2020:09:36:36 +0800] "GET /1994/ForMO_1994-06.pdf HTTP/1.1" 200 51047 "-" "Mozilla/5.0 (Linux; Android 6.0.1; Nexus 5X Build/MMB29P) AppleWebKit/537.36 (KHTML, like Gecko) Chrome/41.0.2272.96 Mobile Safari/537.36 (compatible; Googlebot/2.1; +http://www.google.com/bot.html)"
66.249.79.36 - - [20/Jan/2020:09:37:12 +0800] "GET /1988/LAN_DAO_1988-04.pdf HTTP/1.1" 200 11418 "-" "Mozilla/5.0 (Linux; Android 6.0.1; Nexus 5X Build/MMB29P) AppleWebKit/537.36 (KHTML, like Gecko) Chrome/41.0.2272.96 Mobile Safari/537.36 (compatible; Googlebot/2.1; +http://www.google.com/bot.html)"
216.244.66.245 - - [20/Jan/2020:09:37:40 +0800] "GET /2000/DENR_DAO_2000-40.pdf HTTP/1.1" 200 28804 "-" "Mozilla/5.0 (compatible; DotBot/1.1; http://www.opensiteexplorer.org/dotbot, help@moz.com)"
216.244.66.245 - - [20/Jan/2020:09:37:43 +0800] "GET /2000/DENR_DAO_2000-77.pdf HTTP/1.1" 200 19403 "-" "Mozilla/5.0 (compatible; DotBot/1.1; http://www.opensiteexplorer.org/dotbot, help@moz.com)"
216.244.66.245 - - [20/Jan/2020:09:37:45 +0800] "GET /pol-1996/dao16.pdf HTTP/1.1" 404 216 "-" "Mozilla/5.0 (compatible; DotBot/1.1; http://www.opensiteexplorer.org/dotbot, help@moz.com)"
216.244.66.245 - - [20/Jan/2020:09:37:45 +0800] "GET /2003/dao2003-20.pdf HTTP/1.1" 200 227156 "-" "Mozilla/5.0 (compatible; DotBot/1.1; http://www.opensiteexplorer.org/dotbot, help@moz.com)"
216.244.66.245 - - [20/Jan/2020:09:37:47 +0800] "GET /1988/FOR_DAO_1988-02.pdf HTTP/1.1" 200 14413 "-" "Mozilla/5.0 (compatible; DotBot/1.1; http://www.opensiteexplorer.org/dotbot, help@moz.com)"
216.244.66.245 - - [20/Jan/2020:09:37:49 +0800] "GET /1992/FOR_DMO_92-04.pdf HTTP/1.1" 200 14969 "-" "Mozilla/5.0 (compatible; DotBot/1.1; http://www.opensiteexplorer.org/dotbot, help@moz.com)"
66.249.79.36 - - [20/Jan/2020:09:37:49 +0800] "GET /2003/dao2003-37.pdf HTTP/1.1" 200 178419 "-" "Mozilla/5.0 (Linux; Android 6.0.1; Nexus 5X Build/MMB29P) AppleWebKit/537.36 (KHTML, like Gecko) Chrome/41.0.2272.96 Mobile Safari/537.36 (compatible; Googlebot/2.1; +http://www.google.com/bot.html)"
216.244.66.245 - - [20/Jan/2020:09:37:50 +0800] "GET /1996/DENR_DAO_1996-33.pdf HTTP/1.1" 200 43198 "-" "Mozilla/5.0 (compatible; DotBot/1.1; http://www.opensiteexplorer.org/dotbot, help@moz.com)"
216.244.66.245 - - [20/Jan/2020:09:37:52 +0800] "GET /2001/DENR_MO_2001-04.pdf HTTP/1.1" 200 14747 "-" "Mozilla/5.0 (compatible; DotBot/1.1; http://www.opensiteexplorer.org/dotbot, help@moz.com)"
216.244.66.245 - - [20/Jan/2020:09:37:53 +0800] "GET /2002/dao_2002-07.pdf HTTP/1.1" 200 27554 "-" "Mozilla/5.0 (compatible; DotBot/1.1; http://www.opensiteexplorer.org/dotbot, help@moz.com)"
216.244.66.245 - - [20/Jan/2020:09:37:48 +0800] "GET /1992/FOR_DAO_1992_20.pdf HTTP/1.1" 200 284931 "-" "Mozilla/5.0 (compatible; DotBot/1.1; http://www.opensiteexplorer.org/dotbot, help@moz.com)"
66.249.79.41 - - [20/Jan/2020:09:38:25 +0800] "GET /2005/special_order/so-2005-355.pdf HTTP/1.1" 200 24518 "-" "Mozilla/5.0 (Linux; Android 6.0.1; Nexus 5X Build/MMB29P) AppleWebKit/537.36 (KHTML, like Gecko) Chrome/41.0.2272.96 Mobile Safari/537.36 (compatible; Googlebot/2.1; +http://www.google.com/bot.html)"
66.249.79.44 - - [20/Jan/2020:09:39:02 +0800] "GET /2005/Memorandum/memo-2005-12-06.pdf HTTP/1.1" 200 35071 "-" "Mozilla/5.0 (Linux; Android 6.0.1; Nexus 5X Build/MMB29P) AppleWebKit/537.36 (KHTML, like Gecko) Chrome/41.0.2272.96 Mobile Safari/537.36 (compatible; Googlebot/2.1; +http://www.google.com/bot.html)"
66.249.79.36 - - [20/Jan/2020:09:39:39 +0800] "GET /1989/DMO1989-04.pdf HTTP/1.1" 200 285255 "-" "Mozilla/5.0 (Linux; Android 6.0.1; Nexus 5X Build/MMB29P) AppleWebKit/537.36 (KHTML, like Gecko) Chrome/41.0.2272.96 Mobile Safari/537.36 (compatible; Googlebot/2.1; +http://www.google.com/bot.html)"
66.102.6.189 - - [20/Jan/2020:09:40:00 +0800] "GET /1999/fordao99-34.pdf HTTP/1.1" 200 36493 "https://www.google.com/" "Mozilla/5.0 (Linux; Android 8.1.0; vivo 1716) AppleWebKit/537.36 (KHTML, like Gecko) Chrome/79.0.3945.116 Mobile Safari/537.36"
216.244.66.245 - - [20/Jan/2020:09:40:09 +0800] "GET /2002/dao_2002-16.pdf HTTP/1.1" 200 154161 "-" "Mozilla/5.0 (compatible; DotBot/1.1; http://www.opensiteexplorer.org/dotbot, help@moz.com)"
66.249.79.44 - - [20/Jan/2020:09:40:16 +0800] "GET /1994/ForDao_1994-13.pdf HTTP/1.1" 200 1933738 "-" "Mozilla/5.0 (Linux; Android 6.0.1; Nexus 5X Build/MMB29P) AppleWebKit/537.36 (KHTML, like Gecko) Chrome/41.0.2272.96 Mobile Safari/537.36 (compatible; Googlebot/2.1; +http://www.google.com/bot.html)"
66.249.79.36 - - [20/Jan/2020:09:40:52 +0800] "GET /dao2001/ HTTP/1.1" 200 894 "-" "Mozilla/5.0 (Linux; Android 6.0.1; Nexus 5X Build/MMB29P) AppleWebKit/537.36 (KHTML, like Gecko) Chrome/41.0.2272.96 Mobile Safari/537.36 (compatible; Googlebot/2.1; +http://www.google.com/bot.html)"
66.249.79.44 - - [20/Jan/2020:09:41:29 +0800] "GET /2006/special_order/so-2006-55.pdf HTTP/1.1" 200 50118 "-" "Mozilla/5.0 (Linux; Android 6.0.1; Nexus 5X Build/MMB29P) AppleWebKit/537.36 (KHTML, like Gecko) Chrome/41.0.2272.96 Mobile Safari/537.36 (compatible; Googlebot/2.1; +http://www.google.com/bot.html)"
66.249.79.36 - - [20/Jan/2020:09:42:06 +0800] "GET /1988/EO_1988-340.pdf HTTP/1.1" 200 14497 "-" "Mozilla/5.0 (Linux; Android 6.0.1; Nexus 5X Build/MMB29P) AppleWebKit/537.36 (KHTML, like Gecko) Chrome/41.0.2272.96 Mobile Safari/537.36 (compatible; Googlebot/2.1; +http://www.google.com/bot.html)"
216.244.66.245 - - [20/Jan/2020:09:42:29 +0800] "GET /1988/PAW_DAO_1988-50.pdf HTTP/1.1" 200 12550 "-" "Mozilla/5.0 (compatible; DotBot/1.1; http://www.opensiteexplorer.org/dotbot, help@moz.com)"
66.249.79.36 - - [20/Jan/2020:09:42:42 +0800] "GET /2005/Memorandum_Orders/mo-2005-13.pdf HTTP/1.1" 200 276250 "-" "Mozilla/5.0 (Linux; Android 6.0.1; Nexus 5X Build/MMB29P) AppleWebKit/537.36 (KHTML, like Gecko) Chrome/41.0.2272.96 Mobile Safari/537.36 (compatible; Googlebot/2.1; +http://www.google.com/bot.html)"
216.244.66.245 - - [20/Jan/2020:09:42:33 +0800] "GET /1994/MC_1994-15.pdf HTTP/1.1" 200 179796 "-" "Mozilla/5.0 (compatible; DotBot/1.1; http://www.opensiteexplorer.org/dotbot, help@moz.com)"
216.244.66.245 - - [20/Jan/2020:09:42:30 +0800] "GET /1989/DMC1989-02.pdf HTTP/1.1" 200 199295 "-" "Mozilla/5.0 (compatible; DotBot/1.1; http://www.opensiteexplorer.org/dotbot, help@moz.com)"
216.244.66.245 - - [20/Jan/2020:09:42:31 +0800] "GET /1990/ENV_DAO_1990-35.pdf HTTP/1.1" 200 476801 "-" "Mozilla/5.0 (compatible; DotBot/1.1; http://www.opensiteexplorer.org/dotbot, help@moz.com)"
103.73.58.91 - - [20/Jan/2020:09:42:52 +0800] "GET /1997/FOR_DAO-97-32.pdf HTTP/1.1" 200 85020 "https://www.google.com/" "Mozilla/5.0 (Linux; Android 7.1.1; CPH1729) AppleWebKit/537.36 (KHTML, like Gecko) Chrome/79.0.3945.116 Mobile Safari/537.36"
66.249.82.187 - - [20/Jan/2020:09:42:55 +0800] "GET /1997/FOR_DAO-97-32.pdf HTTP/1.1" 200 85020 "https://www.google.com/" "Mozilla/5.0 (Linux; Android 9; INE-LX2) AppleWebKit/537.36 (KHTML, like Gecko) Chrome/75.0.3770.101 Mobile Safari/537.36"
66.249.79.36 - - [20/Jan/2020:09:43:19 +0800] "GET /1993/FOR_DAO-93-65.pdf HTTP/1.1" 200 105832 "-" "Mozilla/5.0 (Linux; Android 6.0.1; Nexus 5X Build/MMB29P) AppleWebKit/537.36 (KHTML, like Gecko) Chrome/41.0.2272.96 Mobile Safari/537.36 (compatible; Googlebot/2.1; +http://www.google.com/bot.html)"
66.249.79.41 - - [20/Jan/2020:09:43:56 +0800] "GET /1988/PAW_DAO_1988-57.pdf HTTP/1.1" 200 12734 "-" "Mozilla/5.0 (Linux; Android 6.0.1; Nexus 5X Build/MMB29P) AppleWebKit/537.36 (KHTML, like Gecko) Chrome/41.0.2272.96 Mobile Safari/537.36 (compatible; Googlebot/2.1; +http://www.google.com/bot.html)"
192.168.47.54 - - [20/Jan/2020:09:44:32 +0800] "GET /2000/DAO_FMB_2000-63.pdf HTTP/1.1" 200 25688 "https://www.google.com/" "Mozilla/5.0 (Windows NT 10.0; Win64; x64) AppleWebKit/537.36 (KHTML, like Gecko) Chrome/79.0.3945.88 Safari/537.36"
192.168.47.54 - - [20/Jan/2020:09:44:32 +0800] "GET /favicon.ico HTTP/1.1" 404 209 "http://policy.denr.gov.ph/2000/DAO_FMB_2000-63.pdf" "Mozilla/5.0 (Windows NT 10.0; Win64; x64) AppleWebKit/537.36 (KHTML, like Gecko) Chrome/79.0.3945.88 Safari/537.36"
