66.249.79.36 - - [20/Jan/2020:13:28:45 +0800] "GET /1995/DENR_MO-01.pdf HTTP/1.1" 200 40413 "-" "Mozilla/5.0 (Linux; Android 6.0.1; Nexus 5X Build/MMB29P) AppleWebKit/537.36 (KHTML, like Gecko) Chrome/41.0.2272.96 Mobile Safari/537.36 (compatible; Googlebot/2.1; +http://www.google.com/bot.html)"
122.53.222.251 - - [20/Jan/2020:13:28:12 +0800] "GET /2003/dao2003-29.pdf HTTP/1.1" 200 2267638 "https://denr.gov.ph/" "Mozilla/5.0 (Windows NT 10.0; Win64; x64) AppleWebKit/537.36 (KHTML, like Gecko) Chrome/79.0.3945.117 Safari/537.36"
66.249.79.44 - - [20/Jan/2020:13:29:22 +0800] "GET /1992/FOR_DAO_1992_45.pdf HTTP/1.1" 200 49882 "-" "Mozilla/5.0 (Linux; Android 6.0.1; Nexus 5X Build/MMB29P) AppleWebKit/537.36 (KHTML, like Gecko) Chrome/41.0.2272.96 Mobile Safari/537.36 (compatible; Googlebot/2.1; +http://www.google.com/bot.html)"
110.54.248.160 - - [20/Jan/2020:13:31:19 +0800] "GET /1993/Land_MC_09.pdf HTTP/1.1" 200 103206 "https://www.denr.gov.ph/" "Mozilla/5.0 (Windows NT 6.3; WOW64) AppleWebKit/537.36 (KHTML, like Gecko) Chrome/78.0.3904.108 YaBrowser/19.12.4.25 Yowser/2.5 Safari/537.36"
203.160.165.166 - - [20/Jan/2020:13:33:29 +0800] "GET /2001/DENR_MO_2001-11.pdf HTTP/1.1" 200 29820 "-" "Mozilla/5.0 (Windows NT 10.0; Win64; x64) AppleWebKit/537.36 (KHTML, like Gecko) Chrome/64.0.3282.140 Safari/537.36 Edge/17.17134"
119.93.130.133 - - [20/Jan/2020:13:36:17 +0800] "GET /1993/FOR_MC_1993-21.pdf HTTP/1.1" 200 176593 "https://www.google.com/" "Mozilla/5.0 (Windows NT 10.0; Win64; x64) AppleWebKit/537.36 (KHTML, like Gecko) Chrome/79.0.3945.117 Safari/537.36"
122.53.222.251 - - [20/Jan/2020:13:36:23 +0800] "GET /favicon.ico HTTP/1.1" 404 209 "http://policy.denr.gov.ph/2003/dao2003-29.pdf" "Mozilla/5.0 (Windows NT 6.1; Win64; x64) AppleWebKit/537.36 (KHTML, like Gecko) Chrome/79.0.3945.117 Safari/537.36"
66.249.79.41 - - [20/Jan/2020:13:35:29 +0800] "GET /2003/dao2003-30.pdf HTTP/1.1" 200 2258816 "-" "Mozilla/5.0 (Linux; Android 6.0.1; Nexus 5X Build/MMB29P) AppleWebKit/537.36 (KHTML, like Gecko) Chrome/41.0.2272.96 Mobile Safari/537.36 (compatible; Googlebot/2.1; +http://www.google.com/bot.html)"
122.53.222.251 - - [20/Jan/2020:13:36:23 +0800] "GET /2003/dao2003-29.pdf HTTP/1.1" 200 2267638 "https://denr.gov.ph/" "Mozilla/5.0 (Windows NT 6.1; Win64; x64) AppleWebKit/537.36 (KHTML, like Gecko) Chrome/79.0.3945.117 Safari/537.36"
66.249.79.36 - - [20/Jan/2020:13:38:31 +0800] "GET /2000/ENV_DAO_2000-02.pdf HTTP/1.1" 200 47259 "-" "Mozilla/5.0 (Linux; Android 6.0.1; Nexus 5X Build/MMB29P) AppleWebKit/537.36 (KHTML, like Gecko) Chrome/41.0.2272.96 Mobile Safari/537.36 (compatible; Googlebot/2.1; +http://www.google.com/bot.html)"
27.110.133.146 - - [20/Jan/2020:13:40:09 +0800] "GET /2003/dao2003-24.pdf HTTP/1.1" 206 1 "https://denr.gov.ph/" "Mozilla/5.0 (Windows NT 10.0; Win64; x64) AppleWebKit/537.36 (KHTML, like Gecko) Chrome/79.0.3945.117 Safari/537.36"
27.110.133.146 - - [20/Jan/2020:13:40:14 +0800] "GET /favicon.ico HTTP/1.1" 404 209 "http://policy.denr.gov.ph/2003/dao2003-24.pdf" "Mozilla/5.0 (Windows NT 10.0; Win64; x64) AppleWebKit/537.36 (KHTML, like Gecko) Chrome/79.0.3945.117 Safari/537.36"
27.110.133.146 - - [20/Jan/2020:13:40:09 +0800] "GET /2003/dao2003-24.pdf HTTP/1.1" 206 2737457 "https://denr.gov.ph/" "Mozilla/5.0 (Windows NT 10.0; Win64; x64) AppleWebKit/537.36 (KHTML, like Gecko) Chrome/79.0.3945.117 Safari/537.36"
122.53.222.251 - - [20/Jan/2020:13:41:20 +0800] "GET /2003/dao2003-29.pdf HTTP/1.1" 206 1 "-" "Mozilla/5.0 (Windows NT 10.0; Win64; x64) AppleWebKit/537.36 (KHTML, like Gecko) Chrome/79.0.3945.117 Safari/537.36"
66.249.79.36 - - [20/Jan/2020:13:41:36 +0800] "GET /pol-1998/dao98-24.pdf HTTP/1.1" 304 - "-" "Mozilla/5.0 (Linux; Android 6.0.1; Nexus 5X Build/MMB29P) AppleWebKit/537.36 (KHTML, like Gecko) Chrome/41.0.2272.96 Mobile Safari/537.36 (compatible; Googlebot/2.1; +http://www.google.com/bot.html)"
66.249.79.36 - - [20/Jan/2020:13:41:46 +0800] "GET /2003/dao2003-30.pdf HTTP/1.1" 200 2258816 "-" "Mozilla/5.0 (Linux; Android 6.0.1; Nexus 5X Build/MMB29P) AppleWebKit/537.36 (KHTML, like Gecko) Chrome/41.0.2272.96 Mobile Safari/537.36 (compatible; Googlebot/2.1; +http://www.google.com/bot.html)"
157.167.39.180 - - [20/Jan/2020:13:42:00 +0800] "GET /1992/DENR_DAO_92-26.pdf HTTP/1.1" 200 322915 "https://www.google.com/" "Mozilla/5.0 (Windows NT 10.0; Win64; x64) AppleWebKit/537.36 (KHTML, like Gecko) Chrome/79.0.3945.117 Safari/537.36"
157.167.39.180 - - [20/Jan/2020:13:42:01 +0800] "GET /favicon.ico HTTP/1.1" 404 209 "http://policy.denr.gov.ph/1992/DENR_DAO_92-26.pdf" "Mozilla/5.0 (Windows NT 10.0; Win64; x64) AppleWebKit/537.36 (KHTML, like Gecko) Chrome/79.0.3945.117 Safari/537.36"
122.53.222.251 - - [20/Jan/2020:13:41:21 +0800] "GET /2003/dao2003-29.pdf HTTP/1.1" 206 2174560 "-" "Mozilla/5.0 (Windows NT 10.0; Win64; x64) AppleWebKit/537.36 (KHTML, like Gecko) Chrome/79.0.3945.117 Safari/537.36"
27.110.133.146 - - [20/Jan/2020:13:43:05 +0800] "GET /2003/dao2003-24.pdf HTTP/1.1" 206 637679 "http://policy.denr.gov.ph/2003/dao2003-24.pdf" "Mozilla/5.0 (Windows NT 10.0; Win64; x64) AppleWebKit/537.36 (KHTML, like Gecko) Chrome/79.0.3945.117 Safari/537.36"
207.46.13.126 - - [20/Jan/2020:13:44:07 +0800] "GET /1998/dao98-33.pdf HTTP/1.1" 304 - "-" "Mozilla/5.0 (compatible; bingbot/2.0; +http://www.bing.com/bingbot.htm)"
122.54.201.108 - - [20/Jan/2020:13:45:52 +0800] "GET /dao2004/dao2004-16.pdf HTTP/1.1" 200 583026 "https://denr.gov.ph/" "Mozilla/5.0 (Windows NT 6.1; Win64; x64) AppleWebKit/537.36 (KHTML, like Gecko) Chrome/79.0.3945.117 Safari/537.36"
27.110.133.146 - - [20/Jan/2020:13:43:12 +0800] "GET /2003/dao2003-24.pdf HTTP/1.1" 206 1638400 "http://policy.denr.gov.ph/2003/dao2003-24.pdf" "Mozilla/5.0 (Windows NT 10.0; Win64; x64) AppleWebKit/537.36 (KHTML, like Gecko) Chrome/79.0.3945.117 Safari/537.36"
207.46.13.5 - - [20/Jan/2020:13:46:15 +0800] "GET /dao2004/dao2004-28.pdf HTTP/1.1" 304 - "-" "Mozilla/5.0 (compatible; bingbot/2.0; +http://www.bing.com/bingbot.htm)"
207.46.13.5 - - [20/Jan/2020:13:46:15 +0800] "GET /1987/FOR_DAO_87_78.pdf HTTP/1.1" 200 52013 "-" "Mozilla/5.0 (compatible; bingbot/2.0; +http://www.bing.com/bingbot.htm)"
207.46.13.5 - - [20/Jan/2020:13:46:19 +0800] "GET /1991/fordao91-54.pdf HTTP/1.1" 304 - "-" "Mozilla/5.0 (compatible; bingbot/2.0; +http://www.bing.com/bingbot.htm)"
207.46.13.5 - - [20/Jan/2020:13:46:20 +0800] "GET /1998/proclamation98-32.pdf HTTP/1.1" 200 18885 "-" "Mozilla/5.0 (compatible; bingbot/2.0; +http://www.bing.com/bingbot.htm)"
122.54.201.108 - - [20/Jan/2020:13:46:43 +0800] "GET /2000/DAO_FMB_2000-63.pdf HTTP/1.1" 200 25688 "https://www.google.com/" "Mozilla/5.0 (Windows NT 6.1; Win64; x64) AppleWebKit/537.36 (KHTML, like Gecko) Chrome/79.0.3945.117 Safari/537.36"
66.249.79.44 - - [20/Jan/2020:13:47:07 +0800] "GET /1997/ADM_DAO-97-25.pdf HTTP/1.1" 200 16266 "-" "Mozilla/5.0 (Linux; Android 6.0.1; Nexus 5X Build/MMB29P) AppleWebKit/537.36 (KHTML, like Gecko) Chrome/41.0.2272.96 Mobile Safari/537.36 (compatible; Googlebot/2.1; +http://www.google.com/bot.html)"
122.53.222.251 - - [20/Jan/2020:13:47:37 +0800] "GET /favicon.ico HTTP/1.1" 404 209 "http://policy.denr.gov.ph/2003/dao2003-29.pdf" "Mozilla/5.0 (Windows NT 6.1; Win64; x64) AppleWebKit/537.36 (KHTML, like Gecko) Chrome/79.0.3945.117 Safari/537.36"
66.249.79.36 - - [20/Jan/2020:13:47:44 +0800] "GET /1988/FOR_DAO_1988-74.pdf HTTP/1.1" 200 13566 "-" "Mozilla/5.0 (Linux; Android 6.0.1; Nexus 5X Build/MMB29P) AppleWebKit/537.36 (KHTML, like Gecko) Chrome/41.0.2272.96 Mobile Safari/537.36 (compatible; Googlebot/2.1; +http://www.google.com/bot.html)"
45.114.134.180 - - [20/Jan/2020:13:47:48 +0800] "GET /2000/ENV_DAO_2000-81.pdf HTTP/1.1" 200 299209 "https://www.google.com/" "Mozilla/5.0 (Windows NT 6.1) AppleWebKit/537.36 (KHTML, like Gecko) Chrome/79.0.3945.117 Safari/537.36"
45.114.134.180 - - [20/Jan/2020:13:47:51 +0800] "GET /favicon.ico HTTP/1.1" 404 209 "http://policy.denr.gov.ph/2000/ENV_DAO_2000-81.pdf" "Mozilla/5.0 (Windows NT 6.1) AppleWebKit/537.36 (KHTML, like Gecko) Chrome/79.0.3945.117 Safari/537.36"
49.145.200.199 - - [20/Jan/2020:13:47:55 +0800] "GET /1999/fordao99-34.pdf HTTP/1.1" 200 36493 "-" "Mozilla/5.0 (Windows NT 6.3; Win64; x64) AppleWebKit/537.36 (KHTML, like Gecko) Chrome/79.0.3945.130 Safari/537.36"
49.145.200.199 - - [20/Jan/2020:13:47:56 +0800] "GET /favicon.ico HTTP/1.1" 404 209 "http://policy.denr.gov.ph/1999/fordao99-34.pdf" "Mozilla/5.0 (Windows NT 6.3; Win64; x64) AppleWebKit/537.36 (KHTML, like Gecko) Chrome/79.0.3945.130 Safari/537.36"
66.249.79.36 - - [20/Jan/2020:13:48:20 +0800] "GET /2002/dao_2002-11.pdf HTTP/1.1" 200 41200 "-" "Mozilla/5.0 (Linux; Android 6.0.1; Nexus 5X Build/MMB29P) AppleWebKit/537.36 (KHTML, like Gecko) Chrome/41.0.2272.96 Mobile Safari/537.36 (compatible; Googlebot/2.1; +http://www.google.com/bot.html)"
122.53.222.251 - - [20/Jan/2020:13:47:37 +0800] "GET /2003/dao2003-29.pdf HTTP/1.1" 200 2267638 "https://denr.gov.ph/" "Mozilla/5.0 (Windows NT 6.1; Win64; x64) AppleWebKit/537.36 (KHTML, like Gecko) Chrome/79.0.3945.117 Safari/537.36"
66.249.79.41 - - [20/Jan/2020:13:48:57 +0800] "GET /1992/DENR_DAO_92-14.pdf HTTP/1.1" 200 55297 "-" "Mozilla/5.0 (Linux; Android 6.0.1; Nexus 5X Build/MMB29P) AppleWebKit/537.36 (KHTML, like Gecko) Chrome/41.0.2272.96 Mobile Safari/537.36 (compatible; Googlebot/2.1; +http://www.google.com/bot.html)"
207.46.13.5 - - [20/Jan/2020:13:49:22 +0800] "GET /2005/special_order/so-2005-353.pdf HTTP/1.1" 304 - "-" "Mozilla/5.0 (compatible; bingbot/2.0; +http://www.bing.com/bingbot.htm)"
66.249.79.36 - - [20/Jan/2020:13:49:34 +0800] "GET /pol-1993/admo93.pdf HTTP/1.1" 200 4796642 "-" "Mozilla/5.0 (Linux; Android 6.0.1; Nexus 5X Build/MMB29P) AppleWebKit/537.36 (KHTML, like Gecko) Chrome/41.0.2272.96 Mobile Safari/537.36 (compatible; Googlebot/2.1; +http://www.google.com/bot.html)"
66.249.79.44 - - [20/Jan/2020:13:50:11 +0800] "GET /1987/PAWB_DAO_87_52.pdf HTTP/1.1" 200 42353 "-" "Mozilla/5.0 (Linux; Android 6.0.1; Nexus 5X Build/MMB29P) AppleWebKit/537.36 (KHTML, like Gecko) Chrome/41.0.2272.96 Mobile Safari/537.36 (compatible; Googlebot/2.1; +http://www.google.com/bot.html)"
207.46.13.126 - - [20/Jan/2020:13:50:17 +0800] "GET /1999/fordao99-53.pdf HTTP/1.1" 304 - "-" "Mozilla/5.0 (compatible; bingbot/2.0; +http://www.bing.com/bingbot.htm)"
120.29.78.217 - - [20/Jan/2020:13:50:11 +0800] "GET /pol-1998/SrvyMnl.pdf HTTP/1.1" 200 8138333 "-" "Mozilla/5.0 (iPhone; CPU iPhone OS 12_4_1 like Mac OS X) AppleWebKit/605.1.15 (KHTML, like Gecko) Version/12.1.2 Mobile/15E148 Safari/604.1"
66.249.79.36 - - [20/Jan/2020:13:50:47 +0800] "GET /1996/FOR_DAO_1996-14.pdf HTTP/1.1" 200 14639 "-" "Mozilla/5.0 (Linux; Android 6.0.1; Nexus 5X Build/MMB29P) AppleWebKit/537.36 (KHTML, like Gecko) Chrome/41.0.2272.96 Mobile Safari/537.36 (compatible; Googlebot/2.1; +http://www.google.com/bot.html)"
66.249.79.36 - - [20/Jan/2020:13:51:24 +0800] "GET /2005/special_order/so-2005-230.pdf HTTP/1.1" 200 80921 "-" "Mozilla/5.0 (Linux; Android 6.0.1; Nexus 5X Build/MMB29P) AppleWebKit/537.36 (KHTML, like Gecko) Chrome/41.0.2272.96 Mobile Safari/537.36 (compatible; Googlebot/2.1; +http://www.google.com/bot.html)"
122.53.222.251 - - [20/Jan/2020:13:51:59 +0800] "GET /2003/dao2003-29.pdf HTTP/1.1" 206 629238 "http://policy.denr.gov.ph/2003/dao2003-29.pdf" "Mozilla/5.0 (Windows NT 6.1; Win64; x64) AppleWebKit/537.36 (KHTML, like Gecko) Chrome/79.0.3945.117 Safari/537.36"
122.53.222.251 - - [20/Jan/2020:13:52:02 +0800] "GET /2003/dao2003-29.pdf HTTP/1.1" 206 983040 "http://policy.denr.gov.ph/2003/dao2003-29.pdf" "Mozilla/5.0 (Windows NT 6.1; Win64; x64) AppleWebKit/537.36 (KHTML, like Gecko) Chrome/79.0.3945.117 Safari/537.36"
66.249.79.41 - - [20/Jan/2020:13:52:02 +0800] "GET /1995/DENR_DAO1995-20.pdf HTTP/1.1" 200 30093 "-" "Mozilla/5.0 (Linux; Android 6.0.1; Nexus 5X Build/MMB29P) AppleWebKit/537.36 (KHTML, like Gecko) Chrome/41.0.2272.96 Mobile Safari/537.36 (compatible; Googlebot/2.1; +http://www.google.com/bot.html)"
124.106.166.176 - - [20/Jan/2020:13:52:32 +0800] "GET /favicon.ico HTTP/1.1" 404 209 "-" "Mozilla/5.0 (Windows NT 10.0; WOW64) AppleWebKit/537.36 (KHTML, like Gecko) Chrome/78.0.3904.108 Safari/537.36 OPR/65.0.3467.78"
66.249.79.36 - - [20/Jan/2020:13:52:38 +0800] "GET /1998/denrmc98-19.pdf HTTP/1.1" 200 14059 "-" "Mozilla/5.0 (Linux; Android 6.0.1; Nexus 5X Build/MMB29P) AppleWebKit/537.36 (KHTML, like Gecko) Chrome/41.0.2272.96 Mobile Safari/537.36 (compatible; Googlebot/2.1; +http://www.google.com/bot.html)"
66.249.79.36 - - [20/Jan/2020:13:53:14 +0800] "GET /2005/special_order/so-2005-101.pdf HTTP/1.1" 200 137589 "-" "Mozilla/5.0 (Linux; Android 6.0.1; Nexus 5X Build/MMB29P) AppleWebKit/537.36 (KHTML, like Gecko) Chrome/41.0.2272.96 Mobile Safari/537.36 (compatible; Googlebot/2.1; +http://www.google.com/bot.html)"
110.54.238.44 - - [20/Jan/2020:13:53:39 +0800] "GET /1988/FOR_DAO_1988-97.pdf HTTP/1.1" 200 55558 "https://www.google.com/" "Mozilla/5.0 (Windows NT 10.0; Win64; x64) AppleWebKit/537.36 (KHTML, like Gecko) Chrome/79.0.3945.117 Safari/537.36"
66.249.79.36 - - [20/Jan/2020:13:53:51 +0800] "GET /2005/special_order/so-2005-98.pdf HTTP/1.1" 200 60987 "-" "Mozilla/5.0 (Linux; Android 6.0.1; Nexus 5X Build/MMB29P) AppleWebKit/537.36 (KHTML, like Gecko) Chrome/41.0.2272.96 Mobile Safari/537.36 (compatible; Googlebot/2.1; +http://www.google.com/bot.html)"
110.54.238.44 - - [20/Jan/2020:13:53:57 +0800] "GET /favicon.ico HTTP/1.1" 404 209 "http://policy.denr.gov.ph/1988/FOR_DAO_1988-97.pdf" "Mozilla/5.0 (Windows NT 10.0; Win64; x64) AppleWebKit/537.36 (KHTML, like Gecko) Chrome/79.0.3945.117 Safari/537.36"
66.249.79.41 - - [20/Jan/2020:13:54:28 +0800] "GET /2005/special_order/so-2005-92.pdf HTTP/1.1" 200 87982 "-" "Mozilla/5.0 (Linux; Android 6.0.1; Nexus 5X Build/MMB29P) AppleWebKit/537.36 (KHTML, like Gecko) Chrome/41.0.2272.96 Mobile Safari/537.36 (compatible; Googlebot/2.1; +http://www.google.com/bot.html)"
112.198.54.42 - - [20/Jan/2020:13:54:58 +0800] "GET /2000/JT_CIR_DOF-DBM.pdf HTTP/1.1" 200 32243 "https://www.google.com/" "Mozilla/5.0 (iPhone; CPU iPhone OS 13_3 like Mac OS X) AppleWebKit/605.1.15 (KHTML, like Gecko) CriOS/79.0.3945.73 Mobile/15E148 Safari/604.1"
66.249.79.36 - - [20/Jan/2020:13:55:04 +0800] "GET /dao2004/dao2004-63.pdf HTTP/1.1" 200 87379 "-" "Mozilla/5.0 (Linux; Android 6.0.1; Nexus 5X Build/MMB29P) AppleWebKit/537.36 (KHTML, like Gecko) Chrome/41.0.2272.96 Mobile Safari/537.36 (compatible; Googlebot/2.1; +http://www.google.com/bot.html)"
66.249.79.41 - - [20/Jan/2020:13:55:14 +0800] "GET /1988/FOR_DAO_1988-37.pdf HTTP/1.1" 200 11637 "-" "Mozilla/5.0 (Linux; Android 6.0.1; Nexus 5X Build/MMB29P) AppleWebKit/537.36 (KHTML, like Gecko) Chrome/41.0.2272.96 Mobile Safari/537.36 (compatible; Googlebot/2.1; +http://www.google.com/bot.html)"
175.158.209.48 - - [20/Jan/2020:13:55:34 +0800] "GET /dao2004/dao2004-33.pdf HTTP/1.1" 200 642485 "https://denr.gov.ph/" "Mozilla/5.0 (Linux; Android 5.1; MyPhone MY35) AppleWebKit/537.36 (KHTML, like Gecko) Chrome/78.0.3904.62 Mobile Safari/537.36"
66.249.79.36 - - [20/Jan/2020:13:55:41 +0800] "GET /memo_circular2004/memorandum_circular2004-14.pdf HTTP/1.1" 200 393563 "-" "Mozilla/5.0 (Linux; Android 6.0.1; Nexus 5X Build/MMB29P) AppleWebKit/537.36 (KHTML, like Gecko) Chrome/41.0.2272.96 Mobile Safari/537.36 (compatible; Googlebot/2.1; +http://www.google.com/bot.html)"
13.66.139.0 - - [20/Jan/2020:13:55:53 +0800] "GET /2000/JT_MO_DENR_DA_DILG_DND_2000_01.pdf HTTP/1.1" 304 - "-" "Mozilla/5.0 (compatible; bingbot/2.0; +http://www.bing.com/bingbot.htm)"
203.82.36.105 - - [20/Jan/2020:13:56:58 +0800] "GET /1997/FOR_DMC-97-12.pdf HTTP/1.1" 200 36286 "https://www.google.com/" "Mozilla/5.0 (Windows NT 10.0; Win64; x64) AppleWebKit/537.36 (KHTML, like Gecko) Chrome/79.0.3945.117 Safari/537.36"
203.82.36.105 - - [20/Jan/2020:13:57:01 +0800] "GET /favicon.ico HTTP/1.1" 404 209 "http://policy.denr.gov.ph/1997/FOR_DMC-97-12.pdf" "Mozilla/5.0 (Windows NT 10.0; Win64; x64) AppleWebKit/537.36 (KHTML, like Gecko) Chrome/79.0.3945.117 Safari/537.36"
103.80.142.30 - - [20/Jan/2020:14:00:24 +0800] "GET /2000/DENR_MO_2000-04.pdf HTTP/1.1" 200 20594 "https://www.google.com/" "Mozilla/5.0 (Windows NT 10.0; Win64; x64) AppleWebKit/537.36 (KHTML, like Gecko) Chrome/79.0.3945.117 Safari/537.36"
103.80.142.30 - - [20/Jan/2020:14:00:24 +0800] "GET /favicon.ico HTTP/1.1" 404 209 "http://policy.denr.gov.ph/2000/DENR_MO_2000-04.pdf" "Mozilla/5.0 (Windows NT 10.0; Win64; x64) AppleWebKit/537.36 (KHTML, like Gecko) Chrome/79.0.3945.117 Safari/537.36"
110.54.242.100 - - [20/Jan/2020:14:00:52 +0800] "GET /1999/fordao99-34.pdf HTTP/1.1" 200 36493 "https://www.google.com/" "Mozilla/5.0 (Windows NT 6.1; Win64; x64) AppleWebKit/537.36 (KHTML, like Gecko) Chrome/79.0.3945.117 Safari/537.36"
110.54.242.100 - - [20/Jan/2020:14:00:52 +0800] "GET /favicon.ico HTTP/1.1" 404 209 "http://policy.denr.gov.ph/1999/fordao99-34.pdf" "Mozilla/5.0 (Windows NT 6.1; Win64; x64) AppleWebKit/537.36 (KHTML, like Gecko) Chrome/79.0.3945.117 Safari/537.36"
121.127.9.194 - - [20/Jan/2020:14:01:21 +0800] "GET /1988/DENR_DAO_1988-20.pdf HTTP/1.1" 200 34773 "https://denr.gov.ph/" "Mozilla/5.0 (Windows NT 10.0; Win64; x64) AppleWebKit/537.36 (KHTML, like Gecko) Chrome/79.0.3945.117 Safari/537.36"
121.127.9.194 - - [20/Jan/2020:14:01:21 +0800] "GET /favicon.ico HTTP/1.1" 404 209 "http://policy.denr.gov.ph/1988/DENR_DAO_1988-20.pdf" "Mozilla/5.0 (Windows NT 10.0; Win64; x64) AppleWebKit/537.36 (KHTML, like Gecko) Chrome/79.0.3945.117 Safari/537.36"
66.249.79.36 - - [20/Jan/2020:14:04:12 +0800] "GET /2000/DAO_FMB_2000-55.pdf HTTP/1.1" 200 46704 "-" "Mozilla/5.0 (Linux; Android 6.0.1; Nexus 5X Build/MMB29P) AppleWebKit/537.36 (KHTML, like Gecko) Chrome/41.0.2272.96 Mobile Safari/537.36 (compatible; Googlebot/2.1; +http://www.google.com/bot.html)"
49.145.200.199 - - [20/Jan/2020:14:04:42 +0800] "GET /2000/DAO_FMB_2000-63.pdf HTTP/1.1" 200 25688 "-" "Mozilla/5.0 (Windows NT 6.3; Win64; x64) AppleWebKit/537.36 (KHTML, like Gecko) Chrome/79.0.3945.130 Safari/537.36"
110.54.136.116 - - [20/Jan/2020:14:07:03 +0800] "GET /1997/ENV_DAO-97-05.pdf HTTP/1.1" 200 35973 "-" "Dalvik/2.1.0 (Linux; U; Android 8.1.0; vivo 1820 Build/O11019)"
49.145.109.111 - - [20/Jan/2020:14:08:03 +0800] "GET /2000/DAO_FMB_2000-35.pdf HTTP/1.1" 200 21202 "https://denr.gov.ph/" "Mozilla/5.0 (Windows NT 6.1; WOW64) AppleWebKit/537.36 (KHTML, like Gecko) Chrome/63.0.3236.0 Safari/537.36"
49.145.109.111 - - [20/Jan/2020:14:08:03 +0800] "GET /favicon.ico HTTP/1.1" 404 209 "http://policy.denr.gov.ph/2000/DAO_FMB_2000-35.pdf" "Mozilla/5.0 (Windows NT 6.1; WOW64) AppleWebKit/537.36 (KHTML, like Gecko) Chrome/63.0.3236.0 Safari/537.36"
175.176.91.28 - - [20/Jan/2020:14:09:20 +0800] "GET /dao2004/dao2004-59.pdf HTTP/1.1" 200 1293457 "https://denr.gov.ph/" "Mozilla/5.0 (Linux; Android 9; SM-A705MN) AppleWebKit/537.36 (KHTML, like Gecko) Chrome/78.0.3904.108 Mobile Safari/537.36"
192.168.13.219 - - [20/Jan/2020:14:13:30 +0800] "GET /2005/dao/dao2005-18.pdf HTTP/1.1" 200 216490 "-" "Mozilla/5.0 (Windows NT 10.0; Win64; x64) AppleWebKit/537.36 (KHTML, like Gecko) Chrome/79.0.3945.117 Safari/537.36"
192.168.13.219 - - [20/Jan/2020:14:13:30 +0800] "GET /favicon.ico HTTP/1.1" 404 209 "http://policy.denr.gov.ph/2005/dao/dao2005-18.pdf" "Mozilla/5.0 (Windows NT 10.0; Win64; x64) AppleWebKit/537.36 (KHTML, like Gecko) Chrome/79.0.3945.117 Safari/537.36"
121.58.221.5 - - [20/Jan/2020:14:14:01 +0800] "GET /1999/fordao99-34.pdf HTTP/1.1" 200 36493 "https://www.google.com/" "Mozilla/5.0 (Windows NT 10.0; Win64; x64) AppleWebKit/537.36 (KHTML, like Gecko) Chrome/79.0.3945.117 Safari/537.36"
121.58.221.5 - - [20/Jan/2020:14:14:01 +0800] "GET /favicon.ico HTTP/1.1" 404 209 "http://policy.denr.gov.ph/1999/fordao99-34.pdf" "Mozilla/5.0 (Windows NT 10.0; Win64; x64) AppleWebKit/537.36 (KHTML, like Gecko) Chrome/79.0.3945.117 Safari/537.36"
119.92.216.120 - - [20/Jan/2020:14:14:53 +0800] "GET /favicon.ico HTTP/1.1" 404 209 "http://policy.denr.gov.ph/2003/dao2003-29.pdf" "Mozilla/5.0 (Windows NT 10.0; Win64; x64) AppleWebKit/537.36 (KHTML, like Gecko) Chrome/79.0.3945.117 Safari/537.36"
66.249.79.44 - - [20/Jan/2020:14:16:06 +0800] "GET /1999/fordao99-53.pdf HTTP/1.1" 304 - "-" "Mozilla/5.0 (Linux; Android 6.0.1; Nexus 5X Build/MMB29P) AppleWebKit/537.36 (KHTML, like Gecko) Chrome/41.0.2272.96 Mobile Safari/537.36 (compatible; Googlebot/2.1; +http://www.google.com/bot.html)"
49.147.157.26 - - [20/Jan/2020:14:16:09 +0800] "GET /favicon.ico HTTP/1.1" 404 209 "http://policy.denr.gov.ph/CBFMDvlv/cbfmPol.pdf" "Mozilla/5.0 (Windows NT 6.1) AppleWebKit/537.36 (KHTML, like Gecko) Chrome/79.0.3945.130 Safari/537.36"
49.147.157.26 - - [20/Jan/2020:14:16:08 +0800] "GET /CBFMDvlv/cbfmPol.pdf HTTP/1.1" 200 476058 "https://www.google.com.ph/" "Mozilla/5.0 (Windows NT 6.1) AppleWebKit/537.36 (KHTML, like Gecko) Chrome/79.0.3945.130 Safari/537.36"
66.249.79.41 - - [20/Jan/2020:14:16:18 +0800] "GET /1995/DENR_DAO1995-01.pdf HTTP/1.1" 200 150442 "-" "Mozilla/5.0 (Linux; Android 6.0.1; Nexus 5X Build/MMB29P) AppleWebKit/537.36 (KHTML, like Gecko) Chrome/41.0.2272.96 Mobile Safari/537.36 (compatible; Googlebot/2.1; +http://www.google.com/bot.html)"
49.145.109.111 - - [20/Jan/2020:14:16:40 +0800] "GET /pol-1996/dao24.pdf HTTP/1.1" 404 216 "https://denr.gov.ph/" "Mozilla/5.0 (Windows NT 6.1; WOW64) AppleWebKit/537.36 (KHTML, like Gecko) Chrome/63.0.3236.0 Safari/537.36"
119.92.216.120 - - [20/Jan/2020:14:14:52 +0800] "GET /2003/dao2003-29.pdf HTTP/1.1" 200 2267638 "https://search.yahoo.com/" "Mozilla/5.0 (Windows NT 10.0; Win64; x64) AppleWebKit/537.36 (KHTML, like Gecko) Chrome/79.0.3945.117 Safari/537.36"
49.145.109.111 - - [20/Jan/2020:14:17:02 +0800] "GET /pol-1996/dao24.pdf HTTP/1.1" 404 216 "https://denr.gov.ph/" "Mozilla/5.0 (Windows NT 6.1; WOW64) AppleWebKit/537.36 (KHTML, like Gecko) Chrome/63.0.3236.0 Safari/537.36"
49.145.109.111 - - [20/Jan/2020:14:17:07 +0800] "GET /pol-1996/dao24.pdf HTTP/1.1" 404 216 "https://denr.gov.ph/" "Mozilla/5.0 (Windows NT 6.1; WOW64) AppleWebKit/537.36 (KHTML, like Gecko) Chrome/63.0.3236.0 Safari/537.36"
49.145.109.111 - - [20/Jan/2020:14:17:26 +0800] "GET /1996/FOR_DAO_1996-24.pdf HTTP/1.1" 200 55397 "https://denr.gov.ph/" "Mozilla/5.0 (Windows NT 6.1; WOW64) AppleWebKit/537.36 (KHTML, like Gecko) Chrome/63.0.3236.0 Safari/537.36"
175.158.208.183 - - [20/Jan/2020:14:19:41 +0800] "GET /2001/DENR_MO_2001-11.pdf HTTP/1.1" 200 29820 "-" "Dalvik/2.1.0 (Linux; U; Android 7.0; vivo 1714 Build/NRD90M)"
66.249.79.36 - - [20/Jan/2020:14:19:46 +0800] "GET /1993/FOR_MC_1993-04.pdf HTTP/1.1" 200 973537 "-" "Mozilla/5.0 (Linux; Android 6.0.1; Nexus 5X Build/MMB29P) AppleWebKit/537.36 (KHTML, like Gecko) Chrome/41.0.2272.96 Mobile Safari/537.36 (compatible; Googlebot/2.1; +http://www.google.com/bot.html)"
112.205.190.132 - - [20/Jan/2020:14:21:11 +0800] "GET /2001/DENR_MO_2001-11.pdf HTTP/1.1" 200 29820 "https://www.google.com/" "Mozilla/5.0 (Windows NT 6.1) AppleWebKit/537.36 (KHTML, like Gecko) Chrome/79.0.3945.130 Safari/537.36"
112.205.190.132 - - [20/Jan/2020:14:21:11 +0800] "GET /2001/DENR_MO_2001-11.pdf HTTP/1.1" 200 29820 "https://www.google.com/" "Mozilla/5.0 (Windows NT 6.1) AppleWebKit/537.36 (KHTML, like Gecko) Chrome/79.0.3945.130 Safari/537.36"
112.205.190.132 - - [20/Jan/2020:14:21:13 +0800] "GET /favicon.ico HTTP/1.1" 404 209 "http://policy.denr.gov.ph/2001/DENR_MO_2001-11.pdf" "Mozilla/5.0 (Windows NT 6.1) AppleWebKit/537.36 (KHTML, like Gecko) Chrome/79.0.3945.130 Safari/537.36"
49.145.163.142 - - [20/Jan/2020:14:24:36 +0800] "GET /pol-1992/envdao92.pdf HTTP/1.1" 200 1268902 "https://ph.search.yahoo.com/" "Mozilla/5.0 (Windows NT 10.0; Win64; x64) AppleWebKit/537.36 (KHTML, like Gecko) Chrome/79.0.3945.117 Safari/537.36"
49.145.163.142 - - [20/Jan/2020:14:24:37 +0800] "GET /favicon.ico HTTP/1.1" 404 209 "http://policy.denr.gov.ph/pol-1992/envdao92.pdf" "Mozilla/5.0 (Windows NT 10.0; Win64; x64) AppleWebKit/537.36 (KHTML, like Gecko) Chrome/79.0.3945.117 Safari/537.36"
66.249.79.36 - - [20/Jan/2020:14:25:56 +0800] "GET /robots.txt HTTP/1.1" 404 208 "-" "Mozilla/5.0 (compatible; Googlebot/2.1; +http://www.google.com/bot.html)"
49.147.195.248 - - [20/Jan/2020:14:26:33 +0800] "GET /basicpol/lancode/ca141.pdf HTTP/1.1" 200 84831 "https://www.google.com/" "Mozilla/5.0 (Windows NT 6.3; Win64; x64; rv:73.0) Gecko/20100101 Firefox/73.0"
49.147.195.248 - - [20/Jan/2020:14:26:34 +0800] "GET /favicon.ico HTTP/1.1" 404 209 "-" "Mozilla/5.0 (Windows NT 6.3; Win64; x64; rv:73.0) Gecko/20100101 Firefox/73.0"
121.127.9.194 - - [20/Jan/2020:14:26:54 +0800] "GET /1990/DENR_DAO_1990-38.pdf HTTP/1.1" 200 884228 "https://denr.gov.ph/" "Mozilla/5.0 (Windows NT 10.0; Win64; x64) AppleWebKit/537.36 (KHTML, like Gecko) Chrome/79.0.3945.117 Safari/537.36"
216.244.66.245 - - [20/Jan/2020:14:28:13 +0800] "GET /1999/dao99-38.pdf HTTP/1.1" 200 23721 "-" "Mozilla/5.0 (compatible; DotBot/1.1; http://www.opensiteexplorer.org/dotbot, help@moz.com)"
216.244.66.245 - - [20/Jan/2020:14:28:16 +0800] "GET /2000/MIN_DAO_2000_99.pdf HTTP/1.1" 200 55889 "-" "Mozilla/5.0 (compatible; DotBot/1.1; http://www.opensiteexplorer.org/dotbot, help@moz.com)"
216.244.66.245 - - [20/Jan/2020:14:28:23 +0800] "GET /1989/DAO1989-82.pdf HTTP/1.1" 200 54683 "-" "Mozilla/5.0 (compatible; DotBot/1.1; http://www.opensiteexplorer.org/dotbot, help@moz.com)"
216.244.66.245 - - [20/Jan/2020:14:28:25 +0800] "GET /1990/FOR_DAO_1990-62.pdf HTTP/1.1" 200 57735 "-" "Mozilla/5.0 (compatible; DotBot/1.1; http://www.opensiteexplorer.org/dotbot, help@moz.com)"
216.244.66.245 - - [20/Jan/2020:14:28:27 +0800] "GET /1995/FOR_DAO1995-13.pdf HTTP/1.1" 200 70902 "-" "Mozilla/5.0 (compatible; DotBot/1.1; http://www.opensiteexplorer.org/dotbot, help@moz.com)"
216.244.66.245 - - [20/Jan/2020:14:28:29 +0800] "GET /1999/denrmo99-06.pdf HTTP/1.1" 200 20242 "-" "Mozilla/5.0 (compatible; DotBot/1.1; http://www.opensiteexplorer.org/dotbot, help@moz.com)"
216.244.66.245 - - [20/Jan/2020:14:28:31 +0800] "GET /2000/DENR_MC_2000-13.pdf HTTP/1.1" 200 20941 "-" "Mozilla/5.0 (compatible; DotBot/1.1; http://www.opensiteexplorer.org/dotbot, help@moz.com)"
216.244.66.245 - - [20/Jan/2020:14:28:47 +0800] "GET /pol-1997/dao14.pdf HTTP/1.1" 404 216 "-" "Mozilla/5.0 (compatible; DotBot/1.1; http://www.opensiteexplorer.org/dotbot, help@moz.com)"
216.244.66.245 - - [20/Jan/2020:14:28:48 +0800] "GET /1988/MIN_DMO_1988-11.pdf HTTP/1.1" 200 9387 "-" "Mozilla/5.0 (compatible; DotBot/1.1; http://www.opensiteexplorer.org/dotbot, help@moz.com)"
216.244.66.245 - - [20/Jan/2020:14:28:49 +0800] "GET /1990/FOR_DMO_1990-05.pdf HTTP/1.1" 200 23646 "-" "Mozilla/5.0 (compatible; DotBot/1.1; http://www.opensiteexplorer.org/dotbot, help@moz.com)"
216.244.66.245 - - [20/Jan/2020:14:28:51 +0800] "GET /1994/ForDao_1994-46.pdf HTTP/1.1" 200 18843 "-" "Mozilla/5.0 (compatible; DotBot/1.1; http://www.opensiteexplorer.org/dotbot, help@moz.com)"
216.244.66.245 - - [20/Jan/2020:14:28:51 +0800] "GET /1997/ADM_DAO-97-22.pdf HTTP/1.1" 200 18626 "-" "Mozilla/5.0 (compatible; DotBot/1.1; http://www.opensiteexplorer.org/dotbot, help@moz.com)"
216.244.66.245 - - [20/Jan/2020:14:28:54 +0800] "GET /1997/ADM_DMO-97-09.pdf HTTP/1.1" 200 15579 "-" "Mozilla/5.0 (compatible; DotBot/1.1; http://www.opensiteexplorer.org/dotbot, help@moz.com)"
216.244.66.245 - - [20/Jan/2020:14:28:55 +0800] "GET /1997/LAN_DMC-97-04.pdf HTTP/1.1" 200 29599 "-" "Mozilla/5.0 (compatible; DotBot/1.1; http://www.opensiteexplorer.org/dotbot, help@moz.com)"
216.244.66.245 - - [20/Jan/2020:14:28:57 +0800] "GET /1998/dao98-40.pdf HTTP/1.1" 200 16247 "-" "Mozilla/5.0 (compatible; DotBot/1.1; http://www.opensiteexplorer.org/dotbot, help@moz.com)"
216.244.66.245 - - [20/Jan/2020:14:28:59 +0800] "GET /1998/denrmo98-10.pdf HTTP/1.1" 200 15263 "-" "Mozilla/5.0 (compatible; DotBot/1.1; http://www.opensiteexplorer.org/dotbot, help@moz.com)"
216.244.66.245 - - [20/Jan/2020:14:29:01 +0800] "GET /dao2004/dao2004-05.pdf HTTP/1.1" 200 11454 "-" "Mozilla/5.0 (compatible; DotBot/1.1; http://www.opensiteexplorer.org/dotbot, help@moz.com)"
216.244.66.245 - - [20/Jan/2020:14:29:03 +0800] "GET /memo_circular2004/memorandum_circular2004-13.pdf HTTP/1.1" 200 362148 "-" "Mozilla/5.0 (compatible; DotBot/1.1; http://www.opensiteexplorer.org/dotbot, help@moz.com)"
216.244.66.245 - - [20/Jan/2020:14:28:57 +0800] "GET /1998/da-admin.order98-03.pdf HTTP/1.1" 200 258131 "-" "Mozilla/5.0 (compatible; DotBot/1.1; http://www.opensiteexplorer.org/dotbot, help@moz.com)"
66.249.79.44 - - [20/Jan/2020:14:29:18 +0800] "GET /1990/FOR_DMC_1990-04.pdf HTTP/1.1" 200 236003 "-" "Mozilla/5.0 (Linux; Android 6.0.1; Nexus 5X Build/MMB29P) AppleWebKit/537.36 (KHTML, like Gecko) Chrome/41.0.2272.96 Mobile Safari/537.36 (compatible; Googlebot/2.1; +http://www.google.com/bot.html)"
216.244.66.245 - - [20/Jan/2020:14:28:28 +0800] "GET /1996/MIN_DAO_1996-40.pdf HTTP/1.1" 200 561629 "-" "Mozilla/5.0 (compatible; DotBot/1.1; http://www.opensiteexplorer.org/dotbot, help@moz.com)"
111.125.73.190 - - [20/Jan/2020:14:29:44 +0800] "GET /1996/ENV_DAO_1996-37.pdf HTTP/1.1" 200 100433 "https://www.google.com/" "Mozilla/5.0 (Windows NT 6.3; Win64; x64) AppleWebKit/537.36 (KHTML, like Gecko) Chrome/79.0.3945.130 Safari/537.36"
111.125.73.190 - - [20/Jan/2020:14:29:45 +0800] "GET /favicon.ico HTTP/1.1" 404 209 "http://policy.denr.gov.ph/1996/ENV_DAO_1996-37.pdf" "Mozilla/5.0 (Windows NT 6.3; Win64; x64) AppleWebKit/537.36 (KHTML, like Gecko) Chrome/79.0.3945.130 Safari/537.36"
216.244.66.245 - - [20/Jan/2020:14:28:49 +0800] "GET /1989/DMC1989-15.pdf HTTP/1.1" 200 425283 "-" "Mozilla/5.0 (compatible; DotBot/1.1; http://www.opensiteexplorer.org/dotbot, help@moz.com)"
202.137.113.6 - - [20/Jan/2020:14:29:58 +0800] "GET /1991/fordao91-33.pdf HTTP/1.1" 200 115505 "https://denr.gov.ph/" "Mozilla/5.0 (Windows NT 10.0; Win64; x64) AppleWebKit/537.36 (KHTML, like Gecko) Chrome/79.0.3945.130 Safari/537.36"
202.137.113.6 - - [20/Jan/2020:14:30:01 +0800] "GET /favicon.ico HTTP/1.1" 404 209 "http://policy.denr.gov.ph/1991/fordao91-33.pdf" "Mozilla/5.0 (Windows NT 10.0; Win64; x64) AppleWebKit/537.36 (KHTML, like Gecko) Chrome/79.0.3945.130 Safari/537.36"
216.244.66.245 - - [20/Jan/2020:14:31:23 +0800] "GET /2004/DMC/DMC-2004-05.pdf HTTP/1.1" 404 222 "-" "Mozilla/5.0 (compatible; DotBot/1.1; http://www.opensiteexplorer.org/dotbot, help@moz.com)"
216.244.66.245 - - [20/Jan/2020:14:31:24 +0800] "GET /2003/memorandum_circular/DMC2003-07.pdf HTTP/1.1" 200 239876 "-" "Mozilla/5.0 (compatible; DotBot/1.1; http://www.opensiteexplorer.org/dotbot, help@moz.com)"
66.249.79.44 - - [20/Jan/2020:14:32:24 +0800] "GET /2000/Lands_MC_2000-06.pdf HTTP/1.1" 304 - "-" "Mozilla/5.0 (Linux; Android 6.0.1; Nexus 5X Build/MMB29P) AppleWebKit/537.36 (KHTML, like Gecko) Chrome/41.0.2272.96 Mobile Safari/537.36 (compatible; Googlebot/2.1; +http://www.google.com/bot.html)"
66.249.79.36 - - [20/Jan/2020:14:32:26 +0800] "GET /1994/PAWDAO_94-04.pdf HTTP/1.1" 200 218276 "-" "Mozilla/5.0 (Linux; Android 6.0.1; Nexus 5X Build/MMB29P) AppleWebKit/537.36 (KHTML, like Gecko) Chrome/41.0.2272.96 Mobile Safari/537.36 (compatible; Googlebot/2.1; +http://www.google.com/bot.html)"
202.90.133.195 - - [20/Jan/2020:14:33:09 +0800] "GET /favicon.ico HTTP/1.1" 404 209 "http://policy.denr.gov.ph/2005/dao/dao2005-15.pdf" "Mozilla/5.0 (Windows NT 10.0; Win64; x64) AppleWebKit/537.36 (KHTML, like Gecko) Chrome/79.0.3945.117 Safari/537.36"
66.249.79.36 - - [20/Jan/2020:14:33:37 +0800] "GET /1996/MemoAgreement_DENR-NPC.pdf HTTP/1.1" 200 19991 "-" "Mozilla/5.0 (Linux; Android 6.0.1; Nexus 5X Build/MMB29P) AppleWebKit/537.36 (KHTML, like Gecko) Chrome/41.0.2272.96 Mobile Safari/537.36 (compatible; Googlebot/2.1; +http://www.google.com/bot.html)"
49.149.97.66 - - [20/Jan/2020:14:33:49 +0800] "GET /1997/ENV_DAO-97-05.pdf HTTP/1.1" 200 35973 "https://www.google.com/" "Mozilla/5.0 (Windows NT 10.0; Win64; x64) AppleWebKit/537.36 (KHTML, like Gecko) Chrome/79.0.3945.117 Safari/537.36"
49.149.97.66 - - [20/Jan/2020:14:33:49 +0800] "GET /favicon.ico HTTP/1.1" 404 209 "http://policy.denr.gov.ph/1997/ENV_DAO-97-05.pdf" "Mozilla/5.0 (Windows NT 10.0; Win64; x64) AppleWebKit/537.36 (KHTML, like Gecko) Chrome/79.0.3945.117 Safari/537.36"
110.54.217.248 - - [20/Jan/2020:14:38:42 +0800] "GET /CBFMDvlv/tocCBFM.pdf HTTP/1.1" 200 72627 "-" "Dalvik/2.1.0 (Linux; U; Android 5.1.1; SM-N910C Build/LMY47X)"
202.137.113.6 - - [20/Jan/2020:14:37:46 +0800] "GET /1990/FOR_DAO_1990-71.pdf HTTP/1.1" 200 448088 "https://denr.gov.ph/" "Mozilla/5.0 (Windows NT 10.0; Win64; x64) AppleWebKit/537.36 (KHTML, like Gecko) Chrome/79.0.3945.130 Safari/537.36"
66.249.79.44 - - [20/Jan/2020:14:38:48 +0800] "GET /1993/Land_dao93-02.pdf HTTP/1.1" 200 626291 "-" "Mozilla/5.0 (Linux; Android 6.0.1; Nexus 5X Build/MMB29P) AppleWebKit/537.36 (KHTML, like Gecko) Chrome/41.0.2272.96 Mobile Safari/537.36 (compatible; Googlebot/2.1; +http://www.google.com/bot.html)"
66.249.79.41 - - [20/Jan/2020:14:39:09 +0800] "GET /2000/MIN_DAO_2000_71.pdf HTTP/1.1" 304 - "-" "Mozilla/5.0 (Linux; Android 6.0.1; Nexus 5X Build/MMB29P) AppleWebKit/537.36 (KHTML, like Gecko) Chrome/41.0.2272.96 Mobile Safari/537.36 (compatible; Googlebot/2.1; +http://www.google.com/bot.html)"
124.105.226.60 - - [20/Jan/2020:14:39:20 +0800] "GET /1999/formo99-20.pdf HTTP/1.1" 200 25926 "https://denr.gov.ph/" "Mozilla/5.0 (Windows NT 10.0; Win64; x64) AppleWebKit/537.36 (KHTML, like Gecko) Chrome/79.0.3945.117 Safari/537.36"
119.93.117.250 - - [20/Jan/2020:14:40:35 +0800] "GET /favicon.ico HTTP/1.1" 404 209 "http://policy.denr.gov.ph/basicpol/lancode/ca141.pdf" "Mozilla/5.0 (Windows NT 10.0; Win64; x64) AppleWebKit/537.36 (KHTML, like Gecko) Chrome/79.0.3945.130 Safari/537.36"
119.93.117.250 - - [20/Jan/2020:14:40:35 +0800] "GET /basicpol/lancode/ca141.pdf HTTP/1.1" 200 84831 "https://www.google.com/" "Mozilla/5.0 (Windows NT 10.0; Win64; x64) AppleWebKit/537.36 (KHTML, like Gecko) Chrome/79.0.3945.130 Safari/537.36"
206.201.5.226 - - [20/Jan/2020:14:41:13 +0800] "GET /2003/dao2003-21.pdf HTTP/1.1" 200 33073 "https://denr.gov.ph/" "Mozilla/5.0 (Windows NT 10.0; Win64; x64) AppleWebKit/537.36 (KHTML, like Gecko) Chrome/79.0.3945.117 Safari/537.36"
206.201.5.226 - - [20/Jan/2020:14:41:14 +0800] "GET /favicon.ico HTTP/1.1" 404 209 "http://policy.denr.gov.ph/2003/dao2003-21.pdf" "Mozilla/5.0 (Windows NT 10.0; Win64; x64) AppleWebKit/537.36 (KHTML, like Gecko) Chrome/79.0.3945.117 Safari/537.36"
172.16.71.215 - - [20/Jan/2020:14:43:51 +0800] "GET /2000/DAO_FMB_2000-63.pdf HTTP/1.1" 200 25688 "https://www.google.com/" "Mozilla/5.0 (Windows NT 10.0; Win64; x64) AppleWebKit/537.36 (KHTML, like Gecko) Chrome/79.0.3945.130 Safari/537.36"
172.16.71.215 - - [20/Jan/2020:14:43:51 +0800] "GET /favicon.ico HTTP/1.1" 404 209 "http://policy.denr.gov.ph/2000/DAO_FMB_2000-63.pdf" "Mozilla/5.0 (Windows NT 10.0; Win64; x64) AppleWebKit/537.36 (KHTML, like Gecko) Chrome/79.0.3945.130 Safari/537.36"
110.54.217.248 - - [20/Jan/2020:14:43:59 +0800] "GET /1998/dao98-45.pdf HTTP/1.1" 200 27051 "-" "Dalvik/2.1.0 (Linux; U; Android 5.1.1; SM-N910C Build/LMY47X)"
66.249.79.41 - - [20/Jan/2020:14:44:19 +0800] "GET /2005/special_order/so-2005-400.pdf HTTP/1.1" 304 - "-" "Mozilla/5.0 (Linux; Android 6.0.1; Nexus 5X Build/MMB29P) AppleWebKit/537.36 (KHTML, like Gecko) Chrome/41.0.2272.96 Mobile Safari/537.36 (compatible; Googlebot/2.1; +http://www.google.com/bot.html)"
103.80.142.19 - - [20/Jan/2020:14:47:03 +0800] "GET /1992/FOR_DMC_92-12.pdf HTTP/1.1" 200 22555 "https://denr.gov.ph/" "Mozilla/5.0 (Windows NT 10.0; Win64; x64) AppleWebKit/537.36 (KHTML, like Gecko) Chrome/81.0.4027.0 Safari/537.36"
103.80.142.19 - - [20/Jan/2020:14:47:05 +0800] "GET /1994/ForMO_1994-11.pdf HTTP/1.1" 200 18964 "https://denr.gov.ph/" "Mozilla/5.0 (Windows NT 10.0; Win64; x64) AppleWebKit/537.36 (KHTML, like Gecko) Chrome/81.0.4027.0 Safari/537.36"
103.80.142.19 - - [20/Jan/2020:14:47:39 +0800] "GET /1990/DENR_DAO_1990-38.pdf HTTP/1.1" 200 884228 "https://denr.gov.ph/" "Mozilla/5.0 (Windows NT 10.0; Win64; x64) AppleWebKit/537.36 (KHTML, like Gecko) Chrome/81.0.4027.0 Safari/537.36"
103.80.142.19 - - [20/Jan/2020:14:47:39 +0800] "GET /1990/DENR_DAO_1990-38.pdf HTTP/1.1" 206 622084 "http://policy.denr.gov.ph/1990/DENR_DAO_1990-38.pdf" "Mozilla/5.0 (Windows NT 10.0; Win64; x64) AppleWebKit/537.36 (KHTML, like Gecko) Chrome/81.0.4027.0 Safari/537.36"
103.80.142.19 - - [20/Jan/2020:14:47:41 +0800] "GET /1990/DENR_DAO_1990-38.pdf HTTP/1.1" 206 196608 "http://policy.denr.gov.ph/1990/DENR_DAO_1990-38.pdf" "Mozilla/5.0 (Windows NT 10.0; Win64; x64) AppleWebKit/537.36 (KHTML, like Gecko) Chrome/81.0.4027.0 Safari/537.36"
103.80.142.19 - - [20/Jan/2020:14:49:02 +0800] "GET /1992/FOR_DMC_92-11.pdf HTTP/1.1" 200 20580 "https://denr.gov.ph/" "Mozilla/5.0 (Windows NT 10.0; Win64; x64) AppleWebKit/537.36 (KHTML, like Gecko) Chrome/81.0.4027.0 Safari/537.36"
103.80.142.19 - - [20/Jan/2020:14:49:27 +0800] "GET /1991/formc91-4.pdf HTTP/1.1" 200 26960 "https://denr.gov.ph/" "Mozilla/5.0 (Windows NT 10.0; Win64; x64) AppleWebKit/537.36 (KHTML, like Gecko) Chrome/81.0.4027.0 Safari/537.36"
49.150.1.28 - - [20/Jan/2020:14:49:28 +0800] "GET /2000/DAO_FMB_2000-63.pdf HTTP/1.1" 200 25688 "https://www.google.com/" "Mozilla/5.0 (Windows NT 6.1) AppleWebKit/537.36 (KHTML, like Gecko) Chrome/79.0.3945.117 Safari/537.36"
49.150.1.28 - - [20/Jan/2020:14:49:29 +0800] "GET /favicon.ico HTTP/1.1" 404 209 "http://policy.denr.gov.ph/2000/DAO_FMB_2000-63.pdf" "Mozilla/5.0 (Windows NT 6.1) AppleWebKit/537.36 (KHTML, like Gecko) Chrome/79.0.3945.117 Safari/537.36"
130.105.150.82 - - [20/Jan/2020:14:49:34 +0800] "GET /2000/Lands_MC_2000-06.pdf HTTP/1.1" 200 25630 "https://www.google.com/" "Mozilla/5.0 (Windows NT 10.0; Win64; x64) AppleWebKit/537.36 (KHTML, like Gecko) Chrome/70.0.3538.102 Safari/537.36 Edge/18.18362"
119.93.163.61 - - [20/Jan/2020:14:49:42 +0800] "GET /2002/dao_2002-36.pdf HTTP/1.1" 200 40900 "https://denr.gov.ph/" "Mozilla/5.0 (Windows NT 6.3; Win64; x64) AppleWebKit/537.36 (KHTML, like Gecko) Chrome/79.0.3945.117 Safari/537.36"
119.93.163.61 - - [20/Jan/2020:14:49:43 +0800] "GET /favicon.ico HTTP/1.1" 404 209 "http://policy.denr.gov.ph/2002/dao_2002-36.pdf" "Mozilla/5.0 (Windows NT 6.3; Win64; x64) AppleWebKit/537.36 (KHTML, like Gecko) Chrome/79.0.3945.117 Safari/537.36"
119.92.139.252 - - [20/Jan/2020:14:50:16 +0800] "GET /2005/dao/dao2005-18.pdf HTTP/1.1" 200 216490 "https://denr.gov.ph/" "Mozilla/5.0 (Windows NT 6.1; Win64; x64) AppleWebKit/537.36 (KHTML, like Gecko) Chrome/79.0.3945.117 Safari/537.36"
119.92.139.252 - - [20/Jan/2020:14:50:17 +0800] "GET /favicon.ico HTTP/1.1" 404 209 "http://policy.denr.gov.ph/2005/dao/dao2005-18.pdf" "Mozilla/5.0 (Windows NT 6.1; Win64; x64) AppleWebKit/537.36 (KHTML, like Gecko) Chrome/79.0.3945.117 Safari/537.36"
119.93.130.133 - - [20/Jan/2020:14:51:56 +0800] "GET /1993/FOR_MC_1993-23.pdf HTTP/1.1" 200 99055 "https://www.denr.gov.ph/" "Mozilla/5.0 (Windows NT 10.0; Win64; x64) AppleWebKit/537.36 (KHTML, like Gecko) Chrome/79.0.3945.117 Safari/537.36"
58.69.173.183 - - [20/Jan/2020:14:52:09 +0800] "GET /basicpol/lancode/ca141.pdf HTTP/1.1" 200 84831 "https://www.google.com/" "Mozilla/5.0 (Windows NT 10.0; Win64; x64) AppleWebKit/537.36 (KHTML, like Gecko) Chrome/70.0.3538.102 Safari/537.36 Edge/18.18362"
66.249.79.41 - - [20/Jan/2020:14:53:25 +0800] "GET /2000/ENV_DAO_2000-81.pdf HTTP/1.1" 200 299209 "-" "Mozilla/5.0 (Linux; Android 6.0.1; Nexus 5X Build/MMB29P) AppleWebKit/537.36 (KHTML, like Gecko) Chrome/41.0.2272.96 Mobile Safari/537.36 (compatible; Googlebot/2.1; +http://www.google.com/bot.html)"
157.55.39.26 - - [20/Jan/2020:14:53:42 +0800] "GET /robots.txt HTTP/1.1" 404 208 "-" "Mozilla/5.0 (compatible; bingbot/2.0; +http://www.bing.com/bingbot.htm)"
202.137.113.6 - - [20/Jan/2020:14:53:55 +0800] "GET /1990/FOR_DAO_1990-71.pdf HTTP/1.1" 206 1 "https://denr.gov.ph/" "Mozilla/5.0 (Windows NT 10.0; Win64; x64) AppleWebKit/537.36 (KHTML, like Gecko) Chrome/79.0.3945.130 Safari/537.36"
202.137.113.6 - - [20/Jan/2020:14:53:55 +0800] "GET /1990/FOR_DAO_1990-71.pdf HTTP/1.1" 206 133088 "https://denr.gov.ph/" "Mozilla/5.0 (Windows NT 10.0; Win64; x64) AppleWebKit/537.36 (KHTML, like Gecko) Chrome/79.0.3945.130 Safari/537.36"
66.249.79.41 - - [20/Jan/2020:14:54:02 +0800] "GET /1999/fordao99-34.pdf HTTP/1.1" 200 36493 "-" "Mozilla/5.0 (Linux; Android 6.0.1; Nexus 5X Build/MMB29P) AppleWebKit/537.36 (KHTML, like Gecko) Chrome/41.0.2272.96 Mobile Safari/537.36 (compatible; Googlebot/2.1; +http://www.google.com/bot.html)"
119.92.255.174 - - [20/Jan/2020:14:54:28 +0800] "GET /1993/FOR_DAO-93-21.pdf HTTP/1.1" 200 18029 "https://denr.gov.ph/" "Mozilla/5.0 (Linux; Android 9; SM-A750GN) AppleWebKit/537.36 (KHTML, like Gecko) Chrome/79.0.3945.116 Mobile Safari/537.36"
207.46.13.191 - - [20/Jan/2020:14:55:07 +0800] "GET /1991/formc91-16.pdf HTTP/1.1" 200 25149 "-" "Mozilla/5.0 (compatible; bingbot/2.0; +http://www.bing.com/bingbot.htm)"
66.249.79.44 - - [20/Jan/2020:14:56:28 +0800] "GET /2005/Memorandum_Orders/ HTTP/1.1" 200 5504 "-" "Mozilla/5.0 (Linux; Android 6.0.1; Nexus 5X Build/MMB29P) AppleWebKit/537.36 (KHTML, like Gecko) Chrome/41.0.2272.96 Mobile Safari/537.36 (compatible; Googlebot/2.1; +http://www.google.com/bot.html)"
40.77.167.17 - - [20/Jan/2020:14:58:12 +0800] "GET /1999/pawdao99-51.pdf HTTP/1.1" 304 - "-" "Mozilla/5.0 (compatible; bingbot/2.0; +http://www.bing.com/bingbot.htm)"
40.77.167.17 - - [20/Jan/2020:14:58:24 +0800] "GET /1999/dao99-54.pdf HTTP/1.1" 304 - "-" "Mozilla/5.0 (compatible; bingbot/2.0; +http://www.bing.com/bingbot.htm)"
210.5.87.182 - - [20/Jan/2020:14:59:24 +0800] "GET /1987/FOR_DAO_87_78.pdf HTTP/1.1" 200 52013 "https://denr.gov.ph/" "Mozilla/5.0 (Windows NT 6.3) AppleWebKit/537.36 (KHTML, like Gecko) Chrome/79.0.3945.117 Safari/537.36"
210.5.87.182 - - [20/Jan/2020:14:59:27 +0800] "GET /favicon.ico HTTP/1.1" 404 209 "http://policy.denr.gov.ph/1987/FOR_DAO_87_78.pdf" "Mozilla/5.0 (Windows NT 6.3) AppleWebKit/537.36 (KHTML, like Gecko) Chrome/79.0.3945.117 Safari/537.36"
66.249.79.36 - - [20/Jan/2020:14:59:32 +0800] "GET /1988/DENR_DMC_1988-03.pdf HTTP/1.1" 200 31719 "-" "Mozilla/5.0 (Linux; Android 6.0.1; Nexus 5X Build/MMB29P) AppleWebKit/537.36 (KHTML, like Gecko) Chrome/41.0.2272.96 Mobile Safari/537.36 (compatible; Googlebot/2.1; +http://www.google.com/bot.html)"
58.69.173.183 - - [20/Jan/2020:15:01:44 +0800] "GET /favicon.ico HTTP/1.1" 404 209 "-" "Mozilla/5.0 (Windows NT 10.0; Win64; x64) AppleWebKit/537.36 (KHTML, like Gecko) Chrome/70.0.3538.102 Safari/537.36 Edge/18.18362"
23.100.232.233 - - [20/Jan/2020:15:02:24 +0800] "GET /1992/RA_1992_7607.pdf HTTP/1.1" 200 75507 "http://www.bing.com/search?q=republic+act+of+using+advance+technology+in+harvesting+rice&form=MSNH14&sc=8-4&sp=-1&qs=n&sk=" "Mozilla/5.0 (compatible; MSIE 9.0; Windows NT 6.1; Trident/5.0; Trident/5.0)"
119.92.255.174 - - [20/Jan/2020:15:02:31 +0800] "GET /1993/FOR_MC_1993-21.pdf HTTP/1.1" 200 176593 "https://www.google.com/" "Mozilla/5.0 (Linux; Android 9; SM-A750GN) AppleWebKit/537.36 (KHTML, like Gecko) Chrome/79.0.3945.116 Mobile Safari/537.36"
58.69.69.166 - - [20/Jan/2020:15:03:48 +0800] "GET /favicon.ico HTTP/1.1" 404 209 "http://policy.denr.gov.ph/2000/ENV_DAO_2000-81.pdf" "Mozilla/5.0 (Windows NT 10.0; WOW64) AppleWebKit/537.36 (KHTML, like Gecko) Chrome/79.0.3945.117 Safari/537.36"
66.249.79.44 - - [20/Jan/2020:15:03:49 +0800] "GET /1988/DENR_DMC_1988-04.pdf HTTP/1.1" 200 16365 "-" "Mozilla/5.0 (Linux; Android 6.0.1; Nexus 5X Build/MMB29P) AppleWebKit/537.36 (KHTML, like Gecko) Chrome/41.0.2272.96 Mobile Safari/537.36 (compatible; Googlebot/2.1; +http://www.google.com/bot.html)"
210.14.37.30 - - [20/Jan/2020:15:04:22 +0800] "GET /2000/MIN_DAO_2000_71.pdf HTTP/1.1" 200 103149 "https://www.google.com/" "Mozilla/5.0 (Windows NT 10.0; Win64; x64) AppleWebKit/537.36 (KHTML, like Gecko) Chrome/79.0.3945.130 Safari/537.36"
210.14.37.30 - - [20/Jan/2020:15:04:22 +0800] "GET /favicon.ico HTTP/1.1" 404 209 "http://policy.denr.gov.ph/2000/MIN_DAO_2000_71.pdf" "Mozilla/5.0 (Windows NT 10.0; Win64; x64) AppleWebKit/537.36 (KHTML, like Gecko) Chrome/79.0.3945.130 Safari/537.36"
58.69.69.166 - - [20/Jan/2020:15:03:47 +0800] "GET /2000/ENV_DAO_2000-81.pdf HTTP/1.1" 200 299209 "https://www.google.com/" "Mozilla/5.0 (Windows NT 10.0; WOW64) AppleWebKit/537.36 (KHTML, like Gecko) Chrome/79.0.3945.117 Safari/537.36"
120.28.59.186 - - [20/Jan/2020:15:05:17 +0800] "GET /2000/ENV_DAO_2000-81.pdf HTTP/1.1" 200 299209 "https://www.google.com/" "Mozilla/5.0 (Windows NT 10.0; Win64; x64) AppleWebKit/537.36 (KHTML, like Gecko) Chrome/79.0.3945.117 Safari/537.36"
120.28.59.186 - - [20/Jan/2020:15:05:17 +0800] "GET /favicon.ico HTTP/1.1" 404 209 "http://policy.denr.gov.ph/2000/ENV_DAO_2000-81.pdf" "Mozilla/5.0 (Windows NT 10.0; Win64; x64) AppleWebKit/537.36 (KHTML, like Gecko) Chrome/79.0.3945.117 Safari/537.36"
203.160.181.220 - - [20/Jan/2020:15:05:36 +0800] "GET /2001/dao_lands2001-23.pdf HTTP/1.1" 200 20621 "https://denr.gov.ph/" "Mozilla/5.0 (Windows NT 10.0; Win64; x64) AppleWebKit/537.36 (KHTML, like Gecko) Chrome/79.0.3945.117 Safari/537.36"
203.160.181.220 - - [20/Jan/2020:15:05:37 +0800] "GET /favicon.ico HTTP/1.1" 404 209 "http://policy.denr.gov.ph/2001/dao_lands2001-23.pdf" "Mozilla/5.0 (Windows NT 10.0; Win64; x64) AppleWebKit/537.36 (KHTML, like Gecko) Chrome/79.0.3945.117 Safari/537.36"
58.69.69.166 - - [20/Jan/2020:15:05:41 +0800] "GET /2000/ENV_DAO_2000-81.pdf HTTP/1.1" 304 - "https://www.google.com/" "Mozilla/5.0 (Windows NT 10.0; WOW64) AppleWebKit/537.36 (KHTML, like Gecko) Chrome/79.0.3945.117 Safari/537.36"
58.69.69.166 - - [20/Jan/2020:15:06:20 +0800] "GET /2000/ENV_DAO_2000-81.pdf HTTP/1.1" 304 - "https://www.google.com/" "Mozilla/5.0 (Windows NT 10.0; WOW64) AppleWebKit/537.36 (KHTML, like Gecko) Chrome/79.0.3945.117 Safari/537.36"
36.255.60.195 - - [20/Jan/2020:15:06:40 +0800] "GET /favicon.ico HTTP/1.1" 404 209 "http://policy.denr.gov.ph/basicpol/lancode/ca141.pdf" "Mozilla/5.0 (Windows NT 6.3; Win64; x64) AppleWebKit/537.36 (KHTML, like Gecko) Chrome/79.0.3945.130 Safari/537.36"
36.255.60.195 - - [20/Jan/2020:15:06:37 +0800] "GET /basicpol/lancode/ca141.pdf HTTP/1.1" 200 84831 "https://www.google.com/" "Mozilla/5.0 (Windows NT 6.3; Win64; x64) AppleWebKit/537.36 (KHTML, like Gecko) Chrome/79.0.3945.130 Safari/537.36"
110.54.203.73 - - [20/Jan/2020:15:07:59 +0800] "GET /1997/FOR_DAO-97-04.pdf HTTP/1.1" 200 80137 "https://www.google.com/" "Mozilla/5.0 (Linux; Android 9; Nokia 6.1) AppleWebKit/537.36 (KHTML, like Gecko) Chrome/79.0.3945.93 Mobile Safari/537.36"
66.249.79.44 - - [20/Jan/2020:15:08:04 +0800] "GET /1998/eo98-52.pdf HTTP/1.1" 304 - "-" "Mozilla/5.0 (Linux; Android 6.0.1; Nexus 5X Build/MMB29P) AppleWebKit/537.36 (KHTML, like Gecko) Chrome/41.0.2272.96 Mobile Safari/537.36 (compatible; Googlebot/2.1; +http://www.google.com/bot.html)"
66.249.79.41 - - [20/Jan/2020:15:08:06 +0800] "GET /1993/FOR_MC_1993-26.pdf HTTP/1.1" 304 - "-" "Mozilla/5.0 (Linux; Android 6.0.1; Nexus 5X Build/MMB29P) AppleWebKit/537.36 (KHTML, like Gecko) Chrome/41.0.2272.96 Mobile Safari/537.36 (compatible; Googlebot/2.1; +http://www.google.com/bot.html)"
66.249.79.36 - - [20/Jan/2020:15:08:22 +0800] "GET /2000/EO_2000_199.pdf HTTP/1.1" 200 24283 "-" "Mozilla/5.0 (Linux; Android 6.0.1; Nexus 5X Build/MMB29P) AppleWebKit/537.36 (KHTML, like Gecko) Chrome/41.0.2272.96 Mobile Safari/537.36 (compatible; Googlebot/2.1; +http://www.google.com/bot.html)"
175.176.66.120 - - [20/Jan/2020:15:08:26 +0800] "GET /2000/ENV_DAO_2000-05.pdf HTTP/1.1" 200 89266 "-" "Dalvik/2.1.0 (Linux; U; Android 9; SM-N970F Build/PPR1.180610.011)"
49.145.233.23 - - [20/Jan/2020:15:08:32 +0800] "GET /favicon.ico HTTP/1.1" 404 209 "http://policy.denr.gov.ph/2003/dao2003-30.pdf" "Mozilla/5.0 (Windows NT 6.3; Win64; x64) AppleWebKit/537.36 (KHTML, like Gecko) Chrome/79.0.3945.117 Safari/537.36"
49.145.233.23 - - [20/Jan/2020:15:08:31 +0800] "GET /2003/dao2003-30.pdf HTTP/1.1" 200 2258816 "https://denr.gov.ph/" "Mozilla/5.0 (Windows NT 6.3; Win64; x64) AppleWebKit/537.36 (KHTML, like Gecko) Chrome/79.0.3945.117 Safari/537.36"
66.249.79.41 - - [20/Jan/2020:15:09:16 +0800] "GET /1997/ENV_DAO-97-28.pdf HTTP/1.1" 200 15157 "-" "Mozilla/5.0 (Linux; Android 6.0.1; Nexus 5X Build/MMB29P) AppleWebKit/537.36 (KHTML, like Gecko) Chrome/41.0.2272.96 Mobile Safari/537.36 (compatible; Googlebot/2.1; +http://www.google.com/bot.html)"
66.249.79.36 - - [20/Jan/2020:15:09:56 +0800] "GET /pol-2000/pol00v1/pawdao00.pdf HTTP/1.1" 200 69542 "-" "Mozilla/5.0 (Linux; Android 6.0.1; Nexus 5X Build/MMB29P) AppleWebKit/537.36 (KHTML, like Gecko) Chrome/41.0.2272.96 Mobile Safari/537.36 (compatible; Googlebot/2.1; +http://www.google.com/bot.html)"
110.54.203.251 - - [20/Jan/2020:15:09:58 +0800] "GET /1993/MMO1993-162.pdf HTTP/1.1" 200 87275 "https://www.google.com.ph/" "Mozilla/5.0 (iPhone; CPU iPhone OS 13_3 like Mac OS X) AppleWebKit/605.1.15 (KHTML, like Gecko) Version/13.0.4 Mobile/15E148 Safari/604.1"
110.54.203.251 - - [20/Jan/2020:15:09:59 +0800] "GET /favicon.ico HTTP/1.1" 404 209 "http://policy.denr.gov.ph/1993/MMO1993-162.pdf" "Mozilla/5.0 (iPhone; CPU iPhone OS 13_3 like Mac OS X) AppleWebKit/605.1.15 (KHTML, like Gecko) Version/13.0.4 Mobile/15E148 Safari/604.1"
216.244.66.245 - - [20/Jan/2020:15:10:05 +0800] "GET /1998/denrmo98-12.pdf HTTP/1.1" 200 20805 "-" "Mozilla/5.0 (compatible; DotBot/1.1; http://www.opensiteexplorer.org/dotbot, help@moz.com)"
216.244.66.245 - - [20/Jan/2020:15:10:19 +0800] "GET /1992/FOR_DAO_1992_10.pdf HTTP/1.1" 200 15483 "-" "Mozilla/5.0 (compatible; DotBot/1.1; http://www.opensiteexplorer.org/dotbot, help@moz.com)"
216.244.66.245 - - [20/Jan/2020:15:10:21 +0800] "GET /1994/MC_1994-20.pdf HTTP/1.1" 200 19068 "-" "Mozilla/5.0 (compatible; DotBot/1.1; http://www.opensiteexplorer.org/dotbot, help@moz.com)"
