66.249.79.36 - - [19/Jan/2020:03:44:17 +0800] "GET /1992/FOR_DAO_1992_09.pdf HTTP/1.1" 200 14407 "-" "Mozilla/5.0 (Linux; Android 6.0.1; Nexus 5X Build/MMB29P) AppleWebKit/537.36 (KHTML, like Gecko) Chrome/41.0.2272.96 Mobile Safari/537.36 (compatible; Googlebot/2.1; +http://www.google.com/bot.html)"
66.249.79.41 - - [19/Jan/2020:03:56:02 +0800] "GET /1993/DENR_MC1993-34.pdf HTTP/1.1" 200 22589 "-" "Googlebot/2.1 (+http://www.google.com/bot.html)"
66.249.79.36 - - [19/Jan/2020:04:00:04 +0800] "GET /2005/special_order/so-2005-757.pdf HTTP/1.1" 200 18540 "-" "Googlebot/2.1 (+http://www.google.com/bot.html)"
66.249.79.36 - - [19/Jan/2020:04:00:19 +0800] "GET /1990/FOR_DMC_1990-04.pdf HTTP/1.1" 200 236003 "-" "Googlebot/2.1 (+http://www.google.com/bot.html)"
66.249.79.44 - - [19/Jan/2020:04:04:05 +0800] "GET /2005/special_order/so-2005-1018.pdf HTTP/1.1" 200 39308 "-" "Googlebot/2.1 (+http://www.google.com/bot.html)"
66.249.79.41 - - [19/Jan/2020:04:07:29 +0800] "GET /1995/FOR_DAO1995-19.pdf HTTP/1.1" 200 59444 "-" "Mozilla/5.0 (Linux; Android 6.0.1; Nexus 5X Build/MMB29P) AppleWebKit/537.36 (KHTML, like Gecko) Chrome/41.0.2272.96 Mobile Safari/537.36 (compatible; Googlebot/2.1; +http://www.google.com/bot.html)"
66.249.79.44 - - [19/Jan/2020:04:11:03 +0800] "GET /1993/FOR_DAO-93-58.pdf HTTP/1.1" 200 334127 "-" "Mozilla/5.0 (Linux; Android 6.0.1; Nexus 5X Build/MMB29P) AppleWebKit/537.36 (KHTML, like Gecko) Chrome/41.0.2272.96 Mobile Safari/537.36 (compatible; Googlebot/2.1; +http://www.google.com/bot.html)"
66.249.79.41 - - [19/Jan/2020:04:14:38 +0800] "GET /1993/FOR_MC_1993-33.pdf HTTP/1.1" 200 52813 "-" "Mozilla/5.0 (Linux; Android 6.0.1; Nexus 5X Build/MMB29P) AppleWebKit/537.36 (KHTML, like Gecko) Chrome/41.0.2272.96 Mobile Safari/537.36 (compatible; Googlebot/2.1; +http://www.google.com/bot.html)"
66.249.79.41 - - [19/Jan/2020:04:36:39 +0800] "GET /2000/DAO_PAWB_2000-51.pdf HTTP/1.1" 200 53098 "-" "Mozilla/5.0 (Linux; Android 6.0.1; Nexus 5X Build/MMB29P) AppleWebKit/537.36 (KHTML, like Gecko) Chrome/41.0.2272.96 Mobile Safari/537.36 (compatible; Googlebot/2.1; +http://www.google.com/bot.html)"
175.176.87.59 - - [19/Jan/2020:04:36:39 +0800] "GET /pol-1998/SrvyMnl.pdf HTTP/1.1" 200 8138333 "-" "Mozilla/5.0 (iPad; CPU OS 12_4_3 like Mac OS X) AppleWebKit/605.1.15 (KHTML, like Gecko) Version/12.1.2 Mobile/15E148 Safari/604.1"
66.249.79.36 - - [19/Jan/2020:04:48:33 +0800] "GET /1999/formc99-24.pdf HTTP/1.1" 304 - "-" "Mozilla/5.0 (Linux; Android 6.0.1; Nexus 5X Build/MMB29P) AppleWebKit/537.36 (KHTML, like Gecko) Chrome/41.0.2272.96 Mobile Safari/537.36 (compatible; Googlebot/2.1; +http://www.google.com/bot.html)"
216.244.66.245 - - [19/Jan/2020:04:55:41 +0800] "GET /2000/DENR_DAO_2000-84.pdf HTTP/1.1" 200 14408 "-" "Mozilla/5.0 (compatible; DotBot/1.1; http://www.opensiteexplorer.org/dotbot, help@moz.com)"
66.249.79.36 - - [19/Jan/2020:04:55:41 +0800] "GET /1997/ADM_DMC-97-21.pdf HTTP/1.1" 200 20551 "-" "Mozilla/5.0 (Linux; Android 6.0.1; Nexus 5X Build/MMB29P) AppleWebKit/537.36 (KHTML, like Gecko) Chrome/41.0.2272.96 Mobile Safari/537.36 (compatible; Googlebot/2.1; +http://www.google.com/bot.html)"
216.244.66.245 - - [19/Jan/2020:04:55:49 +0800] "GET /2000/ENV_DAO_2000-82.pdf HTTP/1.1" 200 15707 "-" "Mozilla/5.0 (compatible; DotBot/1.1; http://www.opensiteexplorer.org/dotbot, help@moz.com)"
216.244.66.245 - - [19/Jan/2020:04:55:52 +0800] "GET /1988/FOR_DAO_1988-25.pdf HTTP/1.1" 200 15952 "-" "Mozilla/5.0 (compatible; DotBot/1.1; http://www.opensiteexplorer.org/dotbot, help@moz.com)"
216.244.66.245 - - [19/Jan/2020:04:55:57 +0800] "GET /1988/LAN_DAO_1988-04.pdf HTTP/1.1" 200 11418 "-" "Mozilla/5.0 (compatible; DotBot/1.1; http://www.opensiteexplorer.org/dotbot, help@moz.com)"
216.244.66.245 - - [19/Jan/2020:04:55:58 +0800] "GET /1989/DAO1989-132.pdf HTTP/1.1" 200 43641 "-" "Mozilla/5.0 (compatible; DotBot/1.1; http://www.opensiteexplorer.org/dotbot, help@moz.com)"
216.244.66.245 - - [19/Jan/2020:04:55:48 +0800] "GET /pol-1996/pol96.pdf HTTP/1.1" 200 1145333 "-" "Mozilla/5.0 (compatible; DotBot/1.1; http://www.opensiteexplorer.org/dotbot, help@moz.com)"
216.244.66.245 - - [19/Jan/2020:04:57:20 +0800] "GET /1990/DENR_DAO_1990-41.pdf HTTP/1.1" 200 32905 "-" "Mozilla/5.0 (compatible; DotBot/1.1; http://www.opensiteexplorer.org/dotbot, help@moz.com)"
216.244.66.245 - - [19/Jan/2020:04:57:25 +0800] "GET /1990/DENR_DAO_1990-53.pdf HTTP/1.1" 200 158505 "-" "Mozilla/5.0 (compatible; DotBot/1.1; http://www.opensiteexplorer.org/dotbot, help@moz.com)"
216.244.66.245 - - [19/Jan/2020:04:57:31 +0800] "GET /1999/denrmo99-05.pdf HTTP/1.1" 200 29350 "-" "Mozilla/5.0 (compatible; DotBot/1.1; http://www.opensiteexplorer.org/dotbot, help@moz.com)"
216.244.66.245 - - [19/Jan/2020:04:57:32 +0800] "GET /1988/DENR_DMC_1988-07.pdf HTTP/1.1" 200 11934 "-" "Mozilla/5.0 (compatible; DotBot/1.1; http://www.opensiteexplorer.org/dotbot, help@moz.com)"
216.244.66.245 - - [19/Jan/2020:04:57:33 +0800] "GET /1988/PAW_DAO_1988-58.pdf HTTP/1.1" 200 12956 "-" "Mozilla/5.0 (compatible; DotBot/1.1; http://www.opensiteexplorer.org/dotbot, help@moz.com)"
216.244.66.245 - - [19/Jan/2020:04:57:35 +0800] "GET /1993/DENR_MC1993-34.pdf HTTP/1.1" 200 22589 "-" "Mozilla/5.0 (compatible; DotBot/1.1; http://www.opensiteexplorer.org/dotbot, help@moz.com)"
216.244.66.245 - - [19/Jan/2020:04:57:28 +0800] "GET /1991/fordao91-16.pdf HTTP/1.1" 200 832788 "-" "Mozilla/5.0 (compatible; DotBot/1.1; http://www.opensiteexplorer.org/dotbot, help@moz.com)"
216.244.66.245 - - [19/Jan/2020:04:59:55 +0800] "GET /1994/Lan_MC_1994-42.pdf HTTP/1.1" 200 60908 "-" "Mozilla/5.0 (compatible; DotBot/1.1; http://www.opensiteexplorer.org/dotbot, help@moz.com)"
216.244.66.245 - - [19/Jan/2020:05:00:00 +0800] "GET /1996/FOR_MC_1996-02.pdf HTTP/1.1" 200 19371 "-" "Mozilla/5.0 (compatible; DotBot/1.1; http://www.opensiteexplorer.org/dotbot, help@moz.com)"
66.249.79.44 - - [19/Jan/2020:05:07:37 +0800] "GET /2000/DAO_Lands_2000-67.pdf HTTP/1.1" 200 29346 "-" "Mozilla/5.0 (Linux; Android 6.0.1; Nexus 5X Build/MMB29P) AppleWebKit/537.36 (KHTML, like Gecko) Chrome/41.0.2272.96 Mobile Safari/537.36 (compatible; Googlebot/2.1; +http://www.google.com/bot.html)"
66.249.79.41 - - [19/Jan/2020:05:12:57 +0800] "GET /2000/DAO_FMB_2000-21.pdf HTTP/1.1" 200 33721 "-" "Mozilla/5.0 (Linux; Android 6.0.1; Nexus 5X Build/MMB29P) AppleWebKit/537.36 (KHTML, like Gecko) Chrome/41.0.2272.96 Mobile Safari/537.36 (compatible; Googlebot/2.1; +http://www.google.com/bot.html)"
66.249.79.36 - - [19/Jan/2020:05:13:32 +0800] "GET /1995/FOR_DAO1995-19.pdf HTTP/1.1" 200 59444 "-" "Mozilla/5.0 (Linux; Android 6.0.1; Nexus 5X Build/MMB29P) AppleWebKit/537.36 (KHTML, like Gecko) Chrome/41.0.2272.96 Mobile Safari/537.36 (compatible; Googlebot/2.1; +http://www.google.com/bot.html)"
66.249.79.44 - - [19/Jan/2020:05:16:31 +0800] "GET /2000/ENV_DAO_2000-81.pdf HTTP/1.1" 200 299209 "-" "Mozilla/5.0 (Linux; Android 6.0.1; Nexus 5X Build/MMB29P) AppleWebKit/537.36 (KHTML, like Gecko) Chrome/41.0.2272.96 Mobile Safari/537.36 (compatible; Googlebot/2.1; +http://www.google.com/bot.html)"
66.249.79.36 - - [19/Jan/2020:05:18:18 +0800] "GET /CBFMDvlv/tocCBFM.pdf HTTP/1.1" 200 72627 "-" "Mozilla/5.0 (Linux; Android 6.0.1; Nexus 5X Build/MMB29P) AppleWebKit/537.36 (KHTML, like Gecko) Chrome/41.0.2272.96 Mobile Safari/537.36 (compatible; Googlebot/2.1; +http://www.google.com/bot.html)"
80.66.225.241 - - [19/Jan/2020:05:20:00 +0800] "GET /1999/fordao99-34.pdf HTTP/1.1" 200 36493 "-" "Mozilla/5.0 (iPhone; CPU iPhone OS 12_1_4 like Mac OS X) AppleWebKit/605.1.15 (KHTML, like Gecko) Version/12.0 Mobile/15E148 Safari/604.1"
207.46.13.37 - - [19/Jan/2020:05:20:38 +0800] "GET /1993/MMO1993-107.pdf HTTP/1.1" 200 59813 "-" "Mozilla/5.0 (compatible; bingbot/2.0; +http://www.bing.com/bingbot.htm)"
207.46.13.37 - - [19/Jan/2020:05:20:39 +0800] "GET /1998/admin98-17.pdf HTTP/1.1" 200 38171 "-" "Mozilla/5.0 (compatible; bingbot/2.0; +http://www.bing.com/bingbot.htm)"
207.46.13.37 - - [19/Jan/2020:05:20:39 +0800] "GET /2000/DENR_MO_2000-04.pdf HTTP/1.1" 200 20594 "-" "Mozilla/5.0 (compatible; bingbot/2.0; +http://www.bing.com/bingbot.htm)"
207.46.13.37 - - [19/Jan/2020:05:20:40 +0800] "GET /2002/MC_2002-19.pdf HTTP/1.1" 200 164721 "-" "Mozilla/5.0 (compatible; bingbot/2.0; +http://www.bing.com/bingbot.htm)"
207.46.13.37 - - [19/Jan/2020:05:20:41 +0800] "GET /2000/PP_2000_273.pdf HTTP/1.1" 200 22055 "-" "Mozilla/5.0 (compatible; bingbot/2.0; +http://www.bing.com/bingbot.htm)"
207.46.13.37 - - [19/Jan/2020:05:20:43 +0800] "GET /1998/denrmo98-17.pdf HTTP/1.1" 200 17670 "-" "Mozilla/5.0 (compatible; bingbot/2.0; +http://www.bing.com/bingbot.htm)"
207.46.13.37 - - [19/Jan/2020:05:20:43 +0800] "GET /1997/FOR_DAO-97-08.pdf HTTP/1.1" 200 34160 "-" "Mozilla/5.0 (compatible; bingbot/2.0; +http://www.bing.com/bingbot.htm)"
66.249.79.36 - - [19/Jan/2020:05:21:16 +0800] "GET /1992/FOR_DAO_1992_13.pdf HTTP/1.1" 200 102987 "-" "Mozilla/5.0 (compatible; Googlebot/2.1; +http://www.google.com/bot.html)"
66.249.79.44 - - [19/Jan/2020:05:23:39 +0800] "GET /2000/DENR_DAO_2000-72.pdf HTTP/1.1" 200 25791 "-" "Mozilla/5.0 (compatible; Googlebot/2.1; +http://www.google.com/bot.html)"
66.249.79.44 - - [19/Jan/2020:05:29:41 +0800] "GET /2000/DENR_DAO_2000-72.pdf HTTP/1.1" 200 25791 "-" "Mozilla/5.0 (Linux; Android 6.0.1; Nexus 5X Build/MMB29P) AppleWebKit/537.36 (KHTML, like Gecko) Chrome/41.0.2272.96 Mobile Safari/537.36 (compatible; Googlebot/2.1; +http://www.google.com/bot.html)"
66.249.79.41 - - [19/Jan/2020:05:32:13 +0800] "GET /CBFMDvlv/Devltn.pdf HTTP/1.1" 200 395382 "-" "Mozilla/5.0 (Linux; Android 6.0.1; Nexus 5X Build/MMB29P) AppleWebKit/537.36 (KHTML, like Gecko) Chrome/41.0.2272.96 Mobile Safari/537.36 (compatible; Googlebot/2.1; +http://www.google.com/bot.html)"
66.249.79.41 - - [19/Jan/2020:05:32:44 +0800] "GET /1998/dao98-01.pdf HTTP/1.1" 304 - "-" "Mozilla/5.0 (Linux; Android 6.0.1; Nexus 5X Build/MMB29P) AppleWebKit/537.36 (KHTML, like Gecko) Chrome/41.0.2272.96 Mobile Safari/537.36 (compatible; Googlebot/2.1; +http://www.google.com/bot.html)"
66.249.79.36 - - [19/Jan/2020:05:34:26 +0800] "GET /2000/JT_MO_DENR_DA_DILG_DND_2000_01.pdf HTTP/1.1" 200 37996 "-" "Mozilla/5.0 (Linux; Android 6.0.1; Nexus 5X Build/MMB29P) AppleWebKit/537.36 (KHTML, like Gecko) Chrome/41.0.2272.96 Mobile Safari/537.36 (compatible; Googlebot/2.1; +http://www.google.com/bot.html)"
66.249.79.36 - - [19/Jan/2020:05:34:27 +0800] "GET /2000/DAO_FMB_2000-29.pdf HTTP/1.1" 200 27516 "-" "Mozilla/5.0 (Linux; Android 6.0.1; Nexus 5X Build/MMB29P) AppleWebKit/537.36 (KHTML, like Gecko) Chrome/41.0.2272.96 Mobile Safari/537.36 (compatible; Googlebot/2.1; +http://www.google.com/bot.html)"
66.249.79.36 - - [19/Jan/2020:05:34:56 +0800] "GET /1999/pawdao99-49.pdf HTTP/1.1" 200 29146 "-" "Mozilla/5.0 (Linux; Android 6.0.1; Nexus 5X Build/MMB29P) AppleWebKit/537.36 (KHTML, like Gecko) Chrome/41.0.2272.96 Mobile Safari/537.36 (compatible; Googlebot/2.1; +http://www.google.com/bot.html)"
66.249.79.44 - - [19/Jan/2020:05:35:54 +0800] "GET /1998/envdao98-49.pdf HTTP/1.1" 200 25877 "-" "Mozilla/5.0 (Linux; Android 6.0.1; Nexus 5X Build/MMB29P) AppleWebKit/537.36 (KHTML, like Gecko) Chrome/41.0.2272.96 Mobile Safari/537.36 (compatible; Googlebot/2.1; +http://www.google.com/bot.html)"
66.249.79.36 - - [19/Jan/2020:05:36:01 +0800] "GET /1999/fordao99-01.pdf HTTP/1.1" 200 15308 "-" "Mozilla/5.0 (Linux; Android 6.0.1; Nexus 5X Build/MMB29P) AppleWebKit/537.36 (KHTML, like Gecko) Chrome/41.0.2272.96 Mobile Safari/537.36 (compatible; Googlebot/2.1; +http://www.google.com/bot.html)"
216.244.66.245 - - [19/Jan/2020:05:38:21 +0800] "GET /2000/DAO_FMB_2000-73.pdf HTTP/1.1" 200 16342 "-" "Mozilla/5.0 (compatible; DotBot/1.1; http://www.opensiteexplorer.org/dotbot, help@moz.com)"
216.244.66.245 - - [19/Jan/2020:05:38:25 +0800] "GET /1989/DAO1989-38.pdf HTTP/1.1" 200 190544 "-" "Mozilla/5.0 (compatible; DotBot/1.1; http://www.opensiteexplorer.org/dotbot, help@moz.com)"
216.244.66.245 - - [19/Jan/2020:05:38:29 +0800] "GET /1990/PWB_DAO_1990-65.pdf HTTP/1.1" 200 93862 "-" "Mozilla/5.0 (compatible; DotBot/1.1; http://www.opensiteexplorer.org/dotbot, help@moz.com)"
216.244.66.245 - - [19/Jan/2020:05:38:46 +0800] "GET /1991/fordao91-12.pdf HTTP/1.1" 200 17356 "-" "Mozilla/5.0 (compatible; DotBot/1.1; http://www.opensiteexplorer.org/dotbot, help@moz.com)"
216.244.66.245 - - [19/Jan/2020:05:38:48 +0800] "GET /1991/landmc91-6.pdf HTTP/1.1" 200 72284 "-" "Mozilla/5.0 (compatible; DotBot/1.1; http://www.opensiteexplorer.org/dotbot, help@moz.com)"
216.244.66.245 - - [19/Jan/2020:05:38:47 +0800] "GET /1991/landao91-29.pdf HTTP/1.1" 200 96982 "-" "Mozilla/5.0 (compatible; DotBot/1.1; http://www.opensiteexplorer.org/dotbot, help@moz.com)"
216.244.66.245 - - [19/Jan/2020:05:39:46 +0800] "GET /1998/admin98-17.pdf HTTP/1.1" 200 38171 "-" "Mozilla/5.0 (compatible; DotBot/1.1; http://www.opensiteexplorer.org/dotbot, help@moz.com)"
216.244.66.245 - - [19/Jan/2020:05:38:56 +0800] "GET /1994/MC_1994-36.pdf HTTP/1.1" 200 1832585 "-" "Mozilla/5.0 (compatible; DotBot/1.1; http://www.opensiteexplorer.org/dotbot, help@moz.com)"
216.244.66.245 - - [19/Jan/2020:05:39:57 +0800] "GET /2000/DAO_PAWB_2000-51.pdf HTTP/1.1" 200 53098 "-" "Mozilla/5.0 (compatible; DotBot/1.1; http://www.opensiteexplorer.org/dotbot, help@moz.com)"
66.249.79.41 - - [19/Jan/2020:05:40:10 +0800] "GET /1992/FOR_DAO_1992_13.pdf HTTP/1.1" 200 102987 "-" "Mozilla/5.0 (Linux; Android 6.0.1; Nexus 5X Build/MMB29P) AppleWebKit/537.36 (KHTML, like Gecko) Chrome/41.0.2272.96 Mobile Safari/537.36 (compatible; Googlebot/2.1; +http://www.google.com/bot.html)"
66.249.79.36 - - [19/Jan/2020:05:40:16 +0800] "GET /2005/dao/dao2005-18.pdf HTTP/1.1" 200 216490 "-" "Mozilla/5.0 (Linux; Android 6.0.1; Nexus 5X Build/MMB29P) AppleWebKit/537.36 (KHTML, like Gecko) Chrome/41.0.2272.96 Mobile Safari/537.36 (compatible; Googlebot/2.1; +http://www.google.com/bot.html)"
66.249.79.41 - - [19/Jan/2020:05:40:17 +0800] "GET /1996/EO_1996-374.pdf HTTP/1.1" 304 - "-" "Mozilla/5.0 (Linux; Android 6.0.1; Nexus 5X Build/MMB29P) AppleWebKit/537.36 (KHTML, like Gecko) Chrome/41.0.2272.96 Mobile Safari/537.36 (compatible; Googlebot/2.1; +http://www.google.com/bot.html)"
66.249.79.41 - - [19/Jan/2020:05:40:17 +0800] "GET /1995/PAW_DAO1995-22.pdf HTTP/1.1" 200 220628 "-" "Mozilla/5.0 (Linux; Android 6.0.1; Nexus 5X Build/MMB29P) AppleWebKit/537.36 (KHTML, like Gecko) Chrome/41.0.2272.96 Mobile Safari/537.36 (compatible; Googlebot/2.1; +http://www.google.com/bot.html)"
66.249.79.41 - - [19/Jan/2020:05:40:18 +0800] "GET /basicpol/lancode/ca141.pdf HTTP/1.1" 200 84831 "-" "Mozilla/5.0 (Linux; Android 6.0.1; Nexus 5X Build/MMB29P) AppleWebKit/537.36 (KHTML, like Gecko) Chrome/41.0.2272.96 Mobile Safari/537.36 (compatible; Googlebot/2.1; +http://www.google.com/bot.html)"
66.249.79.36 - - [19/Jan/2020:05:40:20 +0800] "GET /2006/dao/dao2006-005.pdf HTTP/1.1" 304 - "-" "Mozilla/5.0 (Linux; Android 6.0.1; Nexus 5X Build/MMB29P) AppleWebKit/537.36 (KHTML, like Gecko) Chrome/41.0.2272.96 Mobile Safari/537.36 (compatible; Googlebot/2.1; +http://www.google.com/bot.html)"
66.249.79.36 - - [19/Jan/2020:05:40:26 +0800] "GET /2000/DAO_FMB_2000-64.pdf HTTP/1.1" 304 - "-" "Mozilla/5.0 (Linux; Android 6.0.1; Nexus 5X Build/MMB29P) AppleWebKit/537.36 (KHTML, like Gecko) Chrome/41.0.2272.96 Mobile Safari/537.36 (compatible; Googlebot/2.1; +http://www.google.com/bot.html)"
216.244.66.245 - - [19/Jan/2020:05:40:30 +0800] "GET /2001/DENR_MO_2001-09.pdf HTTP/1.1" 200 16132 "-" "Mozilla/5.0 (compatible; DotBot/1.1; http://www.opensiteexplorer.org/dotbot, help@moz.com)"
216.244.66.245 - - [19/Jan/2020:05:41:19 +0800] "GET /dao2004/dao2004-55.pdf HTTP/1.1" 200 7603645 "-" "Mozilla/5.0 (compatible; DotBot/1.1; http://www.opensiteexplorer.org/dotbot, help@moz.com)"
66.249.79.44 - - [19/Jan/2020:05:43:20 +0800] "GET /dao2004/dao2004-64.pdf HTTP/1.1" 304 - "-" "Mozilla/5.0 (Linux; Android 6.0.1; Nexus 5X Build/MMB29P) AppleWebKit/537.36 (KHTML, like Gecko) Chrome/41.0.2272.96 Mobile Safari/537.36 (compatible; Googlebot/2.1; +http://www.google.com/bot.html)"
216.244.66.245 - - [19/Jan/2020:05:43:39 +0800] "GET /1988/PAW_DAO_1988-45.pdf HTTP/1.1" 200 13066 "-" "Mozilla/5.0 (compatible; DotBot/1.1; http://www.opensiteexplorer.org/dotbot, help@moz.com)"
216.244.66.245 - - [19/Jan/2020:05:43:40 +0800] "GET /1992/FOR_DAO_1992_53.pdf HTTP/1.1" 200 17780 "-" "Mozilla/5.0 (compatible; DotBot/1.1; http://www.opensiteexplorer.org/dotbot, help@moz.com)"
216.244.66.245 - - [19/Jan/2020:05:43:41 +0800] "GET /1995/DENR_MC-No2.pdf HTTP/1.1" 200 60853 "-" "Mozilla/5.0 (compatible; DotBot/1.1; http://www.opensiteexplorer.org/dotbot, help@moz.com)"
216.244.66.245 - - [19/Jan/2020:05:43:42 +0800] "GET /1998/denrmc98-12.pdf HTTP/1.1" 200 13246 "-" "Mozilla/5.0 (compatible; DotBot/1.1; http://www.opensiteexplorer.org/dotbot, help@moz.com)"
216.244.66.245 - - [19/Jan/2020:05:43:45 +0800] "GET /1999/denrmc99-05.pdf HTTP/1.1" 200 15475 "-" "Mozilla/5.0 (compatible; DotBot/1.1; http://www.opensiteexplorer.org/dotbot, help@moz.com)"
216.244.66.245 - - [19/Jan/2020:05:43:47 +0800] "GET /2002/dao_2002-18.pdf HTTP/1.1" 200 159751 "-" "Mozilla/5.0 (compatible; DotBot/1.1; http://www.opensiteexplorer.org/dotbot, help@moz.com)"
216.244.66.245 - - [19/Jan/2020:05:46:05 +0800] "GET /2005/dmc/DMC-2005-05.pdf HTTP/1.1" 404 222 "-" "Mozilla/5.0 (compatible; DotBot/1.1; http://www.opensiteexplorer.org/dotbot, help@moz.com)"
66.249.79.44 - - [19/Jan/2020:05:48:09 +0800] "GET /dao2004/dao2004-11.pdf HTTP/1.1" 200 88693 "-" "Mozilla/5.0 (Linux; Android 6.0.1; Nexus 5X Build/MMB29P) AppleWebKit/537.36 (KHTML, like Gecko) Chrome/41.0.2272.96 Mobile Safari/537.36 (compatible; Googlebot/2.1; +http://www.google.com/bot.html)"
66.249.79.41 - - [19/Jan/2020:05:48:10 +0800] "GET /2000/DENR_DAO_2000-11.pdf HTTP/1.1" 200 14083 "-" "Mozilla/5.0 (Linux; Android 6.0.1; Nexus 5X Build/MMB29P) AppleWebKit/537.36 (KHTML, like Gecko) Chrome/41.0.2272.96 Mobile Safari/537.36 (compatible; Googlebot/2.1; +http://www.google.com/bot.html)"
66.249.79.41 - - [19/Jan/2020:05:48:10 +0800] "GET /1988/FOR_DAO_1988-86.pdf HTTP/1.1" 200 10383 "-" "Mozilla/5.0 (Linux; Android 6.0.1; Nexus 5X Build/MMB29P) AppleWebKit/537.36 (KHTML, like Gecko) Chrome/41.0.2272.96 Mobile Safari/537.36 (compatible; Googlebot/2.1; +http://www.google.com/bot.html)"
66.249.79.36 - - [19/Jan/2020:05:48:13 +0800] "GET /1987/FOR_DAO_87_80.pdf HTTP/1.1" 200 438750 "-" "Mozilla/5.0 (Linux; Android 6.0.1; Nexus 5X Build/MMB29P) AppleWebKit/537.36 (KHTML, like Gecko) Chrome/41.0.2272.96 Mobile Safari/537.36 (compatible; Googlebot/2.1; +http://www.google.com/bot.html)"
66.249.79.36 - - [19/Jan/2020:05:48:17 +0800] "GET /1993/Land_dao93-38.pdf HTTP/1.1" 200 63491 "-" "Mozilla/5.0 (Linux; Android 6.0.1; Nexus 5X Build/MMB29P) AppleWebKit/537.36 (KHTML, like Gecko) Chrome/41.0.2272.96 Mobile Safari/537.36 (compatible; Googlebot/2.1; +http://www.google.com/bot.html)"
66.249.79.41 - - [19/Jan/2020:05:54:25 +0800] "GET /icons/back.gif HTTP/1.1" 200 216 "-" "Googlebot-Image/1.0"
66.249.79.44 - - [19/Jan/2020:06:02:32 +0800] "GET /1996/FOR_DAO_1996-24.pdf HTTP/1.1" 200 55397 "-" "Mozilla/5.0 (compatible; Googlebot/2.1; +http://www.google.com/bot.html)"
66.249.79.41 - - [19/Jan/2020:06:02:33 +0800] "GET /1996/FOR_DAO_1996-24.pdf HTTP/1.1" 200 55397 "-" "Mozilla/5.0 (Linux; Android 6.0.1; Nexus 5X Build/MMB29P) AppleWebKit/537.36 (KHTML, like Gecko) Chrome/41.0.2272.96 Mobile Safari/537.36 (compatible; Googlebot/2.1; +http://www.google.com/bot.html)"
110.54.249.91 - - [19/Jan/2020:06:11:26 +0800] "GET /favicon.ico HTTP/1.1" 404 209 "http://policy.denr.gov.ph/pol-1998/pol98.pdf" "Mozilla/5.0 (Windows NT 10.0; Win64; x64) AppleWebKit/537.36 (KHTML, like Gecko) Chrome/79.0.3945.117 Safari/537.36"
110.54.249.91 - - [19/Jan/2020:06:11:25 +0800] "GET /pol-1998/pol98.pdf HTTP/1.1" 200 907073 "https://denr.gov.ph/" "Mozilla/5.0 (Windows NT 10.0; Win64; x64) AppleWebKit/537.36 (KHTML, like Gecko) Chrome/79.0.3945.117 Safari/537.36"
110.54.249.91 - - [19/Jan/2020:06:13:05 +0800] "GET /pol-1998/pol98.pdf HTTP/1.1" 200 907073 "http://oldwebsite.denr.gov.ph/section-policies/laws.php?page=66&sort=&filter=type&searchword=&filterID=&searchword=&fromyear=&frommonth=&fromdate=&toyear=&tomonth=&todate=&dateval=" "Mozilla/5.0 (Windows NT 10.0; Win64; x64) AppleWebKit/537.36 (KHTML, like Gecko) Chrome/79.0.3945.117 Safari/537.36"
66.249.79.44 - - [19/Jan/2020:06:49:32 +0800] "GET /ads.txt HTTP/1.1" 404 205 "-" "Mozilla/5.0 (compatible; Googlebot/2.1; +http://www.google.com/bot.html)"
66.249.79.41 - - [19/Jan/2020:06:56:15 +0800] "GET /icons/blank.gif HTTP/1.1" 200 148 "-" "Googlebot-Image/1.0"
175.176.24.84 - - [19/Jan/2020:06:59:39 +0800] "GET /1997/ENV_DAO-97-05.pdf HTTP/1.1" 200 35973 "https://www.google.com/" "Mozilla/5.0 (Linux; Android 7.1.1; CPH1801) AppleWebKit/537.36 (KHTML, like Gecko) Chrome/79.0.3945.93 Mobile Safari/537.36"
216.244.66.245 - - [19/Jan/2020:07:03:53 +0800] "GET /1987/FOR_DAO_87_65.pdf HTTP/1.1" 200 18228 "-" "Mozilla/5.0 (compatible; DotBot/1.1; http://www.opensiteexplorer.org/dotbot, help@moz.com)"
216.244.66.245 - - [19/Jan/2020:07:04:00 +0800] "GET /1989/DAO1989-04-1.pdf HTTP/1.1" 200 267083 "-" "Mozilla/5.0 (compatible; DotBot/1.1; http://www.opensiteexplorer.org/dotbot, help@moz.com)"
216.244.66.245 - - [19/Jan/2020:07:03:56 +0800] "GET /1989/DAO1989-123Attachment.pdf HTTP/1.1" 200 1741076 "-" "Mozilla/5.0 (compatible; DotBot/1.1; http://www.opensiteexplorer.org/dotbot, help@moz.com)"
216.244.66.245 - - [19/Jan/2020:07:03:58 +0800] "GET /1992/PAWB_DAO_1992_25.pdf HTTP/1.1" 200 853335 "-" "Mozilla/5.0 (compatible; DotBot/1.1; http://www.opensiteexplorer.org/dotbot, help@moz.com)"
216.244.66.245 - - [19/Jan/2020:07:06:20 +0800] "GET /1990/DENR_DAO_1990-45.pdf HTTP/1.1" 200 30843 "-" "Mozilla/5.0 (compatible; DotBot/1.1; http://www.opensiteexplorer.org/dotbot, help@moz.com)"
216.244.66.245 - - [19/Jan/2020:07:08:40 +0800] "GET /1990/FOR_DAO_1990-69.pdf HTTP/1.1" 200 96612 "-" "Mozilla/5.0 (compatible; DotBot/1.1; http://www.opensiteexplorer.org/dotbot, help@moz.com)"
216.244.66.245 - - [19/Jan/2020:07:11:02 +0800] "GET /1994/PAWDAO_94-47.pdf HTTP/1.1" 200 33741 "-" "Mozilla/5.0 (compatible; DotBot/1.1; http://www.opensiteexplorer.org/dotbot, help@moz.com)"
216.244.66.245 - - [19/Jan/2020:07:12:15 +0800] "GET /1999/dao99-54.pdf HTTP/1.1" 200 14515 "-" "Mozilla/5.0 (compatible; DotBot/1.1; http://www.opensiteexplorer.org/dotbot, help@moz.com)"
216.244.66.245 - - [19/Jan/2020:07:12:18 +0800] "GET /2000/FMB_MC_00-18.pdf HTTP/1.1" 200 41977 "-" "Mozilla/5.0 (compatible; DotBot/1.1; http://www.opensiteexplorer.org/dotbot, help@moz.com)"
216.244.66.245 - - [19/Jan/2020:07:12:19 +0800] "GET /2002/mo2002-04.pdf HTTP/1.1" 200 73071 "-" "Mozilla/5.0 (compatible; DotBot/1.1; http://www.opensiteexplorer.org/dotbot, help@moz.com)"
216.244.66.245 - - [19/Jan/2020:07:12:21 +0800] "GET /1992/FOR_DMC_92-16.pdf HTTP/1.1" 200 14171 "-" "Mozilla/5.0 (compatible; DotBot/1.1; http://www.opensiteexplorer.org/dotbot, help@moz.com)"
216.244.66.245 - - [19/Jan/2020:07:12:23 +0800] "GET /1994/ForDao_1994-05.pdf HTTP/1.1" 200 18106 "-" "Mozilla/5.0 (compatible; DotBot/1.1; http://www.opensiteexplorer.org/dotbot, help@moz.com)"
216.244.66.245 - - [19/Jan/2020:07:12:25 +0800] "GET /2005/dmc/DMC-2005-09.pdf HTTP/1.1" 404 222 "-" "Mozilla/5.0 (compatible; DotBot/1.1; http://www.opensiteexplorer.org/dotbot, help@moz.com)"
110.54.250.161 - - [19/Jan/2020:07:25:02 +0800] "GET / HTTP/1.1" 200 10373 "-" "Mozilla/5.0 (iPhone; CPU iPhone OS 13_1_2 like Mac OS X) AppleWebKit/605.1.15 (KHTML, like Gecko) Version/13.0.1 Mobile/15E148 Safari/604.1"
66.220.149.30 - - [19/Jan/2020:07:38:16 +0800] "GET / HTTP/1.1" 200 10373 "-" "facebookexternalhit/1.1 (+http://www.facebook.com/externalhit_uatext.php)"
66.220.149.47 - - [19/Jan/2020:07:38:21 +0800] "GET / HTTP/1.1" 200 10373 "-" "facebookexternalhit/1.1 (+http://www.facebook.com/externalhit_uatext.php)"
66.220.149.17 - - [19/Jan/2020:07:38:23 +0800] "GET / HTTP/1.1" 200 10373 "-" "facebookexternalhit/1.1 (+http://www.facebook.com/externalhit_uatext.php)"
66.220.149.28 - - [19/Jan/2020:07:38:26 +0800] "GET / HTTP/1.1" 200 10373 "-" "facebookexternalhit/1.1 (+http://www.facebook.com/externalhit_uatext.php)"
66.249.79.36 - - [19/Jan/2020:07:43:13 +0800] "GET /2002/ra%202002-9175.pdf HTTP/1.1" 200 893852 "-" "Mozilla/5.0 (Linux; Android 6.0.1; Nexus 5X Build/MMB29P) AppleWebKit/537.36 (KHTML, like Gecko) Chrome/41.0.2272.96 Mobile Safari/537.36 (compatible; Googlebot/2.1; +http://www.google.com/bot.html)"
66.249.79.36 - - [19/Jan/2020:07:43:16 +0800] "GET /1995/Rep_Act-1995-8041.pdf HTTP/1.1" 200 228822 "-" "Mozilla/5.0 (Linux; Android 6.0.1; Nexus 5X Build/MMB29P) AppleWebKit/537.36 (KHTML, like Gecko) Chrome/41.0.2272.96 Mobile Safari/537.36 (compatible; Googlebot/2.1; +http://www.google.com/bot.html)"
66.249.79.41 - - [19/Jan/2020:07:43:17 +0800] "GET /1997/MIN_DMO-97-07.pdf HTTP/1.1" 200 42357 "-" "Mozilla/5.0 (Linux; Android 6.0.1; Nexus 5X Build/MMB29P) AppleWebKit/537.36 (KHTML, like Gecko) Chrome/41.0.2272.96 Mobile Safari/537.36 (compatible; Googlebot/2.1; +http://www.google.com/bot.html)"
66.249.79.41 - - [19/Jan/2020:07:46:32 +0800] "GET /1998/pawdao98-25.pdf HTTP/1.1" 200 24362 "-" "Mozilla/5.0 (Linux; Android 6.0.1; Nexus 5X Build/MMB29P) AppleWebKit/537.36 (KHTML, like Gecko) Chrome/41.0.2272.96 Mobile Safari/537.36 (compatible; Googlebot/2.1; +http://www.google.com/bot.html)"
66.249.79.41 - - [19/Jan/2020:07:46:54 +0800] "GET /pol-2001/pol01.pdf HTTP/1.1" 200 1020012 "-" "Mozilla/5.0 (Linux; Android 6.0.1; Nexus 5X Build/MMB29P) AppleWebKit/537.36 (KHTML, like Gecko) Chrome/41.0.2272.96 Mobile Safari/537.36 (compatible; Googlebot/2.1; +http://www.google.com/bot.html)"
66.249.82.187 - - [19/Jan/2020:07:54:19 +0800] "GET /1988/FOR_DAO_1988-97.pdf HTTP/1.1" 200 55558 "https://www.google.com/" "Mozilla/5.0 (Linux; Android 8.1.0; CPH1803) AppleWebKit/537.36 (KHTML, like Gecko) Chrome/79.0.3945.116 Mobile Safari/537.36"
66.249.79.36 - - [19/Jan/2020:07:54:33 +0800] "GET /1993/MMO1993-162.pdf HTTP/1.1" 200 87275 "-" "Mozilla/5.0 (Linux; Android 6.0.1; Nexus 5X Build/MMB29P) AppleWebKit/537.36 (KHTML, like Gecko) Chrome/41.0.2272.96 Mobile Safari/537.36 (compatible; Googlebot/2.1; +http://www.google.com/bot.html)"
66.249.79.41 - - [19/Jan/2020:07:56:20 +0800] "GET /1998/landsdao98-20.pdf HTTP/1.1" 200 34855 "-" "Mozilla/5.0 (compatible; Googlebot/2.1; +http://www.google.com/bot.html)"
66.249.79.44 - - [19/Jan/2020:07:57:31 +0800] "GET /1993/FOR_MC_1993-04.pdf HTTP/1.1" 200 973537 "-" "Mozilla/5.0 (Linux; Android 6.0.1; Nexus 5X Build/MMB29P) AppleWebKit/537.36 (KHTML, like Gecko) Chrome/41.0.2272.96 Mobile Safari/537.36 (compatible; Googlebot/2.1; +http://www.google.com/bot.html)"
175.176.93.85 - - [19/Jan/2020:07:57:53 +0800] "GET /1991/mindao91-21.pdf HTTP/1.1" 200 95915 "https://denr.gov.ph/" "Mozilla/5.0 (Linux; Android 8.1.0; CPH1909) AppleWebKit/537.36 (KHTML, like Gecko) Chrome/77.0.3865.92 Mobile Safari/537.36"
66.249.79.36 - - [19/Jan/2020:08:00:36 +0800] "GET /pol-1994/PAWMCO94.pdf HTTP/1.1" 200 290211 "-" "Mozilla/5.0 (Linux; Android 6.0.1; Nexus 5X Build/MMB29P) AppleWebKit/537.36 (KHTML, like Gecko) Chrome/41.0.2272.96 Mobile Safari/537.36 (compatible; Googlebot/2.1; +http://www.google.com/bot.html)"
207.46.13.224 - - [19/Jan/2020:08:02:56 +0800] "GET /2000/ENV_DMC_2000_21.pdf HTTP/1.1" 200 19713 "-" "Mozilla/5.0 (compatible; bingbot/2.0; +http://www.bing.com/bingbot.htm)"
66.249.79.41 - - [19/Jan/2020:08:03:49 +0800] "GET /1993/FOR_MC_1993-04.pdf HTTP/1.1" 200 973537 "-" "Mozilla/5.0 (Linux; Android 6.0.1; Nexus 5X Build/MMB29P) AppleWebKit/537.36 (KHTML, like Gecko) Chrome/41.0.2272.96 Mobile Safari/537.36 (compatible; Googlebot/2.1; +http://www.google.com/bot.html)"
66.249.79.36 - - [19/Jan/2020:08:06:55 +0800] "GET /1991/pawsmo91-10.pdf HTTP/1.1" 304 - "-" "Mozilla/5.0 (Linux; Android 6.0.1; Nexus 5X Build/MMB29P) AppleWebKit/537.36 (KHTML, like Gecko) Chrome/41.0.2272.96 Mobile Safari/537.36 (compatible; Googlebot/2.1; +http://www.google.com/bot.html)"
66.249.79.44 - - [19/Jan/2020:08:09:42 +0800] "GET /1997/MIN_DMO-97-07.pdf HTTP/1.1" 200 42357 "-" "Mozilla/5.0 (compatible; Googlebot/2.1; +http://www.google.com/bot.html)"
66.249.79.41 - - [19/Jan/2020:08:10:33 +0800] "GET /1993/FOR_MC_1993-04.pdf HTTP/1.1" 200 973537 "-" "Mozilla/5.0 (Linux; Android 6.0.1; Nexus 5X Build/MMB29P) AppleWebKit/537.36 (KHTML, like Gecko) Chrome/41.0.2272.96 Mobile Safari/537.36 (compatible; Googlebot/2.1; +http://www.google.com/bot.html)"
66.249.79.36 - - [19/Jan/2020:08:18:38 +0800] "GET /2000/MIN_DMO_2000_03.pdf HTTP/1.1" 200 25369 "-" "Mozilla/5.0 (Linux; Android 6.0.1; Nexus 5X Build/MMB29P) AppleWebKit/537.36 (KHTML, like Gecko) Chrome/41.0.2272.96 Mobile Safari/537.36 (compatible; Googlebot/2.1; +http://www.google.com/bot.html)"
66.249.79.41 - - [19/Jan/2020:08:21:00 +0800] "GET /1998/envdao98-51.pdf HTTP/1.1" 200 42319 "-" "Mozilla/5.0 (Linux; Android 6.0.1; Nexus 5X Build/MMB29P) AppleWebKit/537.36 (KHTML, like Gecko) Chrome/41.0.2272.96 Mobile Safari/537.36 (compatible; Googlebot/2.1; +http://www.google.com/bot.html)"
66.249.79.41 - - [19/Jan/2020:08:23:59 +0800] "GET /1989/DAO1989-140.pdf HTTP/1.1" 200 1721596 "-" "Mozilla/5.0 (Linux; Android 6.0.1; Nexus 5X Build/MMB29P) AppleWebKit/537.36 (KHTML, like Gecko) Chrome/41.0.2272.96 Mobile Safari/537.36 (compatible; Googlebot/2.1; +http://www.google.com/bot.html)"
66.249.79.44 - - [19/Jan/2020:08:26:59 +0800] "GET /1998/jointmemocirc.98-01.pdf HTTP/1.1" 200 71701 "-" "Mozilla/5.0 (Linux; Android 6.0.1; Nexus 5X Build/MMB29P) AppleWebKit/537.36 (KHTML, like Gecko) Chrome/41.0.2272.96 Mobile Safari/537.36 (compatible; Googlebot/2.1; +http://www.google.com/bot.html)"
110.54.171.111 - - [19/Jan/2020:08:27:03 +0800] "GET /basicpol/forcode/RA7161.pdf HTTP/1.1" 200 13604 "https://www.google.com/" "Mozilla/5.0 (X11; Linux x86_64) AppleWebKit/537.36 (KHTML, like Gecko) Chrome/79.0.3945.116 Safari/537.36"
66.249.79.41 - - [19/Jan/2020:08:27:06 +0800] "GET /1994/ENDAO_94-28.pdf HTTP/1.1" 200 117182 "-" "Mozilla/5.0 (Linux; Android 6.0.1; Nexus 5X Build/MMB29P) AppleWebKit/537.36 (KHTML, like Gecko) Chrome/41.0.2272.96 Mobile Safari/537.36 (compatible; Googlebot/2.1; +http://www.google.com/bot.html)"
66.249.79.44 - - [19/Jan/2020:08:28:45 +0800] "GET /2000/DAO_FMB_2000-12.pdf HTTP/1.1" 200 16593 "-" "Mozilla/5.0 (Linux; Android 6.0.1; Nexus 5X Build/MMB29P) AppleWebKit/537.36 (KHTML, like Gecko) Chrome/41.0.2272.96 Mobile Safari/537.36 (compatible; Googlebot/2.1; +http://www.google.com/bot.html)"
66.249.79.44 - - [19/Jan/2020:08:29:56 +0800] "GET /2001/DENR_MC_2001-13.pdf HTTP/1.1" 200 21381 "-" "Mozilla/5.0 (Linux; Android 6.0.1; Nexus 5X Build/MMB29P) AppleWebKit/537.36 (KHTML, like Gecko) Chrome/41.0.2272.96 Mobile Safari/537.36 (compatible; Googlebot/2.1; +http://www.google.com/bot.html)"
66.249.79.41 - - [19/Jan/2020:08:30:17 +0800] "GET /1989/DAO1989-140.pdf HTTP/1.1" 200 1721596 "-" "Mozilla/5.0 (Linux; Android 6.0.1; Nexus 5X Build/MMB29P) AppleWebKit/537.36 (KHTML, like Gecko) Chrome/41.0.2272.96 Mobile Safari/537.36 (compatible; Googlebot/2.1; +http://www.google.com/bot.html)"
66.249.79.44 - - [19/Jan/2020:08:31:10 +0800] "GET /1996/FOR_DAO_1996-29.pdf HTTP/1.1" 200 96381 "-" "Mozilla/5.0 (compatible; Googlebot/2.1; +http://www.google.com/bot.html)"
66.249.79.41 - - [19/Jan/2020:08:35:17 +0800] "GET /1998/envdao98-50.pdf HTTP/1.1" 200 26886 "-" "Mozilla/5.0 (Linux; Android 6.0.1; Nexus 5X Build/MMB29P) AppleWebKit/537.36 (KHTML, like Gecko) Chrome/41.0.2272.96 Mobile Safari/537.36 (compatible; Googlebot/2.1; +http://www.google.com/bot.html)"
66.249.79.41 - - [19/Jan/2020:08:35:42 +0800] "GET /1998/minesmo98-20.pdf HTTP/1.1" 200 19979 "-" "Mozilla/5.0 (Linux; Android 6.0.1; Nexus 5X Build/MMB29P) AppleWebKit/537.36 (KHTML, like Gecko) Chrome/41.0.2272.96 Mobile Safari/537.36 (compatible; Googlebot/2.1; +http://www.google.com/bot.html)"
66.249.79.36 - - [19/Jan/2020:08:35:52 +0800] "GET /2001/DAO_FOR_2001_07.pdf HTTP/1.1" 200 15315 "-" "Mozilla/5.0 (Linux; Android 6.0.1; Nexus 5X Build/MMB29P) AppleWebKit/537.36 (KHTML, like Gecko) Chrome/41.0.2272.96 Mobile Safari/537.36 (compatible; Googlebot/2.1; +http://www.google.com/bot.html)"
66.249.79.41 - - [19/Jan/2020:08:36:53 +0800] "GET /CBFMDvlv/cbfmPol.pdf HTTP/1.1" 304 - "-" "Mozilla/5.0 (Linux; Android 6.0.1; Nexus 5X Build/MMB29P) AppleWebKit/537.36 (KHTML, like Gecko) Chrome/41.0.2272.96 Mobile Safari/537.36 (compatible; Googlebot/2.1; +http://www.google.com/bot.html)"
66.249.79.44 - - [19/Jan/2020:08:38:53 +0800] "GET / HTTP/1.1" 200 10373 "-" "Mozilla/5.0 (Linux; Android 6.0.1; Nexus 5X Build/MMB29P) AppleWebKit/537.36 (KHTML, like Gecko) Chrome/41.0.2272.96 Mobile Safari/537.36 (compatible; Googlebot/2.1; +http://www.google.com/bot.html)"
66.249.79.36 - - [19/Jan/2020:08:39:51 +0800] "GET /1997/LAN_DMC-97-04.pdf HTTP/1.1" 200 29599 "-" "Mozilla/5.0 (Linux; Android 6.0.1; Nexus 5X Build/MMB29P) AppleWebKit/537.36 (KHTML, like Gecko) Chrome/41.0.2272.96 Mobile Safari/537.36 (compatible; Googlebot/2.1; +http://www.google.com/bot.html)"
66.249.79.41 - - [19/Jan/2020:08:40:45 +0800] "GET /1996/FOR_DAO_1996-39.pdf HTTP/1.1" 200 39264 "-" "Mozilla/5.0 (Linux; Android 6.0.1; Nexus 5X Build/MMB29P) AppleWebKit/537.36 (KHTML, like Gecko) Chrome/41.0.2272.96 Mobile Safari/537.36 (compatible; Googlebot/2.1; +http://www.google.com/bot.html)"
66.249.79.44 - - [19/Jan/2020:08:45:42 +0800] "GET /1999/fordao99-46.pdf HTTP/1.1" 304 - "-" "Mozilla/5.0 (Linux; Android 6.0.1; Nexus 5X Build/MMB29P) AppleWebKit/537.36 (KHTML, like Gecko) Chrome/41.0.2272.96 Mobile Safari/537.36 (compatible; Googlebot/2.1; +http://www.google.com/bot.html)"
49.147.108.6 - - [19/Jan/2020:08:49:50 +0800] "GET /1999/fordao99-34.pdf HTTP/1.1" 200 36493 "https://www.google.com/" "Mozilla/5.0 (iPhone; CPU iPhone OS 13_3 like Mac OS X) AppleWebKit/605.1.15 (KHTML, like Gecko) GSA/89.2.287201133 Mobile/15E148 Safari/604.1"
66.249.79.36 - - [19/Jan/2020:08:52:48 +0800] "GET /1994/ForDao_1994-17.pdf HTTP/1.1" 304 - "-" "Mozilla/5.0 (Linux; Android 6.0.1; Nexus 5X Build/MMB29P) AppleWebKit/537.36 (KHTML, like Gecko) Chrome/41.0.2272.96 Mobile Safari/537.36 (compatible; Googlebot/2.1; +http://www.google.com/bot.html)"
66.249.79.44 - - [19/Jan/2020:08:55:48 +0800] "GET /2001/DAO_Mines2001-35.pdf HTTP/1.1" 200 42714 "-" "Mozilla/5.0 (Linux; Android 6.0.1; Nexus 5X Build/MMB29P) AppleWebKit/537.36 (KHTML, like Gecko) Chrome/41.0.2272.96 Mobile Safari/537.36 (compatible; Googlebot/2.1; +http://www.google.com/bot.html)"
173.252.87.6 - - [19/Jan/2020:08:57:02 +0800] "GET /1999/fordao99-34.pdf HTTP/1.1" 206 36493 "-" "facebookexternalhit/1.1 (+http://www.facebook.com/externalhit_uatext.php)"
49.147.108.6 - - [19/Jan/2020:08:57:05 +0800] "GET /1999/fordao99-34.pdf HTTP/1.1" 200 36493 "-" "Mozilla/5.0 (iPhone; CPU iPhone OS 13_3 like Mac OS X) AppleWebKit/605.1.15 (KHTML, like Gecko) Mobile/15E148 LightSpeed [FBAN/MessengerLiteForiOS;FBAV/247.0.0.21.119;FBBV/192597357;FBDV/iPhone9,4;FBMD/iPhone;FBSN/iOS;FBSV/13.3;FBSS/3;FBCR/;FBID/phone;FBLC/en_PH;FBOP/0]"
66.249.79.36 - - [19/Jan/2020:08:58:17 +0800] "GET /1998/admin98-24.pdf HTTP/1.1" 200 13611 "-" "Mozilla/5.0 (Linux; Android 6.0.1; Nexus 5X Build/MMB29P) AppleWebKit/537.36 (KHTML, like Gecko) Chrome/41.0.2272.96 Mobile Safari/537.36 (compatible; Googlebot/2.1; +http://www.google.com/bot.html)"
175.176.66.59 - - [19/Jan/2020:08:58:17 +0800] "GET /1999/fordao99-34.pdf HTTP/1.1" 200 36493 "-" "Mozilla/5.0 (iPhone; CPU iPhone OS 12_4_1 like Mac OS X) AppleWebKit/605.1.15 (KHTML, like Gecko) Mobile/15E148 LightSpeed [FBAN/MessengerLiteForiOS;FBAV/247.0.0.21.119;FBBV/192597357;FBDV/iPhone10,6;FBMD/iPhone;FBSN/iOS;FBSV/12.4.1;FBSS/3;FBCR/;FBID/phone;FBLC/en_PH;FBOP/0]"
66.249.79.36 - - [19/Jan/2020:09:00:20 +0800] "GET /1999/fordao99-35.pdf HTTP/1.1" 200 19920 "-" "Mozilla/5.0 (Linux; Android 6.0.1; Nexus 5X Build/MMB29P) AppleWebKit/537.36 (KHTML, like Gecko) Chrome/41.0.2272.96 Mobile Safari/537.36 (compatible; Googlebot/2.1; +http://www.google.com/bot.html)"
216.244.66.245 - - [19/Jan/2020:09:03:05 +0800] "GET /1998/admin98-57.pdf HTTP/1.1" 200 13920 "-" "Mozilla/5.0 (compatible; DotBot/1.1; http://www.opensiteexplorer.org/dotbot, help@moz.com)"
66.249.79.44 - - [19/Jan/2020:09:03:09 +0800] "GET /1999/dao99-52.pdf HTTP/1.1" 304 - "-" "Mozilla/5.0 (Linux; Android 6.0.1; Nexus 5X Build/MMB29P) AppleWebKit/537.36 (KHTML, like Gecko) Chrome/41.0.2272.96 Mobile Safari/537.36 (compatible; Googlebot/2.1; +http://www.google.com/bot.html)"
216.244.66.245 - - [19/Jan/2020:09:03:15 +0800] "GET /1998/landsdao98-20.pdf HTTP/1.1" 200 34855 "-" "Mozilla/5.0 (compatible; DotBot/1.1; http://www.opensiteexplorer.org/dotbot, help@moz.com)"
216.244.66.245 - - [19/Jan/2020:09:03:16 +0800] "GET /2000/JT_CIR_DOF-DBM.pdf HTTP/1.1" 200 32243 "-" "Mozilla/5.0 (compatible; DotBot/1.1; http://www.opensiteexplorer.org/dotbot, help@moz.com)"
216.244.66.245 - - [19/Jan/2020:09:03:18 +0800] "GET /1987/PAWB_DAO_87_17.pdf HTTP/1.1" 200 33114 "-" "Mozilla/5.0 (compatible; DotBot/1.1; http://www.opensiteexplorer.org/dotbot, help@moz.com)"
216.244.66.245 - - [19/Jan/2020:09:03:18 +0800] "GET /1990/FOR_DAO_1990-05.pdf HTTP/1.1" 200 22119 "-" "Mozilla/5.0 (compatible; DotBot/1.1; http://www.opensiteexplorer.org/dotbot, help@moz.com)"
216.244.66.245 - - [19/Jan/2020:09:03:20 +0800] "GET /1993/FOR_MC_1993-24.pdf HTTP/1.1" 200 22963 "-" "Mozilla/5.0 (compatible; DotBot/1.1; http://www.opensiteexplorer.org/dotbot, help@moz.com)"
216.244.66.245 - - [19/Jan/2020:09:03:21 +0800] "GET /1993/FOR_MO93-09.pdf HTTP/1.1" 200 35501 "-" "Mozilla/5.0 (compatible; DotBot/1.1; http://www.opensiteexplorer.org/dotbot, help@moz.com)"
216.244.66.245 - - [19/Jan/2020:09:03:22 +0800] "GET /1994/PAWMC_94-40.pdf HTTP/1.1" 200 23088 "-" "Mozilla/5.0 (compatible; DotBot/1.1; http://www.opensiteexplorer.org/dotbot, help@moz.com)"
216.244.66.245 - - [19/Jan/2020:09:03:23 +0800] "GET /1996/PAW_DAO_1996-16.pdf HTTP/1.1" 200 15304 "-" "Mozilla/5.0 (compatible; DotBot/1.1; http://www.opensiteexplorer.org/dotbot, help@moz.com)"
216.244.66.245 - - [19/Jan/2020:09:03:25 +0800] "GET /1998/envmo98-05.pdf HTTP/1.1" 200 17640 "-" "Mozilla/5.0 (compatible; DotBot/1.1; http://www.opensiteexplorer.org/dotbot, help@moz.com)"
216.244.66.245 - - [19/Jan/2020:09:03:26 +0800] "GET /1999/denrmc99-15.pdf HTTP/1.1" 200 13992 "-" "Mozilla/5.0 (compatible; DotBot/1.1; http://www.opensiteexplorer.org/dotbot, help@moz.com)"
216.244.66.245 - - [19/Jan/2020:09:03:27 +0800] "GET /1999/fordao99-44.pdf HTTP/1.1" 200 23697 "-" "Mozilla/5.0 (compatible; DotBot/1.1; http://www.opensiteexplorer.org/dotbot, help@moz.com)"
216.244.66.245 - - [19/Jan/2020:09:03:28 +0800] "GET /1999/formo99-31.pdf HTTP/1.1" 200 16189 "-" "Mozilla/5.0 (compatible; DotBot/1.1; http://www.opensiteexplorer.org/dotbot, help@moz.com)"
216.244.66.245 - - [19/Jan/2020:09:03:29 +0800] "GET /2003/dao2003-12.pdf HTTP/1.1" 200 235904 "-" "Mozilla/5.0 (compatible; DotBot/1.1; http://www.opensiteexplorer.org/dotbot, help@moz.com)"
216.244.66.245 - - [19/Jan/2020:09:03:31 +0800] "GET /pol-1996/dao25.pdf HTTP/1.1" 404 216 "-" "Mozilla/5.0 (compatible; DotBot/1.1; http://www.opensiteexplorer.org/dotbot, help@moz.com)"
216.244.66.245 - - [19/Jan/2020:09:03:33 +0800] "GET /1988/DENR_DMC_1988-13.pdf HTTP/1.1" 200 9100 "-" "Mozilla/5.0 (compatible; DotBot/1.1; http://www.opensiteexplorer.org/dotbot, help@moz.com)"
216.244.66.245 - - [19/Jan/2020:09:03:34 +0800] "GET /1993/FOR_DAO-93-67.pdf HTTP/1.1" 200 77834 "-" "Mozilla/5.0 (compatible; DotBot/1.1; http://www.opensiteexplorer.org/dotbot, help@moz.com)"
216.244.66.245 - - [19/Jan/2020:09:03:34 +0800] "GET /1990/DENR_DMC_1990-17.pdf HTTP/1.1" 200 167191 "-" "Mozilla/5.0 (compatible; DotBot/1.1; http://www.opensiteexplorer.org/dotbot, help@moz.com)"
66.249.79.44 - - [19/Jan/2020:09:05:43 +0800] "GET /1988/PP_1988-225.pdf HTTP/1.1" 200 18340 "-" "Mozilla/5.0 (Linux; Android 6.0.1; Nexus 5X Build/MMB29P) AppleWebKit/537.36 (KHTML, like Gecko) Chrome/41.0.2272.96 Mobile Safari/537.36 (compatible; Googlebot/2.1; +http://www.google.com/bot.html)"
66.249.79.41 - - [19/Jan/2020:09:05:45 +0800] "GET /1996/FOR_DAO_1996-26.pdf HTTP/1.1" 200 25009 "-" "Mozilla/5.0 (Linux; Android 6.0.1; Nexus 5X Build/MMB29P) AppleWebKit/537.36 (KHTML, like Gecko) Chrome/41.0.2272.96 Mobile Safari/537.36 (compatible; Googlebot/2.1; +http://www.google.com/bot.html)"
216.244.66.245 - - [19/Jan/2020:09:05:54 +0800] "GET /1994/ForMC_1994-48.pdf HTTP/1.1" 200 22728 "-" "Mozilla/5.0 (compatible; DotBot/1.1; http://www.opensiteexplorer.org/dotbot, help@moz.com)"
216.244.66.245 - - [19/Jan/2020:09:05:56 +0800] "GET /1995/MIN_DAO1995-12.pdf HTTP/1.1" 200 56968 "-" "Mozilla/5.0 (compatible; DotBot/1.1; http://www.opensiteexplorer.org/dotbot, help@moz.com)"
216.244.66.245 - - [19/Jan/2020:09:05:56 +0800] "GET /2002/dao_2002-11.pdf HTTP/1.1" 200 41200 "-" "Mozilla/5.0 (compatible; DotBot/1.1; http://www.opensiteexplorer.org/dotbot, help@moz.com)"
216.244.66.245 - - [19/Jan/2020:09:05:58 +0800] "GET /2005/Memorandum_Orders/DMO-2005-19.pdf HTTP/1.1" 404 236 "-" "Mozilla/5.0 (compatible; DotBot/1.1; http://www.opensiteexplorer.org/dotbot, help@moz.com)"
66.249.79.36 - - [19/Jan/2020:09:06:01 +0800] "GET /1996/FOR_DAO_1996-29.pdf HTTP/1.1" 200 96381 "-" "Mozilla/5.0 (Linux; Android 6.0.1; Nexus 5X Build/MMB29P) AppleWebKit/537.36 (KHTML, like Gecko) Chrome/41.0.2272.96 Mobile Safari/537.36 (compatible; Googlebot/2.1; +http://www.google.com/bot.html)"
216.244.66.245 - - [19/Jan/2020:09:05:58 +0800] "GET /2005/dao/dao2005-23.pdf HTTP/1.1" 200 399248 "-" "Mozilla/5.0 (compatible; DotBot/1.1; http://www.opensiteexplorer.org/dotbot, help@moz.com)"
66.249.79.44 - - [19/Jan/2020:09:09:18 +0800] "GET /1989/DMC1989-03.pdf HTTP/1.1" 200 664354 "-" "Mozilla/5.0 (Linux; Android 6.0.1; Nexus 5X Build/MMB29P) AppleWebKit/537.36 (KHTML, like Gecko) Chrome/41.0.2272.96 Mobile Safari/537.36 (compatible; Googlebot/2.1; +http://www.google.com/bot.html)"
66.249.79.36 - - [19/Jan/2020:09:10:15 +0800] "GET /pol-2000/pol00v1/fordao00.pdf HTTP/1.1" 200 392267 "-" "Mozilla/5.0 (Linux; Android 6.0.1; Nexus 5X Build/MMB29P) AppleWebKit/537.36 (KHTML, like Gecko) Chrome/41.0.2272.96 Mobile Safari/537.36 (compatible; Googlebot/2.1; +http://www.google.com/bot.html)"
66.249.79.44 - - [19/Jan/2020:09:15:50 +0800] "GET /1997/ADM_DAO-97-31.pdf HTTP/1.1" 200 23468 "-" "Mozilla/5.0 (Linux; Android 6.0.1; Nexus 5X Build/MMB29P) AppleWebKit/537.36 (KHTML, like Gecko) Chrome/41.0.2272.96 Mobile Safari/537.36 (compatible; Googlebot/2.1; +http://www.google.com/bot.html)"
66.249.79.41 - - [19/Jan/2020:09:17:12 +0800] "GET /2003/dao2003-31.pdf HTTP/1.1" 200 120097 "-" "Mozilla/5.0 (Linux; Android 6.0.1; Nexus 5X Build/MMB29P) AppleWebKit/537.36 (KHTML, like Gecko) Chrome/41.0.2272.96 Mobile Safari/537.36 (compatible; Googlebot/2.1; +http://www.google.com/bot.html)"
77.111.247.69 - - [19/Jan/2020:09:17:37 +0800] "GET /1998/jointdenr-dotmemocirc.98-02.pdf HTTP/1.1" 200 32164 "-" "Mozilla/5.0 (Windows NT 10.0; WOW64) AppleWebKit/537.36 (KHTML, like Gecko) Chrome/78.0.3904.108 Safari/537.36 OPR/65.0.3467.78"
77.111.247.69 - - [19/Jan/2020:09:17:38 +0800] "GET /favicon.ico HTTP/1.1" 404 209 "-" "Mozilla/5.0 (Windows NT 10.0; WOW64) AppleWebKit/537.36 (KHTML, like Gecko) Chrome/78.0.3904.108 Safari/537.36 OPR/65.0.3467.78"
181.132.8.241 - - [19/Jan/2020:09:18:05 +0800] "GET /wp-login.php HTTP/1.1" 404 210 "-" "Mozilla/5.0 (Windows NT 6.1; WOW64; rv:40.0) Gecko/20100101 Firefox/40.1"
181.132.8.241 - - [19/Jan/2020:09:18:05 +0800] "GET / HTTP/1.1" 200 10373 "-" "Mozilla/5.0 (Windows NT 6.1; WOW64; rv:40.0) Gecko/20100101 Firefox/40.1"
66.249.79.41 - - [19/Jan/2020:09:20:16 +0800] "GET /pol-2000/pol00v2/envdao00.pdf HTTP/1.1" 200 566791 "-" "Mozilla/5.0 (Linux; Android 6.0.1; Nexus 5X Build/MMB29P) AppleWebKit/537.36 (KHTML, like Gecko) Chrome/41.0.2272.96 Mobile Safari/537.36 (compatible; Googlebot/2.1; +http://www.google.com/bot.html)"
66.249.79.44 - - [19/Jan/2020:09:26:03 +0800] "GET /1987/ENV_DAO_87_75.pdf HTTP/1.1" 200 32585 "-" "Mozilla/5.0 (Linux; Android 6.0.1; Nexus 5X Build/MMB29P) AppleWebKit/537.36 (KHTML, like Gecko) Chrome/41.0.2272.96 Mobile Safari/537.36 (compatible; Googlebot/2.1; +http://www.google.com/bot.html)"
66.249.79.41 - - [19/Jan/2020:09:26:09 +0800] "GET /1994/ForDao_1994-08.pdf HTTP/1.1" 304 - "-" "Mozilla/5.0 (Linux; Android 6.0.1; Nexus 5X Build/MMB29P) AppleWebKit/537.36 (KHTML, like Gecko) Chrome/41.0.2272.96 Mobile Safari/537.36 (compatible; Googlebot/2.1; +http://www.google.com/bot.html)"
66.249.79.36 - - [19/Jan/2020:09:26:09 +0800] "GET /1988/FOR_DAO_1988-02.pdf HTTP/1.1" 200 14413 "-" "Mozilla/5.0 (Linux; Android 6.0.1; Nexus 5X Build/MMB29P) AppleWebKit/537.36 (KHTML, like Gecko) Chrome/41.0.2272.96 Mobile Safari/537.36 (compatible; Googlebot/2.1; +http://www.google.com/bot.html)"
66.249.79.44 - - [19/Jan/2020:09:28:50 +0800] "GET /memo_circular2004/memorandum_circularno2004-09.pdf HTTP/1.1" 200 833922 "-" "Mozilla/5.0 (Linux; Android 6.0.1; Nexus 5X Build/MMB29P) AppleWebKit/537.36 (KHTML, like Gecko) Chrome/41.0.2272.96 Mobile Safari/537.36 (compatible; Googlebot/2.1; +http://www.google.com/bot.html)"
66.249.79.36 - - [19/Jan/2020:09:31:52 +0800] "GET /2001/MC_FOR_2001-04.pdf HTTP/1.1" 200 56082 "-" "Mozilla/5.0 (Linux; Android 6.0.1; Nexus 5X Build/MMB29P) AppleWebKit/537.36 (KHTML, like Gecko) Chrome/41.0.2272.96 Mobile Safari/537.36 (compatible; Googlebot/2.1; +http://www.google.com/bot.html)"
66.249.79.36 - - [19/Jan/2020:09:31:52 +0800] "GET /1991/pawsdao91-36.pdf HTTP/1.1" 200 230273 "-" "Mozilla/5.0 (Linux; Android 6.0.1; Nexus 5X Build/MMB29P) AppleWebKit/537.36 (KHTML, like Gecko) Chrome/41.0.2272.96 Mobile Safari/537.36 (compatible; Googlebot/2.1; +http://www.google.com/bot.html)"
66.249.79.44 - - [19/Jan/2020:09:35:50 +0800] "GET /memo_circular2004/memorandum_circularno2004-09.pdf HTTP/1.1" 200 833922 "-" "Mozilla/5.0 (Linux; Android 6.0.1; Nexus 5X Build/MMB29P) AppleWebKit/537.36 (KHTML, like Gecko) Chrome/41.0.2272.96 Mobile Safari/537.36 (compatible; Googlebot/2.1; +http://www.google.com/bot.html)"
66.249.79.41 - - [19/Jan/2020:09:39:06 +0800] "GET /1988/FOR_DAO_1988-34.pdf HTTP/1.1" 200 19924 "-" "Mozilla/5.0 (Linux; Android 6.0.1; Nexus 5X Build/MMB29P) AppleWebKit/537.36 (KHTML, like Gecko) Chrome/41.0.2272.96 Mobile Safari/537.36 (compatible; Googlebot/2.1; +http://www.google.com/bot.html)"
66.249.79.41 - - [19/Jan/2020:09:39:32 +0800] "GET /dao2004/dao2004-01.pdf HTTP/1.1" 200 89521 "-" "Mozilla/5.0 (Linux; Android 6.0.1; Nexus 5X Build/MMB29P) AppleWebKit/537.36 (KHTML, like Gecko) Chrome/41.0.2272.96 Mobile Safari/537.36 (compatible; Googlebot/2.1; +http://www.google.com/bot.html)"
66.249.79.36 - - [19/Jan/2020:09:39:43 +0800] "GET /favicon.ico HTTP/1.1" 404 209 "-" "Googlebot-Image/1.0"
66.249.79.44 - - [19/Jan/2020:09:40:11 +0800] "GET /2000/DAO_FMB_2000-57.pdf HTTP/1.1" 200 74059 "-" "Mozilla/5.0 (Linux; Android 6.0.1; Nexus 5X Build/MMB29P) AppleWebKit/537.36 (KHTML, like Gecko) Chrome/41.0.2272.96 Mobile Safari/537.36 (compatible; Googlebot/2.1; +http://www.google.com/bot.html)"
66.249.79.44 - - [19/Jan/2020:09:40:58 +0800] "GET /1996/ENV_DAO_1996-37.pdf HTTP/1.1" 200 100433 "-" "Mozilla/5.0 (Linux; Android 6.0.1; Nexus 5X Build/MMB29P) AppleWebKit/537.36 (KHTML, like Gecko) Chrome/41.0.2272.96 Mobile Safari/537.36 (compatible; Googlebot/2.1; +http://www.google.com/bot.html)"
66.249.79.36 - - [19/Jan/2020:09:42:26 +0800] "GET /memo_circular2004/memorandum_circularno2004-09.pdf HTTP/1.1" 200 833922 "-" "Mozilla/5.0 (Linux; Android 6.0.1; Nexus 5X Build/MMB29P) AppleWebKit/537.36 (KHTML, like Gecko) Chrome/41.0.2272.96 Mobile Safari/537.36 (compatible; Googlebot/2.1; +http://www.google.com/bot.html)"
66.102.6.189 - - [19/Jan/2020:09:44:52 +0800] "GET / HTTP/1.1" 200 10373 "-" "Mozilla/5.0 (X11; Linux x86_64) AppleWebKit/537.36 (KHTML, like Gecko) Chrome/49.0.2623.75 Safari/537.36 Google Favicon"
66.102.6.185 - - [19/Jan/2020:09:44:53 +0800] "GET /favicon.ico HTTP/1.1" 404 209 "-" "Mozilla/5.0 (X11; Linux x86_64) AppleWebKit/537.36 (KHTML, like Gecko) Chrome/49.0.2623.75 Safari/537.36 Google Favicon"
66.249.79.41 - - [19/Jan/2020:09:46:03 +0800] "GET /1991/formc91-11.pdf HTTP/1.1" 304 - "-" "Mozilla/5.0 (Linux; Android 6.0.1; Nexus 5X Build/MMB29P) AppleWebKit/537.36 (KHTML, like Gecko) Chrome/41.0.2272.96 Mobile Safari/537.36 (compatible; Googlebot/2.1; +http://www.google.com/bot.html)"
66.249.79.41 - - [19/Jan/2020:09:46:06 +0800] "GET /1999/formo99-24.pdf HTTP/1.1" 200 24161 "-" "Mozilla/5.0 (Linux; Android 6.0.1; Nexus 5X Build/MMB29P) AppleWebKit/537.36 (KHTML, like Gecko) Chrome/41.0.2272.96 Mobile Safari/537.36 (compatible; Googlebot/2.1; +http://www.google.com/bot.html)"
216.244.66.245 - - [19/Jan/2020:09:47:07 +0800] "GET /2003/dao2003-05.pdf HTTP/1.1" 200 53342 "-" "Mozilla/5.0 (compatible; DotBot/1.1; http://www.opensiteexplorer.org/dotbot, help@moz.com)"
216.244.66.245 - - [19/Jan/2020:09:47:09 +0800] "GET /2003/dao2003-07.pdf HTTP/1.1" 200 55762 "-" "Mozilla/5.0 (compatible; DotBot/1.1; http://www.opensiteexplorer.org/dotbot, help@moz.com)"
216.244.66.245 - - [19/Jan/2020:09:47:11 +0800] "GET /1988/PAW_DAO_1988-96.pdf HTTP/1.1" 200 17298 "-" "Mozilla/5.0 (compatible; DotBot/1.1; http://www.opensiteexplorer.org/dotbot, help@moz.com)"
216.244.66.245 - - [19/Jan/2020:09:47:11 +0800] "GET /1989/DAO1989-34.pdf HTTP/1.1" 200 40523 "-" "Mozilla/5.0 (compatible; DotBot/1.1; http://www.opensiteexplorer.org/dotbot, help@moz.com)"
216.244.66.245 - - [19/Jan/2020:09:47:15 +0800] "GET /1989/DMC1989-09.pdf HTTP/1.1" 200 62404 "-" "Mozilla/5.0 (compatible; DotBot/1.1; http://www.opensiteexplorer.org/dotbot, help@moz.com)"
